[INFO] fetching crate rjava 0.1.1...
[INFO] testing rjava-0.1.1 against 1.99.0-beta.8 for beta-1.100-2
[INFO] extracting crate rjava 0.1.1 into /workspace/builds/worker-5-tc1/source
[INFO] started tweaking crates.io crate rjava 0.1.1
[INFO] removed 0 missing examples
[INFO] removed 0 missing tests
[INFO] finished tweaking crates.io crate rjava 0.1.1
[INFO] tweaked toml for crates.io crate rjava 0.1.1 written to /workspace/builds/worker-5-tc1/source/Cargo.toml
[INFO] validating manifest of crates.io crate rjava 0.1.1 on toolchain 1.99.0-beta.8
[INFO] running `Command { std: CARGO_HOME="/workspace/cargo-home" RUSTUP_HOME="/workspace/rustup-home" "/workspace/cargo-home/bin/cargo" "+1.99.0-beta.8" "metadata" "--manifest-path" "Cargo.toml" "--no-deps", kill_on_drop: false }`
[INFO] crate crates.io crate rjava 0.1.1 already has a lockfile, it will not be regenerated
[INFO] running `Command { std: CARGO_HOME="/workspace/cargo-home" RUSTUP_HOME="/workspace/rustup-home" "/workspace/cargo-home/bin/cargo" "+1.99.0-beta.8" "fetch" "--manifest-path" "Cargo.toml", kill_on_drop: false }`
[INFO] [stderr]     Updating crates.io index
[INFO] [stderr]  Downloading crates ...
[INFO] [stderr]   Downloaded rjava-helper v0.1.0
[INFO] [stderr]   Downloaded java-locator v0.1.9
[INFO] [stderr]   Downloaded rjava-macros v0.1.0
[INFO] running `Command { std: "docker" "create" "-v" "/var/lib/crater-agent-workspace/builds/worker-5-tc1/source:/opt/rustwide/workdir:ro,Z" "-v" "/var/lib/crater-agent-workspace/builds/worker-5-tc1/target:/opt/rustwide/target:rw,Z" "-v" "/var/lib/crater-agent-workspace/cargo-home:/opt/rustwide/cargo-home:ro,Z" "-v" "/var/lib/crater-agent-workspace/rustup-home:/opt/rustwide/rustup-home:ro,Z" "-m" "1610612736" "--network" "none" "ghcr.io/rust-lang/crates-build-env/linux@sha256:3111399a4047eeb3a02b7a90e478d715f38a8c6669b5c4b49d30a17385265909" "sleep" "infinity", kill_on_drop: false }`
[INFO] [stdout] 653a0c7d50c6e02489100077c854ffdc4df0f662b8b69cdb1a76419898e93602
[INFO] running `Command { std: "docker" "start" "653a0c7d50c6e02489100077c854ffdc4df0f662b8b69cdb1a76419898e93602", kill_on_drop: false }`
[INFO] running `Command { std: "docker" "inspect" "653a0c7d50c6e02489100077c854ffdc4df0f662b8b69cdb1a76419898e93602", kill_on_drop: false }`
[INFO] running `Command { std: "docker" "exec" "-e" "SOURCE_DIR=/opt/rustwide/workdir" "-e" "CARGO_HOME=/opt/rustwide/cargo-home" "-e" "RUSTUP_HOME=/opt/rustwide/rustup-home" "-e" "CARGO_TARGET_DIR=/opt/rustwide/target" "-w" "/opt/rustwide/workdir" "--user" "0:0" "653a0c7d50c6e02489100077c854ffdc4df0f662b8b69cdb1a76419898e93602" "/opt/rustwide/cargo-home/bin/cargo" "+1.99.0-beta.8" "metadata" "--no-deps" "--format-version=1", kill_on_drop: false }`
[INFO] running `Command { std: "docker" "inspect" "653a0c7d50c6e02489100077c854ffdc4df0f662b8b69cdb1a76419898e93602", kill_on_drop: false }`
[INFO] running `Command { std: "docker" "exec" "-e" "SOURCE_DIR=/opt/rustwide/workdir" "-e" "CARGO_HOME=/opt/rustwide/cargo-home" "-e" "RUSTUP_HOME=/opt/rustwide/rustup-home" "-e" "CARGO_TARGET_DIR=/opt/rustwide/target" "-e" "CARGO_INCREMENTAL=0" "-e" "RUST_BACKTRACE=full" "-e" "RUSTFLAGS=--cap-lints=warn" "-e" "RUSTDOCFLAGS=--cap-lints=warn" "-w" "/opt/rustwide/workdir" "--user" "0:0" "653a0c7d50c6e02489100077c854ffdc4df0f662b8b69cdb1a76419898e93602" "/opt/rustwide/cargo-home/bin/cargo" "+1.99.0-beta.8" "build" "--frozen" "--message-format=json", kill_on_drop: false }`
[INFO] [stderr]    Compiling jni-macros v0.22.4
[INFO] [stderr]    Compiling simdutf8 v0.1.5
[INFO] [stderr]    Compiling jni v0.22.4
[INFO] [stderr]    Compiling jni-sys-macros v0.4.1
[INFO] [stderr]    Compiling glob v0.3.4
[INFO] [stderr]    Compiling fastrand v2.5.0
[INFO] [stderr]    Compiling thiserror-impl v2.0.19
[INFO] [stderr]    Compiling combine v4.6.7
[INFO] [stderr]    Compiling futures-io v0.3.33
[INFO] [stderr]    Compiling futures-core v0.3.33
[INFO] [stderr]    Compiling rjava-macros v0.1.0
[INFO] [stderr]    Compiling parking_lot_core v0.9.12
[INFO] [stderr]    Compiling simd_cesu8 v1.2.0
[INFO] [stderr]    Compiling parking_lot v0.12.5
[INFO] [stderr]    Compiling futures-lite v2.6.1
[INFO] [stderr]    Compiling java-locator v0.1.9
[INFO] [stderr]    Compiling jni-sys v0.4.1
[INFO] [stderr]    Compiling thiserror v2.0.19
[INFO] [stderr]    Compiling rjava-helper v0.1.0
[INFO] [stderr]    Compiling rjava v0.1.1 (/opt/rustwide/workdir)
[INFO] [stderr]     Finished `dev` profile [unoptimized + debuginfo] target(s) in 25.19s
[INFO] running `Command { std: "docker" "inspect" "653a0c7d50c6e02489100077c854ffdc4df0f662b8b69cdb1a76419898e93602", kill_on_drop: false }`
[INFO] running `Command { std: "docker" "exec" "-e" "SOURCE_DIR=/opt/rustwide/workdir" "-e" "CARGO_HOME=/opt/rustwide/cargo-home" "-e" "RUSTUP_HOME=/opt/rustwide/rustup-home" "-e" "CARGO_TARGET_DIR=/opt/rustwide/target" "-e" "CARGO_INCREMENTAL=0" "-e" "RUST_BACKTRACE=full" "-e" "RUSTFLAGS=--cap-lints=warn" "-e" "RUSTDOCFLAGS=--cap-lints=warn" "-w" "/opt/rustwide/workdir" "--user" "0:0" "653a0c7d50c6e02489100077c854ffdc4df0f662b8b69cdb1a76419898e93602" "/opt/rustwide/cargo-home/bin/cargo" "+1.99.0-beta.8" "test" "--frozen" "--no-run" "--message-format=json", kill_on_drop: false }`
[INFO] [stderr]    Compiling zerocopy v0.8.56
[INFO] [stderr]    Compiling zerocopy-derive v0.8.56
[INFO] [stderr]    Compiling jni v0.22.4
[INFO] [stderr]    Compiling either v1.17.0
[INFO] [stderr]    Compiling regex-automata v0.4.18
[INFO] [stderr]    Compiling clap_builder v4.6.6
[INFO] [stderr]    Compiling serde_json v1.0.151
[INFO] [stderr]    Compiling is-terminal v0.4.17
[INFO] [stderr]    Compiling tokio v1.53.1
[INFO] [stderr]    Compiling itertools v0.10.5
[INFO] [stderr]    Compiling rayon v1.12.0
[INFO] [stderr]    Compiling tinytemplate v1.2.1
[INFO] [stderr]    Compiling criterion-plot v0.5.0
[INFO] [stderr]    Compiling regex v1.13.1
[INFO] [stderr]    Compiling clap v4.6.6
[INFO] [stderr]    Compiling rjava-helper v0.1.0
[INFO] [stderr]    Compiling rjava v0.1.1 (/opt/rustwide/workdir)
[INFO] [stderr]    Compiling half v2.7.1
[INFO] [stderr]    Compiling ciborium-ll v0.2.2
[INFO] [stderr]    Compiling ciborium v0.2.2
[INFO] [stderr]    Compiling criterion v0.5.1
[INFO] [stdout] error[E0432]: unresolved import `rjava::bean`
[INFO] [stdout]    --> tests/bean_map.rs:12:12
[INFO] [stdout]     |
[INFO] [stdout]  12 | use rjava::bean::JavaBean;
[INFO] [stdout]     |            ^^^^ could not find `bean` in `rjava`
[INFO] [stdout]     |
[INFO] [stdout] note: found an item that was configured out
[INFO] [stdout]    --> src/lib.rs:490:9
[INFO] [stdout]     |
[INFO] [stdout] 489 | #[cfg(feature = "serde")]
[INFO] [stdout]     |       ----------------- the item is gated behind the `serde` feature
[INFO] [stdout] 490 | pub mod bean;
[INFO] [stdout]     |         ^^^^
[INFO] [stdout] 
[INFO] [stdout] 
[INFO] [stdout] error[E0432]: unresolved import `rjava::bean`
[INFO] [stdout]    --> tests/serde_map.rs:14:12
[INFO] [stdout]     |
[INFO] [stdout]  14 | use rjava::bean::JavaBean;
[INFO] [stdout]     |            ^^^^ could not find `bean` in `rjava`
[INFO] [stdout]     |
[INFO] [stdout] note: found an item that was configured out
[INFO] [stdout]    --> src/lib.rs:490:9
[INFO] [stdout]     |
[INFO] [stdout] 489 | #[cfg(feature = "serde")]
[INFO] [stdout]     |       ----------------- the item is gated behind the `serde` feature
[INFO] [stdout] 490 | pub mod bean;
[INFO] [stdout]     |         ^^^^
[INFO] [stdout] 
[INFO] [stdout] 
[INFO] [stdout] error[E0432]: unresolved import `rjava::serde`
[INFO] [stdout]    --> tests/serde_map.rs:16:12
[INFO] [stdout]     |
[INFO] [stdout]  16 | use rjava::serde::{from_object, JavaMap};
[INFO] [stdout]     |            ^^^^^ could not find `serde` in `rjava`
[INFO] [stdout]     |
[INFO] [stdout] note: found an item that was configured out
[INFO] [stdout]    --> src/lib.rs:481:9
[INFO] [stdout]     |
[INFO] [stdout] 480 | #[cfg(feature = "serde")]
[INFO] [stdout]     |       ----------------- the item is gated behind the `serde` feature
[INFO] [stdout] 481 | pub mod serde;
[INFO] [stdout]     |         ^^^^^
[INFO] [stdout] 
[INFO] [stdout] 
[INFO] [stdout] error[E0432]: unresolved import `rjava::interface`
[INFO] [stdout]    --> tests/interface.rs:21:5
[INFO] [stdout]     |
[INFO] [stdout]  21 | use rjava::interface;
[INFO] [stdout]     |     ^^^^^^^---------
[INFO] [stdout]     |            |
[INFO] [stdout]     |            no `interface` in the root
[INFO] [stdout]     |
[INFO] [stdout] note: found an item that was configured out
[INFO] [stdout]    --> src/lib.rs:500:9
[INFO] [stdout]     |
[INFO] [stdout] 499 | #[cfg(feature = "interface")]
[INFO] [stdout]     |       --------------------- the item is gated behind the `interface` feature
[INFO] [stdout] 500 | pub mod interface;
[INFO] [stdout]     |         ^^^^^^^^^
[INFO] [stdout] note: found an item that was configured out
[INFO] [stdout]    --> src/lib.rs:597:23
[INFO] [stdout]     |
[INFO] [stdout] 596 | #[cfg(feature = "interface")]
[INFO] [stdout]     |       --------------------- the item is gated behind the `interface` feature
[INFO] [stdout] 597 | pub use rjava_macros::interface;
[INFO] [stdout]     |                       ^^^^^^^^^
[INFO] [stdout] 
[INFO] [stdout] 
[INFO] [stdout] error[E0432]: unresolved import `rjava::interface`
[INFO] [stdout]    --> tests/interface.rs:22:12
[INFO] [stdout]     |
[INFO] [stdout]  22 | use rjava::interface::Call;
[INFO] [stdout]     |            ^^^^^^^^^ could not find `interface` in `rjava`
[INFO] [stdout]     |
[INFO] [stdout] note: found an item that was configured out
[INFO] [stdout]    --> src/lib.rs:500:9
[INFO] [stdout]     |
[INFO] [stdout] 499 | #[cfg(feature = "interface")]
[INFO] [stdout]     |       --------------------- the item is gated behind the `interface` feature
[INFO] [stdout] 500 | pub mod interface;
[INFO] [stdout]     |         ^^^^^^^^^
[INFO] [stdout] note: found an item that was configured out
[INFO] [stdout]    --> src/lib.rs:597:23
[INFO] [stdout]     |
[INFO] [stdout] 596 | #[cfg(feature = "interface")]
[INFO] [stdout]     |       --------------------- the item is gated behind the `interface` feature
[INFO] [stdout] 597 | pub use rjava_macros::interface;
[INFO] [stdout]     |                       ^^^^^^^^^
[INFO] [stdout] 
[INFO] [stdout] 
[INFO] [stdout] error[E0433]: cannot find `interface` in `rjava`
[INFO] [stdout]    --> tests/interface.rs:515:8
[INFO] [stdout]     |
[INFO] [stdout] 515 | rjava::interface! {
[INFO] [stdout]     |        ^^^^^^^^^ could not find `interface` in `rjava`
[INFO] [stdout]     |
[INFO] [stdout] note: found an item that was configured out
[INFO] [stdout]    --> src/lib.rs:500:9
[INFO] [stdout]     |
[INFO] [stdout] 499 | #[cfg(feature = "interface")]
[INFO] [stdout]     |       --------------------- the item is gated behind the `interface` feature
[INFO] [stdout] 500 | pub mod interface;
[INFO] [stdout]     |         ^^^^^^^^^
[INFO] [stdout] note: found an item that was configured out
[INFO] [stdout]    --> src/lib.rs:597:23
[INFO] [stdout]     |
[INFO] [stdout] 596 | #[cfg(feature = "interface")]
[INFO] [stdout]     |       --------------------- the item is gated behind the `interface` feature
[INFO] [stdout] 597 | pub use rjava_macros::interface;
[INFO] [stdout]     |                       ^^^^^^^^^
[INFO] [stdout] 
[INFO] [stdout] 
[INFO] [stdout] error[E0433]: cannot find `interface` in `rjava`
[INFO] [stdout]    --> tests/interface.rs:527:8
[INFO] [stdout]     |
[INFO] [stdout] 527 | rjava::interface! {
[INFO] [stdout]     |        ^^^^^^^^^ could not find `interface` in `rjava`
[INFO] [stdout]     |
[INFO] [stdout] note: found an item that was configured out
[INFO] [stdout]    --> src/lib.rs:500:9
[INFO] [stdout]     |
[INFO] [stdout] 499 | #[cfg(feature = "interface")]
[INFO] [stdout]     |       --------------------- the item is gated behind the `interface` feature
[INFO] [stdout] 500 | pub mod interface;
[INFO] [stdout]     |         ^^^^^^^^^
[INFO] [stdout] note: found an item that was configured out
[INFO] [stdout]    --> src/lib.rs:597:23
[INFO] [stdout]     |
[INFO] [stdout] 596 | #[cfg(feature = "interface")]
[INFO] [stdout]     |       --------------------- the item is gated behind the `interface` feature
[INFO] [stdout] 597 | pub use rjava_macros::interface;
[INFO] [stdout]     |                       ^^^^^^^^^
[INFO] [stdout] 
[INFO] [stdout] 
[INFO] [stdout] error[E0432]: unresolved import `rjava::interface`
[INFO] [stdout]    --> tests/async_rx.rs:29:5
[INFO] [stdout]     |
[INFO] [stdout]  29 | use rjava::interface;
[INFO] [stdout]     |     ^^^^^^^---------
[INFO] [stdout]     |            |
[INFO] [stdout]     |            no `interface` in the root
[INFO] [stdout]     |
[INFO] [stdout] note: found an item that was configured out
[INFO] [stdout]    --> src/lib.rs:500:9
[INFO] [stdout]     |
[INFO] [stdout] 499 | #[cfg(feature = "interface")]
[INFO] [stdout]     |       --------------------- the item is gated behind the `interface` feature
[INFO] [stdout] 500 | pub mod interface;
[INFO] [stdout]     |         ^^^^^^^^^
[INFO] [stdout] note: found an item that was configured out
[INFO] [stdout]    --> src/lib.rs:597:23
[INFO] [stdout]     |
[INFO] [stdout] 596 | #[cfg(feature = "interface")]
[INFO] [stdout]     |       --------------------- the item is gated behind the `interface` feature
[INFO] [stdout] 597 | pub use rjava_macros::interface;
[INFO] [stdout]     |                       ^^^^^^^^^
[INFO] [stdout] 
[INFO] [stdout] 
[INFO] [stdout] error[E0432]: unresolved import `rjava::rx`
[INFO] [stdout]    --> tests/async_rx.rs:31:5
[INFO] [stdout]     |
[INFO] [stdout]  31 | use rjava::rx;
[INFO] [stdout]     |     ^^^^^^^--
[INFO] [stdout]     |            |
[INFO] [stdout]     |            no `rx` in the root
[INFO] [stdout]     |
[INFO] [stdout] note: found an item that was configured out
[INFO] [stdout]    --> src/lib.rs:507:9
[INFO] [stdout]     |
[INFO] [stdout] 506 | #[cfg(feature = "interface")]
[INFO] [stdout]     |       --------------------- the item is gated behind the `interface` feature
[INFO] [stdout] 507 | pub mod rx;
[INFO] [stdout]     |         ^^
[INFO] [stdout] 
[INFO] [stdout] 
[INFO] [stdout] error[E0405]: cannot find trait `Callback` in this scope
[INFO] [stdout]    --> tests/interface.rs:540:6
[INFO] [stdout]     |
[INFO] [stdout] 540 | impl Callback for GreeterState {
[INFO] [stdout]     |      ^^^^^^^^ not found in this scope
[INFO] [stdout] 
[INFO] [stdout] 
[INFO] [stdout] error[E0405]: cannot find trait `Runnable` in this scope
[INFO] [stdout]    --> tests/interface.rs:566:6
[INFO] [stdout]     |
[INFO] [stdout] 566 | impl Runnable for GreeterState {
[INFO] [stdout]     |      ^^^^^^^^ not found in this scope
[INFO] [stdout] 
[INFO] [stdout] 
[INFO] [stdout] error[E0405]: cannot find trait `Callback` in this scope
[INFO] [stdout]    --> tests/interface.rs:587:46
[INFO] [stdout]     |
[INFO] [stdout] 587 |     let proxy = interface::proxy_typed::<dyn Callback + Send + Sync>(Arc::new(greeter_state(Arc::new(AtomicI64::new(0)))), &["Callb...
[INFO] [stdout]     |                                              ^^^^^^^^ not found in this scope
[INFO] [stdout] 
[INFO] [stdout] 
[INFO] [stdout] error[E0405]: cannot find trait `Callback` in this scope
[INFO] [stdout]    --> tests/interface.rs:623:46
[INFO] [stdout]     |
[INFO] [stdout] 623 |     let proxy = interface::proxy_typed::<dyn Callback + Send + Sync>(Arc::new(greeter_state(Arc::new(AtomicI64::new(0)))), &["Callb...
[INFO] [stdout]     |                                              ^^^^^^^^ not found in this scope
[INFO] [stdout] 
[INFO] [stdout] 
[INFO] [stdout] error[E0405]: cannot find trait `Callback` in this scope
[INFO] [stdout]    --> tests/interface.rs:647:47
[INFO] [stdout]     |
[INFO] [stdout] 647 |     let proxy1 = interface::proxy_typed::<dyn Callback + Send + Sync>(Arc::new(greeter_state(Arc::clone(&calls1))), &["Callback"])
[INFO] [stdout]     |                                               ^^^^^^^^ not found in this scope
[INFO] [stdout] 
[INFO] [stdout] 
[INFO] [stdout] error[E0405]: cannot find trait `Callback` in this scope
[INFO] [stdout]    --> tests/interface.rs:650:47
[INFO] [stdout]     |
[INFO] [stdout] 650 |     let proxy2 = interface::proxy_typed::<dyn Callback + Send + Sync>(Arc::new(greeter_state(Arc::clone(&calls2))), &["Callback"])
[INFO] [stdout]     |                                               ^^^^^^^^ not found in this scope
[INFO] [stdout] 
[INFO] [stdout] 
[INFO] [stdout] error[E0405]: cannot find trait `Callback` in this scope
[INFO] [stdout]    --> tests/interface.rs:673:46
[INFO] [stdout]     |
[INFO] [stdout] 673 |     let proxy = interface::proxy_typed::<dyn Callback + Send + Sync>(Arc::new(greeter_state(Arc::new(AtomicI64::new(0)))), &["Callb...
[INFO] [stdout]     |                                              ^^^^^^^^ not found in this scope
[INFO] [stdout] 
[INFO] [stdout] 
[INFO] [stdout] error[E0405]: cannot find trait `Callback` in this scope
[INFO] [stdout]    --> tests/interface.rs:691:46
[INFO] [stdout]     |
[INFO] [stdout] 691 |     let proxy = interface::proxy_typed::<dyn Callback + Send + Sync>(Arc::new(greeter_state(Arc::new(AtomicI64::new(0)))), &["Callb...
[INFO] [stdout]     |                                              ^^^^^^^^ not found in this scope
[INFO] [stdout] 
[INFO] [stdout] 
[INFO] [stdout] error[E0405]: cannot find trait `Callback` in this scope
[INFO] [stdout]    --> tests/interface.rs:723:46
[INFO] [stdout]     |
[INFO] [stdout] 723 |     let proxy = interface::proxy_typed::<dyn Callback + Send + Sync>(Arc::new(greeter_state(Arc::new(AtomicI64::new(0)))), &["Callb...
[INFO] [stdout]     |                                              ^^^^^^^^ not found in this scope
[INFO] [stdout] 
[INFO] [stdout] 
[INFO] [stdout] error[E0405]: cannot find trait `Callback` in this scope
[INFO] [stdout]    --> tests/interface.rs:761:44
[INFO] [stdout]     |
[INFO] [stdout] 761 |     let err = interface::proxy_typed::<dyn Callback + Send + Sync>(
[INFO] [stdout]     |                                            ^^^^^^^^ not found in this scope
[INFO] [stdout] 
[INFO] [stdout] 
[INFO] [stdout] error[E0405]: cannot find trait `Callback` in this scope
[INFO] [stdout]    --> tests/interface.rs:783:55
[INFO] [stdout]     |
[INFO] [stdout] 783 |     let callback_proxy = interface::proxy_typed::<dyn Callback + Send + Sync>(Arc::new(greeter_state(Arc::clone(&calls))), &["Callb...
[INFO] [stdout]     |                                                       ^^^^^^^^ not found in this scope
[INFO] [stdout] 
[INFO] [stdout] 
[INFO] [stdout] error[E0405]: cannot find trait `Runnable` in this scope
[INFO] [stdout]    --> tests/interface.rs:785:55
[INFO] [stdout]     |
[INFO] [stdout] 785 |     let runnable_proxy = interface::proxy_typed::<dyn Runnable + Send + Sync>(Arc::new(greeter_state(Arc::clone(&calls))), &["java....
[INFO] [stdout]     |                                                       ^^^^^^^^ not found in this scope
[INFO] [stdout] 
[INFO] [stdout] 
[INFO] [stdout] Some errors have detailed explanations: E0405, E0432, E0433.
[INFO] [stdout] 
[INFO] [stdout] For more information about an error, try `rustc --explain E0405`.
[INFO] [stdout] 
[INFO] [stderr] error: could not compile `rjava` (test "interface") due to 16 previous errors
[INFO] [stderr] warning: build failed, waiting for other jobs to finish...
[INFO] [stdout] For more information about this error, try `rustc --explain E0432`.
[INFO] [stdout] 
[INFO] [stderr] error: could not compile `rjava` (test "async_rx") due to 2 previous errors
[INFO] [stdout] For more information about this error, try `rustc --explain E0432`.
[INFO] [stdout] 
[INFO] [stderr] error: could not compile `rjava` (test "serde_map") due to 2 previous errors
[INFO] [stdout] For more information about this error, try `rustc --explain E0432`.
[INFO] [stdout] 
[INFO] [stderr] error: could not compile `rjava` (test "bean_map") due to 1 previous error
[INFO] running `Command { std: "docker" "inspect" "653a0c7d50c6e02489100077c854ffdc4df0f662b8b69cdb1a76419898e93602", kill_on_drop: false }`
[INFO] running `Command { std: "docker" "rm" "-f" "653a0c7d50c6e02489100077c854ffdc4df0f662b8b69cdb1a76419898e93602", kill_on_drop: false }`
[INFO] [stdout] 653a0c7d50c6e02489100077c854ffdc4df0f662b8b69cdb1a76419898e93602
