[INFO] fetching crate rivet-depot-client 2.3.23...
[INFO] testing rivet-depot-client-2.3.23 against 1.99.0-beta.8 for beta-1.100-2
[INFO] extracting crate rivet-depot-client 2.3.23 into /workspace/builds/worker-5-tc1/source
[INFO] started tweaking crates.io crate rivet-depot-client 2.3.23
[INFO] removed 0 missing tests
[INFO] finished tweaking crates.io crate rivet-depot-client 2.3.23
[INFO] tweaked toml for crates.io crate rivet-depot-client 2.3.23 written to /workspace/builds/worker-5-tc1/source/Cargo.toml
[INFO] validating manifest of crates.io crate rivet-depot-client 2.3.23 on toolchain 1.99.0-beta.8
[INFO] running `Command { std: CARGO_HOME="/workspace/cargo-home" RUSTUP_HOME="/workspace/rustup-home" "/workspace/cargo-home/bin/cargo" "+1.99.0-beta.8" "metadata" "--manifest-path" "Cargo.toml" "--no-deps", kill_on_drop: false }`
[INFO] crate crates.io crate rivet-depot-client 2.3.23 already has a lockfile, it will not be regenerated
[INFO] running `Command { std: CARGO_HOME="/workspace/cargo-home" RUSTUP_HOME="/workspace/rustup-home" "/workspace/cargo-home/bin/cargo" "+1.99.0-beta.8" "fetch" "--manifest-path" "Cargo.toml", kill_on_drop: false }`
[INFO] [stderr]     Blocking waiting for file lock on package cache
[INFO] [stderr]     Updating crates.io index
[INFO] [stderr]  Downloading crates ...
[INFO] [stderr]   Downloaded rivet-error v2.3.23
[INFO] [stderr]   Downloaded sdd v4.7.5
[INFO] [stderr]   Downloaded saa v5.5.0
[INFO] [stderr]   Downloaded redox_syscall v0.5.15
[INFO] [stderr]   Downloaded vbare-gen v0.0.5
[INFO] [stderr]   Downloaded vbare-compiler v0.0.5
[INFO] [stderr]   Downloaded vbare v0.0.5
[INFO] [stderr]   Downloaded serde_bare v0.5.0
[INFO] [stderr]   Downloaded rivet-depot-client-types v2.3.23
[INFO] [stderr]   Downloaded rivet-envoy-protocol v2.3.23
[INFO] [stderr]   Downloaded utoipa v5.4.0
[INFO] [stderr]   Downloaded generator v0.8.5
[INFO] [stderr]   Downloaded cc v1.2.30
[INFO] [stderr]   Downloaded scc v3.6.12
[INFO] [stderr]   Downloaded serde_json v1.0.141
[INFO] [stderr]   Downloaded utoipa-gen v5.4.0
[INFO] [stderr]   Downloaded rivet-error-macros v2.3.23
[INFO] running `Command { std: "docker" "create" "-v" "/var/lib/crater-agent-workspace/builds/worker-5-tc1/source:/opt/rustwide/workdir:ro,Z" "-v" "/var/lib/crater-agent-workspace/builds/worker-5-tc1/target:/opt/rustwide/target:rw,Z" "-v" "/var/lib/crater-agent-workspace/cargo-home:/opt/rustwide/cargo-home:ro,Z" "-v" "/var/lib/crater-agent-workspace/rustup-home:/opt/rustwide/rustup-home:ro,Z" "-m" "1610612736" "--network" "none" "ghcr.io/rust-lang/crates-build-env/linux@sha256:3111399a4047eeb3a02b7a90e478d715f38a8c6669b5c4b49d30a17385265909" "sleep" "infinity", kill_on_drop: false }`
[INFO] [stdout] e82f7a31f3853de1a2fb409028d3112a67352fe8902dfd3b7e4c6db53dcb7821
[INFO] running `Command { std: "docker" "start" "e82f7a31f3853de1a2fb409028d3112a67352fe8902dfd3b7e4c6db53dcb7821", kill_on_drop: false }`
[INFO] running `Command { std: "docker" "inspect" "e82f7a31f3853de1a2fb409028d3112a67352fe8902dfd3b7e4c6db53dcb7821", kill_on_drop: false }`
[INFO] running `Command { std: "docker" "exec" "-e" "SOURCE_DIR=/opt/rustwide/workdir" "-e" "CARGO_HOME=/opt/rustwide/cargo-home" "-e" "RUSTUP_HOME=/opt/rustwide/rustup-home" "-e" "CARGO_TARGET_DIR=/opt/rustwide/target" "-w" "/opt/rustwide/workdir" "--user" "0:0" "e82f7a31f3853de1a2fb409028d3112a67352fe8902dfd3b7e4c6db53dcb7821" "/opt/rustwide/cargo-home/bin/cargo" "+1.99.0-beta.8" "metadata" "--no-deps" "--format-version=1", kill_on_drop: false }`
[INFO] running `Command { std: "docker" "inspect" "e82f7a31f3853de1a2fb409028d3112a67352fe8902dfd3b7e4c6db53dcb7821", kill_on_drop: false }`
[INFO] running `Command { std: "docker" "exec" "-e" "SOURCE_DIR=/opt/rustwide/workdir" "-e" "CARGO_HOME=/opt/rustwide/cargo-home" "-e" "RUSTUP_HOME=/opt/rustwide/rustup-home" "-e" "CARGO_TARGET_DIR=/opt/rustwide/target" "-e" "CARGO_INCREMENTAL=0" "-e" "RUST_BACKTRACE=full" "-e" "RUSTFLAGS=--cap-lints=warn" "-e" "RUSTDOCFLAGS=--cap-lints=warn" "-w" "/opt/rustwide/workdir" "--user" "0:0" "e82f7a31f3853de1a2fb409028d3112a67352fe8902dfd3b7e4c6db53dcb7821" "/opt/rustwide/cargo-home/bin/cargo" "+1.99.0-beta.8" "build" "--frozen" "--message-format=json", kill_on_drop: false }`
[INFO] [stderr]    Compiling thiserror v2.0.12
[INFO] [stderr]    Compiling ucd-trie v0.1.7
[INFO] [stderr]    Compiling memchr v2.7.5
[INFO] [stderr]    Compiling prettyplease v0.2.36
[INFO] [stderr]    Compiling zerocopy v0.8.26
[INFO] [stderr]    Compiling proc-macro2 v1.0.106
[INFO] [stderr]    Compiling indoc v2.0.6
[INFO] [stderr]    Compiling serde_json v1.0.141
[INFO] [stderr]    Compiling getrandom v0.2.16
[INFO] [stderr]    Compiling uuid v1.23.1
[INFO] [stderr]    Compiling cc v1.2.30
[INFO] [stderr]    Compiling indexmap v2.14.0
[INFO] [stderr]    Compiling getrandom v0.4.2
[INFO] [stderr]    Compiling moka v0.12.10
[INFO] [stderr]    Compiling vbare v0.0.5
[INFO] [stderr]    Compiling socket2 v0.5.10
[INFO] [stderr]    Compiling crossbeam-epoch v0.9.18
[INFO] [stderr]    Compiling crossbeam-channel v0.5.15
[INFO] [stderr]    Compiling serde_bytes v0.11.19
[INFO] [stderr]    Compiling signal-hook-registry v1.4.5
[INFO] [stderr]    Compiling rand_core v0.6.4
[INFO] [stderr]    Compiling mio v1.0.4
[INFO] [stderr]    Compiling sdd v4.7.5
[INFO] [stderr]    Compiling saa v5.5.0
[INFO] [stderr]    Compiling bytes v1.10.1
[INFO] [stderr]    Compiling tagptr v0.2.0
[INFO] [stderr]    Compiling rivet-depot-client-types v2.3.23
[INFO] [stderr]    Compiling quote v1.0.45
[INFO] [stderr]    Compiling syn v2.0.117
[INFO] [stderr]    Compiling scc v3.6.12
[INFO] [stderr]    Compiling libsqlite3-sys v0.30.1
[INFO] [stderr]    Compiling ppv-lite86 v0.2.21
[INFO] [stderr]    Compiling rand_chacha v0.3.1
[INFO] [stderr]    Compiling rand v0.8.5
[INFO] [stderr]    Compiling thiserror-impl v2.0.12
[INFO] [stderr]    Compiling serde_derive v1.0.228
[INFO] [stderr]    Compiling utoipa-gen v5.4.0
[INFO] [stderr]    Compiling thiserror-impl v1.0.69
[INFO] [stderr]    Compiling tokio-macros v2.5.0
[INFO] [stderr]    Compiling tracing-attributes v0.1.30
[INFO] [stderr]    Compiling async-trait v0.1.88
[INFO] [stderr]    Compiling tokio v1.46.1
[INFO] [stderr]    Compiling pest v2.8.1
[INFO] [stderr]    Compiling thiserror v1.0.69
[INFO] [stderr]    Compiling tracing v0.1.41
[INFO] [stderr]    Compiling pest_meta v2.8.1
[INFO] [stderr]    Compiling serde v1.0.228
[INFO] [stderr]    Compiling serde_bare v0.5.0
[INFO] [stderr]    Compiling pest_generator v2.8.1
[INFO] [stderr]    Compiling pest_derive v2.8.1
[INFO] [stderr]    Compiling vbare-gen v0.0.5
[INFO] [stderr]    Compiling utoipa v5.4.0
[INFO] [stderr]    Compiling vbare-compiler v0.0.5
[INFO] [stderr]    Compiling rivet-envoy-protocol v2.3.23
[INFO] [stderr]    Compiling rivet-depot-client v2.3.23 (/opt/rustwide/workdir)
[INFO] [stderr]     Finished `dev` profile [unoptimized + debuginfo] target(s) in 1m 07s
[INFO] running `Command { std: "docker" "inspect" "e82f7a31f3853de1a2fb409028d3112a67352fe8902dfd3b7e4c6db53dcb7821", kill_on_drop: false }`
[INFO] running `Command { std: "docker" "exec" "-e" "SOURCE_DIR=/opt/rustwide/workdir" "-e" "CARGO_HOME=/opt/rustwide/cargo-home" "-e" "RUSTUP_HOME=/opt/rustwide/rustup-home" "-e" "CARGO_TARGET_DIR=/opt/rustwide/target" "-e" "CARGO_INCREMENTAL=0" "-e" "RUST_BACKTRACE=full" "-e" "RUSTFLAGS=--cap-lints=warn" "-e" "RUSTDOCFLAGS=--cap-lints=warn" "-w" "/opt/rustwide/workdir" "--user" "0:0" "e82f7a31f3853de1a2fb409028d3112a67352fe8902dfd3b7e4c6db53dcb7821" "/opt/rustwide/cargo-home/bin/cargo" "+1.99.0-beta.8" "test" "--frozen" "--no-run" "--message-format=json", kill_on_drop: false }`
[INFO] [stderr]    Compiling proc-macro2 v1.0.106
[INFO] [stderr]    Compiling serde_json v1.0.141
[INFO] [stderr]    Compiling typenum v1.18.0
[INFO] [stderr]    Compiling getrandom v0.3.3
[INFO] [stderr]    Compiling rustix v1.0.8
[INFO] [stderr]    Compiling linux-raw-sys v0.9.4
[INFO] [stderr]    Compiling bitflags v2.10.0
[INFO] [stderr]    Compiling slab v0.4.10
[INFO] [stderr]    Compiling futures-core v0.3.31
[INFO] [stderr]    Compiling quote v1.0.45
[INFO] [stderr]    Compiling generic-array v0.14.7
[INFO] [stderr]    Compiling syn v2.0.117
[INFO] [stderr]    Compiling block-buffer v0.10.4
[INFO] [stderr]    Compiling crypto-common v0.1.6
[INFO] [stderr]    Compiling digest v0.10.7
[INFO] [stderr]    Compiling sha2 v0.10.9
[INFO] [stderr]    Compiling tempfile v3.20.0
[INFO] [stderr]    Compiling prettyplease v0.2.36
[INFO] [stderr]    Compiling serde_derive v1.0.228
[INFO] [stderr]    Compiling thiserror-impl v2.0.12
[INFO] [stderr]    Compiling utoipa-gen v5.4.0
[INFO] [stderr]    Compiling thiserror-impl v1.0.69
[INFO] [stderr]    Compiling tracing-attributes v0.1.30
[INFO] [stderr]    Compiling tokio-macros v2.5.0
[INFO] [stderr]    Compiling async-trait v0.1.88
[INFO] [stderr]    Compiling futures-macro v0.3.31
[INFO] [stderr]    Compiling tokio v1.46.1
[INFO] [stderr]    Compiling futures-util v0.3.31
[INFO] [stderr]    Compiling thiserror v1.0.69
[INFO] [stderr]    Compiling moka v0.12.10
[INFO] [stderr]    Compiling tracing v0.1.41
[INFO] [stderr]    Compiling thiserror v2.0.12
[INFO] [stderr]    Compiling pest v2.8.1
[INFO] [stderr]    Compiling pest_meta v2.8.1
[INFO] [stderr]    Compiling serde v1.0.228
[INFO] [stderr]    Compiling serde_bare v0.5.0
[INFO] [stderr]    Compiling pest_generator v2.8.1
[INFO] [stderr]    Compiling pest_derive v2.8.1
[INFO] [stderr]    Compiling vbare-gen v0.0.5
[INFO] [stderr]    Compiling vbare-compiler v0.0.5
[INFO] [stderr]    Compiling rivet-error-macros v2.3.23
[INFO] [stderr]    Compiling utoipa v5.4.0
[INFO] [stderr]    Compiling rivet-envoy-protocol v2.3.23
[INFO] [stderr]    Compiling rivet-error v2.3.23
[INFO] [stderr]    Compiling rivet-depot-client v2.3.23 (/opt/rustwide/workdir)
[INFO] [stdout] error[E0433]: cannot find module or crate `depot` in this scope
[INFO] [stdout]   --> src/../tests/inline/fault/growth.rs:11:5
[INFO] [stdout]    |
[INFO] [stdout] 11 | use depot::workflows::compaction::ForceCompactionWork;
[INFO] [stdout]    |     ^^^^^ use of unresolved module or unlinked crate `depot`
[INFO] [stdout]    |
[INFO] [stdout]    = help: if you wanted to use a crate named `depot`, use `cargo add depot` to add it to your `Cargo.toml`
[INFO] [stdout] 
[INFO] [stdout] 
[INFO] [stdout] error[E0433]: cannot find module or crate `depot` in this scope
[INFO] [stdout]   --> src/../tests/inline/fault/scenario.rs:10:5
[INFO] [stdout]    |
[INFO] [stdout] 10 | use depot::{
[INFO] [stdout]    |     ^^^^^ use of unresolved module or unlinked crate `depot`
[INFO] [stdout]    |
[INFO] [stdout]    = help: if you wanted to use a crate named `depot`, use `cargo add depot` to add it to your `Cargo.toml`
[INFO] [stdout] 
[INFO] [stdout] 
[INFO] [stdout] error[E0433]: cannot find module or crate `gas` in this scope
[INFO] [stdout]   --> src/../tests/inline/fault/scenario.rs:24:5
[INFO] [stdout]    |
[INFO] [stdout] 24 | use gas::prelude::{Registry, TestCtx};
[INFO] [stdout]    |     ^^^ use of unresolved module or unlinked crate `gas`
[INFO] [stdout]    |
[INFO] [stdout]    = help: if you wanted to use a crate named `gas`, use `cargo add gas` to add it to your `Cargo.toml`
[INFO] [stdout] 
[INFO] [stdout] 
[INFO] [stdout] error[E0433]: cannot find module or crate `rivet_pools` in this scope
[INFO] [stdout]   --> src/../tests/inline/fault/scenario.rs:32:5
[INFO] [stdout]    |
[INFO] [stdout] 32 | use rivet_pools::__rivet_util::Id;
[INFO] [stdout]    |     ^^^^^^^^^^^ use of unresolved module or unlinked crate `rivet_pools`
[INFO] [stdout]    |
[INFO] [stdout]    = help: if you wanted to use a crate named `rivet_pools`, use `cargo add rivet_pools` to add it to your `Cargo.toml`
[INFO] [stdout] 
[INFO] [stdout] 
[INFO] [stdout] error[E0432]: unresolved import `depot`
[INFO] [stdout]   --> src/../tests/inline/fault/scenario.rs:10:5
[INFO] [stdout]    |
[INFO] [stdout] 10 | use depot::{
[INFO] [stdout]    |     ^^^^^ use of unresolved module or unlinked crate `depot`
[INFO] [stdout]    |
[INFO] [stdout]    = help: if you wanted to use a crate named `depot`, use `cargo add depot` to add it to your `Cargo.toml`
[INFO] [stdout] 
[INFO] [stdout] 
[INFO] [stdout] error[E0433]: cannot find module or crate `universaldb` in this scope
[INFO] [stdout]   --> src/../tests/inline/fault/scenario.rs:34:5
[INFO] [stdout]    |
[INFO] [stdout] 34 | use universaldb::{RangeOption, options::StreamingMode, utils::IsolationLevel::Snapshot};
[INFO] [stdout]    |     ^^^^^^^^^^^ use of unresolved module or unlinked crate `universaldb`
[INFO] [stdout]    |
[INFO] [stdout]    = help: if you wanted to use a crate named `universaldb`, use `cargo add universaldb` to add it to your `Cargo.toml`
[INFO] [stdout] 
[INFO] [stdout] 
[INFO] [stdout] error[E0433]: cannot find module or crate `depot` in this scope
[INFO] [stdout]  --> src/../tests/inline/fault/simple.rs:2:5
[INFO] [stdout]   |
[INFO] [stdout] 2 | use depot::fault::{
[INFO] [stdout]   |     ^^^^^ use of unresolved module or unlinked crate `depot`
[INFO] [stdout]   |
[INFO] [stdout]   = help: if you wanted to use a crate named `depot`, use `cargo add depot` to add it to your `Cargo.toml`
[INFO] [stdout] 
[INFO] [stdout] 
[INFO] [stdout] error[E0433]: cannot find module or crate `depot` in this scope
[INFO] [stdout]  --> src/../tests/inline/fault/simple.rs:6:5
[INFO] [stdout]   |
[INFO] [stdout] 6 | use depot::workflows::compaction::{CompactionJobKind, ForceCompactionWork};
[INFO] [stdout]   |     ^^^^^ use of unresolved module or unlinked crate `depot`
[INFO] [stdout]   |
[INFO] [stdout]   = help: if you wanted to use a crate named `depot`, use `cargo add depot` to add it to your `Cargo.toml`
[INFO] [stdout] 
[INFO] [stdout] 
[INFO] [stdout] error[E0433]: cannot find module or crate `depot` in this scope
[INFO] [stdout]  --> src/../tests/inline/fault/verify.rs:5:5
[INFO] [stdout]   |
[INFO] [stdout] 5 | use depot::{
[INFO] [stdout]   |     ^^^^^ use of unresolved module or unlinked crate `depot`
[INFO] [stdout]   |
[INFO] [stdout]   = help: if you wanted to use a crate named `depot`, use `cargo add depot` to add it to your `Cargo.toml`
[INFO] [stdout] 
[INFO] [stdout] 
[INFO] [stdout] error[E0432]: unresolved import `universaldb`
[INFO] [stdout]   --> src/../tests/inline/fault/scenario.rs:34:5
[INFO] [stdout]    |
[INFO] [stdout] 34 | use universaldb::{RangeOption, options::StreamingMode, utils::IsolationLevel::Snapshot};
[INFO] [stdout]    |     ^^^^^^^^^^^ use of unresolved module or unlinked crate `universaldb`
[INFO] [stdout]    |
[INFO] [stdout]    = help: if you wanted to use a crate named `universaldb`, use `cargo add universaldb` to add it to your `Cargo.toml`
[INFO] [stdout] 
[INFO] [stdout] 
[INFO] [stdout] error[E0433]: cannot find module or crate `rivet_pools` in this scope
[INFO] [stdout]   --> src/../tests/inline/fault/verify.rs:17:5
[INFO] [stdout]    |
[INFO] [stdout] 17 | use rivet_pools::__rivet_util::Id;
[INFO] [stdout]    |     ^^^^^^^^^^^ use of unresolved module or unlinked crate `rivet_pools`
[INFO] [stdout]    |
[INFO] [stdout]    = help: if you wanted to use a crate named `rivet_pools`, use `cargo add rivet_pools` to add it to your `Cargo.toml`
[INFO] [stdout] 
[INFO] [stdout] 
[INFO] [stdout] error[E0432]: unresolved import `depot`
[INFO] [stdout]  --> src/../tests/inline/fault/verify.rs:5:5
[INFO] [stdout]   |
[INFO] [stdout] 5 | use depot::{
[INFO] [stdout]   |     ^^^^^ use of unresolved module or unlinked crate `depot`
[INFO] [stdout]   |
[INFO] [stdout]   = help: if you wanted to use a crate named `depot`, use `cargo add depot` to add it to your `Cargo.toml`
[INFO] [stdout] 
[INFO] [stdout] 
[INFO] [stdout] error[E0433]: cannot find module or crate `universaldb` in this scope
[INFO] [stdout]   --> src/../tests/inline/fault/verify.rs:19:5
[INFO] [stdout]    |
[INFO] [stdout] 19 | use universaldb::{
[INFO] [stdout]    |     ^^^^^^^^^^^ use of unresolved module or unlinked crate `universaldb`
[INFO] [stdout]    |
[INFO] [stdout]    = help: if you wanted to use a crate named `universaldb`, use `cargo add universaldb` to add it to your `Cargo.toml`
[INFO] [stdout] 
[INFO] [stdout] 
[INFO] [stdout] error[E0433]: cannot find module or crate `depot` in this scope
[INFO] [stdout]   --> src/../tests/inline/vfs_support.rs:10:5
[INFO] [stdout]    |
[INFO] [stdout] 10 | use depot::{
[INFO] [stdout]    |     ^^^^^ use of unresolved module or unlinked crate `depot`
[INFO] [stdout]    |
[INFO] [stdout]    = help: if you wanted to use a crate named `depot`, use `cargo add depot` to add it to your `Cargo.toml`
[INFO] [stdout] 
[INFO] [stdout] 
[INFO] [stdout] error[E0433]: cannot find module or crate `rivet_pools` in this scope
[INFO] [stdout]   --> src/../tests/inline/vfs_support.rs:20:5
[INFO] [stdout]    |
[INFO] [stdout] 20 | use rivet_pools::{__rivet_util::Id, NodeId};
[INFO] [stdout]    |     ^^^^^^^^^^^ use of unresolved module or unlinked crate `rivet_pools`
[INFO] [stdout]    |
[INFO] [stdout]    = help: if you wanted to use a crate named `rivet_pools`, use `cargo add rivet_pools` to add it to your `Cargo.toml`
[INFO] [stdout] 
[INFO] [stdout] 
[INFO] [stdout] error[E0432]: unresolved import `universaldb`
[INFO] [stdout]   --> src/../tests/inline/fault/verify.rs:19:5
[INFO] [stdout]    |
[INFO] [stdout] 19 | use universaldb::{
[INFO] [stdout]    |     ^^^^^^^^^^^ use of unresolved module or unlinked crate `universaldb`
[INFO] [stdout]    |
[INFO] [stdout]    = help: if you wanted to use a crate named `universaldb`, use `cargo add universaldb` to add it to your `Cargo.toml`
[INFO] [stdout] 
[INFO] [stdout] 
[INFO] [stdout] error[E0433]: cannot find module or crate `universaldb` in this scope
[INFO] [stdout]   --> src/../tests/inline/vfs_support.rs:21:5
[INFO] [stdout]    |
[INFO] [stdout] 21 | use universaldb::utils::IsolationLevel::Serializable;
[INFO] [stdout]    |     ^^^^^^^^^^^ use of unresolved module or unlinked crate `universaldb`
[INFO] [stdout]    |
[INFO] [stdout]    = help: if you wanted to use a crate named `universaldb`, use `cargo add universaldb` to add it to your `Cargo.toml`
[INFO] [stdout] 
[INFO] [stdout] 
[INFO] [stdout] error[E0433]: cannot find module or crate `depot` in this scope
[INFO] [stdout]     --> src/../tests/inline/vfs.rs:4790:6
[INFO] [stdout]      |
[INFO] [stdout] 4790 |     use depot::conveyer::Db;
[INFO] [stdout]      |         ^^^^^ use of unresolved module or unlinked crate `depot`
[INFO] [stdout]      |
[INFO] [stdout]      = help: if you wanted to use a crate named `depot`, use `cargo add depot` to add it to your `Cargo.toml`
[INFO] [stdout] 
[INFO] [stdout] 
[INFO] [stdout] error[E0433]: cannot find module or crate `depot` in this scope
[INFO] [stdout]     --> src/../tests/inline/vfs.rs:4791:6
[INFO] [stdout]      |
[INFO] [stdout] 4791 |     use depot::types::{CommitOptions, DirtyPage};
[INFO] [stdout]      |         ^^^^^ use of unresolved module or unlinked crate `depot`
[INFO] [stdout]      |
[INFO] [stdout]      = help: if you wanted to use a crate named `depot`, use `cargo add depot` to add it to your `Cargo.toml`
[INFO] [stdout] 
[INFO] [stdout] 
[INFO] [stdout] error[E0433]: cannot find module or crate `rivet_pools` in this scope
[INFO] [stdout]     --> src/../tests/inline/vfs.rs:4792:6
[INFO] [stdout]      |
[INFO] [stdout] 4792 |     use rivet_pools::__rivet_util::Id;
[INFO] [stdout]      |         ^^^^^^^^^^^ use of unresolved module or unlinked crate `rivet_pools`
[INFO] [stdout]      |
[INFO] [stdout]      = help: if you wanted to use a crate named `rivet_pools`, use `cargo add rivet_pools` to add it to your `Cargo.toml`
[INFO] [stdout] 
[INFO] [stdout] 
[INFO] [stdout] error[E0432]: unresolved import `rivet_pools`
[INFO] [stdout]   --> src/../tests/inline/vfs_support.rs:20:5
[INFO] [stdout]    |
[INFO] [stdout] 20 | use rivet_pools::{__rivet_util::Id, NodeId};
[INFO] [stdout]    |     ^^^^^^^^^^^ use of unresolved module or unlinked crate `rivet_pools`
[INFO] [stdout]    |
[INFO] [stdout]    = help: if you wanted to use a crate named `rivet_pools`, use `cargo add rivet_pools` to add it to your `Cargo.toml`
[INFO] [stdout] 
[INFO] [stdout] 
[INFO] [stdout] error[E0433]: cannot find module or crate `depot` in this scope
[INFO] [stdout]     --> src/../tests/inline/vfs.rs:5386:6
[INFO] [stdout]      |
[INFO] [stdout] 5386 |     use depot::conveyer::Db;
[INFO] [stdout]      |         ^^^^^ use of unresolved module or unlinked crate `depot`
[INFO] [stdout]      |
[INFO] [stdout]      = help: if you wanted to use a crate named `depot`, use `cargo add depot` to add it to your `Cargo.toml`
[INFO] [stdout] 
[INFO] [stdout] 
[INFO] [stdout] error[E0433]: cannot find module or crate `depot` in this scope
[INFO] [stdout]     --> src/../tests/inline/vfs.rs:5387:6
[INFO] [stdout]      |
[INFO] [stdout] 5387 |     use depot::types::{CommitOptions, DirtyPage};
[INFO] [stdout]      |         ^^^^^ use of unresolved module or unlinked crate `depot`
[INFO] [stdout]      |
[INFO] [stdout]      = help: if you wanted to use a crate named `depot`, use `cargo add depot` to add it to your `Cargo.toml`
[INFO] [stdout] 
[INFO] [stdout] 
[INFO] [stdout] error[E0433]: cannot find module or crate `rivet_pools` in this scope
[INFO] [stdout]     --> src/../tests/inline/vfs.rs:5388:6
[INFO] [stdout]      |
[INFO] [stdout] 5388 |     use rivet_pools::__rivet_util::Id;
[INFO] [stdout]      |         ^^^^^^^^^^^ use of unresolved module or unlinked crate `rivet_pools`
[INFO] [stdout]      |
[INFO] [stdout]      = help: if you wanted to use a crate named `rivet_pools`, use `cargo add rivet_pools` to add it to your `Cargo.toml`
[INFO] [stdout] 
[INFO] [stdout] 
[INFO] [stdout] error[E0432]: unresolved import `rivet_pools`
[INFO] [stdout]     --> src/../tests/inline/vfs.rs:4793:6
[INFO] [stdout]      |
[INFO] [stdout] 4793 |     use rivet_pools::NodeId;
[INFO] [stdout]      |         ^^^^^^^^^^^ use of unresolved module or unlinked crate `rivet_pools`
[INFO] [stdout]      |
[INFO] [stdout]      = help: if you wanted to use a crate named `rivet_pools`, use `cargo add rivet_pools` to add it to your `Cargo.toml`
[INFO] [stdout] 
[INFO] [stdout] 
[INFO] [stdout] error[E0433]: cannot find module or crate `depot` in this scope
[INFO] [stdout]     --> src/../tests/inline/vfs.rs:5929:6
[INFO] [stdout]      |
[INFO] [stdout] 5929 |     use depot::conveyer::Db;
[INFO] [stdout]      |         ^^^^^ use of unresolved module or unlinked crate `depot`
[INFO] [stdout]      |
[INFO] [stdout]      = help: if you wanted to use a crate named `depot`, use `cargo add depot` to add it to your `Cargo.toml`
[INFO] [stdout] 
[INFO] [stdout] 
[INFO] [stdout] error[E0433]: cannot find module or crate `depot` in this scope
[INFO] [stdout]     --> src/../tests/inline/vfs.rs:5930:6
[INFO] [stdout]      |
[INFO] [stdout] 5930 |     use depot::types::{CommitOptions, DirtyPage};
[INFO] [stdout]      |         ^^^^^ use of unresolved module or unlinked crate `depot`
[INFO] [stdout]      |
[INFO] [stdout]      = help: if you wanted to use a crate named `depot`, use `cargo add depot` to add it to your `Cargo.toml`
[INFO] [stdout] 
[INFO] [stdout] 
[INFO] [stdout] error[E0433]: cannot find module or crate `rivet_pools` in this scope
[INFO] [stdout]     --> src/../tests/inline/vfs.rs:5931:6
[INFO] [stdout]      |
[INFO] [stdout] 5931 |     use rivet_pools::__rivet_util::Id;
[INFO] [stdout]      |         ^^^^^^^^^^^ use of unresolved module or unlinked crate `rivet_pools`
[INFO] [stdout]      |
[INFO] [stdout]      = help: if you wanted to use a crate named `rivet_pools`, use `cargo add rivet_pools` to add it to your `Cargo.toml`
[INFO] [stdout] 
[INFO] [stdout] 
[INFO] [stdout] error[E0432]: unresolved import `rivet_pools`
[INFO] [stdout]     --> src/../tests/inline/vfs.rs:5389:6
[INFO] [stdout]      |
[INFO] [stdout] 5389 |     use rivet_pools::NodeId;
[INFO] [stdout]      |         ^^^^^^^^^^^ use of unresolved module or unlinked crate `rivet_pools`
[INFO] [stdout]      |
[INFO] [stdout]      = help: if you wanted to use a crate named `rivet_pools`, use `cargo add rivet_pools` to add it to your `Cargo.toml`
[INFO] [stdout] 
[INFO] [stdout] 
[INFO] [stdout] error[E0432]: unresolved import `rivet_pools`
[INFO] [stdout]     --> src/../tests/inline/vfs.rs:5932:6
[INFO] [stdout]      |
[INFO] [stdout] 5932 |     use rivet_pools::NodeId;
[INFO] [stdout]      |         ^^^^^^^^^^^ use of unresolved module or unlinked crate `rivet_pools`
[INFO] [stdout]      |
[INFO] [stdout]      = help: if you wanted to use a crate named `rivet_pools`, use `cargo add rivet_pools` to add it to your `Cargo.toml`
[INFO] [stdout] 
[INFO] [stdout] 
[INFO] [stdout] error[E0433]: cannot find module or crate `depot` in this scope
[INFO] [stdout]   --> src/../tests/inline/fault/growth.rs:88:18
[INFO] [stdout]    |
[INFO] [stdout] 88 |         pages_before > depot::keys::SHARD_SIZE * 4,
[INFO] [stdout]    |                        ^^^^^ use of unresolved module or unlinked crate `depot`
[INFO] [stdout]    |
[INFO] [stdout]    = help: if you wanted to use a crate named `depot`, use `cargo add depot` to add it to your `Cargo.toml`
[INFO] [stdout] 
[INFO] [stdout] 
[INFO] [stdout] error[E0433]: cannot find module or crate `depot` in this scope
[INFO] [stdout]   --> src/../tests/inline/fault/growth.rs:90:3
[INFO] [stdout]    |
[INFO] [stdout] 90 |         depot::keys::SHARD_SIZE
[INFO] [stdout]    |         ^^^^^ use of unresolved module or unlinked crate `depot`
[INFO] [stdout]    |
[INFO] [stdout]    = help: if you wanted to use a crate named `depot`, use `cargo add depot` to add it to your `Cargo.toml`
[INFO] [stdout] 
[INFO] [stdout] 
[INFO] [stdout] error[E0433]: cannot find module or crate `universaldb` in this scope
[INFO] [stdout]    --> src/../tests/inline/fault/scenario.rs:859:6
[INFO] [stdout]     |
[INFO] [stdout] 859 |                     universaldb::Subspace::from(universaldb::tuple::Subspace::from_bytes(prefix));
[INFO] [stdout]     |                     ^^^^^^^^^^^ use of unresolved module or unlinked crate `universaldb`
[INFO] [stdout]     |
[INFO] [stdout]     = help: if you wanted to use a crate named `universaldb`, use `cargo add universaldb` to add it to your `Cargo.toml`
[INFO] [stdout] 
[INFO] [stdout] 
[INFO] [stdout] error[E0433]: cannot find module or crate `universaldb` in this scope
[INFO] [stdout]    --> src/../tests/inline/fault/scenario.rs:859:34
[INFO] [stdout]     |
[INFO] [stdout] 859 |                     universaldb::Subspace::from(universaldb::tuple::Subspace::from_bytes(prefix));
[INFO] [stdout]     |                                                 ^^^^^^^^^^^ use of unresolved module or unlinked crate `universaldb`
[INFO] [stdout]     |
[INFO] [stdout]     = help: if you wanted to use a crate named `universaldb`, use `cargo add universaldb` to add it to your `Cargo.toml`
[INFO] [stdout] 
[INFO] [stdout] 
[INFO] [stdout] error[E0433]: cannot find module or crate `universaldb` in this scope
[INFO] [stdout]     --> src/../tests/inline/fault/scenario.rs:1055:3
[INFO] [stdout]      |
[INFO] [stdout] 1055 |         universaldb::Subspace::from(universaldb::tuple::Subspace::from_bytes(prefix));
[INFO] [stdout]      |         ^^^^^^^^^^^ use of unresolved module or unlinked crate `universaldb`
[INFO] [stdout]      |
[INFO] [stdout]      = help: if you wanted to use a crate named `universaldb`, use `cargo add universaldb` to add it to your `Cargo.toml`
[INFO] [stdout] 
[INFO] [stdout] 
[INFO] [stdout] error[E0433]: cannot find module or crate `universaldb` in this scope
[INFO] [stdout]     --> src/../tests/inline/fault/scenario.rs:1055:31
[INFO] [stdout]      |
[INFO] [stdout] 1055 |         universaldb::Subspace::from(universaldb::tuple::Subspace::from_bytes(prefix));
[INFO] [stdout]      |                                     ^^^^^^^^^^^ use of unresolved module or unlinked crate `universaldb`
[INFO] [stdout]      |
[INFO] [stdout]      = help: if you wanted to use a crate named `universaldb`, use `cargo add universaldb` to add it to your `Cargo.toml`
[INFO] [stdout] 
[INFO] [stdout] 
[INFO] [stdout] error[E0433]: cannot find module or crate `depot` in this scope
[INFO] [stdout]    --> src/../tests/inline/fault/simple.rs:495:20
[INFO] [stdout]     |
[INFO] [stdout] 495 |                 before_pages > depot::keys::SHARD_SIZE,
[INFO] [stdout]     |                                ^^^^^ use of unresolved module or unlinked crate `depot`
[INFO] [stdout]     |
[INFO] [stdout]     = help: if you wanted to use a crate named `depot`, use `cargo add depot` to add it to your `Cargo.toml`
[INFO] [stdout] 
[INFO] [stdout] 
[INFO] [stdout] error[E0433]: cannot find module or crate `depot` in this scope
[INFO] [stdout]     --> src/../tests/inline/fault/simple.rs:1144:15
[INFO] [stdout]      |
[INFO] [stdout] 1144 |     let target = depot::keys::SHARD_SIZE * 2 + 2;
[INFO] [stdout]      |                  ^^^^^ use of unresolved module or unlinked crate `depot`
[INFO] [stdout]      |
[INFO] [stdout]      = help: if you wanted to use a crate named `depot`, use `cargo add depot` to add it to your `Cargo.toml`
[INFO] [stdout] 
[INFO] [stdout] 
[INFO] [stdout] error[E0433]: cannot find module or crate `depot` in this scope
[INFO] [stdout]    --> src/../tests/inline/fault/verify.rs:183:21
[INFO] [stdout]     |
[INFO] [stdout] 183 |     ) -> Result<Option<depot::types::DBHead>> {
[INFO] [stdout]     |                        ^^^^^ use of unresolved module or unlinked crate `depot`
[INFO] [stdout]     |
[INFO] [stdout]     = help: if you wanted to use a crate named `depot`, use `cargo add depot` to add it to your `Cargo.toml`
[INFO] [stdout] 
[INFO] [stdout] 
[INFO] [stdout] error[E0433]: cannot find module or crate `depot` in this scope
[INFO] [stdout]    --> src/../tests/inline/fault/verify.rs:576:10
[INFO] [stdout]     |
[INFO] [stdout] 576 |             match depot::types::decode_restore_point_record(&value) {
[INFO] [stdout]     |                   ^^^^^ use of unresolved module or unlinked crate `depot`
[INFO] [stdout]     |
[INFO] [stdout]     = help: if you wanted to use a crate named `depot`, use `cargo add depot` to add it to your `Cargo.toml`
[INFO] [stdout] 
[INFO] [stdout] 
[INFO] [stdout] error[E0433]: cannot find module or crate `universaldb` in this scope
[INFO] [stdout]    --> src/../tests/inline/fault/verify.rs:732:3
[INFO] [stdout]     |
[INFO] [stdout] 732 |         universaldb::Subspace::from(universaldb::tuple::Subspace::from_bytes(prefix));
[INFO] [stdout]     |         ^^^^^^^^^^^ use of unresolved module or unlinked crate `universaldb`
[INFO] [stdout]     |
[INFO] [stdout]     = help: if you wanted to use a crate named `universaldb`, use `cargo add universaldb` to add it to your `Cargo.toml`
[INFO] [stdout] 
[INFO] [stdout] 
[INFO] [stdout] error[E0433]: cannot find module or crate `universaldb` in this scope
[INFO] [stdout]    --> src/../tests/inline/fault/verify.rs:732:31
[INFO] [stdout]     |
[INFO] [stdout] 732 |         universaldb::Subspace::from(universaldb::tuple::Subspace::from_bytes(prefix));
[INFO] [stdout]     |                                     ^^^^^^^^^^^ use of unresolved module or unlinked crate `universaldb`
[INFO] [stdout]     |
[INFO] [stdout]     = help: if you wanted to use a crate named `universaldb`, use `cargo add universaldb` to add it to your `Cargo.toml`
[INFO] [stdout] 
[INFO] [stdout] 
[INFO] [stdout] error[E0433]: cannot find module or crate `depot` in this scope
[INFO] [stdout]    --> src/../tests/inline/vfs_support.rs:150:22
[INFO] [stdout]     |
[INFO] [stdout] 150 |                     let branch_id = depot::conveyer::branch::resolve_database_branch(
[INFO] [stdout]     |                                     ^^^^^ use of unresolved module or unlinked crate `depot`
[INFO] [stdout]     |
[INFO] [stdout]     = help: if you wanted to use a crate named `depot`, use `cargo add depot` to add it to your `Cargo.toml`
[INFO] [stdout] 
[INFO] [stdout] 
[INFO] [stdout] error[E0433]: cannot find module or crate `depot` in this scope
[INFO] [stdout]    --> src/../tests/inline/vfs_support.rs:152:7
[INFO] [stdout]     |
[INFO] [stdout] 152 |                         depot::types::BucketId::from_gas_id(Id::nil()),
[INFO] [stdout]     |                         ^^^^^ use of unresolved module or unlinked crate `depot`
[INFO] [stdout]     |
[INFO] [stdout]     = help: if you wanted to use a crate named `depot`, use `cargo add depot` to add it to your `Cargo.toml`
[INFO] [stdout] 
[INFO] [stdout] 
[INFO] [stdout] error[E0433]: cannot find module or crate `depot` in this scope
[INFO] [stdout]    --> src/../tests/inline/vfs_support.rs:182:22
[INFO] [stdout]     |
[INFO] [stdout] 182 |     ) -> anyhow::Result<depot::types::GetPagesResult> {
[INFO] [stdout]     |                         ^^^^^ use of unresolved module or unlinked crate `depot`
[INFO] [stdout]     |
[INFO] [stdout]     = help: if you wanted to use a crate named `depot`, use `cargo add depot` to add it to your `Cargo.toml`
[INFO] [stdout] 
[INFO] [stdout] 
[INFO] [stdout] error[E0433]: cannot find module or crate `depot` in this scope
[INFO] [stdout]    --> src/../tests/inline/vfs_support.rs:183:48
[INFO] [stdout]     |
[INFO] [stdout] 183 |         self.get_pages_with_options(actor_id, pgnos, depot::types::GetPagesOptions::default())
[INFO] [stdout]     |                                                      ^^^^^ use of unresolved module or unlinked crate `depot`
[INFO] [stdout]     |
[INFO] [stdout]     = help: if you wanted to use a crate named `depot`, use `cargo add depot` to add it to your `Cargo.toml`
[INFO] [stdout] 
[INFO] [stdout] 
[INFO] [stdout] error[E0433]: cannot find module or crate `depot` in this scope
[INFO] [stdout]    --> src/../tests/inline/vfs_support.rs:191:12
[INFO] [stdout]     |
[INFO] [stdout] 191 |         options: depot::types::GetPagesOptions,
[INFO] [stdout]     |                  ^^^^^ use of unresolved module or unlinked crate `depot`
[INFO] [stdout]     |
[INFO] [stdout]     = help: if you wanted to use a crate named `depot`, use `cargo add depot` to add it to your `Cargo.toml`
[INFO] [stdout] 
[INFO] [stdout] 
[INFO] [stdout] error[E0433]: cannot find module or crate `depot` in this scope
[INFO] [stdout]    --> src/../tests/inline/vfs_support.rs:192:22
[INFO] [stdout]     |
[INFO] [stdout] 192 |     ) -> anyhow::Result<depot::types::GetPagesResult> {
[INFO] [stdout]     |                         ^^^^^ use of unresolved module or unlinked crate `depot`
[INFO] [stdout]     |
[INFO] [stdout]     = help: if you wanted to use a crate named `depot`, use `cargo add depot` to add it to your `Cargo.toml`
[INFO] [stdout] 
[INFO] [stdout] 
[INFO] [stdout] error[E0433]: cannot find module or crate `depot` in this scope
[INFO] [stdout]    --> src/../tests/inline/vfs_support.rs:208:11
[INFO] [stdout]     |
[INFO] [stdout] 208 |     ) -> Vec<depot::types::FetchedPage> {
[INFO] [stdout]     |              ^^^^^ use of unresolved module or unlinked crate `depot`
[INFO] [stdout]     |
[INFO] [stdout]     = help: if you wanted to use a crate named `depot`, use `cargo add depot` to add it to your `Cargo.toml`
[INFO] [stdout] 
[INFO] [stdout] 
[INFO] [stdout] error[E0433]: cannot find module or crate `depot` in this scope
[INFO] [stdout]    --> src/../tests/inline/vfs_support.rs:214:16
[INFO] [stdout]     |
[INFO] [stdout] 214 |             .map(|pgno| depot::types::FetchedPage {
[INFO] [stdout]     |                         ^^^^^ use of unresolved module or unlinked crate `depot`
[INFO] [stdout]     |
[INFO] [stdout]     = help: if you wanted to use a crate named `depot`, use `cargo add depot` to add it to your `Cargo.toml`
[INFO] [stdout] 
[INFO] [stdout] 
[INFO] [stdout] error[E0433]: cannot find module or crate `depot` in this scope
[INFO] [stdout]    --> src/../tests/inline/vfs_support.rs:228:20
[INFO] [stdout]     |
[INFO] [stdout] 228 |         dirty_pages: Vec<depot::types::DirtyPage>,
[INFO] [stdout]     |                          ^^^^^ use of unresolved module or unlinked crate `depot`
[INFO] [stdout]     |
[INFO] [stdout]     = help: if you wanted to use a crate named `depot`, use `cargo add depot` to add it to your `Cargo.toml`
[INFO] [stdout] 
[INFO] [stdout] 
[INFO] [stdout] error[E0433]: cannot find module or crate `depot` in this scope
[INFO] [stdout]    --> src/../tests/inline/vfs_support.rs:275:5
[INFO] [stdout]     |
[INFO] [stdout] 275 |                 depot::types::GetPagesOptions {
[INFO] [stdout]     |                 ^^^^^ use of unresolved module or unlinked crate `depot`
[INFO] [stdout]     |
[INFO] [stdout]     = help: if you wanted to use a crate named `depot`, use `cargo add depot` to add it to your `Cargo.toml`
[INFO] [stdout] 
[INFO] [stdout] 
[INFO] [stdout] error[E0433]: cannot find module or crate `depot` in this scope
[INFO] [stdout]    --> src/../tests/inline/vfs_support.rs:319:5
[INFO] [stdout]     |
[INFO] [stdout] 319 |                 depot::types::CommitOptions {
[INFO] [stdout]     |                 ^^^^^ use of unresolved module or unlinked crate `depot`
[INFO] [stdout]     |
[INFO] [stdout]     = help: if you wanted to use a crate named `depot`, use `cargo add depot` to add it to your `Cargo.toml`
[INFO] [stdout] 
[INFO] [stdout] 
[INFO] [stdout] error[E0433]: cannot find module or crate `depot` in this scope
[INFO] [stdout]    --> src/../tests/inline/vfs_support.rs:693:8
[INFO] [stdout]     |
[INFO] [stdout] 693 |     page: depot::types::FetchedPage,
[INFO] [stdout]     |           ^^^^^ use of unresolved module or unlinked crate `depot`
[INFO] [stdout]     |
[INFO] [stdout]     = help: if you wanted to use a crate named `depot`, use `cargo add depot` to add it to your `Cargo.toml`
[INFO] [stdout] 
[INFO] [stdout] 
[INFO] [stdout] error[E0433]: cannot find module or crate `depot` in this scope
[INFO] [stdout]    --> src/../tests/inline/vfs_support.rs:701:70
[INFO] [stdout]     |
[INFO] [stdout] 701 | pub(crate) fn storage_dirty_page(page: protocol::SqliteDirtyPage) -> depot::types::DirtyPage {
[INFO] [stdout]     |                                                                      ^^^^^ use of unresolved module or unlinked crate `depot`
[INFO] [stdout]     |
[INFO] [stdout]     = help: if you wanted to use a crate named `depot`, use `cargo add depot` to add it to your `Cargo.toml`
[INFO] [stdout] 
[INFO] [stdout] 
[INFO] [stdout] error[E0433]: cannot find module or crate `depot` in this scope
[INFO] [stdout]    --> src/../tests/inline/vfs_support.rs:702:2
[INFO] [stdout]     |
[INFO] [stdout] 702 |     depot::types::DirtyPage {
[INFO] [stdout]     |     ^^^^^ use of unresolved module or unlinked crate `depot`
[INFO] [stdout]     |
[INFO] [stdout]     = help: if you wanted to use a crate named `depot`, use `cargo add depot` to add it to your `Cargo.toml`
[INFO] [stdout] 
[INFO] [stdout] 
[INFO] [stdout] error[E0433]: cannot find module or crate `universaldb` in this scope
[INFO] [stdout]    --> src/../tests/inline/vfs.rs:563:18
[INFO] [stdout]     |
[INFO] [stdout] 563 |                 let driver = universaldb::driver::RocksDbDatabaseDriver::new(
[INFO] [stdout]     |                              ^^^^^^^^^^^ use of unresolved module or unlinked crate `universaldb`
[INFO] [stdout]     |
[INFO] [stdout]     = help: if you wanted to use a crate named `universaldb`, use `cargo add universaldb` to add it to your `Cargo.toml`
[INFO] [stdout] 
[INFO] [stdout] 
[INFO] [stdout] error[E0433]: cannot find module or crate `universaldb` in this scope
[INFO] [stdout]    --> src/../tests/inline/vfs.rs:568:14
[INFO] [stdout]     |
[INFO] [stdout] 568 |                 let db = universaldb::Database::new(Arc::new(driver));
[INFO] [stdout]     |                          ^^^^^^^^^^^ use of unresolved module or unlinked crate `universaldb`
[INFO] [stdout]     |
[INFO] [stdout]     = help: if you wanted to use a crate named `universaldb`, use `cargo add universaldb` to add it to your `Cargo.toml`
[INFO] [stdout] 
[INFO] [stdout] 
[INFO] [stdout] error[E0433]: cannot find module or crate `depot` in this scope
[INFO] [stdout]     --> src/../tests/inline/vfs.rs:4213:11
[INFO] [stdout]      |
[INFO] [stdout] 4213 |                     vec![depot::types::DirtyPage {
[INFO] [stdout]      |                          ^^^^^ use of unresolved module or unlinked crate `depot`
[INFO] [stdout]      |
[INFO] [stdout]      = help: if you wanted to use a crate named `depot`, use `cargo add depot` to add it to your `Cargo.toml`
[INFO] [stdout] 
[INFO] [stdout] 
[INFO] [stdout] error[E0433]: cannot find module or crate `depot` in this scope
[INFO] [stdout]     --> src/../tests/inline/vfs.rs:4314:9
[INFO] [stdout]      |
[INFO] [stdout] 4314 |             vec![depot::types::DirtyPage {
[INFO] [stdout]      |                  ^^^^^ use of unresolved module or unlinked crate `depot`
[INFO] [stdout]      |
[INFO] [stdout]      = help: if you wanted to use a crate named `depot`, use `cargo add depot` to add it to your `Cargo.toml`
[INFO] [stdout] 
[INFO] [stdout] 
[INFO] [stdout] error[E0433]: cannot find module or crate `depot` in this scope
[INFO] [stdout]     --> src/../tests/inline/vfs.rs:4812:6
[INFO] [stdout]      |
[INFO] [stdout] 4812 |                     depot::types::GetPagesOptions {
[INFO] [stdout]      |                     ^^^^^ use of unresolved module or unlinked crate `depot`
[INFO] [stdout]      |
[INFO] [stdout]      = help: if you wanted to use a crate named `depot`, use `cargo add depot` to add it to your `Cargo.toml`
[INFO] [stdout] 
[INFO] [stdout] 
[INFO] [stdout] error[E0433]: cannot find module or crate `depot` in this scope
[INFO] [stdout]     --> src/../tests/inline/vfs.rs:4996:5
[INFO] [stdout]      |
[INFO] [stdout] 4996 |                 depot::types::GetPagesOptions::default(),
[INFO] [stdout]      |                 ^^^^^ use of unresolved module or unlinked crate `depot`
[INFO] [stdout]      |
[INFO] [stdout]      = help: if you wanted to use a crate named `depot`, use `cargo add depot` to add it to your `Cargo.toml`
[INFO] [stdout] 
[INFO] [stdout] 
[INFO] [stdout] error[E0433]: cannot find module or crate `depot` in this scope
[INFO] [stdout]     --> src/../tests/inline/vfs.rs:5035:46
[INFO] [stdout]      |
[INFO] [stdout] 5035 |             db_writer.get_pages_with_options(vec![1], depot::types::GetPagesOptions::default()),
[INFO] [stdout]      |                                                       ^^^^^ use of unresolved module or unlinked crate `depot`
[INFO] [stdout]      |
[INFO] [stdout]      = help: if you wanted to use a crate named `depot`, use `cargo add depot` to add it to your `Cargo.toml`
[INFO] [stdout] 
[INFO] [stdout] 
[INFO] [stdout] error[E0433]: cannot find module or crate `depot` in this scope
[INFO] [stdout]     --> src/../tests/inline/vfs.rs:5407:6
[INFO] [stdout]      |
[INFO] [stdout] 5407 |                     depot::types::GetPagesOptions {
[INFO] [stdout]      |                     ^^^^^ use of unresolved module or unlinked crate `depot`
[INFO] [stdout]      |
[INFO] [stdout]      = help: if you wanted to use a crate named `depot`, use `cargo add depot` to add it to your `Cargo.toml`
[INFO] [stdout] 
[INFO] [stdout] 
[INFO] [stdout] error[E0433]: cannot find module or crate `depot` in this scope
[INFO] [stdout]     --> src/../tests/inline/vfs.rs:5607:46
[INFO] [stdout]      |
[INFO] [stdout] 5607 |             db_writer.get_pages_with_options(vec![1], depot::types::GetPagesOptions::default()),
[INFO] [stdout]      |                                                       ^^^^^ use of unresolved module or unlinked crate `depot`
[INFO] [stdout]      |
[INFO] [stdout]      = help: if you wanted to use a crate named `depot`, use `cargo add depot` to add it to your `Cargo.toml`
[INFO] [stdout] 
[INFO] [stdout] 
[INFO] [stdout] error[E0433]: cannot find module or crate `depot` in this scope
[INFO] [stdout]     --> src/../tests/inline/vfs.rs:5950:6
[INFO] [stdout]      |
[INFO] [stdout] 5950 |                     depot::types::GetPagesOptions {
[INFO] [stdout]      |                     ^^^^^ use of unresolved module or unlinked crate `depot`
[INFO] [stdout]      |
[INFO] [stdout]      = help: if you wanted to use a crate named `depot`, use `cargo add depot` to add it to your `Cargo.toml`
[INFO] [stdout] 
[INFO] [stdout] 
[INFO] [stdout] error[E0433]: cannot find module or crate `depot` in this scope
[INFO] [stdout]     --> src/../tests/inline/vfs.rs:6190:46
[INFO] [stdout]      |
[INFO] [stdout] 6190 |             db_writer.get_pages_with_options(vec![1], depot::types::GetPagesOptions::default()),
[INFO] [stdout]      |                                                       ^^^^^ use of unresolved module or unlinked crate `depot`
[INFO] [stdout]      |
[INFO] [stdout]      = help: if you wanted to use a crate named `depot`, use `cargo add depot` to add it to your `Cargo.toml`
[INFO] [stdout] 
[INFO] [stdout] 
[INFO] [stdout] warning: method call on a diverging inference variable
[INFO] [stdout]    --> src/../tests/inline/fault/scenario.rs:262:22
[INFO] [stdout]     |
[INFO] [stdout] 262 |         let udb = test_ctx.pools().udb()?;
[INFO] [stdout]     |                            ^^^^^
[INFO] [stdout]     |
[INFO] [stdout]     = help: consider providing a type annotation
[INFO] [stdout]     = warning: this was previously accepted by the compiler but is being phased out; it will become a hard error in a future release!
[INFO] [stdout]     = note: for more information, see issue #156047 <https://github.com/rust-lang/rust/issues/156047>
[INFO] [stdout]     = note: `#[warn(method_call_on_diverging_infer_var)]` (part of `#[warn(future_incompatible)]`) on by default
[INFO] [stdout] 
[INFO] [stdout] 
[INFO] [stdout] error[E0599]: no method named `pools` found for type `!` in the current scope
[INFO] [stdout]    --> src/../tests/inline/fault/scenario.rs:262:22
[INFO] [stdout]     |
[INFO] [stdout] 262 |         let udb = test_ctx.pools().udb()?;
[INFO] [stdout]     |                            ^^^^^ method not found in `!`
[INFO] [stdout] 
[INFO] [stdout] 
[INFO] [stdout] warning: unreachable call
[INFO] [stdout]    --> src/../tests/inline/fault/scenario.rs:289:15
[INFO] [stdout]     |
[INFO] [stdout] 289 |                 test_ctx: tokio::sync::Mutex::new(test_ctx),
[INFO] [stdout]     |                           ^^^^^^^^^^^^^^^^^^^^^^^ -------- any code following this expression is unreachable
[INFO] [stdout]     |                           |
[INFO] [stdout]     |                           unreachable call
[INFO] [stdout]     |
[INFO] [stdout]     = note: `#[warn(unreachable_code)]` (part of `#[warn(unused)]`) on by default
[INFO] [stdout] 
[INFO] [stdout] 
[INFO] [stdout] warning: method call on a diverging inference variable
[INFO] [stdout]    --> src/../tests/inline/fault/scenario.rs:643:8
[INFO] [stdout]     |
[INFO] [stdout] 643 |                         .context("cold shard ref should exist for a key just scanned")?;
[INFO] [stdout]     |                          ^^^^^^^
[INFO] [stdout]     |
[INFO] [stdout]     = help: consider providing a type annotation
[INFO] [stdout]     = warning: this was previously accepted by the compiler but is being phased out; it will become a hard error in a future release!
[INFO] [stdout]     = note: for more information, see issue #156047 <https://github.com/rust-lang/rust/issues/156047>
[INFO] [stdout] 
[INFO] [stdout] 
[INFO] [stdout] error[E0277]: the trait bound `!: anyhow::Context<_, _>` is not satisfied
[INFO] [stdout]    --> src/../tests/inline/fault/scenario.rs:643:8
[INFO] [stdout]     |
[INFO] [stdout] 643 |                         .context("cold shard ref should exist for a key just scanned")?;
[INFO] [stdout]     |                          ^^^^^^^ the trait `anyhow::Context<_, _>` is not implemented for `!`
[INFO] [stdout]     |
[INFO] [stdout] help: the following other types implement trait `anyhow::Context<T, E>`
[INFO] [stdout]    --> /opt/rustwide/cargo-home/registry/src/index.crates.io-1949cf8c6b5b557f/anyhow-1.0.98/src/context.rs:42:1
[INFO] [stdout]     |
[INFO] [stdout]  42 | / impl<T, E> Context<T, E> for Result<T, E>
[INFO] [stdout]  43 | | where
[INFO] [stdout]  44 | |     E: ext::StdError + Send + Sync + 'static,
[INFO] [stdout]     | |_____________________________________________^ `std::result::Result<T, E>` implements `anyhow::Context<T, E>`
[INFO] [stdout] ...
[INFO] [stdout]  90 |   impl<T> Context<T, Infallible> for Option<T> {
[INFO] [stdout]     |   ^^^^^^^^^^^^^^^^^^^^^^^^^^^^^^^^^^^^^^^^^^^^ `Option<T>` implements `anyhow::Context<T, Infallible>`
[INFO] [stdout] 
[INFO] [stdout] 
[INFO] [stdout] warning: method call on a diverging inference variable
[INFO] [stdout]    --> src/../tests/inline/fault/scenario.rs:869:36
[INFO] [stdout]     |
[INFO] [stdout] 869 |                 while stream.try_next().await?.is_some() {
[INFO] [stdout]     |                                                ^^^^^^^
[INFO] [stdout]     |
[INFO] [stdout]     = help: consider providing a type annotation
[INFO] [stdout]     = warning: this was previously accepted by the compiler but is being phased out; it will become a hard error in a future release!
[INFO] [stdout]     = note: for more information, see issue #156047 <https://github.com/rust-lang/rust/issues/156047>
[INFO] [stdout] 
[INFO] [stdout] 
[INFO] [stdout] error[E0599]: no method named `is_some` found for type `_` in the current scope
[INFO] [stdout]     --> src/../tests/inline/fault/scenario.rs:869:36
[INFO] [stdout]      |
[INFO] [stdout]  869 |                 while stream.try_next().await?.is_some() {
[INFO] [stdout]      |                                                ^^^^^^^
[INFO] [stdout]      |
[INFO] [stdout] help: there is a method `visit_some` with a similar name, but with different arguments
[INFO] [stdout]     --> /opt/rustwide/cargo-home/registry/src/index.crates.io-1949cf8c6b5b557f/serde_core-1.0.228/src/de/mod.rs:1647:5
[INFO] [stdout]      |
[INFO] [stdout] 1647 | /     fn visit_some<D>(self, deserializer: D) -> Result<Self::Value, D::Error>
[INFO] [stdout] 1648 | |     where
[INFO] [stdout] 1649 | |         D: Deserializer<'de>,
[INFO] [stdout]      | |_____________________________^
[INFO] [stdout] 
[INFO] [stdout] 
[INFO] [stdout] warning: method call on a diverging inference variable
[INFO] [stdout]   --> src/../tests/inline/fault/verify.rs:65:17
[INFO] [stdout]    |
[INFO] [stdout] 65 |         if violations.is_empty() {
[INFO] [stdout]    |                       ^^^^^^^^
[INFO] [stdout]    |
[INFO] [stdout]    = help: consider providing a type annotation
[INFO] [stdout]    = warning: this was previously accepted by the compiler but is being phased out; it will become a hard error in a future release!
[INFO] [stdout]    = note: for more information, see issue #156047 <https://github.com/rust-lang/rust/issues/156047>
[INFO] [stdout] 
[INFO] [stdout] 
[INFO] [stdout] error[E0599]: no method named `is_empty` found for type `!` in the current scope
[INFO] [stdout]   --> src/../tests/inline/fault/verify.rs:65:17
[INFO] [stdout]    |
[INFO] [stdout] 65 |         if violations.is_empty() {
[INFO] [stdout]    |                       ^^^^^^^^ method not found in `!`
[INFO] [stdout] 
[INFO] [stdout] 
[INFO] [stdout] error[E0599]: no method named `join` found for type `!` in the current scope
[INFO] [stdout]   --> src/../tests/inline/fault/verify.rs:69:54
[INFO] [stdout]    |
[INFO] [stdout] 69 |         bail!("depot invariant violations: {}", violations.join("; "))
[INFO] [stdout]    |                                                            ^^^^ method not found in `!`
[INFO] [stdout] 
[INFO] [stdout] 
[INFO] [stdout] warning: unreachable expression
[INFO] [stdout]   --> src/../tests/inline/fault/verify.rs:69:59
[INFO] [stdout]    |
[INFO] [stdout] 69 |         bail!("depot invariant violations: {}", violations.join("; "))
[INFO] [stdout]    |                                                 ----------      ^^^^ unreachable expression
[INFO] [stdout]    |                                                 |
[INFO] [stdout]    |                                                 any code following this expression is unreachable
[INFO] [stdout] 
[INFO] [stdout] 
[INFO] [stdout] warning: method call on a diverging inference variable
[INFO] [stdout]    --> src/../tests/inline/fault/verify.rs:723:4
[INFO] [stdout]     |
[INFO] [stdout] 723 |         .map(Vec::<u8>::from))
[INFO] [stdout]     |          ^^^
[INFO] [stdout]     |
[INFO] [stdout]     = help: consider providing a type annotation
[INFO] [stdout]     = warning: this was previously accepted by the compiler but is being phased out; it will become a hard error in a future release!
[INFO] [stdout]     = note: for more information, see issue #156047 <https://github.com/rust-lang/rust/issues/156047>
[INFO] [stdout] 
[INFO] [stdout] 
[INFO] [stdout] error[E0277]: `!` is not an iterator
[INFO] [stdout]    --> src/../tests/inline/fault/verify.rs:723:4
[INFO] [stdout]     |
[INFO] [stdout] 723 |         .map(Vec::<u8>::from))
[INFO] [stdout]     |          ^^^ `!` is not an iterator
[INFO] [stdout]     |
[INFO] [stdout]     = help: the trait `Iterator` is not implemented for `!`
[INFO] [stdout] 
[INFO] [stdout] 
[INFO] [stdout] error[E0277]: `!` is not an iterator
[INFO] [stdout]    --> src/../tests/inline/fault/verify.rs:719:5
[INFO] [stdout]     |
[INFO] [stdout] 719 |       Ok(tx
[INFO] [stdout]     |  ________^
[INFO] [stdout] 720 | |         .informal()
[INFO] [stdout] 721 | |         .get(key, Serializable)
[INFO] [stdout] 722 | |         .await?
[INFO] [stdout] 723 | |         .map(Vec::<u8>::from))
[INFO] [stdout]     | |_____________________________^ `!` is not an iterator
[INFO] [stdout]     |
[INFO] [stdout]     = help: the trait `Iterator` is not implemented for `!`
[INFO] [stdout] 
[INFO] [stdout] 
[INFO] [stdout] error[E0308]: mismatched types
[INFO] [stdout]    --> src/../tests/inline/fault/verify.rs:719:5
[INFO] [stdout]     |
[INFO] [stdout] 719 |       Ok(tx
[INFO] [stdout]     |  _____--_^
[INFO] [stdout]     | |     |
[INFO] [stdout]     | |     arguments to this enum variant are incorrect
[INFO] [stdout] 720 | |         .informal()
[INFO] [stdout] 721 | |         .get(key, Serializable)
[INFO] [stdout] 722 | |         .await?
[INFO] [stdout] 723 | |         .map(Vec::<u8>::from))
[INFO] [stdout]     | |_____________________________^ expected `Option<Vec<u8>>`, found `Map<!, _>`
[INFO] [stdout]     |
[INFO] [stdout]     = note: expected enum `Option<Vec<u8>>`
[INFO] [stdout]              found struct `std::iter::Map<!, fn(_) -> Vec<u8> {<Vec<u8> as From<_>>::from}>`
[INFO] [stdout] help: the type constructed contains `std::iter::Map<!, fn(_) -> Vec<u8> {<Vec<u8> as From<_>>::from}>` due to the type of the argument passed
[INFO] [stdout]    --> src/../tests/inline/fault/verify.rs:719:2
[INFO] [stdout]     |
[INFO] [stdout] 719 |        Ok(tx
[INFO] [stdout]     |   _____^  -
[INFO] [stdout]     |  |________|
[INFO] [stdout] 720 | ||         .informal()
[INFO] [stdout] 721 | ||         .get(key, Serializable)
[INFO] [stdout] 722 | ||         .await?
[INFO] [stdout] 723 | ||         .map(Vec::<u8>::from))
[INFO] [stdout]     | ||_____________________________-^
[INFO] [stdout]     | |______________________________|
[INFO] [stdout]     |                                this argument influences the type of `Ok`
[INFO] [stdout] note: tuple variant defined here
[INFO] [stdout]    --> /rustc/dfb0accb7f508ae8be965d8629557221c889dd98/library/core/src/result.rs:562:4
[INFO] [stdout] 
[INFO] [stdout] 
[INFO] [stdout] warning: method call on a diverging inference variable
[INFO] [stdout]    --> src/../tests/inline/vfs_support.rs:157:7
[INFO] [stdout]     |
[INFO] [stdout] 157 |                     .context("database branch should exist")?;
[INFO] [stdout]     |                      ^^^^^^^
[INFO] [stdout]     |
[INFO] [stdout]     = help: consider providing a type annotation
[INFO] [stdout]     = warning: this was previously accepted by the compiler but is being phased out; it will become a hard error in a future release!
[INFO] [stdout]     = note: for more information, see issue #156047 <https://github.com/rust-lang/rust/issues/156047>
[INFO] [stdout] 
[INFO] [stdout] 
[INFO] [stdout] error[E0277]: the trait bound `!: anyhow::Context<_, _>` is not satisfied
[INFO] [stdout]    --> src/../tests/inline/vfs_support.rs:157:7
[INFO] [stdout]     |
[INFO] [stdout] 157 |                     .context("database branch should exist")?;
[INFO] [stdout]     |                      ^^^^^^^ the trait `anyhow::Context<_, _>` is not implemented for `!`
[INFO] [stdout]     |
[INFO] [stdout] help: the following other types implement trait `anyhow::Context<T, E>`
[INFO] [stdout]    --> /opt/rustwide/cargo-home/registry/src/index.crates.io-1949cf8c6b5b557f/anyhow-1.0.98/src/context.rs:42:1
[INFO] [stdout]     |
[INFO] [stdout]  42 | / impl<T, E> Context<T, E> for Result<T, E>
[INFO] [stdout]  43 | | where
[INFO] [stdout]  44 | |     E: ext::StdError + Send + Sync + 'static,
[INFO] [stdout]     | |_____________________________________________^ `std::result::Result<T, E>` implements `anyhow::Context<T, E>`
[INFO] [stdout] ...
[INFO] [stdout]  90 |   impl<T> Context<T, Infallible> for Option<T> {
[INFO] [stdout]     |   ^^^^^^^^^^^^^^^^^^^^^^^^^^^^^^^^^^^^^^^^^^^^ `Option<T>` implements `anyhow::Context<T, Infallible>`
[INFO] [stdout] 
[INFO] [stdout] 
[INFO] [stdout] warning: method call on a diverging inference variable
[INFO] [stdout]    --> src/../tests/inline/vfs_support.rs:162:8
[INFO] [stdout]     |
[INFO] [stdout] 162 |                         .context("database head should exist")?;
[INFO] [stdout]     |                          ^^^^^^^
[INFO] [stdout]     |
[INFO] [stdout]     = help: consider providing a type annotation
[INFO] [stdout]     = warning: this was previously accepted by the compiler but is being phased out; it will become a hard error in a future release!
[INFO] [stdout]     = note: for more information, see issue #156047 <https://github.com/rust-lang/rust/issues/156047>
[INFO] [stdout] 
[INFO] [stdout] 
[INFO] [stdout] error[E0277]: the trait bound `!: anyhow::Context<_, _>` is not satisfied
[INFO] [stdout]    --> src/../tests/inline/vfs_support.rs:162:8
[INFO] [stdout]     |
[INFO] [stdout] 162 |                         .context("database head should exist")?;
[INFO] [stdout]     |                          ^^^^^^^ the trait `anyhow::Context<_, _>` is not implemented for `!`
[INFO] [stdout]     |
[INFO] [stdout] help: the following other types implement trait `anyhow::Context<T, E>`
[INFO] [stdout]    --> /opt/rustwide/cargo-home/registry/src/index.crates.io-1949cf8c6b5b557f/anyhow-1.0.98/src/context.rs:42:1
[INFO] [stdout]     |
[INFO] [stdout]  42 | / impl<T, E> Context<T, E> for Result<T, E>
[INFO] [stdout]  43 | | where
[INFO] [stdout]  44 | |     E: ext::StdError + Send + Sync + 'static,
[INFO] [stdout]     | |_____________________________________________^ `std::result::Result<T, E>` implements `anyhow::Context<T, E>`
[INFO] [stdout] ...
[INFO] [stdout]  90 |   impl<T> Context<T, Infallible> for Option<T> {
[INFO] [stdout]     |   ^^^^^^^^^^^^^^^^^^^^^^^^^^^^^^^^^^^^^^^^^^^^ `Option<T>` implements `anyhow::Context<T, Infallible>`
[INFO] [stdout] 
[INFO] [stdout] 
[INFO] [stdout] warning: method call on a diverging inference variable
[INFO] [stdout]    --> src/../tests/inline/fault/verify.rs:830:8
[INFO] [stdout]     |
[INFO] [stdout] 830 |                         .context("head should exist")?;
[INFO] [stdout]     |                          ^^^^^^^
[INFO] [stdout]     |
[INFO] [stdout]     = help: consider providing a type annotation
[INFO] [stdout]     = warning: this was previously accepted by the compiler but is being phased out; it will become a hard error in a future release!
[INFO] [stdout]     = note: for more information, see issue #156047 <https://github.com/rust-lang/rust/issues/156047>
[INFO] [stdout] 
[INFO] [stdout] 
[INFO] [stdout] error[E0277]: the trait bound `!: anyhow::Context<_, _>` is not satisfied
[INFO] [stdout]    --> src/../tests/inline/fault/verify.rs:830:8
[INFO] [stdout]     |
[INFO] [stdout] 830 |                         .context("head should exist")?;
[INFO] [stdout]     |                          ^^^^^^^ the trait `anyhow::Context<_, _>` is not implemented for `!`
[INFO] [stdout]     |
[INFO] [stdout] help: the following other types implement trait `anyhow::Context<T, E>`
[INFO] [stdout]    --> /opt/rustwide/cargo-home/registry/src/index.crates.io-1949cf8c6b5b557f/anyhow-1.0.98/src/context.rs:42:1
[INFO] [stdout]     |
[INFO] [stdout]  42 | / impl<T, E> Context<T, E> for Result<T, E>
[INFO] [stdout]  43 | | where
[INFO] [stdout]  44 | |     E: ext::StdError + Send + Sync + 'static,
[INFO] [stdout]     | |_____________________________________________^ `std::result::Result<T, E>` implements `anyhow::Context<T, E>`
[INFO] [stdout] ...
[INFO] [stdout]  90 |   impl<T> Context<T, Infallible> for Option<T> {
[INFO] [stdout]     |   ^^^^^^^^^^^^^^^^^^^^^^^^^^^^^^^^^^^^^^^^^^^^ `Option<T>` implements `anyhow::Context<T, Infallible>`
[INFO] [stdout] 
[INFO] [stdout] 
[INFO] [stdout] error[E0433]: cannot find module or crate `universaldb` in this scope
[INFO] [stdout]    --> src/../tests/inline/fault/scenario.rs:825:45
[INFO] [stdout]     |
[INFO] [stdout] 825 |     pub(crate) fn depot_database(&self) -> Arc<universaldb::Database> {
[INFO] [stdout]     |                                                ^^^^^^^^^^^ use of unresolved module or unlinked crate `universaldb`
[INFO] [stdout]     |
[INFO] [stdout]     = help: if you wanted to use a crate named `universaldb`, use `cargo add universaldb` to add it to your `Cargo.toml`
[INFO] [stdout] 
[INFO] [stdout] 
[INFO] [stdout] error[E0433]: cannot find module or crate `universaldb` in this scope
[INFO] [stdout]     --> src/../tests/inline/fault/scenario.rs:1053:25
[INFO] [stdout]      |
[INFO] [stdout] 1053 | async fn scan_keys(tx: &universaldb::Transaction, prefix: Vec<u8>) -> Result<Vec<Vec<u8>>> {
[INFO] [stdout]      |                         ^^^^^^^^^^^ use of unresolved module or unlinked crate `universaldb`
[INFO] [stdout]      |
[INFO] [stdout]      = help: if you wanted to use a crate named `universaldb`, use `cargo add universaldb` to add it to your `Cargo.toml`
[INFO] [stdout] 
[INFO] [stdout] 
[INFO] [stdout] error[E0433]: cannot find module or crate `universaldb` in this scope
[INFO] [stdout]   --> src/../tests/inline/fault/verify.rs:28:10
[INFO] [stdout]    |
[INFO] [stdout] 28 |     db: Arc<universaldb::Database>,
[INFO] [stdout]    |             ^^^^^^^^^^^ use of unresolved module or unlinked crate `universaldb`
[INFO] [stdout]    |
[INFO] [stdout]    = help: if you wanted to use a crate named `universaldb`, use `cargo add universaldb` to add it to your `Cargo.toml`
[INFO] [stdout] 
[INFO] [stdout] 
[INFO] [stdout] error[E0433]: cannot find module or crate `universaldb` in this scope
[INFO] [stdout]   --> src/../tests/inline/fault/verify.rs:47:28
[INFO] [stdout]    |
[INFO] [stdout] 47 |     pub(crate) fn new(db: Arc<universaldb::Database>, database_id: String) -> Self {
[INFO] [stdout]    |                               ^^^^^^^^^^^ use of unresolved module or unlinked crate `universaldb`
[INFO] [stdout]    |
[INFO] [stdout]    = help: if you wanted to use a crate named `universaldb`, use `cargo add universaldb` to add it to your `Cargo.toml`
[INFO] [stdout] 
[INFO] [stdout] 
[INFO] [stdout] error[E0433]: cannot find module or crate `universaldb` in this scope
[INFO] [stdout]   --> src/../tests/inline/fault/verify.rs:74:10
[INFO] [stdout]    |
[INFO] [stdout] 74 |     tx: &'a universaldb::Transaction,
[INFO] [stdout]    |             ^^^^^^^^^^^ use of unresolved module or unlinked crate `universaldb`
[INFO] [stdout]    |
[INFO] [stdout]    = help: if you wanted to use a crate named `universaldb`, use `cargo add universaldb` to add it to your `Cargo.toml`
[INFO] [stdout] 
[INFO] [stdout] 
[INFO] [stdout] error[E0433]: cannot find module or crate `universaldb` in this scope
[INFO] [stdout]   --> src/../tests/inline/fault/verify.rs:80:17
[INFO] [stdout]    |
[INFO] [stdout] 80 |     fn new(tx: &'a universaldb::Transaction, database_id: String) -> Self {
[INFO] [stdout]    |                    ^^^^^^^^^^^ use of unresolved module or unlinked crate `universaldb`
[INFO] [stdout]    |
[INFO] [stdout]    = help: if you wanted to use a crate named `universaldb`, use `cargo add universaldb` to add it to your `Cargo.toml`
[INFO] [stdout] 
[INFO] [stdout] 
[INFO] [stdout] error[E0433]: cannot find module or crate `universaldb` in this scope
[INFO] [stdout]    --> src/../tests/inline/fault/verify.rs:718:25
[INFO] [stdout]     |
[INFO] [stdout] 718 | async fn get_value(tx: &universaldb::Transaction, key: &[u8]) -> Result<Option<Vec<u8>>> {
[INFO] [stdout]     |                         ^^^^^^^^^^^ use of unresolved module or unlinked crate `universaldb`
[INFO] [stdout]     |
[INFO] [stdout]     = help: if you wanted to use a crate named `universaldb`, use `cargo add universaldb` to add it to your `Cargo.toml`
[INFO] [stdout] 
[INFO] [stdout] 
[INFO] [stdout] error[E0433]: cannot find module or crate `universaldb` in this scope
[INFO] [stdout]    --> src/../tests/inline/fault/verify.rs:727:7
[INFO] [stdout]     |
[INFO] [stdout] 727 |     tx: &universaldb::Transaction,
[INFO] [stdout]     |          ^^^^^^^^^^^ use of unresolved module or unlinked crate `universaldb`
[INFO] [stdout]     |
[INFO] [stdout]     = help: if you wanted to use a crate named `universaldb`, use `cargo add universaldb` to add it to your `Cargo.toml`
[INFO] [stdout] 
[INFO] [stdout] 
[INFO] [stdout] error[E0433]: cannot find module or crate `universaldb` in this scope
[INFO] [stdout]   --> src/../tests/inline/vfs_support.rs:26:10
[INFO] [stdout]    |
[INFO] [stdout] 26 |     db: Arc<universaldb::Database>,
[INFO] [stdout]    |             ^^^^^^^^^^^ use of unresolved module or unlinked crate `universaldb`
[INFO] [stdout]    |
[INFO] [stdout]    = help: if you wanted to use a crate named `universaldb`, use `cargo add universaldb` to add it to your `Cargo.toml`
[INFO] [stdout] 
[INFO] [stdout] 
[INFO] [stdout] error[E0433]: cannot find module or crate `universaldb` in this scope
[INFO] [stdout]   --> src/../tests/inline/vfs_support.rs:43:24
[INFO] [stdout]    |
[INFO] [stdout] 43 |     pub(crate) fn new(db: universaldb::Database) -> Self {
[INFO] [stdout]    |                           ^^^^^^^^^^^ use of unresolved module or unlinked crate `universaldb`
[INFO] [stdout]    |
[INFO] [stdout]    = help: if you wanted to use a crate named `universaldb`, use `cargo add universaldb` to add it to your `Cargo.toml`
[INFO] [stdout] 
[INFO] [stdout] 
[INFO] [stdout] error[E0433]: cannot find module or crate `universaldb` in this scope
[INFO] [stdout]   --> src/../tests/inline/vfs_support.rs:48:7
[INFO] [stdout]    |
[INFO] [stdout] 48 |         db: universaldb::Database,
[INFO] [stdout]    |             ^^^^^^^^^^^ use of unresolved module or unlinked crate `universaldb`
[INFO] [stdout]    |
[INFO] [stdout]    = help: if you wanted to use a crate named `universaldb`, use `cargo add universaldb` to add it to your `Cargo.toml`
[INFO] [stdout] 
[INFO] [stdout] 
[INFO] [stdout] error[E0433]: cannot find module or crate `universaldb` in this scope
[INFO] [stdout]   --> src/../tests/inline/vfs_support.rs:55:7
[INFO] [stdout]    |
[INFO] [stdout] 55 |         db: universaldb::Database,
[INFO] [stdout]    |             ^^^^^^^^^^^ use of unresolved module or unlinked crate `universaldb`
[INFO] [stdout]    |
[INFO] [stdout]    = help: if you wanted to use a crate named `universaldb`, use `cargo add universaldb` to add it to your `Cargo.toml`
[INFO] [stdout] 
[INFO] [stdout] 
[INFO] [stdout] error[E0433]: cannot find module or crate `universaldb` in this scope
[INFO] [stdout]    --> src/../tests/inline/vfs_support.rs:122:45
[INFO] [stdout]     |
[INFO] [stdout] 122 |     pub(crate) fn depot_database(&self) -> Arc<universaldb::Database> {
[INFO] [stdout]     |                                                ^^^^^^^^^^^ use of unresolved module or unlinked crate `universaldb`
[INFO] [stdout]     |
[INFO] [stdout]     = help: if you wanted to use a crate named `universaldb`, use `cargo add universaldb` to add it to your `Cargo.toml`
[INFO] [stdout] 
[INFO] [stdout] 
[INFO] [stdout] Some errors have detailed explanations: E0277, E0308, E0432, E0433, E0599.
[INFO] [stdout] 
[INFO] [stdout] For more information about an error, try `rustc --explain E0277`.
[INFO] [stdout] 
[INFO] [stderr] error: could not compile `rivet-depot-client` (lib test) due to 91 previous errors; 18 warnings emitted
[INFO] running `Command { std: "docker" "inspect" "e82f7a31f3853de1a2fb409028d3112a67352fe8902dfd3b7e4c6db53dcb7821", kill_on_drop: false }`
[INFO] running `Command { std: "docker" "rm" "-f" "e82f7a31f3853de1a2fb409028d3112a67352fe8902dfd3b7e4c6db53dcb7821", kill_on_drop: false }`
[INFO] [stdout] e82f7a31f3853de1a2fb409028d3112a67352fe8902dfd3b7e4c6db53dcb7821
