[INFO] fetching crate ritk-diffusion-scheme 0.2.0...
[INFO] testing ritk-diffusion-scheme-0.2.0 against 1.100.0-beta.1 for beta-1.100-2
[INFO] extracting crate ritk-diffusion-scheme 0.2.0 into /workspace/builds/worker-0-tc2/source
[INFO] started tweaking crates.io crate ritk-diffusion-scheme 0.2.0
[INFO] removed 0 missing tests
[INFO] finished tweaking crates.io crate ritk-diffusion-scheme 0.2.0
[INFO] tweaked toml for crates.io crate ritk-diffusion-scheme 0.2.0 written to /workspace/builds/worker-0-tc2/source/Cargo.toml
[INFO] validating manifest of crates.io crate ritk-diffusion-scheme 0.2.0 on toolchain 1.100.0-beta.1
[INFO] running `Command { std: CARGO_HOME="/workspace/cargo-home" RUSTUP_HOME="/workspace/rustup-home" "/workspace/cargo-home/bin/cargo" "+1.100.0-beta.1" "metadata" "--manifest-path" "Cargo.toml" "--no-deps", kill_on_drop: false }`
[INFO] crate crates.io crate ritk-diffusion-scheme 0.2.0 already has a lockfile, it will not be regenerated
[INFO] running `Command { std: CARGO_HOME="/workspace/cargo-home" RUSTUP_HOME="/workspace/rustup-home" "/workspace/cargo-home/bin/cargo" "+1.100.0-beta.1" "fetch" "--manifest-path" "Cargo.toml", kill_on_drop: false }`
[INFO] running `Command { std: "docker" "create" "-v" "/var/lib/crater-agent-workspace/builds/worker-0-tc2/source:/opt/rustwide/workdir:ro,Z" "-v" "/var/lib/crater-agent-workspace/builds/worker-0-tc2/target:/opt/rustwide/target:rw,Z" "-v" "/var/lib/crater-agent-workspace/cargo-home:/opt/rustwide/cargo-home:ro,Z" "-v" "/var/lib/crater-agent-workspace/rustup-home:/opt/rustwide/rustup-home:ro,Z" "-m" "1610612736" "--network" "none" "ghcr.io/rust-lang/crates-build-env/linux@sha256:3111399a4047eeb3a02b7a90e478d715f38a8c6669b5c4b49d30a17385265909" "sleep" "infinity", kill_on_drop: false }`
[INFO] [stdout] 49270cdc53a8fdd20176d166d3f26c339698b865cec266caf0d794e44c6bb601
[INFO] running `Command { std: "docker" "start" "49270cdc53a8fdd20176d166d3f26c339698b865cec266caf0d794e44c6bb601", kill_on_drop: false }`
[INFO] running `Command { std: "docker" "inspect" "49270cdc53a8fdd20176d166d3f26c339698b865cec266caf0d794e44c6bb601", kill_on_drop: false }`
[INFO] running `Command { std: "docker" "exec" "-e" "SOURCE_DIR=/opt/rustwide/workdir" "-e" "CARGO_HOME=/opt/rustwide/cargo-home" "-e" "RUSTUP_HOME=/opt/rustwide/rustup-home" "-e" "CARGO_TARGET_DIR=/opt/rustwide/target" "-w" "/opt/rustwide/workdir" "--user" "0:0" "49270cdc53a8fdd20176d166d3f26c339698b865cec266caf0d794e44c6bb601" "/opt/rustwide/cargo-home/bin/cargo" "+1.100.0-beta.1" "metadata" "--no-deps" "--format-version=1", kill_on_drop: false }`
[INFO] running `Command { std: "docker" "inspect" "49270cdc53a8fdd20176d166d3f26c339698b865cec266caf0d794e44c6bb601", kill_on_drop: false }`
[INFO] running `Command { std: "docker" "exec" "-e" "SOURCE_DIR=/opt/rustwide/workdir" "-e" "CARGO_HOME=/opt/rustwide/cargo-home" "-e" "RUSTUP_HOME=/opt/rustwide/rustup-home" "-e" "CARGO_TARGET_DIR=/opt/rustwide/target" "-e" "CARGO_INCREMENTAL=0" "-e" "RUST_BACKTRACE=full" "-e" "RUSTFLAGS=--cap-lints=warn" "-e" "RUSTDOCFLAGS=--cap-lints=warn" "-w" "/opt/rustwide/workdir" "--user" "0:0" "49270cdc53a8fdd20176d166d3f26c339698b865cec266caf0d794e44c6bb601" "/opt/rustwide/cargo-home/bin/cargo" "+1.100.0-beta.1" "build" "--frozen" "--message-format=json", kill_on_drop: false }`
[INFO] [stderr]    Compiling libm v0.2.16
[INFO] [stderr]    Compiling mnemosyne-build-util v0.2.0
[INFO] [stderr]    Compiling libc v0.2.189
[INFO] [stderr]    Compiling themis-topology v0.10.1
[INFO] [stderr]    Compiling mnemosyne-memory-core v0.2.0
[INFO] [stderr]    Compiling melinoe v0.9.0
[INFO] [stderr]    Compiling thiserror v2.0.20
[INFO] [stderr]    Compiling serde v1.0.229
[INFO] [stderr]    Compiling thiserror-impl v2.0.20
[INFO] [stderr]    Compiling serde_derive v1.0.229
[INFO] [stderr]    Compiling bytemuck v1.25.2
[INFO] [stderr]    Compiling mnemosyne-prof v0.2.0
[INFO] [stderr]    Compiling mnemosyne-local v0.4.0
[INFO] [stderr]    Compiling mnemosyne-backend v0.5.0
[INFO] [stderr]    Compiling backtrace v0.3.76
[INFO] [stderr]    Compiling eunomia v0.8.0
[INFO] [stderr]    Compiling mnemosyne-arena v0.4.0
[INFO] [stderr]    Compiling aequitas v0.2.0
[INFO] [stderr]    Compiling mnemosyne-decay v0.3.0
[INFO] [stderr]    Compiling mnemosyne-heap v0.4.0
[INFO] [stderr]    Compiling mnemosyne-memory v0.7.0
[INFO] [stderr]    Compiling leto v0.42.0
[INFO] [stderr]    Compiling ritk-spatial v0.2.0
[INFO] [stderr]    Compiling ritk-diffusion-scheme v0.2.0 (/opt/rustwide/workdir)
[INFO] [stderr]     Finished `dev` profile [unoptimized + debuginfo] target(s) in 8.85s
[INFO] running `Command { std: "docker" "inspect" "49270cdc53a8fdd20176d166d3f26c339698b865cec266caf0d794e44c6bb601", kill_on_drop: false }`
[INFO] running `Command { std: "docker" "exec" "-e" "SOURCE_DIR=/opt/rustwide/workdir" "-e" "CARGO_HOME=/opt/rustwide/cargo-home" "-e" "RUSTUP_HOME=/opt/rustwide/rustup-home" "-e" "CARGO_TARGET_DIR=/opt/rustwide/target" "-e" "CARGO_INCREMENTAL=0" "-e" "RUST_BACKTRACE=full" "-e" "RUSTFLAGS=--cap-lints=warn" "-e" "RUSTDOCFLAGS=--cap-lints=warn" "-w" "/opt/rustwide/workdir" "--user" "0:0" "49270cdc53a8fdd20176d166d3f26c339698b865cec266caf0d794e44c6bb601" "/opt/rustwide/cargo-home/bin/cargo" "+1.100.0-beta.1" "test" "--frozen" "--no-run" "--message-format=json", kill_on_drop: false }`
[INFO] [stderr]    Compiling libc v0.2.189
[INFO] [stderr]    Compiling memchr v2.8.3
[INFO] [stderr]    Compiling encoding_index_tests v0.1.4
[INFO] [stderr]    Compiling either v1.17.0
[INFO] [stderr]    Compiling num-traits v0.2.19
[INFO] [stderr]    Compiling safe-transmute v0.11.3
[INFO] [stderr]    Compiling syn v2.0.119
[INFO] [stderr]    Compiling byteorder v1.5.0
[INFO] [stderr]    Compiling rustix v1.1.4
[INFO] [stderr]    Compiling serde_json v1.0.151
[INFO] [stderr]    Compiling bitflags v2.13.1
[INFO] [stderr]    Compiling is_ci v1.2.0
[INFO] [stderr]    Compiling owo-colors v4.3.0
[INFO] [stderr]    Compiling anyhow v1.0.104
[INFO] [stderr]    Compiling encoding-index-japanese v1.20141219.5
[INFO] [stderr]    Compiling encoding-index-singlebyte v1.20141219.5
[INFO] [stderr]    Compiling encoding-index-simpchinese v1.20141219.5
[INFO] [stderr]    Compiling encoding-index-korean v1.20141219.5
[INFO] [stderr]    Compiling encoding-index-tradchinese v1.20141219.5
[INFO] [stderr]    Compiling supports-color v3.0.2
[INFO] [stderr]    Compiling itertools v0.14.0
[INFO] [stderr]    Compiling encoding v0.2.33
[INFO] [stderr]    Compiling byteordered v0.6.0
[INFO] [stderr]    Compiling object v0.37.3
[INFO] [stderr]    Compiling chrono v0.4.45
[INFO] [stderr]    Compiling is-terminal v0.4.17
[INFO] [stderr]    Compiling getrandom v0.4.3
[INFO] [stderr]    Compiling supports-color v2.1.0
[INFO] [stderr]    Compiling terminal_size v0.4.4
[INFO] [stderr]    Compiling tempfile v3.27.0
[INFO] [stderr]    Compiling snafu-derive v0.9.2
[INFO] [stderr]    Compiling tracing-attributes v0.1.31
[INFO] [stderr]    Compiling backtrace v0.3.76
[INFO] [stderr]    Compiling tracing v0.1.44
[INFO] [stderr]    Compiling mnemosyne-prof v0.2.0
[INFO] [stderr]    Compiling snafu v0.9.2
[INFO] [stderr]    Compiling mnemosyne-local v0.4.0
[INFO] [stderr]    Compiling dicom-core v0.10.0
[INFO] [stderr]    Compiling mnemosyne-heap v0.4.0
[INFO] [stderr]    Compiling mnemosyne-memory v0.7.0
[INFO] [stderr]    Compiling leto v0.42.0
[INFO] [stderr]    Compiling dicom-dictionary-std v0.10.0
[INFO] [stderr]    Compiling ritk-spatial v0.2.0
[INFO] [stderr]    Compiling ritk-diffusion-scheme v0.2.0 (/opt/rustwide/workdir)
[INFO] [stderr]    Compiling dicom-encoding v0.10.0
[INFO] [stderr]    Compiling dicom-parser v0.10.0
[INFO] [stderr]    Compiling dicom-transfer-syntax-registry v0.10.0
[INFO] [stderr]    Compiling dicom-object v0.10.0
[INFO] [stderr]    Compiling dicom-json v0.10.0
[INFO] [stderr]    Compiling dicom-dump v0.10.0
[INFO] [stderr]    Compiling dicom v0.10.0
[INFO] [stdout] error[E0433]: cannot find module or crate `ritk_dicom` in this scope
[INFO] [stdout]    --> tests/cross_codec.rs:142:9
[INFO] [stdout]     |
[INFO] [stdout] 142 |     use ritk_dicom::attribute::tags;
[INFO] [stdout]     |         ^^^^^^^^^^ use of unresolved module or unlinked crate `ritk_dicom`
[INFO] [stdout]     |
[INFO] [stdout]     = help: if you wanted to use a crate named `ritk_dicom`, use `cargo add ritk_dicom` to add it to your `Cargo.toml`
[INFO] [stdout] 
[INFO] [stdout] 
[INFO] [stdout] error[E0433]: cannot find module or crate `ritk_dicom` in this scope
[INFO] [stdout]    --> tests/cross_codec.rs:185:5
[INFO] [stdout]     |
[INFO] [stdout] 185 |     ritk_dicom::diffusion::read_dicom_gradient_scheme_from_files(&paths)
[INFO] [stdout]     |     ^^^^^^^^^^ use of unresolved module or unlinked crate `ritk_dicom`
[INFO] [stdout]     |
[INFO] [stdout]     = help: if you wanted to use a crate named `ritk_dicom`, use `cargo add ritk_dicom` to add it to your `Cargo.toml`
[INFO] [stdout] 
[INFO] [stdout] 
[INFO] [stdout] error[E0433]: cannot find module or crate `ritk_nrrd` in this scope
[INFO] [stdout]    --> tests/cross_codec.rs:134:5
[INFO] [stdout]     |
[INFO] [stdout] 134 |     ritk_nrrd::read_nrrd_gradient_scheme(path).expect("NRRD round-trip read")
[INFO] [stdout]     |     ^^^^^^^^^ use of unresolved module or unlinked crate `ritk_nrrd`
[INFO] [stdout]     |
[INFO] [stdout]     = help: if you wanted to use a crate named `ritk_nrrd`, use `cargo add ritk_nrrd` to add it to your `Cargo.toml`
[INFO] [stdout] 
[INFO] [stdout] 
[INFO] [stderr] error: could not compile `ritk-diffusion-scheme` (test "cross_codec") due to 3 previous errors
[INFO] [stderr] warning: build failed, waiting for other jobs to finish...
[INFO] [stdout] For more information about this error, try `rustc --explain E0433`.
[INFO] [stdout] 
[INFO] running `Command { std: "docker" "inspect" "49270cdc53a8fdd20176d166d3f26c339698b865cec266caf0d794e44c6bb601", kill_on_drop: false }`
[INFO] running `Command { std: "docker" "rm" "-f" "49270cdc53a8fdd20176d166d3f26c339698b865cec266caf0d794e44c6bb601", kill_on_drop: false }`
[INFO] [stdout] 49270cdc53a8fdd20176d166d3f26c339698b865cec266caf0d794e44c6bb601
