[INFO] fetching crate ristretto_intrinsics 0.34.0...
[INFO] testing ristretto_intrinsics-0.34.0 against 1.100.0-beta.1 for beta-1.100-2
[INFO] extracting crate ristretto_intrinsics 0.34.0 into /workspace/builds/worker-6-tc2/source
[INFO] started tweaking crates.io crate ristretto_intrinsics 0.34.0
[INFO] removed 0 missing tests
[INFO] finished tweaking crates.io crate ristretto_intrinsics 0.34.0
[INFO] tweaked toml for crates.io crate ristretto_intrinsics 0.34.0 written to /workspace/builds/worker-6-tc2/source/Cargo.toml
[INFO] validating manifest of crates.io crate ristretto_intrinsics 0.34.0 on toolchain 1.100.0-beta.1
[INFO] running `Command { std: CARGO_HOME="/workspace/cargo-home" RUSTUP_HOME="/workspace/rustup-home" "/workspace/cargo-home/bin/cargo" "+1.100.0-beta.1" "metadata" "--manifest-path" "Cargo.toml" "--no-deps", kill_on_drop: false }`
[INFO] crate crates.io crate ristretto_intrinsics 0.34.0 already has a lockfile, it will not be regenerated
[INFO] running `Command { std: CARGO_HOME="/workspace/cargo-home" RUSTUP_HOME="/workspace/rustup-home" "/workspace/cargo-home/bin/cargo" "+1.100.0-beta.1" "fetch" "--manifest-path" "Cargo.toml", kill_on_drop: false }`
[INFO] running `Command { std: "docker" "create" "-v" "/var/lib/crater-agent-workspace/builds/worker-6-tc2/source:/opt/rustwide/workdir:ro,Z" "-v" "/var/lib/crater-agent-workspace/builds/worker-6-tc2/target:/opt/rustwide/target:rw,Z" "-v" "/var/lib/crater-agent-workspace/cargo-home:/opt/rustwide/cargo-home:ro,Z" "-v" "/var/lib/crater-agent-workspace/rustup-home:/opt/rustwide/rustup-home:ro,Z" "-m" "1610612736" "--network" "none" "ghcr.io/rust-lang/crates-build-env/linux@sha256:3111399a4047eeb3a02b7a90e478d715f38a8c6669b5c4b49d30a17385265909" "sleep" "infinity", kill_on_drop: false }`
[INFO] [stdout] ca17c2a23727e5bf1348ac29e16fe3df00373b32b7f79ac303316acaa4846a77
[INFO] running `Command { std: "docker" "start" "ca17c2a23727e5bf1348ac29e16fe3df00373b32b7f79ac303316acaa4846a77", kill_on_drop: false }`
[INFO] running `Command { std: "docker" "inspect" "ca17c2a23727e5bf1348ac29e16fe3df00373b32b7f79ac303316acaa4846a77", kill_on_drop: false }`
[INFO] running `Command { std: "docker" "exec" "-e" "SOURCE_DIR=/opt/rustwide/workdir" "-e" "CARGO_HOME=/opt/rustwide/cargo-home" "-e" "RUSTUP_HOME=/opt/rustwide/rustup-home" "-e" "CARGO_TARGET_DIR=/opt/rustwide/target" "-w" "/opt/rustwide/workdir" "--user" "0:0" "ca17c2a23727e5bf1348ac29e16fe3df00373b32b7f79ac303316acaa4846a77" "/opt/rustwide/cargo-home/bin/cargo" "+1.100.0-beta.1" "metadata" "--no-deps" "--format-version=1", kill_on_drop: false }`
[INFO] running `Command { std: "docker" "inspect" "ca17c2a23727e5bf1348ac29e16fe3df00373b32b7f79ac303316acaa4846a77", kill_on_drop: false }`
[INFO] running `Command { std: "docker" "exec" "-e" "SOURCE_DIR=/opt/rustwide/workdir" "-e" "CARGO_HOME=/opt/rustwide/cargo-home" "-e" "RUSTUP_HOME=/opt/rustwide/rustup-home" "-e" "CARGO_TARGET_DIR=/opt/rustwide/target" "-e" "CARGO_INCREMENTAL=0" "-e" "RUST_BACKTRACE=full" "-e" "RUSTFLAGS=--cap-lints=warn" "-e" "RUSTDOCFLAGS=--cap-lints=warn" "-w" "/opt/rustwide/workdir" "--user" "0:0" "ca17c2a23727e5bf1348ac29e16fe3df00373b32b7f79ac303316acaa4846a77" "/opt/rustwide/cargo-home/bin/cargo" "+1.100.0-beta.1" "build" "--frozen" "--message-format=json", kill_on_drop: false }`
[INFO] [stderr]    Compiling libc v0.2.189
[INFO] [stderr]    Compiling hashbrown v0.17.1
[INFO] [stderr]    Compiling smallvec v1.16.2
[INFO] [stderr]    Compiling cranelift-srcgen v0.136.1
[INFO] [stderr]    Compiling syn v3.0.6
[INFO] [stderr]    Compiling wasmtime-internal-core v49.0.1
[INFO] [stderr]    Compiling getrandom v0.3.4
[INFO] [stderr]    Compiling cranelift-isle v0.136.1
[INFO] [stderr]    Compiling zerocopy v0.8.59
[INFO] [stderr]    Compiling cranelift-assembler-x64-meta v0.136.1
[INFO] [stderr]    Compiling cranelift-codegen-shared v0.136.1
[INFO] [stderr]    Compiling syn v2.0.119
[INFO] [stderr]    Compiling target-lexicon v0.13.5
[INFO] [stderr]    Compiling indexmap v2.14.2
[INFO] [stderr]    Compiling regalloc2 v0.15.2
[INFO] [stderr]    Compiling cranelift-codegen-meta v0.136.1
[INFO] [stderr]    Compiling errno v0.3.14
[INFO] [stderr]    Compiling signal-hook-registry v1.4.8
[INFO] [stderr]    Compiling socket2 v0.6.5
[INFO] [stderr]    Compiling cranelift-assembler-x64 v0.136.1
[INFO] [stderr]    Compiling mio v1.2.3
[INFO] [stderr]    Compiling cranelift-bitset v0.136.1
[INFO] [stderr]    Compiling cranelift-entity v0.136.1
[INFO] [stderr]    Compiling cranelift-control v0.136.1
[INFO] [stderr]    Compiling gimli v0.33.0
[INFO] [stderr]    Compiling cranelift-bforest v0.136.1
[INFO] [stderr]    Compiling http-body v1.1.0
[INFO] [stderr]    Compiling crc32fast v1.5.2
[INFO] [stderr]    Compiling rustix v1.1.5
[INFO] [stderr]    Compiling futures-util v0.3.34
[INFO] [stderr]    Compiling synstructure v0.14.0
[INFO] [stderr]    Compiling cranelift-codegen v0.136.1
[INFO] [stderr]    Compiling memmap2 v0.9.11
[INFO] [stderr]    Compiling simd-adler32 v0.3.10
[INFO] [stderr]    Compiling alsa-sys v0.4.0
[INFO] [stderr]    Compiling parking_lot_core v0.9.12
[INFO] [stderr]    Compiling tracing-attributes v0.1.31
[INFO] [stderr]    Compiling sync_wrapper v1.0.2
[INFO] [stderr]    Compiling either v1.18.0
[INFO] [stderr]    Compiling getrandom v0.4.3
[INFO] [stderr]    Compiling zerofrom-derive v0.1.8
[INFO] [stderr]    Compiling yoke-derive v0.8.3
[INFO] [stderr]    Compiling zerovec-derive v0.11.6
[INFO] [stderr]    Compiling displaydoc v0.2.7
[INFO] [stderr]    Compiling thiserror-impl v2.0.21
[INFO] [stderr]    Compiling tokio-macros v2.7.2
[INFO] [stderr]    Compiling zerofrom v0.1.8
[INFO] [stderr]    Compiling yoke v0.8.3
[INFO] [stderr]    Compiling tracing v0.1.44
[INFO] [stderr]    Compiling zerovec v0.11.8
[INFO] [stderr]    Compiling zerotrie v0.2.5
[INFO] [stderr]    Compiling serde_derive v1.0.229
[INFO] [stderr]    Compiling tokio v1.53.1
[INFO] [stderr]    Compiling once_cell v1.21.4
[INFO] [stderr]    Compiling ahash v0.8.12
[INFO] [stderr]    Compiling region v3.0.2
[INFO] [stderr]    Compiling thiserror v2.0.21
[INFO] [stderr]    Compiling tinystr v0.8.4
[INFO] [stderr]    Compiling potential_utf v0.1.6
[INFO] [stderr]    Compiling rayon v1.12.0
[INFO] [stderr]    Compiling miniz_oxide v0.9.1
[INFO] [stderr]    Compiling icu_locale_core v2.3.0
[INFO] [stderr]    Compiling icu_collections v2.3.0
[INFO] [stderr]    Compiling wasmtime-internal-jit-icache-coherence v49.0.1
[INFO] [stderr]    Compiling base64 v0.23.1
[INFO] [stderr]    Compiling bitflags v2.13.2
[INFO] [stderr]    Compiling zlib-rs v0.6.8
[INFO] [stderr]    Compiling icu_provider v2.3.1
[INFO] [stderr]    Compiling hashbrown v0.14.5
[INFO] [stderr]    Compiling icu_properties v2.3.0
[INFO] [stderr]    Compiling icu_normalizer v2.3.0
[INFO] [stderr]    Compiling dirs-sys v0.5.0
[INFO] [stderr]    Compiling dashmap v6.2.1
[INFO] [stderr]    Compiling serde v1.0.229
[INFO] [stderr]    Compiling nix v0.31.3
[INFO] [stderr]    Compiling ristretto_classfile v0.34.0
[INFO] [stderr]    Compiling serde_urlencoded v0.7.1
[INFO] [stderr]    Compiling idna_adapter v1.2.2
[INFO] [stderr]    Compiling idna v1.1.0
[INFO] [stderr]    Compiling url v2.5.8
[INFO] [stderr]    Compiling xattr v1.6.1
[INFO] [stderr]    Compiling zopfli v0.8.3
[INFO] [stderr]    Compiling parking_lot v0.12.5
[INFO] [stderr]    Compiling http-body-util v0.1.5
[INFO] [stderr]    Compiling tokio-util v0.7.19
[INFO] [stderr]    Compiling tower v0.5.3
[INFO] [stderr]    Compiling sysinfo v0.39.6
[INFO] [stderr]    Compiling h2 v0.4.19
[INFO] [stderr]    Compiling tower-http v0.6.11
[INFO] [stderr]    Compiling filetime v0.2.29
[INFO] [stderr]    Compiling flate2 v1.1.10
[INFO] [stderr]    Compiling typed-path v0.12.3
[INFO] [stderr]    Compiling same-file v1.0.6
[INFO] [stderr]    Compiling tempfile v3.27.0
[INFO] [stderr]    Compiling walkdir v2.5.0
[INFO] [stderr]    Compiling tar v0.4.46
[INFO] [stderr]    Compiling ristretto_gc v0.34.0
[INFO] [stderr]    Compiling alsa v0.11.0
[INFO] [stderr]    Compiling zip v8.6.0
[INFO] [stderr]    Compiling dirs v7.0.0
[INFO] [stderr]    Compiling ristretto_jimage v0.34.0
[INFO] [stderr]    Compiling midir v0.11.0
[INFO] [stderr]    Compiling cpal v0.18.2
[INFO] [stderr]    Compiling bytemuck v1.25.2
[INFO] [stderr]    Compiling hyper v1.11.1
[INFO] [stderr]    Compiling portable-atomic v1.15.0
[INFO] [stderr]    Compiling jiff-core v0.1.1
[INFO] [stderr]    Compiling ristretto_intrinsics v0.34.0 (/opt/rustwide/workdir)
[INFO] [stderr]    Compiling dasp_sample v0.11.0
[INFO] [stderr]    Compiling console v0.16.6
[INFO] [stderr]    Compiling ristretto_macros v0.34.0
[INFO] [stderr]    Compiling hyper-util v0.1.21
[INFO] [stderr]    Compiling thread-priority v3.1.1
[INFO] [stderr]    Compiling jiff v0.2.37
[INFO] [stderr]    Compiling os_info v3.15.0
[INFO] [stderr]    Compiling libjpeg-turbo-rs v0.8.0
[INFO] [stderr]    Compiling async-recursion v1.1.1
[INFO] [stderr]    Compiling whoami v2.1.3
[INFO] [stderr]    Compiling libloading v0.9.0
[INFO] [stderr]    Compiling reqwest v0.13.5
[INFO] [stderr]    Compiling sys-locale v0.3.2
[INFO] [stderr]    Compiling ristretto_classloader v0.34.0
[INFO] [stderr]    Compiling cranelift-native v0.136.1
[INFO] [stderr]    Compiling cranelift-module v0.136.1
[INFO] [stderr]    Compiling cranelift-frontend v0.136.1
[INFO] [stderr]    Compiling cranelift-jit v0.136.1
[INFO] [stderr]    Compiling cranelift v0.136.1
[INFO] [stderr]    Compiling ristretto_jit v0.34.0
[INFO] [stderr]    Compiling ristretto_types v0.34.0
[INFO] [stderr]     Finished `dev` profile [unoptimized + debuginfo] target(s) in 4m 07s
[INFO] running `Command { std: "docker" "inspect" "ca17c2a23727e5bf1348ac29e16fe3df00373b32b7f79ac303316acaa4846a77", kill_on_drop: false }`
[INFO] running `Command { std: "docker" "exec" "-e" "SOURCE_DIR=/opt/rustwide/workdir" "-e" "CARGO_HOME=/opt/rustwide/cargo-home" "-e" "RUSTUP_HOME=/opt/rustwide/rustup-home" "-e" "CARGO_TARGET_DIR=/opt/rustwide/target" "-e" "CARGO_INCREMENTAL=0" "-e" "RUST_BACKTRACE=full" "-e" "RUSTFLAGS=--cap-lints=warn" "-e" "RUSTDOCFLAGS=--cap-lints=warn" "-w" "/opt/rustwide/workdir" "--user" "0:0" "ca17c2a23727e5bf1348ac29e16fe3df00373b32b7f79ac303316acaa4846a77" "/opt/rustwide/cargo-home/bin/cargo" "+1.100.0-beta.1" "test" "--frozen" "--no-run" "--message-format=json", kill_on_drop: false }`
[INFO] [stderr]    Compiling syn v3.0.6
[INFO] [stderr]    Compiling syn v2.0.119
[INFO] [stderr]    Compiling ristretto_test_util v0.34.0
[INFO] [stderr]    Compiling synstructure v0.14.0
[INFO] [stderr]    Compiling tracing-attributes v0.1.31
[INFO] [stderr]    Compiling async-recursion v1.1.1
[INFO] [stderr]    Compiling zerofrom-derive v0.1.8
[INFO] [stderr]    Compiling yoke-derive v0.8.3
[INFO] [stderr]    Compiling zerovec-derive v0.11.6
[INFO] [stderr]    Compiling displaydoc v0.2.7
[INFO] [stderr]    Compiling thiserror-impl v2.0.21
[INFO] [stderr]    Compiling tokio-macros v2.7.2
[INFO] [stderr]    Compiling serde_derive v1.0.229
[INFO] [stderr]    Compiling tracing v0.1.44
[INFO] [stderr]    Compiling tokio v1.53.1
[INFO] [stderr]    Compiling thiserror v2.0.21
[INFO] [stderr]    Compiling zerofrom v0.1.8
[INFO] [stderr]    Compiling ristretto_classfile v0.34.0
[INFO] [stderr]    Compiling ristretto_gc v0.34.0
[INFO] [stderr]    Compiling ristretto_jimage v0.34.0
[INFO] [stderr]    Compiling libjpeg-turbo-rs v0.8.0
[INFO] [stderr]    Compiling yoke v0.8.3
[INFO] [stderr]    Compiling zerovec v0.11.8
[INFO] [stderr]    Compiling zerotrie v0.2.5
[INFO] [stderr]    Compiling tinystr v0.8.4
[INFO] [stderr]    Compiling potential_utf v0.1.6
[INFO] [stderr]    Compiling icu_locale_core v2.3.0
[INFO] [stderr]    Compiling icu_collections v2.3.0
[INFO] [stderr]    Compiling serde v1.0.229
[INFO] [stderr]    Compiling icu_provider v2.3.1
[INFO] [stderr]    Compiling icu_normalizer v2.3.0
[INFO] [stderr]    Compiling icu_properties v2.3.0
[INFO] [stderr]    Compiling serde_urlencoded v0.7.1
[INFO] [stderr]    Compiling os_info v3.15.0
[INFO] [stderr]    Compiling ristretto_jit v0.34.0
[INFO] [stderr]    Compiling idna_adapter v1.2.2
[INFO] [stderr]    Compiling idna v1.1.0
[INFO] [stderr]    Compiling url v2.5.8
[INFO] [stderr]    Compiling ristretto_intrinsics v0.34.0 (/opt/rustwide/workdir)
[INFO] [stderr]    Compiling ristretto_macros v0.34.0
[INFO] [stderr]    Compiling tokio-util v0.7.19
[INFO] [stderr]    Compiling tower v0.5.3
[INFO] [stderr]    Compiling h2 v0.4.19
[INFO] [stderr]    Compiling tower-http v0.6.11
[INFO] [stderr]    Compiling hyper v1.11.1
[INFO] [stderr]    Compiling hyper-util v0.1.21
[INFO] [stderr]    Compiling reqwest v0.13.5
[INFO] [stderr]    Compiling ristretto_classloader v0.34.0
[INFO] [stderr]    Compiling ristretto_types v0.34.0
[INFO] [stdout] error: couldn't read `src/java/lang/../../../../classes/Minimum.class`: No such file or directory (os error 2)
[INFO] [stdout]    --> src/java/lang/classloader.rs:578:21
[INFO] [stdout]     |
[INFO] [stdout] 578 |         let bytes = include_bytes!("../../../../classes/Minimum.class");
[INFO] [stdout]     |                     ^^^^^^^^^^^^^^^^^^^^^^^^^^^^^^^^^^^^^^^^^^^^^^^^^^^
[INFO] [stdout] 
[INFO] [stdout] 
[INFO] [stdout] error: couldn't read `src/jdk/internal/misc/../../../../../classes/Minimum.class`: No such file or directory (os error 2)
[INFO] [stdout]     --> src/jdk/internal/misc/unsafe.rs:2581:27
[INFO] [stdout]      |
[INFO] [stdout] 2581 |         let class_bytes = include_bytes!("../../../../../classes/Minimum.class");
[INFO] [stdout]      |                           ^^^^^^^^^^^^^^^^^^^^^^^^^^^^^^^^^^^^^^^^^^^^^^^^^^^^^^
[INFO] [stdout] 
[INFO] [stdout] 
[INFO] [stdout] error: couldn't read `src/jdk/internal/misc/../../../../../classes/Minimum.class`: No such file or directory (os error 2)
[INFO] [stdout]     --> src/jdk/internal/misc/unsafe.rs:2611:27
[INFO] [stdout]      |
[INFO] [stdout] 2611 |         let class_bytes = include_bytes!("../../../../../classes/Minimum.class");
[INFO] [stdout]      |                           ^^^^^^^^^^^^^^^^^^^^^^^^^^^^^^^^^^^^^^^^^^^^^^^^^^^^^^
[INFO] [stdout] 
[INFO] [stdout] 
[INFO] [stdout] error[E0432]: unresolved import `ristretto_vm`
[INFO] [stdout]  --> src/test.rs:7:5
[INFO] [stdout]   |
[INFO] [stdout] 7 | use ristretto_vm::{ConfigurationBuilder, Thread, VM};
[INFO] [stdout]   |     ^^^^^^^^^^^^ use of unresolved module or unlinked crate `ristretto_vm`
[INFO] [stdout]   |
[INFO] [stdout] help: there is a crate or module with a similar name
[INFO] [stdout]   |
[INFO] [stdout] 7 - use ristretto_vm::{ConfigurationBuilder, Thread, VM};
[INFO] [stdout] 7 + use ristretto_gc::{ConfigurationBuilder, Thread, VM};
[INFO] [stdout]   |
[INFO] [stdout] 
[INFO] [stdout] 
[INFO] [stdout] error[E0433]: cannot find module or crate `ristretto_vm` in this scope
[INFO] [stdout]    --> src/sun/nio/ch/filechannelimpl.rs:269:22
[INFO] [stdout]     |
[INFO] [stdout] 269 |         let thread = ristretto_vm::Thread::new(&weak, 99);
[INFO] [stdout]     |                      ^^^^^^^^^^^^ use of unresolved module or unlinked crate `ristretto_vm`
[INFO] [stdout]     |
[INFO] [stdout] help: there is a crate or module with a similar name
[INFO] [stdout]     |
[INFO] [stdout] 269 -         let thread = ristretto_vm::Thread::new(&weak, 99);
[INFO] [stdout] 269 +         let thread = ristretto_gc::Thread::new(&weak, 99);
[INFO] [stdout]     |
[INFO] [stdout] help: consider importing this struct
[INFO] [stdout]     |
[INFO] [stdout] 202 +     use std::thread::Thread;
[INFO] [stdout]     |
[INFO] [stdout] help: if you import `Thread`, refer to it directly
[INFO] [stdout]     |
[INFO] [stdout] 269 -         let thread = ristretto_vm::Thread::new(&weak, 99);
[INFO] [stdout] 269 +         let thread = Thread::new(&weak, 99);
[INFO] [stdout]     |
[INFO] [stdout] 
[INFO] [stdout] 
[INFO] [stdout] warning: method call on a diverging inference variable
[INFO] [stdout]    --> src/jdk/internal/reflect/nativeconstructoraccessorimpl.rs:170:50
[INFO] [stdout]     |
[INFO] [stdout] 170 |         let integer_class_object = integer_class.to_object(&thread).await?;
[INFO] [stdout]     |                                                  ^^^^^^^^^
[INFO] [stdout]     |
[INFO] [stdout]     = help: consider providing a type annotation
[INFO] [stdout]     = warning: this was previously accepted by the compiler but is being phased out; it will become a hard error in a future release!
[INFO] [stdout]     = note: for more information, see issue #156047 <https://github.com/rust-lang/rust/issues/156047>
[INFO] [stdout]     = note: `-D method-call-on-diverging-infer-var` implied by `-D warnings`
[INFO] [stdout]     = help: to override `-D warnings` add `#[allow(method_call_on_diverging_infer_var)]`
[INFO] [stdout]     = note: the `method_call_on_diverging_infer_var` lint ignores `-D warnings`
[INFO] [stdout] 
[INFO] [stdout] 
[INFO] [stdout] error[E0599]: no method named `to_object` found for type `!` in the current scope
[INFO] [stdout]    --> src/jdk/internal/reflect/nativeconstructoraccessorimpl.rs:170:50
[INFO] [stdout]     |
[INFO] [stdout] 170 |         let integer_class_object = integer_class.to_object(&thread).await?;
[INFO] [stdout]     |                                                  ^^^^^^^^^ method not found in `!`
[INFO] [stdout] 
[INFO] [stdout] 
[INFO] [stdout] warning: method call on a diverging inference variable
[INFO] [stdout]    --> src/jdk/internal/reflect/nativeconstructoraccessorimpl.rs:174:48
[INFO] [stdout]     |
[INFO] [stdout] 174 |         let string_class_object = string_class.to_object(&thread).await?;
[INFO] [stdout]     |                                                ^^^^^^^^^
[INFO] [stdout]     |
[INFO] [stdout]     = help: consider providing a type annotation
[INFO] [stdout]     = warning: this was previously accepted by the compiler but is being phased out; it will become a hard error in a future release!
[INFO] [stdout]     = note: for more information, see issue #156047 <https://github.com/rust-lang/rust/issues/156047>
[INFO] [stdout] 
[INFO] [stdout] 
[INFO] [stdout] error[E0599]: no method named `to_object` found for type `!` in the current scope
[INFO] [stdout]    --> src/jdk/internal/reflect/nativeconstructoraccessorimpl.rs:174:48
[INFO] [stdout]     |
[INFO] [stdout] 174 |         let string_class_object = string_class.to_object(&thread).await?;
[INFO] [stdout]     |                                                ^^^^^^^^^ method not found in `!`
[INFO] [stdout] 
[INFO] [stdout] 
[INFO] [stdout] warning: method call on a diverging inference variable
[INFO] [stdout]    --> src/jdk/internal/reflect/nativeconstructoraccessorimpl.rs:175:52
[INFO] [stdout]     |
[INFO] [stdout] 175 |         let reference = Reference::try_from((class.clone(), vec![string_class_object]))?;
[INFO] [stdout]     |                                                    ^^^^^
[INFO] [stdout]     |
[INFO] [stdout]     = help: consider providing a type annotation
[INFO] [stdout]     = warning: this was previously accepted by the compiler but is being phased out; it will become a hard error in a future release!
[INFO] [stdout]     = note: for more information, see issue #156047 <https://github.com/rust-lang/rust/issues/156047>
[INFO] [stdout] 
[INFO] [stdout] 
[INFO] [stdout] warning: unreachable expression
[INFO] [stdout]    --> src/jdk/internal/reflect/nativeconstructoraccessorimpl.rs:175:61
[INFO] [stdout]     |
[INFO] [stdout] 175 |         let reference = Reference::try_from((class.clone(), vec![string_class_object]))?;
[INFO] [stdout]     |                                              -------------  ^^^^^^^^^^^^^^^^^^^^^^^^^ unreachable expression
[INFO] [stdout]     |                                              |
[INFO] [stdout]     |                                              any code following this expression is unreachable
[INFO] [stdout]     |
[INFO] [stdout]     = note: `-D unreachable-code` implied by `-D warnings`
[INFO] [stdout]     = help: to override `-D warnings` add `#[allow(unreachable_code)]`
[INFO] [stdout]     = note: the `unreachable_code` lint ignores `-D warnings`
[INFO] [stdout] 
[INFO] [stdout] 
[INFO] [stdout] warning: method call on a diverging inference variable
[INFO] [stdout]    --> src/jdk/internal/reflect/nativeconstructoraccessorimpl.rs:185:14
[INFO] [stdout]     |
[INFO] [stdout] 185 |             .expect("constructor");
[INFO] [stdout]     |              ^^^^^^
[INFO] [stdout]     |
[INFO] [stdout]     = help: consider providing a type annotation
[INFO] [stdout]     = warning: this was previously accepted by the compiler but is being phased out; it will become a hard error in a future release!
[INFO] [stdout]     = note: for more information, see issue #156047 <https://github.com/rust-lang/rust/issues/156047>
[INFO] [stdout] 
[INFO] [stdout] 
[INFO] [stdout] error[E0599]: no method named `expect` found for type `_` in the current scope
[INFO] [stdout]    --> src/jdk/internal/reflect/nativeconstructoraccessorimpl.rs:185:14
[INFO] [stdout]     |
[INFO] [stdout] 178 |         let constructor = vm
[INFO] [stdout] 179 |             .invoke(
[INFO] [stdout] 180 |                 "java.lang.Class",
[INFO] [stdout] 181 |                 "getDeclaredConstructor([Ljava/lang/Class;)Ljava/lang/reflect/Constructor;",
[INFO] [stdout] 182 |                 &[integer_class_object, arguments],
[INFO] [stdout] 183 |             )
[INFO] [stdout] 184 |             .await?
[INFO] [stdout] 185 |             .expect("constructor");
[INFO] [stdout]     |              ^^^^^^
[INFO] [stdout]     |
[INFO] [stdout] help: there is a method `exec` with a similar name, but with different arguments
[INFO] [stdout]    --> /rustc/e3feeb59cd1bdd011a2bfcc0747b55125d9b8527/library/std/src/os/unix/process.rs:163:4
[INFO] [stdout] 
[INFO] [stdout] 
[INFO] [stdout] warning: unreachable expression
[INFO] [stdout]    --> src/jdk/internal/reflect/nativeconstructoraccessorimpl.rs:188:53
[INFO] [stdout]     |
[INFO] [stdout] 188 |         let reference = Reference::try_from((class, vec![string_parameter]))?;
[INFO] [stdout]     |                                              -----  ^^^^^^^^^^^^^^^^^^^^^^ unreachable expression
[INFO] [stdout]     |                                              |
[INFO] [stdout]     |                                              any code following this expression is unreachable
[INFO] [stdout] 
[INFO] [stdout] 
[INFO] [stdout] warning: method call on a diverging inference variable
[INFO] [stdout]   --> src/jdk/internal/reflect/nativemethodaccessorimpl.rs:95:50
[INFO] [stdout]    |
[INFO] [stdout] 95 |         let integer_class_object = integer_class.to_object(&thread).await?;
[INFO] [stdout]    |                                                  ^^^^^^^^^
[INFO] [stdout]    |
[INFO] [stdout]    = help: consider providing a type annotation
[INFO] [stdout]    = warning: this was previously accepted by the compiler but is being phased out; it will become a hard error in a future release!
[INFO] [stdout]    = note: for more information, see issue #156047 <https://github.com/rust-lang/rust/issues/156047>
[INFO] [stdout] 
[INFO] [stdout] 
[INFO] [stdout] error[E0599]: no method named `to_object` found for type `!` in the current scope
[INFO] [stdout]   --> src/jdk/internal/reflect/nativemethodaccessorimpl.rs:95:50
[INFO] [stdout]    |
[INFO] [stdout] 95 |         let integer_class_object = integer_class.to_object(&thread).await?;
[INFO] [stdout]    |                                                  ^^^^^^^^^ method not found in `!`
[INFO] [stdout] 
[INFO] [stdout] 
[INFO] [stdout] warning: method call on a diverging inference variable
[INFO] [stdout]    --> src/jdk/internal/reflect/nativemethodaccessorimpl.rs:100:48
[INFO] [stdout]     |
[INFO] [stdout] 100 |         let string_class_object = string_class.to_object(&thread).await?;
[INFO] [stdout]     |                                                ^^^^^^^^^
[INFO] [stdout]     |
[INFO] [stdout]     = help: consider providing a type annotation
[INFO] [stdout]     = warning: this was previously accepted by the compiler but is being phased out; it will become a hard error in a future release!
[INFO] [stdout]     = note: for more information, see issue #156047 <https://github.com/rust-lang/rust/issues/156047>
[INFO] [stdout] 
[INFO] [stdout] 
[INFO] [stdout] error[E0599]: no method named `to_object` found for type `!` in the current scope
[INFO] [stdout]    --> src/jdk/internal/reflect/nativemethodaccessorimpl.rs:100:48
[INFO] [stdout]     |
[INFO] [stdout] 100 |         let string_class_object = string_class.to_object(&thread).await?;
[INFO] [stdout]     |                                                ^^^^^^^^^ method not found in `!`
[INFO] [stdout] 
[INFO] [stdout] 
[INFO] [stdout] warning: method call on a diverging inference variable
[INFO] [stdout]    --> src/jdk/internal/reflect/nativemethodaccessorimpl.rs:101:52
[INFO] [stdout]     |
[INFO] [stdout] 101 |         let reference = Reference::try_from((class.clone(), vec![string_class_object]))?;
[INFO] [stdout]     |                                                    ^^^^^
[INFO] [stdout]     |
[INFO] [stdout]     = help: consider providing a type annotation
[INFO] [stdout]     = warning: this was previously accepted by the compiler but is being phased out; it will become a hard error in a future release!
[INFO] [stdout]     = note: for more information, see issue #156047 <https://github.com/rust-lang/rust/issues/156047>
[INFO] [stdout] 
[INFO] [stdout] 
[INFO] [stdout] warning: unreachable expression
[INFO] [stdout]    --> src/jdk/internal/reflect/nativemethodaccessorimpl.rs:101:61
[INFO] [stdout]     |
[INFO] [stdout] 101 |         let reference = Reference::try_from((class.clone(), vec![string_class_object]))?;
[INFO] [stdout]     |                                              -------------  ^^^^^^^^^^^^^^^^^^^^^^^^^ unreachable expression
[INFO] [stdout]     |                                              |
[INFO] [stdout]     |                                              any code following this expression is unreachable
[INFO] [stdout] 
[INFO] [stdout] 
[INFO] [stdout] warning: method call on a diverging inference variable
[INFO] [stdout]    --> src/jdk/internal/reflect/nativemethodaccessorimpl.rs:111:14
[INFO] [stdout]     |
[INFO] [stdout] 111 |             .expect("method");
[INFO] [stdout]     |              ^^^^^^
[INFO] [stdout]     |
[INFO] [stdout]     = help: consider providing a type annotation
[INFO] [stdout]     = warning: this was previously accepted by the compiler but is being phased out; it will become a hard error in a future release!
[INFO] [stdout]     = note: for more information, see issue #156047 <https://github.com/rust-lang/rust/issues/156047>
[INFO] [stdout] 
[INFO] [stdout] 
[INFO] [stdout] error[E0599]: no method named `expect` found for type `_` in the current scope
[INFO] [stdout]    --> src/jdk/internal/reflect/nativemethodaccessorimpl.rs:111:14
[INFO] [stdout]     |
[INFO] [stdout] 104 |         let method = vm
[INFO] [stdout] 105 |             .invoke(
[INFO] [stdout] 106 |                 "java.lang.Class",
[INFO] [stdout] 107 |                 "getDeclaredMethod(Ljava/lang/String;[Ljava/lang/Class;)Ljava/lang/reflect/Method;",
[INFO] [stdout] 108 |                 &[integer_class_object, method_name, arguments],
[INFO] [stdout] 109 |             )
[INFO] [stdout] 110 |             .await?
[INFO] [stdout] 111 |             .expect("method");
[INFO] [stdout]     |              ^^^^^^
[INFO] [stdout]     |
[INFO] [stdout] help: there is a method `exec` with a similar name, but with different arguments
[INFO] [stdout]    --> /rustc/e3feeb59cd1bdd011a2bfcc0747b55125d9b8527/library/std/src/os/unix/process.rs:163:4
[INFO] [stdout] 
[INFO] [stdout] 
[INFO] [stdout] warning: unreachable expression
[INFO] [stdout]    --> src/jdk/internal/reflect/nativemethodaccessorimpl.rs:114:53
[INFO] [stdout]     |
[INFO] [stdout] 114 |         let reference = Reference::try_from((class, vec![string_parameter]))?;
[INFO] [stdout]     |                                              -----  ^^^^^^^^^^^^^^^^^^^^^^ unreachable expression
[INFO] [stdout]     |                                              |
[INFO] [stdout]     |                                              any code following this expression is unreachable
[INFO] [stdout] 
[INFO] [stdout] 
[INFO] [stderr] error: could not compile `ristretto_intrinsics` (lib)
[INFO] [stderr] 
[INFO] [stderr] Caused by:
[INFO] [stderr]   process didn't exit successfully: `/opt/rustwide/rustup-home/toolchains/1.100.0-beta.1-x86_64-unknown-linux-gnu/bin/rustc --crate-name ristretto_intrinsics --edition=2024 src/lib.rs --error-format=json --json=diagnostic-rendered-ansi,artifacts,future-incompat,unused-externs-silent --crate-type lib --emit=dep-info,metadata,link -C embed-bitcode=no -C debuginfo=2 '--deny=clippy::pedantic' --deny=warnings '--deny=clippy::unwrap_used' '--deny=clippy::unwrap_in_result' --deny=unused_qualifications --deny=unsafe_code '--deny=clippy::unreachable' '--deny=clippy::unimplemented' --deny=unexpected_cfgs '--deny=clippy::todo' '--allow=clippy::result_large_err' '--deny=clippy::panic_in_result_fn' '--deny=clippy::panic' '--deny=clippy::mod_module_files' --deny=missing_debug_implementations '--allow=clippy::large_stack_arrays' '--deny=clippy::indexing_slicing' '--deny=clippy::fallible_impl_from' '--deny=clippy::expect_used' '--deny=clippy::excessive_nesting' --allow=dead_code '--deny=clippy::allow_attributes' --check-cfg 'cfg(coverage)' --cfg 'feature="audio"' --cfg 'feature="default"' --check-cfg 'cfg(docsrs,test)' --check-cfg 'cfg(feature, values("audio", "default"))' -C metadata=43e8b41335a5c6c5 -C extra-filename=-f85bc2d32c1c2e3b --out-dir /opt/rustwide/target/debug/build/ristretto_intrinsics/f85bc2d32c1c2e3b/out -L dependency=/opt/rustwide/target/debug/build/adler2/1712579794513681/out -L dependency=/opt/rustwide/target/debug/build/ahash/3320419409d91472/out -L dependency=/opt/rustwide/target/debug/build/allocator-api2/8d9c1e895dea53bd/out -L dependency=/opt/rustwide/target/debug/build/alsa-sys/6bafec05e6ab2deb/out -L dependency=/opt/rustwide/target/debug/build/alsa/f9d9fbf34d6f223e/out -L dependency=/opt/rustwide/target/debug/build/anyhow/97784350362d4493/out -L dependency=/opt/rustwide/target/debug/build/arbitrary/6f95a705aefce5ae/out -L dependency=/opt/rustwide/target/debug/build/atomic-waker/06950c8c08d2b8fa/out -L dependency=/opt/rustwide/target/debug/build/base64/cd0e3010b971e43f/out -L dependency=/opt/rustwide/target/debug/build/bitflags/d493ea957e921aab/out -L dependency=/opt/rustwide/target/debug/build/bitflags/dde12b0d7d495b50/out -L dependency=/opt/rustwide/target/debug/build/bumpalo/e57a366639091839/out -L dependency=/opt/rustwide/target/debug/build/bytemuck/8b1b0c14df889c4b/out -L dependency=/opt/rustwide/target/debug/build/byteorder/8f59b6d1bfdaa844/out -L dependency=/opt/rustwide/target/debug/build/bytes/5f66263ae3d5daa8/out -L dependency=/opt/rustwide/target/debug/build/cfg-if/5addb699396bfe5f/out -L dependency=/opt/rustwide/target/debug/build/cranelift-assembler-x64/ea4a2c81cd7f2275/out -L dependency=/opt/rustwide/target/debug/build/cranelift-bforest/99e844299430a4f2/out -L dependency=/opt/rustwide/target/debug/build/cranelift-bitset/b32752c22f087b5c/out -L dependency=/opt/rustwide/target/debug/build/cranelift-codegen-shared/c0cfc70ddd9198f8/out -L dependency=/opt/rustwide/target/debug/build/cranelift-codegen/3d6d75bf080e57b9/out -L dependency=/opt/rustwide/target/debug/build/cranelift-control/14f7bbd543bdabae/out -L dependency=/opt/rustwide/target/debug/build/cranelift-entity/15436b72b0445fd5/out -L dependency=/opt/rustwide/target/debug/build/cranelift-frontend/093c94b96636df50/out -L dependency=/opt/rustwide/target/debug/build/cranelift-jit/4666df8d11b037a6/out -L dependency=/opt/rustwide/target/debug/build/cranelift-module/2953ffe94c6e603f/out -L dependency=/opt/rustwide/target/debug/build/cranelift-native/16b8b16d7480853f/out -L dependency=/opt/rustwide/target/debug/build/cranelift/fd571a5ca8034fea/out -L dependency=/opt/rustwide/target/debug/build/crc32fast/ab0cdfccf84a6541/out -L dependency=/opt/rustwide/target/debug/build/crossbeam-deque/5efa23ddfe237181/out -L dependency=/opt/rustwide/target/debug/build/crossbeam-epoch/e96f732a673912e5/out -L dependency=/opt/rustwide/target/debug/build/crossbeam-utils/7ff32d1cfd9997e2/out -L dependency=/opt/rustwide/target/debug/build/dashmap/92c336b9bd9145b9/out -L dependency=/opt/rustwide/target/debug/build/dasp_sample/36a8a9956058a9f1/out -L dependency=/opt/rustwide/target/debug/build/dirs-sys/cf06dec6839e3d18/out -L dependency=/opt/rustwide/target/debug/build/dirs/336cf395b4cf6e91/out -L dependency=/opt/rustwide/target/debug/build/displaydoc/af800da7ace02c2a/out -L dependency=/opt/rustwide/target/debug/build/either/a0accc955833bfc1/out -L dependency=/opt/rustwide/target/debug/build/equivalent/6a754676e6af62ae/out -L dependency=/opt/rustwide/target/debug/build/errno/1bb36c334088ea53/out -L dependency=/opt/rustwide/target/debug/build/fastrand/bab015aa83fcde07/out -L dependency=/opt/rustwide/target/debug/build/filetime/56f0baff61a32241/out -L dependency=/opt/rustwide/target/debug/build/flate2/d3002724e4e4f58f/out -L dependency=/opt/rustwide/target/debug/build/fnv/79e2cbfbe03dcd16/out -L dependency=/opt/rustwide/target/debug/build/foldhash/3b780c428974a407/out -L dependency=/opt/rustwide/target/debug/build/form_urlencoded/58b0f0edb59b40d2/out -L dependency=/opt/rustwide/target/debug/build/futures-channel/29baee7657f1d478/out -L dependency=/opt/rustwide/target/debug/build/futures-core/97d9bb84a61d4536/out -L dependency=/opt/rustwide/target/debug/build/futures-sink/690a515e9c61c93a/out -L dependency=/opt/rustwide/target/debug/build/futures-task/ca17c9c0ce3f9860/out -L dependency=/opt/rustwide/target/debug/build/futures-util/9065e34624035039/out -L dependency=/opt/rustwide/target/debug/build/getrandom/b5d9c8cbd4c17cae/out -L dependency=/opt/rustwide/target/debug/build/getrandom/e78d6fa2b418aeb1/out -L dependency=/opt/rustwide/target/debug/build/gimli/13b255f2ec1a186b/out -L dependency=/opt/rustwide/target/debug/build/h2/146acefe55eed008/out -L dependency=/opt/rustwide/target/debug/build/hashbrown/25abce2d85979e8d/out -L dependency=/opt/rustwide/target/debug/build/hashbrown/7535884dad52ee2f/out -L dependency=/opt/rustwide/target/debug/build/hashbrown/8b077e4232f7df3f/out -L dependency=/opt/rustwide/target/debug/build/http-body-util/27952fde1894fa19/out -L dependency=/opt/rustwide/target/debug/build/http-body/b57535e6079c1f42/out -L dependency=/opt/rustwide/target/debug/build/http/0cd9be9a4e5a2536/out -L dependency=/opt/rustwide/target/debug/build/httparse/8c9b827b8f345444/out -L dependency=/opt/rustwide/target/debug/build/hyper-util/fca173469864810e/out -L dependency=/opt/rustwide/target/debug/build/hyper/40116356f270ef21/out -L dependency=/opt/rustwide/target/debug/build/icu_collections/cd492a73094103e9/out -L dependency=/opt/rustwide/target/debug/build/icu_locale_core/4477e0a2791ab656/out -L dependency=/opt/rustwide/target/debug/build/icu_normalizer/9680cc026c8fb39f/out -L dependency=/opt/rustwide/target/debug/build/icu_normalizer_data/8b25f9eb7a72d68e/out -L dependency=/opt/rustwide/target/debug/build/icu_properties/5970d2a92d1bd5e7/out -L dependency=/opt/rustwide/target/debug/build/icu_properties_data/3f856f5bc2063921/out -L dependency=/opt/rustwide/target/debug/build/icu_provider/f83b16509fbec185/out -L dependency=/opt/rustwide/target/debug/build/idna/8fecdb6308e76468/out -L dependency=/opt/rustwide/target/debug/build/idna_adapter/484b331a564fbbda/out -L dependency=/opt/rustwide/target/debug/build/indexmap/adb9ccb7a1a9285a/out -L dependency=/opt/rustwide/target/debug/build/ipnet/9dfae905f44e7daa/out -L dependency=/opt/rustwide/target/debug/build/itoa/5de11b3b23bfe572/out -L dependency=/opt/rustwide/target/debug/build/jiff-core/2811e4539804d601/out -L dependency=/opt/rustwide/target/debug/build/libc/92690407dbecf0f4/out -L dependency=/opt/rustwide/target/debug/build/libm/24398d5f7d3c709c/out -L dependency=/opt/rustwide/target/debug/build/linux-raw-sys/0b6cde911e9a3109/out -L dependency=/opt/rustwide/target/debug/build/litemap/abaddab7afb37065/out -L dependency=/opt/rustwide/target/debug/build/lock_api/16d46fed645f7bff/out -L dependency=/opt/rustwide/target/debug/build/log/22b5be7f6ba2d64a/out -L dependency=/opt/rustwide/target/debug/build/memchr/a932478bde794617/out -L dependency=/opt/rustwide/target/debug/build/memmap2/697620fef1f52302/out -L dependency=/opt/rustwide/target/debug/build/miniz_oxide/6ae98b473413360e/out -L dependency=/opt/rustwide/target/debug/build/mio/1a9a71272e3dc7b4/out -L dependency=/opt/rustwide/target/debug/build/nix/8b6b48045c11fbbc/out -L dependency=/opt/rustwide/target/debug/build/once_cell/b5bdc597ed9676b3/out -L dependency=/opt/rustwide/target/debug/build/option-ext/61303ef911796993/out -L dependency=/opt/rustwide/target/debug/build/parking_lot/9544fa25bdf7192c/out -L dependency=/opt/rustwide/target/debug/build/parking_lot_core/797d1c3c96776f9c/out -L dependency=/opt/rustwide/target/debug/build/percent-encoding/fa055ecaa1e57cfa/out -L dependency=/opt/rustwide/target/debug/build/pin-project-lite/0a15d51c77964692/out -L dependency=/opt/rustwide/target/debug/build/portable-atomic/4b1b9bdb15d73f68/out -L dependency=/opt/rustwide/target/debug/build/potential_utf/032fb2172cda45f4/out -L dependency=/opt/rustwide/target/debug/build/rayon-core/7a0f25d355d0e40b/out -L dependency=/opt/rustwide/target/debug/build/rayon/bdd2d2909649dbe1/out -L dependency=/opt/rustwide/target/debug/build/regalloc2/f9b16c158f344ffa/out -L dependency=/opt/rustwide/target/debug/build/region/38b767b060a35555/out -L dependency=/opt/rustwide/target/debug/build/reqwest/9c4062ffa1977287/out -L dependency=/opt/rustwide/target/debug/build/ristretto_classfile/77cde7f32267ebfc/out -L dependency=/opt/rustwide/target/debug/build/ristretto_classloader/6b9b981553f6e0de/out -L dependency=/opt/rustwide/target/debug/build/ristretto_gc/d96bc78f548e1720/out -L dependency=/opt/rustwide/target/debug/build/ristretto_jimage/1b2bd5f646e4fe15/out -L dependency=/opt/rustwide/target/debug/build/ristretto_jit/bd8ba5dbea003ea4/out -L dependency=/opt/rustwide/target/debug/build/rustc-hash/facd2a4f4ef47d35/out -L dependency=/opt/rustwide/target/debug/build/rustix/1221baed404de2e3/out -L dependency=/opt/rustwide/target/debug/build/rustversion/adcfbaebc5a7ac4c/out -L dependency=/opt/rustwide/target/debug/build/ryu/1f4f40e4352371e5/out -L dependency=/opt/rustwide/target/debug/build/same-file/ff49545450c0b63c/out -L dependency=/opt/rustwide/target/debug/build/scopeguard/7ec2214574194454/out -L dependency=/opt/rustwide/target/debug/build/serde/8bc0f10f4146e09a/out -L dependency=/opt/rustwide/target/debug/build/serde_core/ff96c4ffe6afdb18/out -L dependency=/opt/rustwide/target/debug/build/serde_derive/203eceb9e5c2d075/out -L dependency=/opt/rustwide/target/debug/build/serde_json/7a51d6f1ff28ecb0/out -L dependency=/opt/rustwide/target/debug/build/serde_urlencoded/0190c3440c14b1d0/out -L dependency=/opt/rustwide/target/debug/build/signal-hook-registry/c1d240b9f008104d/out -L dependency=/opt/rustwide/target/debug/build/simd-adler32/8a9b3dd58fcce0fb/out -L dependency=/opt/rustwide/target/debug/build/slab/0582d648e59ab406/out -L dependency=/opt/rustwide/target/debug/build/smallvec/c71628f8f77dfb3d/out -L dependency=/opt/rustwide/target/debug/build/socket2/8cb3e17ba7a93291/out -L dependency=/opt/rustwide/target/debug/build/stable_deref_trait/63cbf3f3d3f94e56/out -L dependency=/opt/rustwide/target/debug/build/sync_wrapper/194362e0d6e4de4b/out -L dependency=/opt/rustwide/target/debug/build/sysinfo/b886227603a7a496/out -L dependency=/opt/rustwide/target/debug/build/tar/b3817f474c2b9be7/out -L dependency=/opt/rustwide/target/debug/build/target-lexicon/ba407160cfb806dc/out -L dependency=/opt/rustwide/target/debug/build/tempfile/e78fe71edfdd651a/out -L dependency=/opt/rustwide/target/debug/build/thiserror-impl/ae8835dcbdbe0abb/out -L dependency=/opt/rustwide/target/debug/build/thiserror/90fcb7f5d832f135/out -L dependency=/opt/rustwide/target/debug/build/tinystr/1560654fb62b5b24/out -L dependency=/opt/rustwide/target/debug/build/tokio-macros/be8f4c775dfc02b5/out -L dependency=/opt/rustwide/target/debug/build/tokio-util/c676d1d97eb2bb8e/out -L dependency=/opt/rustwide/target/debug/build/tokio/49812cbea830f333/out -L dependency=/opt/rustwide/target/debug/build/tower-http/9f5ceadb20b30daf/out -L dependency=/opt/rustwide/target/debug/build/tower-layer/d908dd771b239ecd/out -L dependency=/opt/rustwide/target/debug/build/tower-service/3fb88d28c2218805/out -L dependency=/opt/rustwide/target/debug/build/tower/27b92545fb24c96c/out -L dependency=/opt/rustwide/target/debug/build/tracing-attributes/efade0bc6c89c396/out -L dependency=/opt/rustwide/target/debug/build/tracing-core/89b602bc4a7d7f8a/out -L dependency=/opt/rustwide/target/debug/build/tracing/f833a9f24b03826b/out -L dependency=/opt/rustwide/target/debug/build/try-lock/8fa2f6971035be84/out -L dependency=/opt/rustwide/target/debug/build/typed-path/d4bef469917403d3/out -L dependency=/opt/rustwide/target/debug/build/unicode-width/c0be3735b741df1b/out -L dependency=/opt/rustwide/target/debug/build/url/f673354627625311/out -L dependency=/opt/rustwide/target/debug/build/utf8_iter/51566bbad89f3a68/out -L dependency=/opt/rustwide/target/debug/build/walkdir/7cc6f300a6f0bf06/out -L dependency=/opt/rustwide/target/debug/build/want/7a6260b9c50f1479/out -L dependency=/opt/rustwide/target/debug/build/wasmtime-internal-core/d0576dad30e1d3a7/out -L dependency=/opt/rustwide/target/debug/build/wasmtime-internal-jit-icache-coherence/a5e92d5a38e61477/out -L dependency=/opt/rustwide/target/debug/build/writeable/36514dcf36d12676/out -L dependency=/opt/rustwide/target/debug/build/xattr/5744398dfb6cf958/out -L dependency=/opt/rustwide/target/debug/build/yoke-derive/edb82ca489ed5300/out -L dependency=/opt/rustwide/target/debug/build/yoke/169910e00492d03d/out -L dependency=/opt/rustwide/target/debug/build/zerocopy/a9cdbd75168f44bb/out -L dependency=/opt/rustwide/target/debug/build/zerofrom-derive/8dad90ccd9a91236/out -L dependency=/opt/rustwide/target/debug/build/zerofrom/81d0a80b2de201e1/out -L dependency=/opt/rustwide/target/debug/build/zerotrie/4328fe0ddf3ae532/out -L dependency=/opt/rustwide/target/debug/build/zerovec-derive/af950bedb77fbb68/out -L dependency=/opt/rustwide/target/debug/build/zerovec/dddf03e85154c243/out -L dependency=/opt/rustwide/target/debug/build/zip/915d8ffcee5e81a1/out -L dependency=/opt/rustwide/target/debug/build/zlib-rs/483c9f331efb9df6/out -L dependency=/opt/rustwide/target/debug/build/zmij/2ca2f302097868c6/out -L dependency=/opt/rustwide/target/debug/build/zopfli/a3a1a2dcab6d456f/out --extern ahash=/opt/rustwide/target/debug/build/ahash/3320419409d91472/out/libahash-3320419409d91472.rmeta --extern async_recursion=/opt/rustwide/target/debug/build/async-recursion/10d05aaef0de758a/out/libasync_recursion-10d05aaef0de758a.so --extern bitflags=/opt/rustwide/target/debug/build/bitflags/d493ea957e921aab/out/libbitflags-d493ea957e921aab.rmeta --extern byteorder=/opt/rustwide/target/debug/build/byteorder/8f59b6d1bfdaa844/out/libbyteorder-8f59b6d1bfdaa844.rmeta --extern console=/opt/rustwide/target/debug/build/console/5ce7697468b9daa4/out/libconsole-5ce7697468b9daa4.rmeta --extern cpal=/opt/rustwide/target/debug/build/cpal/61bcc567e61ef9f1/out/libcpal-61bcc567e61ef9f1.rmeta --extern dirs=/opt/rustwide/target/debug/build/dirs/336cf395b4cf6e91/out/libdirs-336cf395b4cf6e91.rmeta --extern filetime=/opt/rustwide/target/debug/build/filetime/56f0baff61a32241/out/libfiletime-56f0baff61a32241.rmeta --extern flate2=/opt/rustwide/target/debug/build/flate2/d3002724e4e4f58f/out/libflate2-d3002724e4e4f58f.rmeta --extern getrandom=/opt/rustwide/target/debug/build/getrandom/b5d9c8cbd4c17cae/out/libgetrandom-b5d9c8cbd4c17cae.rmeta --extern jiff=/opt/rustwide/target/debug/build/jiff/ae0df1768a379761/out/libjiff-ae0df1768a379761.rmeta --extern libc=/opt/rustwide/target/debug/build/libc/92690407dbecf0f4/out/liblibc-92690407dbecf0f4.rmeta --extern libjpeg_turbo_rs=/opt/rustwide/target/debug/build/libjpeg-turbo-rs/b0b6744d4fafbbdd/out/liblibjpeg_turbo_rs-b0b6744d4fafbbdd.rmeta --extern libloading=/opt/rustwide/target/debug/build/libloading/07ed75a70003d931/out/liblibloading-07ed75a70003d931.rmeta --extern midir=/opt/rustwide/target/debug/build/midir/9aa5ec6f5249e82f/out/libmidir-9aa5ec6f5249e82f.rmeta --extern os_info=/opt/rustwide/target/debug/build/os_info/59655610036e8252/out/libos_info-59655610036e8252.rmeta --extern parking_lot=/opt/rustwide/target/debug/build/parking_lot/9544fa25bdf7192c/out/libparking_lot-9544fa25bdf7192c.rmeta --extern portable_atomic=/opt/rustwide/target/debug/build/portable-atomic/4b1b9bdb15d73f68/out/libportable_atomic-4b1b9bdb15d73f68.rmeta --extern ristretto_classfile=/opt/rustwide/target/debug/build/ristretto_classfile/77cde7f32267ebfc/out/libristretto_classfile-77cde7f32267ebfc.rmeta --extern ristretto_classloader=/opt/rustwide/target/debug/build/ristretto_classloader/6b9b981553f6e0de/out/libristretto_classloader-6b9b981553f6e0de.rmeta --extern ristretto_gc=/opt/rustwide/target/debug/build/ristretto_gc/d96bc78f548e1720/out/libristretto_gc-d96bc78f548e1720.rmeta --extern ristretto_macros=/opt/rustwide/target/debug/build/ristretto_macros/4faa87b2f1bf6b98/out/libristretto_macros-4faa87b2f1bf6b98.so --extern ristretto_types=/opt/rustwide/target/debug/build/ristretto_types/3b3383f582594547/out/libristretto_types-3b3383f582594547.rmeta --extern socket2=/opt/rustwide/target/debug/build/socket2/8cb3e17ba7a93291/out/libsocket2-8cb3e17ba7a93291.rmeta --extern sys_locale=/opt/rustwide/target/debug/build/sys-locale/b132f3c703b24555/out/libsys_locale-b132f3c703b24555.rmeta --extern sysinfo=/opt/rustwide/target/debug/build/sysinfo/b886227603a7a496/out/libsysinfo-b886227603a7a496.rmeta --extern tempfile=/opt/rustwide/target/debug/build/tempfile/e78fe71edfdd651a/out/libtempfile-e78fe71edfdd651a.rmeta --extern thread_priority=/opt/rustwide/target/debug/build/thread-priority/e1da514443ee9e76/out/libthread_priority-e1da514443ee9e76.rmeta --extern tokio=/opt/rustwide/target/debug/build/tokio/49812cbea830f333/out/libtokio-49812cbea830f333.rmeta --extern tracing=/opt/rustwide/target/debug/build/tracing/f833a9f24b03826b/out/libtracing-f833a9f24b03826b.rmeta --extern whoami=/opt/rustwide/target/debug/build/whoami/31f497b1dc6c489d/out/libwhoami-31f497b1dc6c489d.rmeta --extern zerocopy=/opt/rustwide/target/debug/build/zerocopy/a9cdbd75168f44bb/out/libzerocopy-a9cdbd75168f44bb.rmeta --extern zip=/opt/rustwide/target/debug/build/zip/915d8ffcee5e81a1/out/libzip-915d8ffcee5e81a1.rmeta --cap-lints=warn --force-warn=unused_crate_dependencies -L native=/usr/lib/x86_64-linux-gnu` (signal: 9, SIGKILL: kill)
[INFO] [stderr] warning: build failed, waiting for other jobs to finish...
[INFO] [stderr] error: could not compile `ristretto_intrinsics` (lib test) due to 11 previous errors; 12 warnings emitted
[INFO] [stderr] 
[INFO] [stderr] Caused by:
[INFO] [stderr]   process didn't exit successfully: `/opt/rustwide/rustup-home/toolchains/1.100.0-beta.1-x86_64-unknown-linux-gnu/bin/rustc --crate-name ristretto_intrinsics --edition=2024 src/lib.rs --error-format=json --json=diagnostic-rendered-ansi,artifacts,future-incompat,unused-externs-silent --emit=dep-info,link -C embed-bitcode=no -C debuginfo=2 '--deny=clippy::pedantic' --deny=warnings '--deny=clippy::unwrap_used' '--deny=clippy::unwrap_in_result' --deny=unused_qualifications --deny=unsafe_code '--deny=clippy::unreachable' '--deny=clippy::unimplemented' --deny=unexpected_cfgs '--deny=clippy::todo' '--allow=clippy::result_large_err' '--deny=clippy::panic_in_result_fn' '--deny=clippy::panic' '--deny=clippy::mod_module_files' --deny=missing_debug_implementations '--allow=clippy::large_stack_arrays' '--deny=clippy::indexing_slicing' '--deny=clippy::fallible_impl_from' '--deny=clippy::expect_used' '--deny=clippy::excessive_nesting' --allow=dead_code '--deny=clippy::allow_attributes' --check-cfg 'cfg(coverage)' --test --cfg 'feature="audio"' --cfg 'feature="default"' --check-cfg 'cfg(docsrs,test)' --check-cfg 'cfg(feature, values("audio", "default"))' -C metadata=c6d6ed9a0c360070 -C extra-filename=-9620ee71331eeaf4 --out-dir /opt/rustwide/target/debug/build/ristretto_intrinsics/9620ee71331eeaf4/out -L dependency=/opt/rustwide/target/debug/build/adler2/1712579794513681/out -L dependency=/opt/rustwide/target/debug/build/ahash/3320419409d91472/out -L dependency=/opt/rustwide/target/debug/build/allocator-api2/8d9c1e895dea53bd/out -L dependency=/opt/rustwide/target/debug/build/alsa-sys/6bafec05e6ab2deb/out -L dependency=/opt/rustwide/target/debug/build/alsa/f9d9fbf34d6f223e/out -L dependency=/opt/rustwide/target/debug/build/anyhow/97784350362d4493/out -L dependency=/opt/rustwide/target/debug/build/arbitrary/6f95a705aefce5ae/out -L dependency=/opt/rustwide/target/debug/build/atomic-waker/06950c8c08d2b8fa/out -L dependency=/opt/rustwide/target/debug/build/base64/cd0e3010b971e43f/out -L dependency=/opt/rustwide/target/debug/build/bitflags/d493ea957e921aab/out -L dependency=/opt/rustwide/target/debug/build/bitflags/dde12b0d7d495b50/out -L dependency=/opt/rustwide/target/debug/build/bumpalo/e57a366639091839/out -L dependency=/opt/rustwide/target/debug/build/bytemuck/8b1b0c14df889c4b/out -L dependency=/opt/rustwide/target/debug/build/byteorder/8f59b6d1bfdaa844/out -L dependency=/opt/rustwide/target/debug/build/bytes/5f66263ae3d5daa8/out -L dependency=/opt/rustwide/target/debug/build/cfg-if/5addb699396bfe5f/out -L dependency=/opt/rustwide/target/debug/build/cranelift-assembler-x64/ea4a2c81cd7f2275/out -L dependency=/opt/rustwide/target/debug/build/cranelift-bforest/99e844299430a4f2/out -L dependency=/opt/rustwide/target/debug/build/cranelift-bitset/b32752c22f087b5c/out -L dependency=/opt/rustwide/target/debug/build/cranelift-codegen-shared/c0cfc70ddd9198f8/out -L dependency=/opt/rustwide/target/debug/build/cranelift-codegen/3d6d75bf080e57b9/out -L dependency=/opt/rustwide/target/debug/build/cranelift-control/14f7bbd543bdabae/out -L dependency=/opt/rustwide/target/debug/build/cranelift-entity/15436b72b0445fd5/out -L dependency=/opt/rustwide/target/debug/build/cranelift-frontend/093c94b96636df50/out -L dependency=/opt/rustwide/target/debug/build/cranelift-jit/4666df8d11b037a6/out -L dependency=/opt/rustwide/target/debug/build/cranelift-module/2953ffe94c6e603f/out -L dependency=/opt/rustwide/target/debug/build/cranelift-native/16b8b16d7480853f/out -L dependency=/opt/rustwide/target/debug/build/cranelift/fd571a5ca8034fea/out -L dependency=/opt/rustwide/target/debug/build/crc32fast/ab0cdfccf84a6541/out -L dependency=/opt/rustwide/target/debug/build/crossbeam-deque/5efa23ddfe237181/out -L dependency=/opt/rustwide/target/debug/build/crossbeam-epoch/e96f732a673912e5/out -L dependency=/opt/rustwide/target/debug/build/crossbeam-utils/7ff32d1cfd9997e2/out -L dependency=/opt/rustwide/target/debug/build/dashmap/92c336b9bd9145b9/out -L dependency=/opt/rustwide/target/debug/build/dasp_sample/36a8a9956058a9f1/out -L dependency=/opt/rustwide/target/debug/build/dirs-sys/cf06dec6839e3d18/out -L dependency=/opt/rustwide/target/debug/build/dirs/336cf395b4cf6e91/out -L dependency=/opt/rustwide/target/debug/build/displaydoc/af800da7ace02c2a/out -L dependency=/opt/rustwide/target/debug/build/either/a0accc955833bfc1/out -L dependency=/opt/rustwide/target/debug/build/equivalent/6a754676e6af62ae/out -L dependency=/opt/rustwide/target/debug/build/errno/1bb36c334088ea53/out -L dependency=/opt/rustwide/target/debug/build/fastrand/bab015aa83fcde07/out -L dependency=/opt/rustwide/target/debug/build/filetime/56f0baff61a32241/out -L dependency=/opt/rustwide/target/debug/build/flate2/d3002724e4e4f58f/out -L dependency=/opt/rustwide/target/debug/build/fnv/79e2cbfbe03dcd16/out -L dependency=/opt/rustwide/target/debug/build/foldhash/3b780c428974a407/out -L dependency=/opt/rustwide/target/debug/build/form_urlencoded/58b0f0edb59b40d2/out -L dependency=/opt/rustwide/target/debug/build/futures-channel/29baee7657f1d478/out -L dependency=/opt/rustwide/target/debug/build/futures-core/97d9bb84a61d4536/out -L dependency=/opt/rustwide/target/debug/build/futures-sink/690a515e9c61c93a/out -L dependency=/opt/rustwide/target/debug/build/futures-task/ca17c9c0ce3f9860/out -L dependency=/opt/rustwide/target/debug/build/futures-util/9065e34624035039/out -L dependency=/opt/rustwide/target/debug/build/getrandom/b5d9c8cbd4c17cae/out -L dependency=/opt/rustwide/target/debug/build/getrandom/e78d6fa2b418aeb1/out -L dependency=/opt/rustwide/target/debug/build/gimli/13b255f2ec1a186b/out -L dependency=/opt/rustwide/target/debug/build/h2/146acefe55eed008/out -L dependency=/opt/rustwide/target/debug/build/hashbrown/25abce2d85979e8d/out -L dependency=/opt/rustwide/target/debug/build/hashbrown/7535884dad52ee2f/out -L dependency=/opt/rustwide/target/debug/build/hashbrown/8b077e4232f7df3f/out -L dependency=/opt/rustwide/target/debug/build/http-body-util/27952fde1894fa19/out -L dependency=/opt/rustwide/target/debug/build/http-body/b57535e6079c1f42/out -L dependency=/opt/rustwide/target/debug/build/http/0cd9be9a4e5a2536/out -L dependency=/opt/rustwide/target/debug/build/httparse/8c9b827b8f345444/out -L dependency=/opt/rustwide/target/debug/build/hyper-util/fca173469864810e/out -L dependency=/opt/rustwide/target/debug/build/hyper/40116356f270ef21/out -L dependency=/opt/rustwide/target/debug/build/icu_collections/cd492a73094103e9/out -L dependency=/opt/rustwide/target/debug/build/icu_locale_core/4477e0a2791ab656/out -L dependency=/opt/rustwide/target/debug/build/icu_normalizer/9680cc026c8fb39f/out -L dependency=/opt/rustwide/target/debug/build/icu_normalizer_data/8b25f9eb7a72d68e/out -L dependency=/opt/rustwide/target/debug/build/icu_properties/5970d2a92d1bd5e7/out -L dependency=/opt/rustwide/target/debug/build/icu_properties_data/3f856f5bc2063921/out -L dependency=/opt/rustwide/target/debug/build/icu_provider/f83b16509fbec185/out -L dependency=/opt/rustwide/target/debug/build/idna/8fecdb6308e76468/out -L dependency=/opt/rustwide/target/debug/build/idna_adapter/484b331a564fbbda/out -L dependency=/opt/rustwide/target/debug/build/indexmap/adb9ccb7a1a9285a/out -L dependency=/opt/rustwide/target/debug/build/ipnet/9dfae905f44e7daa/out -L dependency=/opt/rustwide/target/debug/build/itoa/5de11b3b23bfe572/out -L dependency=/opt/rustwide/target/debug/build/jiff-core/2811e4539804d601/out -L dependency=/opt/rustwide/target/debug/build/libc/92690407dbecf0f4/out -L dependency=/opt/rustwide/target/debug/build/libm/24398d5f7d3c709c/out -L dependency=/opt/rustwide/target/debug/build/linux-raw-sys/0b6cde911e9a3109/out -L dependency=/opt/rustwide/target/debug/build/litemap/abaddab7afb37065/out -L dependency=/opt/rustwide/target/debug/build/lock_api/16d46fed645f7bff/out -L dependency=/opt/rustwide/target/debug/build/log/22b5be7f6ba2d64a/out -L dependency=/opt/rustwide/target/debug/build/memchr/a932478bde794617/out -L dependency=/opt/rustwide/target/debug/build/memmap2/697620fef1f52302/out -L dependency=/opt/rustwide/target/debug/build/miniz_oxide/6ae98b473413360e/out -L dependency=/opt/rustwide/target/debug/build/mio/1a9a71272e3dc7b4/out -L dependency=/opt/rustwide/target/debug/build/nix/8b6b48045c11fbbc/out -L dependency=/opt/rustwide/target/debug/build/once_cell/b5bdc597ed9676b3/out -L dependency=/opt/rustwide/target/debug/build/option-ext/61303ef911796993/out -L dependency=/opt/rustwide/target/debug/build/parking_lot/9544fa25bdf7192c/out -L dependency=/opt/rustwide/target/debug/build/parking_lot_core/797d1c3c96776f9c/out -L dependency=/opt/rustwide/target/debug/build/percent-encoding/fa055ecaa1e57cfa/out -L dependency=/opt/rustwide/target/debug/build/pin-project-lite/0a15d51c77964692/out -L dependency=/opt/rustwide/target/debug/build/portable-atomic/4b1b9bdb15d73f68/out -L dependency=/opt/rustwide/target/debug/build/potential_utf/032fb2172cda45f4/out -L dependency=/opt/rustwide/target/debug/build/proc-macro2/0c225d9f1af2dcfd/out -L dependency=/opt/rustwide/target/debug/build/quote/b6cd27b015a25ecc/out -L dependency=/opt/rustwide/target/debug/build/rayon-core/7a0f25d355d0e40b/out -L dependency=/opt/rustwide/target/debug/build/rayon/bdd2d2909649dbe1/out -L dependency=/opt/rustwide/target/debug/build/regalloc2/f9b16c158f344ffa/out -L dependency=/opt/rustwide/target/debug/build/region/38b767b060a35555/out -L dependency=/opt/rustwide/target/debug/build/reqwest/9c4062ffa1977287/out -L dependency=/opt/rustwide/target/debug/build/ristretto_classfile/77cde7f32267ebfc/out -L dependency=/opt/rustwide/target/debug/build/ristretto_classloader/6b9b981553f6e0de/out -L dependency=/opt/rustwide/target/debug/build/ristretto_gc/d96bc78f548e1720/out -L dependency=/opt/rustwide/target/debug/build/ristretto_jimage/1b2bd5f646e4fe15/out -L dependency=/opt/rustwide/target/debug/build/ristretto_jit/bd8ba5dbea003ea4/out -L dependency=/opt/rustwide/target/debug/build/rustc-hash/facd2a4f4ef47d35/out -L dependency=/opt/rustwide/target/debug/build/rustix/1221baed404de2e3/out -L dependency=/opt/rustwide/target/debug/build/rustversion/adcfbaebc5a7ac4c/out -L dependency=/opt/rustwide/target/debug/build/ryu/1f4f40e4352371e5/out -L dependency=/opt/rustwide/target/debug/build/same-file/ff49545450c0b63c/out -L dependency=/opt/rustwide/target/debug/build/scopeguard/7ec2214574194454/out -L dependency=/opt/rustwide/target/debug/build/serde/8bc0f10f4146e09a/out -L dependency=/opt/rustwide/target/debug/build/serde_core/ff96c4ffe6afdb18/out -L dependency=/opt/rustwide/target/debug/build/serde_derive/203eceb9e5c2d075/out -L dependency=/opt/rustwide/target/debug/build/serde_json/7a51d6f1ff28ecb0/out -L dependency=/opt/rustwide/target/debug/build/serde_urlencoded/0190c3440c14b1d0/out -L dependency=/opt/rustwide/target/debug/build/signal-hook-registry/c1d240b9f008104d/out -L dependency=/opt/rustwide/target/debug/build/simd-adler32/8a9b3dd58fcce0fb/out -L dependency=/opt/rustwide/target/debug/build/slab/0582d648e59ab406/out -L dependency=/opt/rustwide/target/debug/build/smallvec/c71628f8f77dfb3d/out -L dependency=/opt/rustwide/target/debug/build/socket2/8cb3e17ba7a93291/out -L dependency=/opt/rustwide/target/debug/build/stable_deref_trait/63cbf3f3d3f94e56/out -L dependency=/opt/rustwide/target/debug/build/sync_wrapper/194362e0d6e4de4b/out -L dependency=/opt/rustwide/target/debug/build/sysinfo/b886227603a7a496/out -L dependency=/opt/rustwide/target/debug/build/tar/b3817f474c2b9be7/out -L dependency=/opt/rustwide/target/debug/build/target-lexicon/ba407160cfb806dc/out -L dependency=/opt/rustwide/target/debug/build/tempfile/e78fe71edfdd651a/out -L dependency=/opt/rustwide/target/debug/build/thiserror-impl/ae8835dcbdbe0abb/out -L dependency=/opt/rustwide/target/debug/build/thiserror/90fcb7f5d832f135/out -L dependency=/opt/rustwide/target/debug/build/tinystr/1560654fb62b5b24/out -L dependency=/opt/rustwide/target/debug/build/tokio-macros/be8f4c775dfc02b5/out -L dependency=/opt/rustwide/target/debug/build/tokio-util/c676d1d97eb2bb8e/out -L dependency=/opt/rustwide/target/debug/build/tokio/49812cbea830f333/out -L dependency=/opt/rustwide/target/debug/build/tower-http/9f5ceadb20b30daf/out -L dependency=/opt/rustwide/target/debug/build/tower-layer/d908dd771b239ecd/out -L dependency=/opt/rustwide/target/debug/build/tower-service/3fb88d28c2218805/out -L dependency=/opt/rustwide/target/debug/build/tower/27b92545fb24c96c/out -L dependency=/opt/rustwide/target/debug/build/tracing-attributes/efade0bc6c89c396/out -L dependency=/opt/rustwide/target/debug/build/tracing-core/89b602bc4a7d7f8a/out -L dependency=/opt/rustwide/target/debug/build/tracing/f833a9f24b03826b/out -L dependency=/opt/rustwide/target/debug/build/try-lock/8fa2f6971035be84/out -L dependency=/opt/rustwide/target/debug/build/typed-path/d4bef469917403d3/out -L dependency=/opt/rustwide/target/debug/build/unicode-ident/a39dac5fe6df0141/out -L dependency=/opt/rustwide/target/debug/build/unicode-width/c0be3735b741df1b/out -L dependency=/opt/rustwide/target/debug/build/url/f673354627625311/out -L dependency=/opt/rustwide/target/debug/build/utf8_iter/51566bbad89f3a68/out -L dependency=/opt/rustwide/target/debug/build/walkdir/7cc6f300a6f0bf06/out -L dependency=/opt/rustwide/target/debug/build/want/7a6260b9c50f1479/out -L dependency=/opt/rustwide/target/debug/build/wasmtime-internal-core/d0576dad30e1d3a7/out -L dependency=/opt/rustwide/target/debug/build/wasmtime-internal-jit-icache-coherence/a5e92d5a38e61477/out -L dependency=/opt/rustwide/target/debug/build/writeable/36514dcf36d12676/out -L dependency=/opt/rustwide/target/debug/build/xattr/5744398dfb6cf958/out -L dependency=/opt/rustwide/target/debug/build/yoke-derive/edb82ca489ed5300/out -L dependency=/opt/rustwide/target/debug/build/yoke/169910e00492d03d/out -L dependency=/opt/rustwide/target/debug/build/zerocopy/a9cdbd75168f44bb/out -L dependency=/opt/rustwide/target/debug/build/zerofrom-derive/8dad90ccd9a91236/out -L dependency=/opt/rustwide/target/debug/build/zerofrom/81d0a80b2de201e1/out -L dependency=/opt/rustwide/target/debug/build/zerotrie/4328fe0ddf3ae532/out -L dependency=/opt/rustwide/target/debug/build/zerovec-derive/af950bedb77fbb68/out -L dependency=/opt/rustwide/target/debug/build/zerovec/dddf03e85154c243/out -L dependency=/opt/rustwide/target/debug/build/zip/915d8ffcee5e81a1/out -L dependency=/opt/rustwide/target/debug/build/zlib-rs/483c9f331efb9df6/out -L dependency=/opt/rustwide/target/debug/build/zmij/2ca2f302097868c6/out -L dependency=/opt/rustwide/target/debug/build/zopfli/a3a1a2dcab6d456f/out --extern ahash=/opt/rustwide/target/debug/build/ahash/3320419409d91472/out/libahash-3320419409d91472.rlib --extern async_recursion=/opt/rustwide/target/debug/build/async-recursion/10d05aaef0de758a/out/libasync_recursion-10d05aaef0de758a.so --extern bitflags=/opt/rustwide/target/debug/build/bitflags/d493ea957e921aab/out/libbitflags-d493ea957e921aab.rlib --extern byteorder=/opt/rustwide/target/debug/build/byteorder/8f59b6d1bfdaa844/out/libbyteorder-8f59b6d1bfdaa844.rlib --extern console=/opt/rustwide/target/debug/build/console/5ce7697468b9daa4/out/libconsole-5ce7697468b9daa4.rlib --extern cpal=/opt/rustwide/target/debug/build/cpal/61bcc567e61ef9f1/out/libcpal-61bcc567e61ef9f1.rlib --extern dirs=/opt/rustwide/target/debug/build/dirs/336cf395b4cf6e91/out/libdirs-336cf395b4cf6e91.rlib --extern filetime=/opt/rustwide/target/debug/build/filetime/56f0baff61a32241/out/libfiletime-56f0baff61a32241.rlib --extern flate2=/opt/rustwide/target/debug/build/flate2/d3002724e4e4f58f/out/libflate2-d3002724e4e4f58f.rlib --extern getrandom=/opt/rustwide/target/debug/build/getrandom/b5d9c8cbd4c17cae/out/libgetrandom-b5d9c8cbd4c17cae.rlib --extern jiff=/opt/rustwide/target/debug/build/jiff/ae0df1768a379761/out/libjiff-ae0df1768a379761.rlib --extern libc=/opt/rustwide/target/debug/build/libc/92690407dbecf0f4/out/liblibc-92690407dbecf0f4.rlib --extern libjpeg_turbo_rs=/opt/rustwide/target/debug/build/libjpeg-turbo-rs/b0b6744d4fafbbdd/out/liblibjpeg_turbo_rs-b0b6744d4fafbbdd.rlib --extern libloading=/opt/rustwide/target/debug/build/libloading/07ed75a70003d931/out/liblibloading-07ed75a70003d931.rlib --extern midir=/opt/rustwide/target/debug/build/midir/9aa5ec6f5249e82f/out/libmidir-9aa5ec6f5249e82f.rlib --extern os_info=/opt/rustwide/target/debug/build/os_info/59655610036e8252/out/libos_info-59655610036e8252.rlib --extern parking_lot=/opt/rustwide/target/debug/build/parking_lot/9544fa25bdf7192c/out/libparking_lot-9544fa25bdf7192c.rlib --extern portable_atomic=/opt/rustwide/target/debug/build/portable-atomic/4b1b9bdb15d73f68/out/libportable_atomic-4b1b9bdb15d73f68.rlib --extern proc_macro2=/opt/rustwide/target/debug/build/proc-macro2/0c225d9f1af2dcfd/out/libproc_macro2-0c225d9f1af2dcfd.rlib --extern quote=/opt/rustwide/target/debug/build/quote/b6cd27b015a25ecc/out/libquote-b6cd27b015a25ecc.rlib --extern ristretto_classfile=/opt/rustwide/target/debug/build/ristretto_classfile/77cde7f32267ebfc/out/libristretto_classfile-77cde7f32267ebfc.rlib --extern ristretto_classloader=/opt/rustwide/target/debug/build/ristretto_classloader/6b9b981553f6e0de/out/libristretto_classloader-6b9b981553f6e0de.rlib --extern ristretto_gc=/opt/rustwide/target/debug/build/ristretto_gc/d96bc78f548e1720/out/libristretto_gc-d96bc78f548e1720.rlib --extern ristretto_macros=/opt/rustwide/target/debug/build/ristretto_macros/4faa87b2f1bf6b98/out/libristretto_macros-4faa87b2f1bf6b98.so --extern ristretto_test_util=/opt/rustwide/target/debug/build/ristretto_test_util/71a3e211185a849d/out/libristretto_test_util-71a3e211185a849d.rlib --extern ristretto_types=/opt/rustwide/target/debug/build/ristretto_types/3b3383f582594547/out/libristretto_types-3b3383f582594547.rlib --extern socket2=/opt/rustwide/target/debug/build/socket2/8cb3e17ba7a93291/out/libsocket2-8cb3e17ba7a93291.rlib --extern syn=/opt/rustwide/target/debug/build/syn/52ba406a8b440982/out/libsyn-52ba406a8b440982.rlib --extern sys_locale=/opt/rustwide/target/debug/build/sys-locale/b132f3c703b24555/out/libsys_locale-b132f3c703b24555.rlib --extern sysinfo=/opt/rustwide/target/debug/build/sysinfo/b886227603a7a496/out/libsysinfo-b886227603a7a496.rlib --extern tempfile=/opt/rustwide/target/debug/build/tempfile/e78fe71edfdd651a/out/libtempfile-e78fe71edfdd651a.rlib --extern thread_priority=/opt/rustwide/target/debug/build/thread-priority/e1da514443ee9e76/out/libthread_priority-e1da514443ee9e76.rlib --extern tokio=/opt/rustwide/target/debug/build/tokio/49812cbea830f333/out/libtokio-49812cbea830f333.rlib --extern tracing=/opt/rustwide/target/debug/build/tracing/f833a9f24b03826b/out/libtracing-f833a9f24b03826b.rlib --extern whoami=/opt/rustwide/target/debug/build/whoami/31f497b1dc6c489d/out/libwhoami-31f497b1dc6c489d.rlib --extern zerocopy=/opt/rustwide/target/debug/build/zerocopy/a9cdbd75168f44bb/out/libzerocopy-a9cdbd75168f44bb.rlib --extern zip=/opt/rustwide/target/debug/build/zip/915d8ffcee5e81a1/out/libzip-915d8ffcee5e81a1.rlib --cap-lints=warn --force-warn=unused_crate_dependencies -L native=/usr/lib/x86_64-linux-gnu` (signal: 9, SIGKILL: kill)
[INFO] running `Command { std: "docker" "inspect" "ca17c2a23727e5bf1348ac29e16fe3df00373b32b7f79ac303316acaa4846a77", kill_on_drop: false }`
[INFO] running `Command { std: "docker" "rm" "-f" "ca17c2a23727e5bf1348ac29e16fe3df00373b32b7f79ac303316acaa4846a77", kill_on_drop: false }`
[INFO] [stdout] ca17c2a23727e5bf1348ac29e16fe3df00373b32b7f79ac303316acaa4846a77
