[INFO] fetching crate risc0-crypto 0.1.0-rc.1...
[INFO] testing risc0-crypto-0.1.0-rc.1 against 1.100.0-beta.1 for beta-1.100-2
[INFO] extracting crate risc0-crypto 0.1.0-rc.1 into /workspace/builds/worker-3-tc2/source
[INFO] started tweaking crates.io crate risc0-crypto 0.1.0-rc.1
[INFO] finished tweaking crates.io crate risc0-crypto 0.1.0-rc.1
[INFO] tweaked toml for crates.io crate risc0-crypto 0.1.0-rc.1 written to /workspace/builds/worker-3-tc2/source/Cargo.toml
[INFO] validating manifest of crates.io crate risc0-crypto 0.1.0-rc.1 on toolchain 1.100.0-beta.1
[INFO] running `Command { std: CARGO_HOME="/workspace/cargo-home" RUSTUP_HOME="/workspace/rustup-home" "/workspace/cargo-home/bin/cargo" "+1.100.0-beta.1" "metadata" "--manifest-path" "Cargo.toml" "--no-deps", kill_on_drop: false }`
[INFO] crate crates.io crate risc0-crypto 0.1.0-rc.1 already has a lockfile, it will not be regenerated
[INFO] running `Command { std: CARGO_HOME="/workspace/cargo-home" RUSTUP_HOME="/workspace/rustup-home" "/workspace/cargo-home/bin/cargo" "+1.100.0-beta.1" "fetch" "--manifest-path" "Cargo.toml", kill_on_drop: false }`
[INFO] [stderr] warning: Cargo.toml: `lints.clippy.dbg-macro` is deprecated in favor of `lints.clippy.dbg_macro` and will not work in a future edition
[INFO] [stderr] warning: Cargo.toml: `lints.clippy.manual-string-new` is deprecated in favor of `lints.clippy.manual_string_new` and will not work in a future edition
[INFO] [stderr] warning: Cargo.toml: `lints.clippy.missing-const-for-fn` is deprecated in favor of `lints.clippy.missing_const_for_fn` and will not work in a future edition
[INFO] [stderr] warning: Cargo.toml: `lints.clippy.redundant-clone` is deprecated in favor of `lints.clippy.redundant_clone` and will not work in a future edition
[INFO] [stderr] warning: Cargo.toml: `lints.clippy.uninlined-format-args` is deprecated in favor of `lints.clippy.uninlined_format_args` and will not work in a future edition
[INFO] [stderr] warning: Cargo.toml: `lints.clippy.use-self` is deprecated in favor of `lints.clippy.use_self` and will not work in a future edition
[INFO] [stderr] warning: Cargo.toml: `lints.rust.rust-2018-idioms` is deprecated in favor of `lints.rust.rust_2018_idioms` and will not work in a future edition
[INFO] [stderr] warning: Cargo.toml: `lints.rust.unreachable-pub` is deprecated in favor of `lints.rust.unreachable_pub` and will not work in a future edition
[INFO] [stderr] warning: Cargo.toml: `lints.rust.unused-must-use` is deprecated in favor of `lints.rust.unused_must_use` and will not work in a future edition
[INFO] [stderr] warning: `risc0-crypto` (manifest) generated 9 warnings
[INFO] running `Command { std: "docker" "create" "-v" "/var/lib/crater-agent-workspace/builds/worker-3-tc2/source:/opt/rustwide/workdir:ro,Z" "-v" "/var/lib/crater-agent-workspace/builds/worker-3-tc2/target:/opt/rustwide/target:rw,Z" "-v" "/var/lib/crater-agent-workspace/cargo-home:/opt/rustwide/cargo-home:ro,Z" "-v" "/var/lib/crater-agent-workspace/rustup-home:/opt/rustwide/rustup-home:ro,Z" "-m" "1610612736" "--network" "none" "ghcr.io/rust-lang/crates-build-env/linux@sha256:3111399a4047eeb3a02b7a90e478d715f38a8c6669b5c4b49d30a17385265909" "sleep" "infinity", kill_on_drop: false }`
[INFO] [stdout] ba94705e2a36d2840b6496bcef37e9bcbf63a61b1e2f7a347ca12249c9a354b5
[INFO] running `Command { std: "docker" "start" "ba94705e2a36d2840b6496bcef37e9bcbf63a61b1e2f7a347ca12249c9a354b5", kill_on_drop: false }`
[INFO] running `Command { std: "docker" "inspect" "ba94705e2a36d2840b6496bcef37e9bcbf63a61b1e2f7a347ca12249c9a354b5", kill_on_drop: false }`
[INFO] running `Command { std: "docker" "exec" "-e" "SOURCE_DIR=/opt/rustwide/workdir" "-e" "CARGO_HOME=/opt/rustwide/cargo-home" "-e" "RUSTUP_HOME=/opt/rustwide/rustup-home" "-e" "CARGO_TARGET_DIR=/opt/rustwide/target" "-w" "/opt/rustwide/workdir" "--user" "0:0" "ba94705e2a36d2840b6496bcef37e9bcbf63a61b1e2f7a347ca12249c9a354b5" "/opt/rustwide/cargo-home/bin/cargo" "+1.100.0-beta.1" "metadata" "--no-deps" "--format-version=1", kill_on_drop: false }`
[INFO] running `Command { std: "docker" "inspect" "ba94705e2a36d2840b6496bcef37e9bcbf63a61b1e2f7a347ca12249c9a354b5", kill_on_drop: false }`
[INFO] running `Command { std: "docker" "exec" "-e" "SOURCE_DIR=/opt/rustwide/workdir" "-e" "CARGO_HOME=/opt/rustwide/cargo-home" "-e" "RUSTUP_HOME=/opt/rustwide/rustup-home" "-e" "CARGO_TARGET_DIR=/opt/rustwide/target" "-e" "CARGO_INCREMENTAL=0" "-e" "RUST_BACKTRACE=full" "-e" "RUSTFLAGS=--cap-lints=warn" "-e" "RUSTDOCFLAGS=--cap-lints=warn" "-w" "/opt/rustwide/workdir" "--user" "0:0" "ba94705e2a36d2840b6496bcef37e9bcbf63a61b1e2f7a347ca12249c9a354b5" "/opt/rustwide/cargo-home/bin/cargo" "+1.100.0-beta.1" "build" "--frozen" "--message-format=json", kill_on_drop: false }`
[INFO] [stderr] warning: Cargo.toml: `lints.clippy.dbg-macro` is deprecated in favor of `lints.clippy.dbg_macro` and will not work in a future edition
[INFO] [stderr] warning: Cargo.toml: `lints.clippy.manual-string-new` is deprecated in favor of `lints.clippy.manual_string_new` and will not work in a future edition
[INFO] [stderr] warning: Cargo.toml: `lints.clippy.missing-const-for-fn` is deprecated in favor of `lints.clippy.missing_const_for_fn` and will not work in a future edition
[INFO] [stderr] warning: Cargo.toml: `lints.clippy.redundant-clone` is deprecated in favor of `lints.clippy.redundant_clone` and will not work in a future edition
[INFO] [stderr] warning: Cargo.toml: `lints.clippy.uninlined-format-args` is deprecated in favor of `lints.clippy.uninlined_format_args` and will not work in a future edition
[INFO] [stderr] warning: Cargo.toml: `lints.clippy.use-self` is deprecated in favor of `lints.clippy.use_self` and will not work in a future edition
[INFO] [stderr] warning: Cargo.toml: `lints.rust.rust-2018-idioms` is deprecated in favor of `lints.rust.rust_2018_idioms` and will not work in a future edition
[INFO] [stderr] warning: Cargo.toml: `lints.rust.unreachable-pub` is deprecated in favor of `lints.rust.unreachable_pub` and will not work in a future edition
[INFO] [stderr] warning: Cargo.toml: `lints.rust.unused-must-use` is deprecated in favor of `lints.rust.unused_must_use` and will not work in a future edition
[INFO] [stderr] warning: `risc0-crypto` (manifest) generated 9 warnings
[INFO] [stderr]    Compiling serde_core v1.0.228
[INFO] [stderr]    Compiling camino v1.2.2
[INFO] [stderr]    Compiling serde_json v1.0.149
[INFO] [stderr]    Compiling itoa v1.0.18
[INFO] [stderr]    Compiling memchr v2.8.0
[INFO] [stderr]    Compiling include_bytes_aligned v0.1.4
[INFO] [stderr]    Compiling include_bytes_aligned v0.2.0
[INFO] [stderr]    Compiling zmij v1.0.21
[INFO] [stderr]    Compiling thiserror v2.0.18
[INFO] [stderr]    Compiling serde_derive v1.0.228
[INFO] [stderr]    Compiling enum-ordinalize-derive v4.3.2
[INFO] [stderr]    Compiling stability v0.2.1
[INFO] [stderr]    Compiling bytemuck_derive v1.10.2
[INFO] [stderr]    Compiling risc0-bigint2 v1.4.13
[INFO] [stderr]    Compiling enum-ordinalize v4.3.2
[INFO] [stderr]    Compiling educe v0.6.0
[INFO] [stderr]    Compiling bytemuck v1.25.0
[INFO] [stderr]    Compiling cargo-platform v0.3.3
[INFO] [stderr]    Compiling semver v1.0.28
[INFO] [stderr]    Compiling serde v1.0.228
[INFO] [stderr]    Compiling cargo_metadata v0.23.1
[INFO] [stderr]    Compiling risc0-crypto v0.1.0-rc.1 (/opt/rustwide/workdir)
[INFO] [stderr]     Finished `dev` profile [unoptimized + debuginfo] target(s) in 11.11s
[INFO] running `Command { std: "docker" "inspect" "ba94705e2a36d2840b6496bcef37e9bcbf63a61b1e2f7a347ca12249c9a354b5", kill_on_drop: false }`
[INFO] running `Command { std: "docker" "exec" "-e" "SOURCE_DIR=/opt/rustwide/workdir" "-e" "CARGO_HOME=/opt/rustwide/cargo-home" "-e" "RUSTUP_HOME=/opt/rustwide/rustup-home" "-e" "CARGO_TARGET_DIR=/opt/rustwide/target" "-e" "CARGO_INCREMENTAL=0" "-e" "RUST_BACKTRACE=full" "-e" "RUSTFLAGS=--cap-lints=warn" "-e" "RUSTDOCFLAGS=--cap-lints=warn" "-w" "/opt/rustwide/workdir" "--user" "0:0" "ba94705e2a36d2840b6496bcef37e9bcbf63a61b1e2f7a347ca12249c9a354b5" "/opt/rustwide/cargo-home/bin/cargo" "+1.100.0-beta.1" "test" "--frozen" "--no-run" "--message-format=json", kill_on_drop: false }`
[INFO] [stderr] warning: Cargo.toml: `lints.clippy.dbg-macro` is deprecated in favor of `lints.clippy.dbg_macro` and will not work in a future edition
[INFO] [stderr] warning: Cargo.toml: `lints.clippy.manual-string-new` is deprecated in favor of `lints.clippy.manual_string_new` and will not work in a future edition
[INFO] [stderr] warning: Cargo.toml: `lints.clippy.missing-const-for-fn` is deprecated in favor of `lints.clippy.missing_const_for_fn` and will not work in a future edition
[INFO] [stderr] warning: Cargo.toml: `lints.clippy.redundant-clone` is deprecated in favor of `lints.clippy.redundant_clone` and will not work in a future edition
[INFO] [stderr] warning: Cargo.toml: `lints.clippy.uninlined-format-args` is deprecated in favor of `lints.clippy.uninlined_format_args` and will not work in a future edition
[INFO] [stderr] warning: Cargo.toml: `lints.clippy.use-self` is deprecated in favor of `lints.clippy.use_self` and will not work in a future edition
[INFO] [stderr] warning: Cargo.toml: `lints.rust.rust-2018-idioms` is deprecated in favor of `lints.rust.rust_2018_idioms` and will not work in a future edition
[INFO] [stderr] warning: Cargo.toml: `lints.rust.unreachable-pub` is deprecated in favor of `lints.rust.unreachable_pub` and will not work in a future edition
[INFO] [stderr] warning: Cargo.toml: `lints.rust.unused-must-use` is deprecated in favor of `lints.rust.unused_must_use` and will not work in a future edition
[INFO] [stderr] warning: `risc0-crypto` (manifest) generated 9 warnings
[INFO] [stderr]    Compiling typenum v1.20.0
[INFO] [stderr]    Compiling regex-syntax v0.8.10
[INFO] [stderr]    Compiling syn v2.0.117
[INFO] [stderr]    Compiling aho-corasick v1.1.4
[INFO] [stderr]    Compiling glob v0.3.3
[INFO] [stderr]    Compiling data-encoding v2.11.0
[INFO] [stderr]    Compiling serde_json v1.0.149
[INFO] [stderr]    Compiling rustc_version v0.4.1
[INFO] [stderr]    Compiling rstest_macros v0.26.1
[INFO] [stderr]    Compiling generic-array v0.14.7
[INFO] [stderr]    Compiling block-buffer v0.10.4
[INFO] [stderr]    Compiling crypto-common v0.1.7
[INFO] [stderr]    Compiling digest v0.10.7
[INFO] [stderr]    Compiling sha2 v0.10.9
[INFO] [stderr]    Compiling regex-automata v0.4.14
[INFO] [stderr]    Compiling regex v1.12.3
[INFO] [stderr]    Compiling serde_derive v1.0.228
[INFO] [stderr]    Compiling thiserror-impl v2.0.18
[INFO] [stderr]    Compiling enum-ordinalize-derive v4.3.2
[INFO] [stderr]    Compiling bytemuck_derive v1.10.2
[INFO] [stderr]    Compiling stability v0.2.1
[INFO] [stderr]    Compiling risc0-bigint2 v1.4.13
[INFO] [stderr]    Compiling enum-ordinalize v4.3.2
[INFO] [stderr]    Compiling educe v0.6.0
[INFO] [stderr]    Compiling bytemuck v1.25.0
[INFO] [stderr]    Compiling thiserror v2.0.18
[INFO] [stderr]    Compiling serde v1.0.228
[INFO] [stderr]    Compiling rstest v0.26.1
[INFO] [stderr]    Compiling wycheproof v0.6.0
[INFO] [stderr]    Compiling cargo_metadata v0.23.1
[INFO] [stderr]    Compiling risc0-crypto v0.1.0-rc.1 (/opt/rustwide/workdir)
[INFO] [stdout] error: linking with `cc` failed: exit status: 1
[INFO] [stdout]   |
[INFO] [stdout]   = note:  "cc" "-m64" "/opt/rustwide/target/debug/build/risc0-crypto/a38d4a838f3a17be/out/rustcbfioUL/symbols.o" "<10 object files omitted>" "-Wl,--as-needed" "-Wl,-Bstatic" "<sysroot>/lib/rustlib/x86_64-unknown-linux-gnu/lib/{libtest-*,libgetopts-*,librustc_std_workspace_std-*}.rlib" "/opt/rustwide/target/debug/build/sha2/4edf53d1aab5188f/out/libsha2-4edf53d1aab5188f.rlib" "/opt/rustwide/target/debug/build/cpufeatures/e04321643d03190d/out/libcpufeatures-e04321643d03190d.rlib" "/opt/rustwide/target/debug/build/cfg-if/83060ec5685761ae/out/libcfg_if-83060ec5685761ae.rlib" "/opt/rustwide/target/debug/build/digest/17550588f9bb56d3/out/libdigest-17550588f9bb56d3.rlib" "/opt/rustwide/target/debug/build/block-buffer/bba24321e7b40706/out/libblock_buffer-bba24321e7b40706.rlib" "/opt/rustwide/target/debug/build/crypto-common/4d66b0057b20f7b1/out/libcrypto_common-4d66b0057b20f7b1.rlib" "/opt/rustwide/target/debug/build/generic-array/c2fdd0cc081e51ad/out/libgeneric_array-c2fdd0cc081e51ad.rlib" "/opt/rustwide/target/debug/build/typenum/ec75592541d0a339/out/libtypenum-ec75592541d0a339.rlib" "/opt/rustwide/target/debug/build/rstest/40465ddae75003f9/out/librstest-40465ddae75003f9.rlib" "/opt/rustwide/target/debug/build/wycheproof/89bed5cac0a208e5/out/libwycheproof-89bed5cac0a208e5.rlib" "/opt/rustwide/target/debug/build/serde_json/79a263103c990684/out/libserde_json-79a263103c990684.rlib" "/opt/rustwide/target/debug/build/memchr/ba3829a276830806/out/libmemchr-ba3829a276830806.rlib" "/opt/rustwide/target/debug/build/itoa/5de11b3b23bfe572/out/libitoa-5de11b3b23bfe572.rlib" "/opt/rustwide/target/debug/build/zmij/ef63f1da73704b4c/out/libzmij-ef63f1da73704b4c.rlib" "/opt/rustwide/target/debug/build/data-encoding/b17abe9da7ed756a/out/libdata_encoding-b17abe9da7ed756a.rlib" "/opt/rustwide/target/debug/build/serde/bbdcec439b135bc3/out/libserde-bbdcec439b135bc3.rlib" "/opt/rustwide/target/debug/build/serde_core/2c928ee17a7447a4/out/libserde_core-2c928ee17a7447a4.rlib" "/opt/rustwide/target/debug/build/risc0-bigint2/9fc54eff6a6bf53a/out/librisc0_bigint2-9fc54eff6a6bf53a.rlib" "/opt/rustwide/target/debug/build/include_bytes_aligned/30fc90d7c26109c5/out/libinclude_bytes_aligned-30fc90d7c26109c5.rlib" "<sysroot>/lib/rustlib/x86_64-unknown-linux-gnu/lib/{libstd-*,libpanic_unwind-*,libobject-*,libmemchr-*,libaddr2line-*,libgimli-*,libcfg_if-*,librustc_demangle-*,libstd_detect-*,libhashbrown-*,librustc_std_workspace_alloc-*,libminiz_oxide-*,libadler2-*,libunwind-*,liblibc-*,librustc_std_workspace_core-*,liballoc-*}.rlib" "/opt/rustwide/target/debug/build/include_bytes_aligned/c7ac589df5fa86f6/out/libinclude_bytes_aligned-c7ac589df5fa86f6.rlib" "/opt/rustwide/target/debug/build/bytemuck/e31f1fe1856f165e/out/libbytemuck-e31f1fe1856f165e.rlib" "<sysroot>/lib/rustlib/x86_64-unknown-linux-gnu/lib/{libcore-*,libcompiler_builtins-*}.rlib" "-Wl,-Bdynamic" "-lgcc_s" "-lutil" "-lrt" "-lpthread" "-lm" "-ldl" "-lc" "-L" "/opt/rustwide/target/debug/build/risc0-crypto/a38d4a838f3a17be/out/rustcbfioUL/raw-dylibs" "-B<sysroot>/lib/rustlib/x86_64-unknown-linux-gnu/bin/gcc-ld" "-fuse-ld=lld" "-Wl,--eh-frame-hdr" "-Wl,-z,noexecstack" "-L" "<sysroot>/lib/rustlib/x86_64-unknown-linux-gnu/lib" "-o" "/opt/rustwide/target/debug/build/risc0-crypto/a38d4a838f3a17be/out/risc0_crypto-a38d4a838f3a17be" "-Wl,--gc-sections" "-pie" "-Wl,-z,relro,-z,now" "-nodefaultlibs"
[INFO] [stdout]   = note: some arguments are omitted. use `--verbose` to show all linker arguments
[INFO] [stdout]   = note: rust-lld: error: undefined symbol: sys_bigint2_3
[INFO] [stdout]           >>> referenced by ops.rs:74 (src/curve/ops.rs:74)
[INFO] [stdout]           >>>               /opt/rustwide/target/debug/build/risc0-crypto/a38d4a838f3a17be/out/risc0_crypto-a38d4a838f3a17be.risc0_crypto.1d7ceead2bf2a718-cgu.5.rcgu.o:(<risc0_crypto::curve::ops::R0VMCurveOps as risc0_crypto::curve::CurveOps<risc0_crypto::curve::tests::Config, 8>>::double_into)
[INFO] [stdout]           >>> referenced by ops.rs:74 (src/curve/ops.rs:74)
[INFO] [stdout]           >>>               /opt/rustwide/target/debug/build/risc0-crypto/a38d4a838f3a17be/out/risc0_crypto-a38d4a838f3a17be.risc0_crypto.1d7ceead2bf2a718-cgu.5.rcgu.o:(<risc0_crypto::curve::ops::R0VMCurveOps as risc0_crypto::curve::CurveOps<risc0_crypto::curve::tests::Config, 8>>::double)
[INFO] [stdout]           >>> referenced by ops.rs:74 (src/curve/ops.rs:74)
[INFO] [stdout]           >>>               /opt/rustwide/target/debug/build/risc0-crypto/a38d4a838f3a17be/out/risc0_crypto-a38d4a838f3a17be.risc0_crypto.1d7ceead2bf2a718-cgu.5.rcgu.o:(<risc0_crypto::curve::ops::R0VMCurveOps as risc0_crypto::curve::CurveOps<risc0_crypto::curves::bn254::Config, 8>>::double_into)
[INFO] [stdout]           >>> referenced 12 more times
[INFO] [stdout]           
[INFO] [stdout]           rust-lld: error: undefined symbol: sys_bigint2_4
[INFO] [stdout]           >>> referenced by ops.rs:58 (src/curve/ops.rs:58)
[INFO] [stdout]           >>>               /opt/rustwide/target/debug/build/risc0-crypto/a38d4a838f3a17be/out/risc0_crypto-a38d4a838f3a17be.risc0_crypto.1d7ceead2bf2a718-cgu.5.rcgu.o:(<risc0_crypto::curve::ops::R0VMCurveOps as risc0_crypto::curve::CurveOps<risc0_crypto::curve::tests::Config, 8>>::add)
[INFO] [stdout]           >>> referenced by ops.rs:58 (src/curve/ops.rs:58)
[INFO] [stdout]           >>>               /opt/rustwide/target/debug/build/risc0-crypto/a38d4a838f3a17be/out/risc0_crypto-a38d4a838f3a17be.risc0_crypto.1d7ceead2bf2a718-cgu.5.rcgu.o:(<risc0_crypto::curve::ops::R0VMCurveOps as risc0_crypto::curve::CurveOps<risc0_crypto::curve::tests::Config, 8>>::add_into)
[INFO] [stdout]           >>> referenced by ops.rs:58 (src/curve/ops.rs:58)
[INFO] [stdout]           >>>               /opt/rustwide/target/debug/build/risc0-crypto/a38d4a838f3a17be/out/risc0_crypto-a38d4a838f3a17be.risc0_crypto.1d7ceead2bf2a718-cgu.5.rcgu.o:(<risc0_crypto::curve::ops::R0VMCurveOps as risc0_crypto::curve::CurveOps<risc0_crypto::curves::bn254::Config, 8>>::add_into)
[INFO] [stdout]           >>> referenced 16 more times
[INFO] [stdout]           collect2: error: ld returned 1 exit status
[INFO] [stdout]           
[INFO] [stdout] 
[INFO] [stdout] 
[INFO] [stderr] error: could not compile `risc0-crypto` (lib test) due to 1 previous error
[INFO] running `Command { std: "docker" "inspect" "ba94705e2a36d2840b6496bcef37e9bcbf63a61b1e2f7a347ca12249c9a354b5", kill_on_drop: false }`
[INFO] running `Command { std: "docker" "rm" "-f" "ba94705e2a36d2840b6496bcef37e9bcbf63a61b1e2f7a347ca12249c9a354b5", kill_on_drop: false }`
[INFO] [stdout] ba94705e2a36d2840b6496bcef37e9bcbf63a61b1e2f7a347ca12249c9a354b5
