[INFO] fetching crate risc0-binfmt 3.0.5...
[INFO] testing risc0-binfmt-3.0.5 against 1.99.0-beta.8 for beta-1.100-2
[INFO] extracting crate risc0-binfmt 3.0.5 into /workspace/builds/worker-3-tc1/source
[INFO] started tweaking crates.io crate risc0-binfmt 3.0.5
[INFO] finished tweaking crates.io crate risc0-binfmt 3.0.5
[INFO] tweaked toml for crates.io crate risc0-binfmt 3.0.5 written to /workspace/builds/worker-3-tc1/source/Cargo.toml
[INFO] validating manifest of crates.io crate risc0-binfmt 3.0.5 on toolchain 1.99.0-beta.8
[INFO] running `Command { std: CARGO_HOME="/workspace/cargo-home" RUSTUP_HOME="/workspace/rustup-home" "/workspace/cargo-home/bin/cargo" "+1.99.0-beta.8" "metadata" "--manifest-path" "Cargo.toml" "--no-deps", kill_on_drop: false }`
[INFO] crate crates.io crate risc0-binfmt 3.0.5 already has a lockfile, it will not be regenerated
[INFO] running `Command { std: CARGO_HOME="/workspace/cargo-home" RUSTUP_HOME="/workspace/rustup-home" "/workspace/cargo-home/bin/cargo" "+1.99.0-beta.8" "fetch" "--manifest-path" "Cargo.toml", kill_on_drop: false }`
[INFO] [stderr]     Updating crates.io index
[INFO] [stderr]  Downloading crates ...
[INFO] [stderr]   Downloaded risc0-zkvm-platform v2.2.3
[INFO] [stderr]   Downloaded test-log-macros v0.2.18
[INFO] [stderr]   Downloaded ruint v1.16.0
[INFO] [stderr]   Downloaded test-log v0.2.18
[INFO] [stderr]   Downloaded stability v0.2.1
[INFO] [stderr]   Downloaded risc0-core v3.0.2
[INFO] [stderr]   Downloaded hex-literal v0.4.1
[INFO] [stderr]   Downloaded num_enum_derive v0.7.4
[INFO] [stderr]   Downloaded num_enum v0.7.4
[INFO] [stderr]   Downloaded risc0-zkp v3.0.5
[INFO] [stderr]   Downloaded elf v0.7.4
[INFO] [stderr]   Downloaded proptest v1.7.0
[INFO] running `Command { std: "docker" "create" "-v" "/var/lib/crater-agent-workspace/builds/worker-3-tc1/source:/opt/rustwide/workdir:ro,Z" "-v" "/var/lib/crater-agent-workspace/builds/worker-3-tc1/target:/opt/rustwide/target:rw,Z" "-v" "/var/lib/crater-agent-workspace/cargo-home:/opt/rustwide/cargo-home:ro,Z" "-v" "/var/lib/crater-agent-workspace/rustup-home:/opt/rustwide/rustup-home:ro,Z" "-m" "1610612736" "--network" "none" "ghcr.io/rust-lang/crates-build-env/linux@sha256:3111399a4047eeb3a02b7a90e478d715f38a8c6669b5c4b49d30a17385265909" "sleep" "infinity", kill_on_drop: false }`
[INFO] [stdout] ae76fbe8e0e669a7552eade87c4fdc4d09d0dd0ce5c2620ac4b30fa08389b089
[INFO] running `Command { std: "docker" "start" "ae76fbe8e0e669a7552eade87c4fdc4d09d0dd0ce5c2620ac4b30fa08389b089", kill_on_drop: false }`
[INFO] running `Command { std: "docker" "inspect" "ae76fbe8e0e669a7552eade87c4fdc4d09d0dd0ce5c2620ac4b30fa08389b089", kill_on_drop: false }`
[INFO] running `Command { std: "docker" "exec" "-e" "SOURCE_DIR=/opt/rustwide/workdir" "-e" "CARGO_HOME=/opt/rustwide/cargo-home" "-e" "RUSTUP_HOME=/opt/rustwide/rustup-home" "-e" "CARGO_TARGET_DIR=/opt/rustwide/target" "-w" "/opt/rustwide/workdir" "--user" "0:0" "ae76fbe8e0e669a7552eade87c4fdc4d09d0dd0ce5c2620ac4b30fa08389b089" "/opt/rustwide/cargo-home/bin/cargo" "+1.99.0-beta.8" "metadata" "--no-deps" "--format-version=1", kill_on_drop: false }`
[INFO] running `Command { std: "docker" "inspect" "ae76fbe8e0e669a7552eade87c4fdc4d09d0dd0ce5c2620ac4b30fa08389b089", kill_on_drop: false }`
[INFO] running `Command { std: "docker" "exec" "-e" "SOURCE_DIR=/opt/rustwide/workdir" "-e" "CARGO_HOME=/opt/rustwide/cargo-home" "-e" "RUSTUP_HOME=/opt/rustwide/rustup-home" "-e" "CARGO_TARGET_DIR=/opt/rustwide/target" "-e" "CARGO_INCREMENTAL=0" "-e" "RUST_BACKTRACE=full" "-e" "RUSTFLAGS=--cap-lints=warn" "-e" "RUSTDOCFLAGS=--cap-lints=warn" "-w" "/opt/rustwide/workdir" "--user" "0:0" "ae76fbe8e0e669a7552eade87c4fdc4d09d0dd0ce5c2620ac4b30fa08389b089" "/opt/rustwide/cargo-home/bin/cargo" "+1.99.0-beta.8" "build" "--frozen" "--message-format=json", kill_on_drop: false }`
[INFO] [stderr]    Compiling syn v2.0.106
[INFO] [stderr]    Compiling serde_core v1.0.228
[INFO] [stderr]    Compiling hashbrown v0.15.5
[INFO] [stderr]    Compiling equivalent v1.0.2
[INFO] [stderr]    Compiling serde v1.0.228
[INFO] [stderr]    Compiling winnow v0.7.15
[INFO] [stderr]    Compiling toml_datetime v0.6.11
[INFO] [stderr]    Compiling cfg_aliases v0.2.1
[INFO] [stderr]    Compiling const-oid v0.9.6
[INFO] [stderr]    Compiling thiserror v2.0.18
[INFO] [stderr]    Compiling anyhow v1.0.99
[INFO] [stderr]    Compiling rand_core v0.9.3
[INFO] [stderr]    Compiling risc0-zkp v3.0.5
[INFO] [stderr]    Compiling crypto-common v0.1.6
[INFO] [stderr]    Compiling semver v1.0.26
[INFO] [stderr]    Compiling log v0.4.27
[INFO] [stderr]    Compiling hex-literal v0.4.1
[INFO] [stderr]    Compiling hex v0.4.3
[INFO] [stderr]    Compiling borsh v1.5.7
[INFO] [stderr]    Compiling digest v0.10.7
[INFO] [stderr]    Compiling ruint-macro v1.2.1
[INFO] [stderr]    Compiling spin v0.9.8
[INFO] [stderr]    Compiling lazy_static v1.5.0
[INFO] [stderr]    Compiling elf v0.7.4
[INFO] [stderr]    Compiling sha2 v0.10.9
[INFO] [stderr]    Compiling blake2 v0.10.6
[INFO] [stderr]    Compiling indexmap v2.11.0
[INFO] [stderr]    Compiling toml_edit v0.22.27
[INFO] [stderr]    Compiling proc-macro-crate v3.3.0
[INFO] [stderr]    Compiling serde_derive v1.0.228
[INFO] [stderr]    Compiling bytemuck_derive v1.10.2
[INFO] [stderr]    Compiling borsh-derive v1.5.7
[INFO] [stderr]    Compiling num_enum_derive v0.7.4
[INFO] [stderr]    Compiling thiserror-impl v2.0.18
[INFO] [stderr]    Compiling stability v0.2.1
[INFO] [stderr]    Compiling tracing-attributes v0.1.30
[INFO] [stderr]    Compiling derive_more-impl v2.0.1
[INFO] [stderr]    Compiling num_enum v0.7.4
[INFO] [stderr]    Compiling risc0-zkvm-platform v2.2.3
[INFO] [stderr]    Compiling tracing v0.1.41
[INFO] [stderr]    Compiling bytemuck v1.24.0
[INFO] [stderr]    Compiling risc0-core v3.0.2
[INFO] [stderr]    Compiling cobs v0.3.0
[INFO] [stderr]    Compiling derive_more v2.0.1
[INFO] [stderr]    Compiling postcard v1.1.3
[INFO] [stderr]    Compiling ruint v1.16.0
[INFO] [stderr]    Compiling risc0-binfmt v3.0.5 (/opt/rustwide/workdir)
[INFO] [stderr]     Finished `dev` profile [unoptimized + debuginfo] target(s) in 21.31s
[INFO] running `Command { std: "docker" "inspect" "ae76fbe8e0e669a7552eade87c4fdc4d09d0dd0ce5c2620ac4b30fa08389b089", kill_on_drop: false }`
[INFO] running `Command { std: "docker" "exec" "-e" "SOURCE_DIR=/opt/rustwide/workdir" "-e" "CARGO_HOME=/opt/rustwide/cargo-home" "-e" "RUSTUP_HOME=/opt/rustwide/rustup-home" "-e" "CARGO_TARGET_DIR=/opt/rustwide/target" "-e" "CARGO_INCREMENTAL=0" "-e" "RUST_BACKTRACE=full" "-e" "RUSTFLAGS=--cap-lints=warn" "-e" "RUSTDOCFLAGS=--cap-lints=warn" "-w" "/opt/rustwide/workdir" "--user" "0:0" "ae76fbe8e0e669a7552eade87c4fdc4d09d0dd0ce5c2620ac4b30fa08389b089" "/opt/rustwide/cargo-home/bin/cargo" "+1.99.0-beta.8" "test" "--frozen" "--no-run" "--message-format=json", kill_on_drop: false }`
[INFO] [stderr]    Compiling libc v0.2.186
[INFO] [stderr]    Compiling tracing-core v0.1.34
[INFO] [stderr]    Compiling log v0.4.27
[INFO] [stderr]    Compiling regex-syntax v0.8.6
[INFO] [stderr]    Compiling sharded-slab v0.1.7
[INFO] [stderr]    Compiling thread_local v1.1.9
[INFO] [stderr]    Compiling test-log-macros v0.2.18
[INFO] [stderr]    Compiling tracing v0.1.41
[INFO] [stderr]    Compiling tracing-log v0.2.0
[INFO] [stderr]    Compiling getrandom v0.3.3
[INFO] [stderr]    Compiling rand_core v0.9.3
[INFO] [stderr]    Compiling risc0-core v3.0.2
[INFO] [stderr]    Compiling rand_chacha v0.9.0
[INFO] [stderr]    Compiling risc0-zkp v3.0.5
[INFO] [stderr]    Compiling regex-automata v0.4.10
[INFO] [stderr]    Compiling rand v0.9.2
[INFO] [stderr]    Compiling risc0-binfmt v3.0.5 (/opt/rustwide/workdir)
[INFO] [stderr]    Compiling regex v1.11.2
[INFO] [stderr]    Compiling tracing-subscriber v0.3.19
[INFO] [stderr]    Compiling test-log v0.2.18
[INFO] [stdout] error[E0277]: the trait bound `StandardUniform: rand::distr::Distribution<PovwJobId>` is not satisfied
[INFO] [stdout]    --> src/povw.rs:272:35
[INFO] [stdout]     |
[INFO] [stdout] 272 |         let original: PovwJobId = rand::random();
[INFO] [stdout]     |                                   ^^^^^^^^^^^^^^ the trait `rand::distr::Distribution<PovwJobId>` is not implemented for `StandardUniform`
[INFO] [stdout]     |
[INFO] [stdout]     = help: `StandardUniform` implements trait `rand::distr::Distribution<T>`:
[INFO] [stdout]               rand::distr::Distribution<()>
[INFO] [stdout]               rand::distr::Distribution<(A, B)>
[INFO] [stdout]               rand::distr::Distribution<(A, B, C)>
[INFO] [stdout]               rand::distr::Distribution<(A, B, C, D)>
[INFO] [stdout]               rand::distr::Distribution<(A, B, C, D, E)>
[INFO] [stdout]               rand::distr::Distribution<(A, B, C, D, E, F)>
[INFO] [stdout]               rand::distr::Distribution<(A, B, C, D, E, F, G)>
[INFO] [stdout]               rand::distr::Distribution<(A, B, C, D, E, F, G, H)>
[INFO] [stdout]             and 33 others
[INFO] [stdout] note: required by a bound in `rand::random`
[INFO] [stdout]    --> /opt/rustwide/cargo-home/registry/src/index.crates.io-1949cf8c6b5b557f/rand-0.9.2/src/lib.rs:174:22
[INFO] [stdout]     |
[INFO] [stdout] 172 | pub fn random<T>() -> T
[INFO] [stdout]     |        ------ required by a bound in this function
[INFO] [stdout] 173 | where
[INFO] [stdout] 174 |     StandardUniform: Distribution<T>,
[INFO] [stdout]     |                      ^^^^^^^^^^^^^^^ required by this bound in `random`
[INFO] [stdout] 
[INFO] [stdout] 
[INFO] [stdout] error[E0277]: the trait bound `StandardUniform: rand::distr::Distribution<PovwNonce>` is not satisfied
[INFO] [stdout]    --> src/povw.rs:280:35
[INFO] [stdout]     |
[INFO] [stdout] 280 |         let original: PovwNonce = rand::random();
[INFO] [stdout]     |                                   ^^^^^^^^^^^^^^ the trait `rand::distr::Distribution<PovwNonce>` is not implemented for `StandardUniform`
[INFO] [stdout]     |
[INFO] [stdout]     = help: `StandardUniform` implements trait `rand::distr::Distribution<T>`:
[INFO] [stdout]               rand::distr::Distribution<()>
[INFO] [stdout]               rand::distr::Distribution<(A, B)>
[INFO] [stdout]               rand::distr::Distribution<(A, B, C)>
[INFO] [stdout]               rand::distr::Distribution<(A, B, C, D)>
[INFO] [stdout]               rand::distr::Distribution<(A, B, C, D, E)>
[INFO] [stdout]               rand::distr::Distribution<(A, B, C, D, E, F)>
[INFO] [stdout]               rand::distr::Distribution<(A, B, C, D, E, F, G)>
[INFO] [stdout]               rand::distr::Distribution<(A, B, C, D, E, F, G, H)>
[INFO] [stdout]             and 33 others
[INFO] [stdout] note: required by a bound in `rand::random`
[INFO] [stdout]    --> /opt/rustwide/cargo-home/registry/src/index.crates.io-1949cf8c6b5b557f/rand-0.9.2/src/lib.rs:174:22
[INFO] [stdout]     |
[INFO] [stdout] 172 | pub fn random<T>() -> T
[INFO] [stdout]     |        ------ required by a bound in this function
[INFO] [stdout] 173 | where
[INFO] [stdout] 174 |     StandardUniform: Distribution<T>,
[INFO] [stdout]     |                      ^^^^^^^^^^^^^^^ required by this bound in `random`
[INFO] [stdout] 
[INFO] [stdout] 
[INFO] [stdout] error[E0277]: the trait bound `StandardUniform: rand::distr::Distribution<PovwNonce>` is not satisfied
[INFO] [stdout]    --> src/povw.rs:288:35
[INFO] [stdout]     |
[INFO] [stdout] 288 |         let original: PovwNonce = rand::random();
[INFO] [stdout]     |                                   ^^^^^^^^^^^^^^ the trait `rand::distr::Distribution<PovwNonce>` is not implemented for `StandardUniform`
[INFO] [stdout]     |
[INFO] [stdout]     = help: `StandardUniform` implements trait `rand::distr::Distribution<T>`:
[INFO] [stdout]               rand::distr::Distribution<()>
[INFO] [stdout]               rand::distr::Distribution<(A, B)>
[INFO] [stdout]               rand::distr::Distribution<(A, B, C)>
[INFO] [stdout]               rand::distr::Distribution<(A, B, C, D)>
[INFO] [stdout]               rand::distr::Distribution<(A, B, C, D, E)>
[INFO] [stdout]               rand::distr::Distribution<(A, B, C, D, E, F)>
[INFO] [stdout]               rand::distr::Distribution<(A, B, C, D, E, F, G)>
[INFO] [stdout]               rand::distr::Distribution<(A, B, C, D, E, F, G, H)>
[INFO] [stdout]             and 33 others
[INFO] [stdout] note: required by a bound in `rand::random`
[INFO] [stdout]    --> /opt/rustwide/cargo-home/registry/src/index.crates.io-1949cf8c6b5b557f/rand-0.9.2/src/lib.rs:174:22
[INFO] [stdout]     |
[INFO] [stdout] 172 | pub fn random<T>() -> T
[INFO] [stdout]     |        ------ required by a bound in this function
[INFO] [stdout] 173 | where
[INFO] [stdout] 174 |     StandardUniform: Distribution<T>,
[INFO] [stdout]     |                      ^^^^^^^^^^^^^^^ required by this bound in `random`
[INFO] [stdout] 
[INFO] [stdout] 
[INFO] [stdout] For more information about this error, try `rustc --explain E0277`.
[INFO] [stdout] 
[INFO] [stderr] error: could not compile `risc0-binfmt` (lib test) due to 3 previous errors
[INFO] running `Command { std: "docker" "inspect" "ae76fbe8e0e669a7552eade87c4fdc4d09d0dd0ce5c2620ac4b30fa08389b089", kill_on_drop: false }`
[INFO] running `Command { std: "docker" "rm" "-f" "ae76fbe8e0e669a7552eade87c4fdc4d09d0dd0ce5c2620ac4b30fa08389b089", kill_on_drop: false }`
[INFO] [stdout] ae76fbe8e0e669a7552eade87c4fdc4d09d0dd0ce5c2620ac4b30fa08389b089
