[INFO] fetching crate rialo-venus-dsl 0.21.0-alpha.0...
[INFO] testing rialo-venus-dsl-0.21.0-alpha.0 against 1.99.0-beta.8 for beta-1.100-2
[INFO] extracting crate rialo-venus-dsl 0.21.0-alpha.0 into /workspace/builds/worker-2-tc1/source
[INFO] started tweaking crates.io crate rialo-venus-dsl 0.21.0-alpha.0
[INFO] removed 0 missing tests
[INFO] finished tweaking crates.io crate rialo-venus-dsl 0.21.0-alpha.0
[INFO] tweaked toml for crates.io crate rialo-venus-dsl 0.21.0-alpha.0 written to /workspace/builds/worker-2-tc1/source/Cargo.toml
[INFO] validating manifest of crates.io crate rialo-venus-dsl 0.21.0-alpha.0 on toolchain 1.99.0-beta.8
[INFO] running `Command { std: CARGO_HOME="/workspace/cargo-home" RUSTUP_HOME="/workspace/rustup-home" "/workspace/cargo-home/bin/cargo" "+1.99.0-beta.8" "metadata" "--manifest-path" "Cargo.toml" "--no-deps", kill_on_drop: false }`
[INFO] crate crates.io crate rialo-venus-dsl 0.21.0-alpha.0 already has a lockfile, it will not be regenerated
[INFO] running `Command { std: CARGO_HOME="/workspace/cargo-home" RUSTUP_HOME="/workspace/rustup-home" "/workspace/cargo-home/bin/cargo" "+1.99.0-beta.8" "fetch" "--manifest-path" "Cargo.toml", kill_on_drop: false }`
[INFO] [stderr]     Updating crates.io index
[INFO] [stderr]  Downloading crates ...
[INFO] [stderr]   Downloaded rialo-sanitize v0.21.0-alpha.0
[INFO] [stderr]   Downloaded rialo-s-pubkey v0.21.0-alpha.0
[INFO] [stderr]   Downloaded rialo-syngen-proc-macro v0.21.0-alpha.0
[INFO] [stderr]   Downloaded rialo-limits v0.21.0-alpha.0
[INFO] [stderr]   Downloaded rialo-syngen-dsl v0.21.0-alpha.0
[INFO] [stderr]   Downloaded rialo-s-define-syscall v0.21.0-alpha.0
[INFO] [stderr]   Downloaded rialo-s-sha256-hasher v0.21.0-alpha.0
[INFO] [stderr]   Downloaded rialo-hash v0.21.0-alpha.0
[INFO] [stderr]   Downloaded rialo-atomic-u64 v0.21.0-alpha.0
[INFO] [stderr]   Downloaded rialo-s-decode-error v0.21.0-alpha.0
[INFO] running `Command { std: "docker" "create" "-v" "/var/lib/crater-agent-workspace/builds/worker-2-tc1/source:/opt/rustwide/workdir:ro,Z" "-v" "/var/lib/crater-agent-workspace/builds/worker-2-tc1/target:/opt/rustwide/target:rw,Z" "-v" "/var/lib/crater-agent-workspace/cargo-home:/opt/rustwide/cargo-home:ro,Z" "-v" "/var/lib/crater-agent-workspace/rustup-home:/opt/rustwide/rustup-home:ro,Z" "-m" "1610612736" "--network" "none" "ghcr.io/rust-lang/crates-build-env/linux@sha256:3111399a4047eeb3a02b7a90e478d715f38a8c6669b5c4b49d30a17385265909" "sleep" "infinity", kill_on_drop: false }`
[INFO] [stdout] 1c61af98cd7ffc98e61c6656d43b6504d536569e03c1ff125d359fce5a906920
[INFO] running `Command { std: "docker" "start" "1c61af98cd7ffc98e61c6656d43b6504d536569e03c1ff125d359fce5a906920", kill_on_drop: false }`
[INFO] running `Command { std: "docker" "inspect" "1c61af98cd7ffc98e61c6656d43b6504d536569e03c1ff125d359fce5a906920", kill_on_drop: false }`
[INFO] running `Command { std: "docker" "exec" "-e" "SOURCE_DIR=/opt/rustwide/workdir" "-e" "CARGO_HOME=/opt/rustwide/cargo-home" "-e" "RUSTUP_HOME=/opt/rustwide/rustup-home" "-e" "CARGO_TARGET_DIR=/opt/rustwide/target" "-w" "/opt/rustwide/workdir" "--user" "0:0" "1c61af98cd7ffc98e61c6656d43b6504d536569e03c1ff125d359fce5a906920" "/opt/rustwide/cargo-home/bin/cargo" "+1.99.0-beta.8" "metadata" "--no-deps" "--format-version=1", kill_on_drop: false }`
[INFO] running `Command { std: "docker" "inspect" "1c61af98cd7ffc98e61c6656d43b6504d536569e03c1ff125d359fce5a906920", kill_on_drop: false }`
[INFO] running `Command { std: "docker" "exec" "-e" "SOURCE_DIR=/opt/rustwide/workdir" "-e" "CARGO_HOME=/opt/rustwide/cargo-home" "-e" "RUSTUP_HOME=/opt/rustwide/rustup-home" "-e" "CARGO_TARGET_DIR=/opt/rustwide/target" "-e" "CARGO_INCREMENTAL=0" "-e" "RUST_BACKTRACE=full" "-e" "RUSTFLAGS=--cap-lints=warn" "-e" "RUSTDOCFLAGS=--cap-lints=warn" "-w" "/opt/rustwide/workdir" "--user" "0:0" "1c61af98cd7ffc98e61c6656d43b6504d536569e03c1ff125d359fce5a906920" "/opt/rustwide/cargo-home/bin/cargo" "+1.99.0-beta.8" "build" "--frozen" "--message-format=json", kill_on_drop: false }`
[INFO] [stderr]    Compiling proc-macro2 v1.0.106
[INFO] [stderr]    Compiling unicode-ident v1.0.23
[INFO] [stderr]    Compiling quote v1.0.44
[INFO] [stderr]    Compiling serde_core v1.0.228
[INFO] [stderr]    Compiling generic-array v0.14.7
[INFO] [stderr]    Compiling zmij v1.0.20
[INFO] [stderr]    Compiling rustix v1.1.3
[INFO] [stderr]    Compiling five8_core v0.1.2
[INFO] [stderr]    Compiling once_cell v1.21.3
[INFO] [stderr]    Compiling five8_const v0.1.4
[INFO] [stderr]    Compiling rialo-s-decode-error v0.21.0-alpha.0
[INFO] [stderr]    Compiling serde_json v1.0.149
[INFO] [stderr]    Compiling rialo-sanitize v0.21.0-alpha.0
[INFO] [stderr]    Compiling hashbrown v0.16.1
[INFO] [stderr]    Compiling rialo-atomic-u64 v0.21.0-alpha.0
[INFO] [stderr]    Compiling linux-raw-sys v0.11.0
[INFO] [stderr]    Compiling bitflags v2.10.0
[INFO] [stderr]    Compiling tracing-core v0.1.36
[INFO] [stderr]    Compiling bs58 v0.5.1
[INFO] [stderr]    Compiling winnow v0.7.14
[INFO] [stderr]    Compiling rialo-s-pubkey v0.21.0-alpha.0
[INFO] [stderr]    Compiling crypto-common v0.1.7
[INFO] [stderr]    Compiling block-buffer v0.10.4
[INFO] [stderr]    Compiling toml_writer v1.0.6+spec-1.1.0
[INFO] [stderr]    Compiling digest v0.10.7
[INFO] [stderr]    Compiling indexmap v2.13.0
[INFO] [stderr]    Compiling cpufeatures v0.2.17
[INFO] [stderr]    Compiling itoa v1.0.17
[INFO] [stderr]    Compiling sha2 v0.10.9
[INFO] [stderr]    Compiling syn v2.0.114
[INFO] [stderr]    Compiling toml_parser v1.0.6+spec-1.1.0
[INFO] [stderr]    Compiling fs4 v1.1.0
[INFO] [stderr]    Compiling toml_datetime v0.7.5+spec-1.1.0
[INFO] [stderr]    Compiling serde_spanned v1.0.4
[INFO] [stderr]    Compiling toml v0.9.11+spec-1.1.0
[INFO] [stderr]    Compiling prettyplease v0.2.37
[INFO] [stderr]    Compiling rialo-syngen-dsl v0.21.0-alpha.0
[INFO] [stderr]    Compiling tracing-attributes v0.1.31
[INFO] [stderr]    Compiling tracing v0.1.44
[INFO] [stderr]    Compiling rialo-limits v0.21.0-alpha.0
[INFO] [stderr]    Compiling rialo-syngen-proc-macro v0.21.0-alpha.0
[INFO] [stderr]    Compiling rialo-venus-dsl v0.21.0-alpha.0 (/opt/rustwide/workdir)
[INFO] [stderr]     Finished `dev` profile [unoptimized + debuginfo] target(s) in 37.57s
[INFO] running `Command { std: "docker" "inspect" "1c61af98cd7ffc98e61c6656d43b6504d536569e03c1ff125d359fce5a906920", kill_on_drop: false }`
[INFO] running `Command { std: "docker" "exec" "-e" "SOURCE_DIR=/opt/rustwide/workdir" "-e" "CARGO_HOME=/opt/rustwide/cargo-home" "-e" "RUSTUP_HOME=/opt/rustwide/rustup-home" "-e" "CARGO_TARGET_DIR=/opt/rustwide/target" "-e" "CARGO_INCREMENTAL=0" "-e" "RUST_BACKTRACE=full" "-e" "RUSTFLAGS=--cap-lints=warn" "-e" "RUSTDOCFLAGS=--cap-lints=warn" "-w" "/opt/rustwide/workdir" "--user" "0:0" "1c61af98cd7ffc98e61c6656d43b6504d536569e03c1ff125d359fce5a906920" "/opt/rustwide/cargo-home/bin/cargo" "+1.99.0-beta.8" "test" "--frozen" "--no-run" "--message-format=json", kill_on_drop: false }`
[INFO] [stderr]    Compiling rialo-venus-dsl v0.21.0-alpha.0 (/opt/rustwide/workdir)
[INFO] [stdout] error[E0433]: cannot find module or crate `insta` in this scope
[INFO] [stdout]   --> tests/client_generation_tests.rs:22:5
[INFO] [stdout]    |
[INFO] [stdout] 22 |     insta::assert_snapshot!(wit);
[INFO] [stdout]    |     ^^^^^ use of unresolved module or unlinked crate `insta`
[INFO] [stdout] 
[INFO] [stdout] 
[INFO] [stdout] error[E0433]: cannot find module or crate `insta` in this scope
[INFO] [stdout]   --> tests/client_generation_tests.rs:33:5
[INFO] [stdout]    |
[INFO] [stdout] 33 |     insta::assert_snapshot!(wit);
[INFO] [stdout]    |     ^^^^^ use of unresolved module or unlinked crate `insta`
[INFO] [stdout] 
[INFO] [stdout] 
[INFO] [stdout] error[E0433]: cannot find module or crate `insta` in this scope
[INFO] [stdout]   --> tests/client_generation_tests.rs:44:5
[INFO] [stdout]    |
[INFO] [stdout] 44 |     insta::assert_snapshot!(wit);
[INFO] [stdout]    |     ^^^^^ use of unresolved module or unlinked crate `insta`
[INFO] [stdout] 
[INFO] [stdout] 
[INFO] [stdout] error[E0433]: cannot find module or crate `insta` in this scope
[INFO] [stdout]   --> tests/client_generation_tests.rs:55:5
[INFO] [stdout]    |
[INFO] [stdout] 55 |     insta::assert_snapshot!(wit);
[INFO] [stdout]    |     ^^^^^ use of unresolved module or unlinked crate `insta`
[INFO] [stdout] 
[INFO] [stdout] 
[INFO] [stdout] error[E0433]: cannot find module or crate `insta` in this scope
[INFO] [stdout]   --> tests/client_generation_tests.rs:69:5
[INFO] [stdout]    |
[INFO] [stdout] 69 |     insta::assert_snapshot!(lib_rs);
[INFO] [stdout]    |     ^^^^^ use of unresolved module or unlinked crate `insta`
[INFO] [stdout] 
[INFO] [stdout] 
[INFO] [stdout] error[E0433]: cannot find module or crate `insta` in this scope
[INFO] [stdout]   --> tests/client_generation_tests.rs:81:5
[INFO] [stdout]    |
[INFO] [stdout] 81 |     insta::assert_snapshot!(lib_rs);
[INFO] [stdout]    |     ^^^^^ use of unresolved module or unlinked crate `insta`
[INFO] [stdout] 
[INFO] [stdout] 
[INFO] [stdout] error[E0433]: cannot find module or crate `insta` in this scope
[INFO] [stdout]   --> tests/client_generation_tests.rs:93:5
[INFO] [stdout]    |
[INFO] [stdout] 93 |     insta::assert_snapshot!(lib_rs);
[INFO] [stdout]    |     ^^^^^ use of unresolved module or unlinked crate `insta`
[INFO] [stdout] 
[INFO] [stdout] 
[INFO] [stdout] error[E0433]: cannot find module or crate `insta` in this scope
[INFO] [stdout]    --> tests/client_generation_tests.rs:105:5
[INFO] [stdout]     |
[INFO] [stdout] 105 |     insta::assert_snapshot!(lib_rs);
[INFO] [stdout]     |     ^^^^^ use of unresolved module or unlinked crate `insta`
[INFO] [stdout] 
[INFO] [stdout] 
[INFO] [stdout] error[E0433]: cannot find module or crate `insta` in this scope
[INFO] [stdout]   --> tests/transformation_tests.rs:21:5
[INFO] [stdout]    |
[INFO] [stdout] 21 |     insta::assert_snapshot!(formatted);
[INFO] [stdout]    |     ^^^^^ use of unresolved module or unlinked crate `insta`
[INFO] [stdout] 
[INFO] [stdout] 
[INFO] [stdout] error[E0433]: cannot find module or crate `insta` in this scope
[INFO] [stdout]   --> tests/transformation_tests.rs:38:5
[INFO] [stdout]    |
[INFO] [stdout] 38 |     insta::assert_snapshot!(formatted);
[INFO] [stdout]    |     ^^^^^ use of unresolved module or unlinked crate `insta`
[INFO] [stdout] 
[INFO] [stdout] 
[INFO] [stdout] error[E0433]: cannot find module or crate `insta` in this scope
[INFO] [stdout]   --> tests/transformation_tests.rs:55:5
[INFO] [stdout]    |
[INFO] [stdout] 55 |     insta::assert_snapshot!(formatted);
[INFO] [stdout]    |     ^^^^^ use of unresolved module or unlinked crate `insta`
[INFO] [stdout] 
[INFO] [stdout] 
[INFO] [stdout] error[E0433]: cannot find module or crate `insta` in this scope
[INFO] [stdout]   --> tests/transformation_tests.rs:70:5
[INFO] [stdout]    |
[INFO] [stdout] 70 |     insta::assert_snapshot!(formatted);
[INFO] [stdout]    |     ^^^^^ use of unresolved module or unlinked crate `insta`
[INFO] [stdout] 
[INFO] [stdout] 
[INFO] [stdout] error[E0433]: cannot find module or crate `insta` in this scope
[INFO] [stdout]   --> tests/transformation_tests.rs:81:5
[INFO] [stdout]    |
[INFO] [stdout] 81 |     insta::assert_snapshot!(formatted);
[INFO] [stdout]    |     ^^^^^ use of unresolved module or unlinked crate `insta`
[INFO] [stdout] 
[INFO] [stdout] 
[INFO] [stdout] error[E0433]: cannot find module or crate `insta` in this scope
[INFO] [stdout]   --> tests/transformation_tests.rs:92:5
[INFO] [stdout]    |
[INFO] [stdout] 92 |     insta::assert_snapshot!(formatted);
[INFO] [stdout]    |     ^^^^^ use of unresolved module or unlinked crate `insta`
[INFO] [stdout] 
[INFO] [stdout] 
[INFO] [stdout] error[E0433]: cannot find module or crate `insta` in this scope
[INFO] [stdout]    --> tests/transformation_tests.rs:103:5
[INFO] [stdout]     |
[INFO] [stdout] 103 |     insta::assert_snapshot!(formatted);
[INFO] [stdout]     |     ^^^^^ use of unresolved module or unlinked crate `insta`
[INFO] [stdout] 
[INFO] [stdout] 
[INFO] [stdout] error[E0433]: cannot find module or crate `insta` in this scope
[INFO] [stdout]    --> tests/transformation_tests.rs:114:5
[INFO] [stdout]     |
[INFO] [stdout] 114 |     insta::assert_snapshot!(formatted);
[INFO] [stdout]     |     ^^^^^ use of unresolved module or unlinked crate `insta`
[INFO] [stdout] 
[INFO] [stdout] 
[INFO] [stdout] error[E0433]: cannot find module or crate `insta` in this scope
[INFO] [stdout]    --> tests/transformation_tests.rs:125:5
[INFO] [stdout]     |
[INFO] [stdout] 125 |     insta::assert_snapshot!(formatted);
[INFO] [stdout]     |     ^^^^^ use of unresolved module or unlinked crate `insta`
[INFO] [stdout] 
[INFO] [stdout] 
[INFO] [stdout] error[E0433]: cannot find module or crate `insta` in this scope
[INFO] [stdout]    --> tests/transformation_tests.rs:160:5
[INFO] [stdout]     |
[INFO] [stdout] 160 |     insta::assert_snapshot!(formatted);
[INFO] [stdout]     |     ^^^^^ use of unresolved module or unlinked crate `insta`
[INFO] [stdout] 
[INFO] [stdout] 
[INFO] [stdout] error[E0433]: cannot find module or crate `insta` in this scope
[INFO] [stdout]    --> tests/transformation_tests.rs:171:5
[INFO] [stdout]     |
[INFO] [stdout] 171 |     insta::assert_snapshot!(formatted);
[INFO] [stdout]     |     ^^^^^ use of unresolved module or unlinked crate `insta`
[INFO] [stdout] 
[INFO] [stdout] 
[INFO] [stdout] error[E0433]: cannot find module or crate `insta` in this scope
[INFO] [stdout]    --> tests/transformation_tests.rs:182:5
[INFO] [stdout]     |
[INFO] [stdout] 182 |     insta::assert_snapshot!(formatted);
[INFO] [stdout]     |     ^^^^^ use of unresolved module or unlinked crate `insta`
[INFO] [stdout] 
[INFO] [stdout] 
[INFO] [stdout] For more information about this error, try `rustc --explain E0433`.
[INFO] [stdout] 
[INFO] [stderr] error: could not compile `rialo-venus-dsl` (test "client_generation_tests") due to 8 previous errors
[INFO] [stderr] warning: build failed, waiting for other jobs to finish...
[INFO] [stdout] error[E0433]: cannot find module or crate `prettyplease` in this scope
[INFO] [stdout]   --> tests/transformation_tests.rs:18:21
[INFO] [stdout]    |
[INFO] [stdout] 18 |     let formatted = prettyplease::unparse(&syn::parse2(output).expect("Failed to parse output"));
[INFO] [stdout]    |                     ^^^^^^^^^^^^ use of unresolved module or unlinked crate `prettyplease`
[INFO] [stdout]    |
[INFO] [stdout]    = help: if you wanted to use a crate named `prettyplease`, use `cargo add prettyplease` to add it to your `Cargo.toml`
[INFO] [stdout] 
[INFO] [stdout] 
[INFO] [stdout] error[E0433]: cannot find module or crate `prettyplease` in this scope
[INFO] [stdout]   --> tests/transformation_tests.rs:35:21
[INFO] [stdout]    |
[INFO] [stdout] 35 |     let formatted = prettyplease::unparse(&syn::parse2(output).expect("Failed to parse output"));
[INFO] [stdout]    |                     ^^^^^^^^^^^^ use of unresolved module or unlinked crate `prettyplease`
[INFO] [stdout]    |
[INFO] [stdout]    = help: if you wanted to use a crate named `prettyplease`, use `cargo add prettyplease` to add it to your `Cargo.toml`
[INFO] [stdout] 
[INFO] [stdout] 
[INFO] [stdout] error[E0433]: cannot find module or crate `prettyplease` in this scope
[INFO] [stdout]   --> tests/transformation_tests.rs:52:21
[INFO] [stdout]    |
[INFO] [stdout] 52 |     let formatted = prettyplease::unparse(&syn::parse2(output).expect("Failed to parse output"));
[INFO] [stdout]    |                     ^^^^^^^^^^^^ use of unresolved module or unlinked crate `prettyplease`
[INFO] [stdout]    |
[INFO] [stdout]    = help: if you wanted to use a crate named `prettyplease`, use `cargo add prettyplease` to add it to your `Cargo.toml`
[INFO] [stdout] 
[INFO] [stdout] 
[INFO] [stdout] error[E0433]: cannot find module or crate `prettyplease` in this scope
[INFO] [stdout]   --> tests/transformation_tests.rs:68:21
[INFO] [stdout]    |
[INFO] [stdout] 68 |     let formatted = prettyplease::unparse(&syn::parse2(output).expect("Failed to parse output"));
[INFO] [stdout]    |                     ^^^^^^^^^^^^ use of unresolved module or unlinked crate `prettyplease`
[INFO] [stdout]    |
[INFO] [stdout]    = help: if you wanted to use a crate named `prettyplease`, use `cargo add prettyplease` to add it to your `Cargo.toml`
[INFO] [stdout] 
[INFO] [stdout] 
[INFO] [stdout] error[E0433]: cannot find module or crate `prettyplease` in this scope
[INFO] [stdout]   --> tests/transformation_tests.rs:79:21
[INFO] [stdout]    |
[INFO] [stdout] 79 |     let formatted = prettyplease::unparse(&syn::parse2(output).expect("Failed to parse output"));
[INFO] [stdout]    |                     ^^^^^^^^^^^^ use of unresolved module or unlinked crate `prettyplease`
[INFO] [stdout]    |
[INFO] [stdout]    = help: if you wanted to use a crate named `prettyplease`, use `cargo add prettyplease` to add it to your `Cargo.toml`
[INFO] [stdout] 
[INFO] [stdout] 
[INFO] [stdout] error[E0433]: cannot find module or crate `prettyplease` in this scope
[INFO] [stdout]   --> tests/transformation_tests.rs:90:21
[INFO] [stdout]    |
[INFO] [stdout] 90 |     let formatted = prettyplease::unparse(&syn::parse2(output).expect("Failed to parse output"));
[INFO] [stdout]    |                     ^^^^^^^^^^^^ use of unresolved module or unlinked crate `prettyplease`
[INFO] [stdout]    |
[INFO] [stdout]    = help: if you wanted to use a crate named `prettyplease`, use `cargo add prettyplease` to add it to your `Cargo.toml`
[INFO] [stdout] 
[INFO] [stdout] 
[INFO] [stdout] error[E0433]: cannot find module or crate `prettyplease` in this scope
[INFO] [stdout]    --> tests/transformation_tests.rs:101:21
[INFO] [stdout]     |
[INFO] [stdout] 101 |     let formatted = prettyplease::unparse(&syn::parse2(output).expect("Failed to parse output"));
[INFO] [stdout]     |                     ^^^^^^^^^^^^ use of unresolved module or unlinked crate `prettyplease`
[INFO] [stdout]     |
[INFO] [stdout]     = help: if you wanted to use a crate named `prettyplease`, use `cargo add prettyplease` to add it to your `Cargo.toml`
[INFO] [stdout] 
[INFO] [stdout] 
[INFO] [stdout] error[E0433]: cannot find module or crate `prettyplease` in this scope
[INFO] [stdout]    --> tests/transformation_tests.rs:112:21
[INFO] [stdout]     |
[INFO] [stdout] 112 |     let formatted = prettyplease::unparse(&syn::parse2(output).expect("Failed to parse output"));
[INFO] [stdout]     |                     ^^^^^^^^^^^^ use of unresolved module or unlinked crate `prettyplease`
[INFO] [stdout]     |
[INFO] [stdout]     = help: if you wanted to use a crate named `prettyplease`, use `cargo add prettyplease` to add it to your `Cargo.toml`
[INFO] [stdout] 
[INFO] [stdout] 
[INFO] [stdout] error[E0433]: cannot find module or crate `prettyplease` in this scope
[INFO] [stdout]    --> tests/transformation_tests.rs:123:21
[INFO] [stdout]     |
[INFO] [stdout] 123 |     let formatted = prettyplease::unparse(&syn::parse2(output).expect("Failed to parse output"));
[INFO] [stdout]     |                     ^^^^^^^^^^^^ use of unresolved module or unlinked crate `prettyplease`
[INFO] [stdout]     |
[INFO] [stdout]     = help: if you wanted to use a crate named `prettyplease`, use `cargo add prettyplease` to add it to your `Cargo.toml`
[INFO] [stdout] 
[INFO] [stdout] 
[INFO] [stdout] error[E0433]: cannot find module or crate `prettyplease` in this scope
[INFO] [stdout]    --> tests/transformation_tests.rs:137:21
[INFO] [stdout]     |
[INFO] [stdout] 137 |     let formatted = prettyplease::unparse(&syn::parse2(output).expect("Failed to parse output"));
[INFO] [stdout]     |                     ^^^^^^^^^^^^ use of unresolved module or unlinked crate `prettyplease`
[INFO] [stdout]     |
[INFO] [stdout]     = help: if you wanted to use a crate named `prettyplease`, use `cargo add prettyplease` to add it to your `Cargo.toml`
[INFO] [stdout] 
[INFO] [stdout] 
[INFO] [stdout] error[E0433]: cannot find module or crate `prettyplease` in this scope
[INFO] [stdout]    --> tests/transformation_tests.rs:169:21
[INFO] [stdout]     |
[INFO] [stdout] 169 |     let formatted = prettyplease::unparse(&syn::parse2(output).expect("Failed to parse output"));
[INFO] [stdout]     |                     ^^^^^^^^^^^^ use of unresolved module or unlinked crate `prettyplease`
[INFO] [stdout]     |
[INFO] [stdout]     = help: if you wanted to use a crate named `prettyplease`, use `cargo add prettyplease` to add it to your `Cargo.toml`
[INFO] [stdout] 
[INFO] [stdout] 
[INFO] [stdout] error[E0433]: cannot find module or crate `prettyplease` in this scope
[INFO] [stdout]    --> tests/transformation_tests.rs:180:21
[INFO] [stdout]     |
[INFO] [stdout] 180 |     let formatted = prettyplease::unparse(&syn::parse2(output).expect("Failed to parse output"));
[INFO] [stdout]     |                     ^^^^^^^^^^^^ use of unresolved module or unlinked crate `prettyplease`
[INFO] [stdout]     |
[INFO] [stdout]     = help: if you wanted to use a crate named `prettyplease`, use `cargo add prettyplease` to add it to your `Cargo.toml`
[INFO] [stdout] 
[INFO] [stdout] 
[INFO] [stdout] For more information about this error, try `rustc --explain E0433`.
[INFO] [stdout] 
[INFO] [stderr] error: could not compile `rialo-venus-dsl` (test "transformation_tests") due to 24 previous errors
[INFO] running `Command { std: "docker" "inspect" "1c61af98cd7ffc98e61c6656d43b6504d536569e03c1ff125d359fce5a906920", kill_on_drop: false }`
[INFO] running `Command { std: "docker" "rm" "-f" "1c61af98cd7ffc98e61c6656d43b6504d536569e03c1ff125d359fce5a906920", kill_on_drop: false }`
[INFO] [stdout] 1c61af98cd7ffc98e61c6656d43b6504d536569e03c1ff125d359fce5a906920
