[INFO] fetching crate rialo-validator-registry-interface 0.21.0-alpha.0...
[INFO] testing rialo-validator-registry-interface-0.21.0-alpha.0 against 1.99.0-beta.8 for beta-1.100-2
[INFO] extracting crate rialo-validator-registry-interface 0.21.0-alpha.0 into /workspace/builds/worker-3-tc1/source
[INFO] started tweaking crates.io crate rialo-validator-registry-interface 0.21.0-alpha.0
[INFO] finished tweaking crates.io crate rialo-validator-registry-interface 0.21.0-alpha.0
[INFO] tweaked toml for crates.io crate rialo-validator-registry-interface 0.21.0-alpha.0 written to /workspace/builds/worker-3-tc1/source/Cargo.toml
[INFO] validating manifest of crates.io crate rialo-validator-registry-interface 0.21.0-alpha.0 on toolchain 1.99.0-beta.8
[INFO] running `Command { std: CARGO_HOME="/workspace/cargo-home" RUSTUP_HOME="/workspace/rustup-home" "/workspace/cargo-home/bin/cargo" "+1.99.0-beta.8" "metadata" "--manifest-path" "Cargo.toml" "--no-deps", kill_on_drop: false }`
[INFO] crate crates.io crate rialo-validator-registry-interface 0.21.0-alpha.0 already has a lockfile, it will not be regenerated
[INFO] running `Command { std: CARGO_HOME="/workspace/cargo-home" RUSTUP_HOME="/workspace/rustup-home" "/workspace/cargo-home/bin/cargo" "+1.99.0-beta.8" "fetch" "--manifest-path" "Cargo.toml", kill_on_drop: false }`
[INFO] [stderr]     Updating crates.io index
[INFO] [stderr]  Downloading crates ...
[INFO] [stderr]   Downloaded rialo-s-sysvar-id v0.21.0-alpha.0
[INFO] [stderr]   Downloaded rialo-s-sdk-macro v0.21.0-alpha.0
[INFO] [stderr]   Downloaded rialo-s-rent v0.21.0-alpha.0
[INFO] [stderr]   Downloaded rialo-s-program v0.21.0-alpha.0
[INFO] [stderr]   Downloaded rialo-s-sysvar v0.21.0-alpha.0
[INFO] [stderr]   Downloaded rialo-s-system-interface v0.21.0-alpha.0
[INFO] [stderr]   Downloaded unsigned-varint v0.8.0
[INFO] [stderr]   Downloaded fastcrypto-derive v0.1.3
[INFO] [stderr]   Downloaded rialo-s-cpi v0.21.0-alpha.0
[INFO] [stderr]   Downloaded match-lookup v0.1.2
[INFO] [stderr]   Downloaded rialo-s-epoch-schedule v0.21.0-alpha.0
[INFO] [stderr]   Downloaded multibase v0.9.2
[INFO] [stderr]   Downloaded bitcoin-private v0.1.0
[INFO] [stderr]   Downloaded base-x v0.2.11
[INFO] [stderr]   Downloaded rialo-s-clock v0.21.0-alpha.0
[INFO] [stderr]   Downloaded rialo-s-keccak-hasher v0.21.0-alpha.0
[INFO] [stderr]   Downloaded rialo-s-nonce v0.21.0-alpha.0
[INFO] [stderr]   Downloaded rialo-s-bincode v0.21.0-alpha.0
[INFO] [stderr]   Downloaded rialo-s-stable-layout v0.21.0-alpha.0
[INFO] [stderr]   Downloaded rialo-s-native-token v0.21.0-alpha.0
[INFO] [stderr]   Downloaded base256emoji v1.0.2
[INFO] [stderr]   Downloaded rialo-s-program-memory v0.21.0-alpha.0
[INFO] [stderr]   Downloaded data-encoding-macro v0.1.19
[INFO] [stderr]   Downloaded rialo-s-secp256k1-recover v0.21.0-alpha.0
[INFO] [stderr]   Downloaded rialo-s-instructions-sysvar v0.21.0-alpha.0
[INFO] [stderr]   Downloaded data-encoding-macro-internal v0.1.17
[INFO] [stderr]   Downloaded readonly v0.2.13
[INFO] [stderr]   Downloaded rialo-s-example-mocks v0.21.0-alpha.0
[INFO] [stderr]   Downloaded rialo-s-serialize-utils v0.21.0-alpha.0
[INFO] [stderr]   Downloaded rialo-rex-wasm-v1-loader-interface v0.21.0-alpha.0
[INFO] [stderr]   Downloaded rialo-s-account-info v0.21.0-alpha.0
[INFO] [stderr]   Downloaded rialo-s-fee-calculator v0.21.0-alpha.0
[INFO] [stderr]   Downloaded auto_ops v0.3.0
[INFO] [stderr]   Downloaded rialo-s-program-entrypoint v0.21.0-alpha.0
[INFO] [stderr]   Downloaded rialo-s-account v0.21.0-alpha.0
[INFO] [stderr]   Downloaded multihash v0.19.4
[INFO] [stderr]   Downloaded const-str v0.4.3
[INFO] [stderr]   Downloaded multiaddr v0.18.2
[INFO] [stderr]   Downloaded bech32 v0.9.1
[INFO] [stderr]   Downloaded ark-secp256r1 v0.4.0
[INFO] [stderr]   Downloaded rialo-s-short-vec v0.21.0-alpha.0
[INFO] [stderr]   Downloaded rialo-s-message v0.21.0-alpha.0
[INFO] [stderr]   Downloaded no_std_io2 v0.8.1
[INFO] [stderr]   Downloaded libp2p-identity v0.2.13
[INFO] [stderr]   Downloaded bitcoin_hashes v0.12.0
[INFO] [stderr]   Downloaded rsa v0.8.2
[INFO] [stderr]   Downloaded fastcrypto v0.1.9
[INFO] running `Command { std: "docker" "create" "-v" "/var/lib/crater-agent-workspace/builds/worker-3-tc1/source:/opt/rustwide/workdir:ro,Z" "-v" "/var/lib/crater-agent-workspace/builds/worker-3-tc1/target:/opt/rustwide/target:rw,Z" "-v" "/var/lib/crater-agent-workspace/cargo-home:/opt/rustwide/cargo-home:ro,Z" "-v" "/var/lib/crater-agent-workspace/rustup-home:/opt/rustwide/rustup-home:ro,Z" "-m" "1610612736" "--network" "none" "ghcr.io/rust-lang/crates-build-env/linux@sha256:3111399a4047eeb3a02b7a90e478d715f38a8c6669b5c4b49d30a17385265909" "sleep" "infinity", kill_on_drop: false }`
[INFO] [stdout] c7c0a09c3eb7ef14d8b0190e5bb90430c7e057dbccc8402314874ab077923044
[INFO] running `Command { std: "docker" "start" "c7c0a09c3eb7ef14d8b0190e5bb90430c7e057dbccc8402314874ab077923044", kill_on_drop: false }`
[INFO] running `Command { std: "docker" "inspect" "c7c0a09c3eb7ef14d8b0190e5bb90430c7e057dbccc8402314874ab077923044", kill_on_drop: false }`
[INFO] running `Command { std: "docker" "exec" "-e" "SOURCE_DIR=/opt/rustwide/workdir" "-e" "CARGO_HOME=/opt/rustwide/cargo-home" "-e" "RUSTUP_HOME=/opt/rustwide/rustup-home" "-e" "CARGO_TARGET_DIR=/opt/rustwide/target" "-w" "/opt/rustwide/workdir" "--user" "0:0" "c7c0a09c3eb7ef14d8b0190e5bb90430c7e057dbccc8402314874ab077923044" "/opt/rustwide/cargo-home/bin/cargo" "+1.99.0-beta.8" "metadata" "--no-deps" "--format-version=1", kill_on_drop: false }`
[INFO] running `Command { std: "docker" "inspect" "c7c0a09c3eb7ef14d8b0190e5bb90430c7e057dbccc8402314874ab077923044", kill_on_drop: false }`
[INFO] running `Command { std: "docker" "exec" "-e" "SOURCE_DIR=/opt/rustwide/workdir" "-e" "CARGO_HOME=/opt/rustwide/cargo-home" "-e" "RUSTUP_HOME=/opt/rustwide/rustup-home" "-e" "CARGO_TARGET_DIR=/opt/rustwide/target" "-e" "CARGO_INCREMENTAL=0" "-e" "RUST_BACKTRACE=full" "-e" "RUSTFLAGS=--cap-lints=warn" "-e" "RUSTDOCFLAGS=--cap-lints=warn" "-w" "/opt/rustwide/workdir" "--user" "0:0" "c7c0a09c3eb7ef14d8b0190e5bb90430c7e057dbccc8402314874ab077923044" "/opt/rustwide/cargo-home/bin/cargo" "+1.99.0-beta.8" "build" "--frozen" "--message-format=json", kill_on_drop: false }`
[INFO] [stderr]    Compiling proc-macro2 v1.0.106
[INFO] [stderr]    Compiling quote v1.0.44
[INFO] [stderr]    Compiling unicode-ident v1.0.23
[INFO] [stderr]    Compiling generic-array v0.14.7
[INFO] [stderr]    Compiling serde_core v1.0.228
[INFO] [stderr]    Compiling serde v1.0.228
[INFO] [stderr]    Compiling bs58 v0.5.1
[INFO] [stderr]    Compiling bytemuck v1.25.0
[INFO] [stderr]    Compiling rialo-atomic-u64 v0.21.0-alpha.0
[INFO] [stderr]    Compiling rialo-sanitize v0.21.0-alpha.0
[INFO] [stderr]    Compiling curve25519-dalek v4.1.3
[INFO] [stderr]    Compiling five8_core v0.1.2
[INFO] [stderr]    Compiling rialo-s-decode-error v0.21.0-alpha.0
[INFO] [stderr]    Compiling libc v0.2.180
[INFO] [stderr]    Compiling five8_const v0.1.4
[INFO] [stderr]    Compiling polkavm-common v0.26.0
[INFO] [stderr]    Compiling rialo-s-msg v0.21.0-alpha.0
[INFO] [stderr]    Compiling cc v1.2.55
[INFO] [stderr]    Compiling spki v0.7.3
[INFO] [stderr]    Compiling rialo-s-program-memory v0.21.0-alpha.0
[INFO] [stderr]    Compiling keccak v0.1.6
[INFO] [stderr]    Compiling pkcs8 v0.10.2
[INFO] [stderr]    Compiling constant_time_eq v0.4.2
[INFO] [stderr]    Compiling arrayvec v0.7.6
[INFO] [stderr]    Compiling arrayref v0.3.9
[INFO] [stderr]    Compiling memoffset v0.9.1
[INFO] [stderr]    Compiling once_cell v1.21.3
[INFO] [stderr]    Compiling syn v2.0.114
[INFO] [stderr]    Compiling block-buffer v0.10.4
[INFO] [stderr]    Compiling crypto-common v0.1.7
[INFO] [stderr]    Compiling sec1 v0.7.3
[INFO] [stderr]    Compiling rialo-s-native-token v0.21.0-alpha.0
[INFO] [stderr]    Compiling digest v0.10.7
[INFO] [stderr]    Compiling rialo-s-program-option v0.21.0-alpha.0
[INFO] [stderr]    Compiling sha2 v0.10.9
[INFO] [stderr]    Compiling hmac v0.12.1
[INFO] [stderr]    Compiling sha3 v0.10.8
[INFO] [stderr]    Compiling getrandom v0.2.17
[INFO] [stderr]    Compiling rfc6979 v0.4.0
[INFO] [stderr]    Compiling rand_core v0.6.4
[INFO] [stderr]    Compiling blake3 v1.8.3
[INFO] [stderr]    Compiling ff v0.13.1
[INFO] [stderr]    Compiling crypto-bigint v0.5.5
[INFO] [stderr]    Compiling signature v2.2.0
[INFO] [stderr]    Compiling group v0.13.0
[INFO] [stderr]    Compiling bitflags v2.10.0
[INFO] [stderr]    Compiling elliptic-curve v0.13.8
[INFO] [stderr]    Compiling ecdsa v0.16.9
[INFO] [stderr]    Compiling k256 v0.13.4
[INFO] [stderr]    Compiling polkavm-derive-impl v0.26.0
[INFO] [stderr]    Compiling serde_derive v1.0.228
[INFO] [stderr]    Compiling bytemuck_derive v1.10.2
[INFO] [stderr]    Compiling curve25519-dalek-derive v0.1.1
[INFO] [stderr]    Compiling polkavm-derive-impl-macro v0.26.0
[INFO] [stderr]    Compiling rialo-s-sdk-macro v0.21.0-alpha.0
[INFO] [stderr]    Compiling thiserror-impl v1.0.69
[INFO] [stderr]    Compiling polkavm-derive v0.26.0
[INFO] [stderr]    Compiling rialo-s-define-syscall v0.21.0-alpha.0
[INFO] [stderr]    Compiling thiserror v1.0.69
[INFO] [stderr]    Compiling rialo-s-secp256k1-recover v0.21.0-alpha.0
[INFO] [stderr]    Compiling rialo-hash v0.21.0-alpha.0
[INFO] [stderr]    Compiling bincode v1.3.3
[INFO] [stderr]    Compiling rialo-s-fee-calculator v0.21.0-alpha.0
[INFO] [stderr]    Compiling rialo-s-short-vec v0.21.0-alpha.0
[INFO] [stderr]    Compiling rialo-s-sha256-hasher v0.21.0-alpha.0
[INFO] [stderr]    Compiling rialo-s-keccak-hasher v0.21.0-alpha.0
[INFO] [stderr]    Compiling rialo-s-pubkey v0.21.0-alpha.0
[INFO] [stderr]    Compiling rialo-s-sdk-ids v0.21.0-alpha.0
[INFO] [stderr]    Compiling rialo-s-nonce v0.21.0-alpha.0
[INFO] [stderr]    Compiling rialo-s-sysvar-id v0.21.0-alpha.0
[INFO] [stderr]    Compiling rialo-s-clock v0.21.0-alpha.0
[INFO] [stderr]    Compiling rialo-s-rent v0.21.0-alpha.0
[INFO] [stderr]    Compiling rialo-s-epoch-schedule v0.21.0-alpha.0
[INFO] [stderr]    Compiling rialo-s-instruction v0.21.0-alpha.0
[INFO] [stderr]    Compiling rialo-s-program-error v0.21.0-alpha.0
[INFO] [stderr]    Compiling rialo-s-bincode v0.21.0-alpha.0
[INFO] [stderr]    Compiling rialo-s-system-interface v0.21.0-alpha.0
[INFO] [stderr]    Compiling rialo-s-transaction-error v0.21.0-alpha.0
[INFO] [stderr]    Compiling rialo-s-serialize-utils v0.21.0-alpha.0
[INFO] [stderr]    Compiling rialo-s-stable-layout v0.21.0-alpha.0
[INFO] [stderr]    Compiling rialo-s-account-info v0.21.0-alpha.0
[INFO] [stderr]    Compiling rialo-s-program-entrypoint v0.21.0-alpha.0
[INFO] [stderr]    Compiling rialo-s-cpi v0.21.0-alpha.0
[INFO] [stderr]    Compiling rialo-s-instructions-sysvar v0.21.0-alpha.0
[INFO] [stderr]    Compiling rialo-s-sysvar v0.21.0-alpha.0
[INFO] [stderr]    Compiling rialo-s-message v0.21.0-alpha.0
[INFO] [stderr]    Compiling rialo-s-example-mocks v0.21.0-alpha.0
[INFO] [stderr]    Compiling rialo-s-program v0.21.0-alpha.0
[INFO] [stderr]    Compiling rialo-validator-registry-interface v0.21.0-alpha.0 (/opt/rustwide/workdir)
[INFO] [stderr]     Finished `dev` profile [unoptimized + debuginfo] target(s) in 39.96s
[INFO] running `Command { std: "docker" "inspect" "c7c0a09c3eb7ef14d8b0190e5bb90430c7e057dbccc8402314874ab077923044", kill_on_drop: false }`
[INFO] running `Command { std: "docker" "exec" "-e" "SOURCE_DIR=/opt/rustwide/workdir" "-e" "CARGO_HOME=/opt/rustwide/cargo-home" "-e" "RUSTUP_HOME=/opt/rustwide/rustup-home" "-e" "CARGO_TARGET_DIR=/opt/rustwide/target" "-e" "CARGO_INCREMENTAL=0" "-e" "RUST_BACKTRACE=full" "-e" "RUSTFLAGS=--cap-lints=warn" "-e" "RUSTDOCFLAGS=--cap-lints=warn" "-w" "/opt/rustwide/workdir" "--user" "0:0" "c7c0a09c3eb7ef14d8b0190e5bb90430c7e057dbccc8402314874ab077923044" "/opt/rustwide/cargo-home/bin/cargo" "+1.99.0-beta.8" "test" "--frozen" "--no-run" "--message-format=json", kill_on_drop: false }`
[INFO] [stderr]    Compiling rialo-validator-registry-interface v0.21.0-alpha.0 (/opt/rustwide/workdir)
[INFO] [stdout] error[E0433]: cannot find module or crate `fastcrypto` in this scope
[INFO] [stdout]    --> src/instruction.rs:745:9
[INFO] [stdout]     |
[INFO] [stdout] 745 |     use fastcrypto::{
[INFO] [stdout]     |         ^^^^^^^^^^ use of unresolved module or unlinked crate `fastcrypto`
[INFO] [stdout]     |
[INFO] [stdout]     = help: if you wanted to use a crate named `fastcrypto`, use `cargo add fastcrypto` to add it to your `Cargo.toml`
[INFO] [stdout] 
[INFO] [stdout] 
[INFO] [stdout] error[E0432]: unresolved import `multiaddr`
[INFO] [stdout]    --> src/instruction.rs:749:9
[INFO] [stdout]     |
[INFO] [stdout] 749 |     use multiaddr::Multiaddr;
[INFO] [stdout]     |         ^^^^^^^^^ use of unresolved module or unlinked crate `multiaddr`
[INFO] [stdout]     |
[INFO] [stdout]     = help: if you wanted to use a crate named `multiaddr`, use `cargo add multiaddr` to add it to your `Cargo.toml`
[INFO] [stdout] 
[INFO] [stdout] 
[INFO] [stdout] error[E0433]: cannot find module or crate `rand` in this scope
[INFO] [stdout]    --> src/instruction.rs:762:23
[INFO] [stdout]     |
[INFO] [stdout] 762 |         let mut rng = rand::thread_rng();
[INFO] [stdout]     |                       ^^^^ use of unresolved module or unlinked crate `rand`
[INFO] [stdout]     |
[INFO] [stdout]     = help: if you wanted to use a crate named `rand`, use `cargo add rand` to add it to your `Cargo.toml`
[INFO] [stdout] 
[INFO] [stdout] 
[INFO] [stdout] error[E0433]: cannot find module or crate `bincode` in this scope
[INFO] [stdout]    --> src/instruction.rs:820:13
[INFO] [stdout]     |
[INFO] [stdout] 820 |             bincode::deserialize(&instruction.data).unwrap();
[INFO] [stdout]     |             ^^^^^^^ use of unresolved module or unlinked crate `bincode`
[INFO] [stdout]     |
[INFO] [stdout]     = help: if you wanted to use a crate named `bincode`, use `cargo add bincode` to add it to your `Cargo.toml`
[INFO] [stdout] 
[INFO] [stdout] 
[INFO] [stdout] error[E0433]: cannot find module or crate `bincode` in this scope
[INFO] [stdout]     --> src/instruction.rs:1062:13
[INFO] [stdout]      |
[INFO] [stdout] 1062 |             bincode::deserialize(&instruction.data).unwrap();
[INFO] [stdout]      |             ^^^^^^^ use of unresolved module or unlinked crate `bincode`
[INFO] [stdout]      |
[INFO] [stdout]      = help: if you wanted to use a crate named `bincode`, use `cargo add bincode` to add it to your `Cargo.toml`
[INFO] [stdout] 
[INFO] [stdout] 
[INFO] [stdout] error[E0433]: cannot find module or crate `bincode` in this scope
[INFO] [stdout]     --> src/instruction.rs:1095:13
[INFO] [stdout]      |
[INFO] [stdout] 1095 |             bincode::deserialize(&instruction.data).unwrap();
[INFO] [stdout]      |             ^^^^^^^ use of unresolved module or unlinked crate `bincode`
[INFO] [stdout]      |
[INFO] [stdout]      = help: if you wanted to use a crate named `bincode`, use `cargo add bincode` to add it to your `Cargo.toml`
[INFO] [stdout] 
[INFO] [stdout] 
[INFO] [stdout] error[E0433]: cannot find module or crate `bincode` in this scope
[INFO] [stdout]     --> src/instruction.rs:1111:13
[INFO] [stdout]      |
[INFO] [stdout] 1111 |             bincode::deserialize(&instruction_none.data).unwrap();
[INFO] [stdout]      |             ^^^^^^^ use of unresolved module or unlinked crate `bincode`
[INFO] [stdout]      |
[INFO] [stdout]      = help: if you wanted to use a crate named `bincode`, use `cargo add bincode` to add it to your `Cargo.toml`
[INFO] [stdout] 
[INFO] [stdout] 
[INFO] [stdout] error[E0433]: cannot find module or crate `bincode` in this scope
[INFO] [stdout]     --> src/instruction.rs:1155:13
[INFO] [stdout]      |
[INFO] [stdout] 1155 |             bincode::deserialize(&instruction.data).unwrap();
[INFO] [stdout]      |             ^^^^^^^ use of unresolved module or unlinked crate `bincode`
[INFO] [stdout]      |
[INFO] [stdout]      = help: if you wanted to use a crate named `bincode`, use `cargo add bincode` to add it to your `Cargo.toml`
[INFO] [stdout] 
[INFO] [stdout] 
[INFO] [stdout] Some errors have detailed explanations: E0432, E0433.
[INFO] [stdout] 
[INFO] [stdout] For more information about an error, try `rustc --explain E0432`.
[INFO] [stdout] 
[INFO] [stderr] error: could not compile `rialo-validator-registry-interface` (lib test) due to 8 previous errors
[INFO] running `Command { std: "docker" "inspect" "c7c0a09c3eb7ef14d8b0190e5bb90430c7e057dbccc8402314874ab077923044", kill_on_drop: false }`
[INFO] running `Command { std: "docker" "rm" "-f" "c7c0a09c3eb7ef14d8b0190e5bb90430c7e057dbccc8402314874ab077923044", kill_on_drop: false }`
[INFO] [stdout] c7c0a09c3eb7ef14d8b0190e5bb90430c7e057dbccc8402314874ab077923044
