[INFO] fetching crate rialo-s-system-program 0.21.0-alpha.0...
[INFO] testing rialo-s-system-program-0.21.0-alpha.0 against 1.99.0-beta.8 for beta-1.100-2
[INFO] extracting crate rialo-s-system-program 0.21.0-alpha.0 into /workspace/builds/worker-4-tc1/source
[INFO] started tweaking crates.io crate rialo-s-system-program 0.21.0-alpha.0
[INFO] finished tweaking crates.io crate rialo-s-system-program 0.21.0-alpha.0
[INFO] tweaked toml for crates.io crate rialo-s-system-program 0.21.0-alpha.0 written to /workspace/builds/worker-4-tc1/source/Cargo.toml
[INFO] validating manifest of crates.io crate rialo-s-system-program 0.21.0-alpha.0 on toolchain 1.99.0-beta.8
[INFO] running `Command { std: CARGO_HOME="/workspace/cargo-home" RUSTUP_HOME="/workspace/rustup-home" "/workspace/cargo-home/bin/cargo" "+1.99.0-beta.8" "metadata" "--manifest-path" "Cargo.toml" "--no-deps", kill_on_drop: false }`
[INFO] crate crates.io crate rialo-s-system-program 0.21.0-alpha.0 already has a lockfile, it will not be regenerated
[INFO] running `Command { std: CARGO_HOME="/workspace/cargo-home" RUSTUP_HOME="/workspace/rustup-home" "/workspace/cargo-home/bin/cargo" "+1.99.0-beta.8" "fetch" "--manifest-path" "Cargo.toml", kill_on_drop: false }`
[INFO] running `Command { std: "docker" "create" "-v" "/var/lib/crater-agent-workspace/builds/worker-4-tc1/source:/opt/rustwide/workdir:ro,Z" "-v" "/var/lib/crater-agent-workspace/builds/worker-4-tc1/target:/opt/rustwide/target:rw,Z" "-v" "/var/lib/crater-agent-workspace/cargo-home:/opt/rustwide/cargo-home:ro,Z" "-v" "/var/lib/crater-agent-workspace/rustup-home:/opt/rustwide/rustup-home:ro,Z" "-m" "1610612736" "--network" "none" "ghcr.io/rust-lang/crates-build-env/linux@sha256:3111399a4047eeb3a02b7a90e478d715f38a8c6669b5c4b49d30a17385265909" "sleep" "infinity", kill_on_drop: false }`
[INFO] [stdout] ae21ab4fbb403a50973663bb51277d8cada3cd3203a0ce3bac53ba1315e46e7a
[INFO] running `Command { std: "docker" "start" "ae21ab4fbb403a50973663bb51277d8cada3cd3203a0ce3bac53ba1315e46e7a", kill_on_drop: false }`
[INFO] running `Command { std: "docker" "inspect" "ae21ab4fbb403a50973663bb51277d8cada3cd3203a0ce3bac53ba1315e46e7a", kill_on_drop: false }`
[INFO] running `Command { std: "docker" "exec" "-e" "SOURCE_DIR=/opt/rustwide/workdir" "-e" "CARGO_HOME=/opt/rustwide/cargo-home" "-e" "RUSTUP_HOME=/opt/rustwide/rustup-home" "-e" "CARGO_TARGET_DIR=/opt/rustwide/target" "-w" "/opt/rustwide/workdir" "--user" "0:0" "ae21ab4fbb403a50973663bb51277d8cada3cd3203a0ce3bac53ba1315e46e7a" "/opt/rustwide/cargo-home/bin/cargo" "+1.99.0-beta.8" "metadata" "--no-deps" "--format-version=1", kill_on_drop: false }`
[INFO] running `Command { std: "docker" "inspect" "ae21ab4fbb403a50973663bb51277d8cada3cd3203a0ce3bac53ba1315e46e7a", kill_on_drop: false }`
[INFO] running `Command { std: "docker" "exec" "-e" "SOURCE_DIR=/opt/rustwide/workdir" "-e" "CARGO_HOME=/opt/rustwide/cargo-home" "-e" "RUSTUP_HOME=/opt/rustwide/rustup-home" "-e" "CARGO_TARGET_DIR=/opt/rustwide/target" "-e" "CARGO_INCREMENTAL=0" "-e" "RUST_BACKTRACE=full" "-e" "RUSTFLAGS=--cap-lints=warn" "-e" "RUSTDOCFLAGS=--cap-lints=warn" "-w" "/opt/rustwide/workdir" "--user" "0:0" "ae21ab4fbb403a50973663bb51277d8cada3cd3203a0ce3bac53ba1315e46e7a" "/opt/rustwide/cargo-home/bin/cargo" "+1.99.0-beta.8" "build" "--frozen" "--message-format=json", kill_on_drop: false }`
[INFO] [stderr]    Compiling proc-macro2 v1.0.106
[INFO] [stderr]    Compiling serde_core v1.0.228
[INFO] [stderr]    Compiling serde v1.0.228
[INFO] [stderr]    Compiling generic-array v0.14.7
[INFO] [stderr]    Compiling num-traits v0.2.19
[INFO] [stderr]    Compiling libc v0.2.180
[INFO] [stderr]    Compiling toml_parser v1.0.6+spec-1.1.0
[INFO] [stderr]    Compiling toml_datetime v0.7.5+spec-1.1.0
[INFO] [stderr]    Compiling indexmap v2.13.0
[INFO] [stderr]    Compiling curve25519-dalek v4.1.3
[INFO] [stderr]    Compiling polkavm-common v0.26.0
[INFO] [stderr]    Compiling cc v1.2.55
[INFO] [stderr]    Compiling rialo-s-msg v0.21.0-alpha.0
[INFO] [stderr]    Compiling ppv-lite86 v0.2.21
[INFO] [stderr]    Compiling keccak v0.1.6
[INFO] [stderr]    Compiling memchr v2.8.0
[INFO] [stderr]    Compiling constant_time_eq v0.4.2
[INFO] [stderr]    Compiling arrayvec v0.7.6
[INFO] [stderr]    Compiling pem-rfc7468 v0.6.0
[INFO] [stderr]    Compiling strsim v0.11.1
[INFO] [stderr]    Compiling itertools v0.10.5
[INFO] [stderr]    Compiling byteorder v1.5.0
[INFO] [stderr]    Compiling bitcoin-private v0.1.0
[INFO] [stderr]    Compiling zmij v1.0.20
[INFO] [stderr]    Compiling serde_json v1.0.149
[INFO] [stderr]    Compiling num-bigint-dig v0.8.6
[INFO] [stderr]    Compiling data-encoding v2.10.0
[INFO] [stderr]    Compiling rialo-s-native-token v0.21.0-alpha.0
[INFO] [stderr]    Compiling schemars v0.8.22
[INFO] [stderr]    Compiling no_std_io2 v0.8.1
[INFO] [stderr]    Compiling subtle-ng v2.5.0
[INFO] [stderr]    Compiling bitcoin_hashes v0.12.0
[INFO] [stderr]    Compiling form_urlencoded v1.2.2
[INFO] [stderr]    Compiling convert_case v0.6.0
[INFO] [stderr]    Compiling crossbeam-epoch v0.9.20
[INFO] [stderr]    Compiling num-bigint v0.2.6
[INFO] [stderr]    Compiling multihash v0.19.4
[INFO] [stderr]    Compiling num-complex v0.2.4
[INFO] [stderr]    Compiling num-rational v0.2.4
[INFO] [stderr]    Compiling toml_edit v0.23.10+spec-1.0.0
[INFO] [stderr]    Compiling rialo-s-program-option v0.21.0-alpha.0
[INFO] [stderr]    Compiling hex-literal v0.4.1
[INFO] [stderr]    Compiling auto_ops v0.3.0
[INFO] [stderr]    Compiling quote v1.0.44
[INFO] [stderr]    Compiling bs58 v0.4.0
[INFO] [stderr]    Compiling bech32 v0.9.1
[INFO] [stderr]    Compiling crossbeam-deque v0.8.6
[INFO] [stderr]    Compiling polkavm-assembler v0.26.0
[INFO] [stderr]    Compiling syn v2.0.114
[INFO] [stderr]    Compiling rialo-s-decode-error v0.21.0-alpha.0
[INFO] [stderr]    Compiling num-integer v0.1.46
[INFO] [stderr]    Compiling syn v1.0.109
[INFO] [stderr]    Compiling rialo-s-program-memory v0.21.0-alpha.0
[INFO] [stderr]    Compiling rialo-s-precompile-error v0.21.0-alpha.0
[INFO] [stderr]    Compiling rayon-core v1.13.0
[INFO] [stderr]    Compiling eager v0.1.0
[INFO] [stderr]    Compiling polkavm-linux-raw v0.26.0
[INFO] [stderr]    Compiling itertools v0.14.0
[INFO] [stderr]    Compiling getrandom v0.2.17
[INFO] [stderr]    Compiling getrandom v0.3.4
[INFO] [stderr]    Compiling blake3 v1.8.3
[INFO] [stderr]    Compiling rand_core v0.6.4
[INFO] [stderr]    Compiling secp256k1-sys v0.8.2
[INFO] [stderr]    Compiling ff v0.13.1
[INFO] [stderr]    Compiling rand_chacha v0.3.1
[INFO] [stderr]    Compiling num-bigint v0.4.6
[INFO] [stderr]    Compiling num-iter v0.1.45
[INFO] [stderr]    Compiling group v0.13.0
[INFO] [stderr]    Compiling blst v0.3.16
[INFO] [stderr]    Compiling proc-macro-crate v3.4.0
[INFO] [stderr]    Compiling num_cpus v1.17.0
[INFO] [stderr]    Compiling rand v0.8.6
[INFO] [stderr]    Compiling rayon v1.11.0
[INFO] [stderr]    Compiling threadpool v1.8.1
[INFO] [stderr]    Compiling rialo-s-log-collector v0.21.0-alpha.0
[INFO] [stderr]    Compiling rialo-s-measure v0.21.0-alpha.0
[INFO] [stderr]    Compiling ark-std v0.4.0
[INFO] [stderr]    Compiling rialo-s-type-overrides v0.21.0-alpha.0
[INFO] [stderr]    Compiling bitflags v2.10.0
[INFO] [stderr]    Compiling serde_bytes v0.11.19
[INFO] [stderr]    Compiling num v0.2.1
[INFO] [stderr]    Compiling percentage v0.1.0
[INFO] [stderr]    Compiling polkavm v0.26.0
[INFO] [stderr]    Compiling secp256k1 v0.27.0
[INFO] [stderr]    Compiling ark-serialize-derive v0.4.2
[INFO] [stderr]    Compiling derivative v2.2.0
[INFO] [stderr]    Compiling ark-ff-asm v0.4.2
[INFO] [stderr]    Compiling ark-ff-macros v0.4.2
[INFO] [stderr]    Compiling fastcrypto-derive v0.1.3
[INFO] [stderr]    Compiling synstructure v0.13.2
[INFO] [stderr]    Compiling polkavm-derive-impl v0.26.0
[INFO] [stderr]    Compiling darling_core v0.21.3
[INFO] [stderr]    Compiling serde_derive_internals v0.29.1
[INFO] [stderr]    Compiling zeroize_derive v1.4.3
[INFO] [stderr]    Compiling serde_derive v1.0.228
[INFO] [stderr]    Compiling bytemuck_derive v1.10.2
[INFO] [stderr]    Compiling curve25519-dalek-derive v0.1.1
[INFO] [stderr]    Compiling borsh-derive v1.6.0
[INFO] [stderr]    Compiling polkavm-derive-impl-macro v0.26.0
[INFO] [stderr]    Compiling zerovec-derive v0.11.2
[INFO] [stderr]    Compiling zerofrom-derive v0.1.6
[INFO] [stderr]    Compiling yoke-derive v0.8.1
[INFO] [stderr]    Compiling displaydoc v0.2.5
[INFO] [stderr]    Compiling rialo-s-sdk-macro v0.21.0-alpha.0
[INFO] [stderr]    Compiling thiserror-impl v1.0.69
[INFO] [stderr]    Compiling polkavm-derive v0.26.0
[INFO] [stderr]    Compiling tracing-attributes v0.1.31
[INFO] [stderr]    Compiling rialo-s-define-syscall v0.21.0-alpha.0
[INFO] [stderr]    Compiling data-encoding-macro-internal v0.1.17
[INFO] [stderr]    Compiling match-lookup v0.1.2
[INFO] [stderr]    Compiling thiserror-impl v2.0.18
[INFO] [stderr]    Compiling zeroize v1.8.2
[INFO] [stderr]    Compiling der v0.7.10
[INFO] [stderr]    Compiling der v0.6.1
[INFO] [stderr]    Compiling base256emoji v1.0.2
[INFO] [stderr]    Compiling data-encoding-macro v0.1.19
[INFO] [stderr]    Compiling tokio-macros v2.6.0
[INFO] [stderr]    Compiling schemars_derive v0.8.22
[INFO] [stderr]    Compiling multibase v0.9.2
[INFO] [stderr]    Compiling bytemuck v1.25.0
[INFO] [stderr]    Compiling tracing v0.1.44
[INFO] [stderr]    Compiling thiserror v1.0.69
[INFO] [stderr]    Compiling readonly v0.2.13
[INFO] [stderr]    Compiling zerofrom v0.1.6
[INFO] [stderr]    Compiling derive_more v0.99.20
[INFO] [stderr]    Compiling enum-iterator-derive v1.4.0
[INFO] [stderr]    Compiling borsh v1.6.0
[INFO] [stderr]    Compiling spki v0.7.3
[INFO] [stderr]    Compiling yoke v0.8.1
[INFO] [stderr]    Compiling pkcs8 v0.10.2
[INFO] [stderr]    Compiling zerovec v0.11.5
[INFO] [stderr]    Compiling zerotrie v0.2.3
[INFO] [stderr]    Compiling spki v0.6.0
[INFO] [stderr]    Compiling thiserror v2.0.18
[INFO] [stderr]    Compiling tokio v1.49.0
[INFO] [stderr]    Compiling pkcs8 v0.9.0
[INFO] [stderr]    Compiling enum-iterator v1.5.0
[INFO] [stderr]    Compiling pkcs1 v0.4.1
[INFO] [stderr]    Compiling darling_macro v0.21.3
[INFO] [stderr]    Compiling tinystr v0.8.2
[INFO] [stderr]    Compiling potential_utf v0.1.4
[INFO] [stderr]    Compiling icu_collections v2.1.1
[INFO] [stderr]    Compiling darling v0.21.3
[INFO] [stderr]    Compiling icu_locale_core v2.1.1
[INFO] [stderr]    Compiling serde_with_macros v3.16.1
[INFO] [stderr]    Compiling rialo-hash v0.21.0-alpha.0
[INFO] [stderr]    Compiling bincode v1.3.3
[INFO] [stderr]    Compiling rialo-s-fee-calculator v0.21.0-alpha.0
[INFO] [stderr]    Compiling rialo-s-short-vec v0.21.0-alpha.0
[INFO] [stderr]    Compiling ahash v0.8.12
[INFO] [stderr]    Compiling hashbrown v0.13.2
[INFO] [stderr]    Compiling icu_provider v2.1.1
[INFO] [stderr]    Compiling serde_with v3.16.1
[INFO] [stderr]    Compiling block-buffer v0.10.4
[INFO] [stderr]    Compiling crypto-common v0.1.7
[INFO] [stderr]    Compiling sec1 v0.7.3
[INFO] [stderr]    Compiling crypto-bigint v0.5.5
[INFO] [stderr]    Compiling digest v0.9.0
[INFO] [stderr]    Compiling block-buffer v0.9.0
[INFO] [stderr]    Compiling digest v0.10.7
[INFO] [stderr]    Compiling curve25519-dalek-ng v4.1.1
[INFO] [stderr]    Compiling icu_properties v2.1.2
[INFO] [stderr]    Compiling icu_normalizer v2.1.1
[INFO] [stderr]    Compiling sha2 v0.9.9
[INFO] [stderr]    Compiling sha2 v0.10.9
[INFO] [stderr]    Compiling signature v2.2.0
[INFO] [stderr]    Compiling hmac v0.12.1
[INFO] [stderr]    Compiling sha3 v0.10.8
[INFO] [stderr]    Compiling ark-serialize v0.4.2
[INFO] [stderr]    Compiling blake2 v0.10.6
[INFO] [stderr]    Compiling ed25519 v2.2.3
[INFO] [stderr]    Compiling rialo-s-sha256-hasher v0.21.0-alpha.0
[INFO] [stderr]    Compiling rfc6979 v0.4.0
[INFO] [stderr]    Compiling ark-ff v0.4.2
[INFO] [stderr]    Compiling hkdf v0.12.4
[INFO] [stderr]    Compiling rialo-s-keccak-hasher v0.21.0-alpha.0
[INFO] [stderr]    Compiling rsa v0.8.2
[INFO] [stderr]    Compiling libp2p-identity v0.2.13
[INFO] [stderr]    Compiling ed25519-consensus v2.1.0
[INFO] [stderr]    Compiling idna_adapter v1.2.1
[INFO] [stderr]    Compiling idna v1.1.0
[INFO] [stderr]    Compiling rialo-s-pubkey v0.21.0-alpha.0
[INFO] [stderr]    Compiling ed25519-dalek v2.2.0
[INFO] [stderr]    Compiling elliptic-curve v0.13.8
[INFO] [stderr]    Compiling rialo-s-instruction v0.21.0-alpha.0
[INFO] [stderr]    Compiling rialo-s-sdk-ids v0.21.0-alpha.0
[INFO] [stderr]    Compiling rialo-s-nonce v0.21.0-alpha.0
[INFO] [stderr]    Compiling rialo-limits v0.21.0-alpha.0
[INFO] [stderr]    Compiling rialo-s-timings v0.21.0-alpha.0
[INFO] [stderr]    Compiling url v2.5.8
[INFO] [stderr]    Compiling rialo-s-sysvar-id v0.21.0-alpha.0
[INFO] [stderr]    Compiling rialo-s-clock v0.21.0-alpha.0
[INFO] [stderr]    Compiling rialo-s-epoch-schedule v0.21.0-alpha.0
[INFO] [stderr]    Compiling rialo-s-rent v0.21.0-alpha.0
[INFO] [stderr]    Compiling rialo-s-packet v0.21.0-alpha.0
[INFO] [stderr]    Compiling rialo-s-program-error v0.21.0-alpha.0
[INFO] [stderr]    Compiling rialo-s-system-interface v0.21.0-alpha.0
[INFO] [stderr]    Compiling rialo-s-transaction-error v0.21.0-alpha.0
[INFO] [stderr]    Compiling rialo-s-bincode v0.21.0-alpha.0
[INFO] [stderr]    Compiling rialo-s-serialize-utils v0.21.0-alpha.0
[INFO] [stderr]    Compiling rialo-rex-wasm-v1-loader-interface v0.21.0-alpha.0
[INFO] [stderr]    Compiling rialo-s-stable-layout v0.21.0-alpha.0
[INFO] [stderr]    Compiling rialo-s-ed25519-program v0.21.0-alpha.0
[INFO] [stderr]    Compiling rialo-risc-v-loader-interface v0.21.0-alpha.0
[INFO] [stderr]    Compiling ecdsa v0.16.9
[INFO] [stderr]    Compiling primeorder v0.13.6
[INFO] [stderr]    Compiling rialo-s-account-info v0.21.0-alpha.0
[INFO] [stderr]    Compiling rialo-feature-management-enforcement-interface v0.21.0-alpha.0
[INFO] [stderr]    Compiling multiaddr v0.18.2
[INFO] [stderr]    Compiling rialo-s-message v0.21.0-alpha.0
[INFO] [stderr]    Compiling rialo-s-program-entrypoint v0.21.0-alpha.0
[INFO] [stderr]    Compiling rialo-s-cpi v0.21.0-alpha.0
[INFO] [stderr]    Compiling rialo-s-instructions-sysvar v0.21.0-alpha.0
[INFO] [stderr]    Compiling rialo-s-sysvar v0.21.0-alpha.0
[INFO] [stderr]    Compiling rialo-s-account v0.21.0-alpha.0
[INFO] [stderr]    Compiling k256 v0.13.4
[INFO] [stderr]    Compiling p256 v0.13.2
[INFO] [stderr]    Compiling rialo-s-example-mocks v0.21.0-alpha.0
[INFO] [stderr]    Compiling rialo-s-fee-structure v0.21.0-alpha.0
[INFO] [stderr]    Compiling rialo-s-compute-budget v0.21.0-alpha.0
[INFO] [stderr]    Compiling rialo-s-transaction-context v0.21.0-alpha.0
[INFO] [stderr]    Compiling rialo-s-nonce-account v0.21.0-alpha.0
[INFO] [stderr]    Compiling rialo-s-secp256r1-program v0.21.0-alpha.0
[INFO] [stderr]    Compiling rialo-s-secp256k1-recover v0.21.0-alpha.0
[INFO] [stderr]    Compiling rialo-s-secp256k1-program v0.21.0-alpha.0
[INFO] [stderr]    Compiling rialo-s-program v0.21.0-alpha.0
[INFO] [stderr]    Compiling rialo-s-precompiles v0.21.0-alpha.0
[INFO] [stderr]    Compiling ark-poly v0.4.2
[INFO] [stderr]    Compiling ark-ec v0.4.2
[INFO] [stderr]    Compiling ark-secp256r1 v0.4.0
[INFO] [stderr]    Compiling fastcrypto v0.1.9
[INFO] [stderr]    Compiling rialo-validator-registry-interface v0.21.0-alpha.0
[INFO] [stderr]    Compiling rialo-stake-manager-interface v0.21.0-alpha.0
[INFO] [stderr]    Compiling rialo-stake-cache-interface v0.21.0-alpha.0
[INFO] [stderr]    Compiling rialo-s-program-runtime v0.21.0-alpha.0
[INFO] [stderr]    Compiling rialo-s-system-program v0.21.0-alpha.0 (/opt/rustwide/workdir)
[INFO] [stderr]     Finished `dev` profile [unoptimized + debuginfo] target(s) in 1m 11s
[INFO] running `Command { std: "docker" "inspect" "ae21ab4fbb403a50973663bb51277d8cada3cd3203a0ce3bac53ba1315e46e7a", kill_on_drop: false }`
[INFO] running `Command { std: "docker" "exec" "-e" "SOURCE_DIR=/opt/rustwide/workdir" "-e" "CARGO_HOME=/opt/rustwide/cargo-home" "-e" "RUSTUP_HOME=/opt/rustwide/rustup-home" "-e" "CARGO_TARGET_DIR=/opt/rustwide/target" "-e" "CARGO_INCREMENTAL=0" "-e" "RUST_BACKTRACE=full" "-e" "RUSTFLAGS=--cap-lints=warn" "-e" "RUSTDOCFLAGS=--cap-lints=warn" "-w" "/opt/rustwide/workdir" "--user" "0:0" "ae21ab4fbb403a50973663bb51277d8cada3cd3203a0ce3bac53ba1315e46e7a" "/opt/rustwide/cargo-home/bin/cargo" "+1.99.0-beta.8" "test" "--frozen" "--no-run" "--message-format=json", kill_on_drop: false }`
[INFO] [stderr]    Compiling rialo-s-system-program v0.21.0-alpha.0 (/opt/rustwide/workdir)
[INFO] [stdout] error[E0432]: unresolved import `assert_matches`
[INFO] [stdout]    --> src/system_instruction.rs:254:9
[INFO] [stdout]     |
[INFO] [stdout] 254 |     use assert_matches::assert_matches;
[INFO] [stdout]     |         ^^^^^^^^^^^^^^ use of unresolved module or unlinked crate `assert_matches`
[INFO] [stdout]     |
[INFO] [stdout]     = help: if you wanted to use a crate named `assert_matches`, use `cargo add assert_matches` to add it to your `Cargo.toml`
[INFO] [stdout] 
[INFO] [stdout] 
[INFO] [stdout] error[E0432]: unresolved import `rialo_s_sha256_hasher`
[INFO] [stdout]    --> src/system_instruction.rs:260:9
[INFO] [stdout]     |
[INFO] [stdout] 260 |     use rialo_s_sha256_hasher::hash;
[INFO] [stdout]     |         ^^^^^^^^^^^^^^^^^^^^^ use of unresolved module or unlinked crate `rialo_s_sha256_hasher`
[INFO] [stdout]     |
[INFO] [stdout]     = help: if you wanted to use a crate named `rialo_s_sha256_hasher`, use `cargo add rialo_s_sha256_hasher` to add it to your `Cargo.toml`
[INFO] [stdout] 
[INFO] [stdout] 
[INFO] [stdout] error[E0433]: cannot find module or crate `rialo_s_sdk` in this scope
[INFO] [stdout]    --> src/system_processor.rs:560:9
[INFO] [stdout]     |
[INFO] [stdout] 560 |     use rialo_s_sdk::sysvar::recent_blockhashes::{
[INFO] [stdout]     |         ^^^^^^^^^^^ use of unresolved module or unlinked crate `rialo_s_sdk`
[INFO] [stdout]     |
[INFO] [stdout]     = help: if you wanted to use a crate named `rialo_s_sdk`, use `cargo add rialo_s_sdk` to add it to your `Cargo.toml`
[INFO] [stdout] 
[INFO] [stdout] 
[INFO] [stdout] error[E0433]: cannot find module or crate `rialo_s_sdk` in this scope
[INFO] [stdout]    --> src/system_processor.rs:563:9
[INFO] [stdout]     |
[INFO] [stdout] 563 |     use rialo_s_sdk::{
[INFO] [stdout]     |         ^^^^^^^^^^^ use of unresolved module or unlinked crate `rialo_s_sdk`
[INFO] [stdout]     |
[INFO] [stdout]     = help: if you wanted to use a crate named `rialo_s_sdk`, use `cargo add rialo_s_sdk` to add it to your `Cargo.toml`
[INFO] [stdout] 
[INFO] [stdout] 
[INFO] [stdout] error[E0432]: unresolved import `rialo_s_fee_calculator`
[INFO] [stdout]    --> src/system_processor.rs:554:9
[INFO] [stdout]     |
[INFO] [stdout] 554 |     use rialo_s_fee_calculator::FeeCalculator;
[INFO] [stdout]     |         ^^^^^^^^^^^^^^^^^^^^^^ use of unresolved module or unlinked crate `rialo_s_fee_calculator`
[INFO] [stdout]     |
[INFO] [stdout]     = help: if you wanted to use a crate named `rialo_s_fee_calculator`, use `cargo add rialo_s_fee_calculator` to add it to your `Cargo.toml`
[INFO] [stdout] 
[INFO] [stdout] 
[INFO] [stdout] error[E0433]: cannot find module or crate `rialo_s_compute_budget` in this scope
[INFO] [stdout]    --> src/system_instruction.rs:314:13
[INFO] [stdout]     |
[INFO] [stdout] 314 |             with_mock_invoke_context!($invoke_context, transaction_context, transaction_accounts);
[INFO] [stdout]     |             ^^^^^^^^^^^^^^^^^^^^^^^^^^^^^^^^^^^^^^^^^^^^^^^^^^^^^^^^^^^^^^^^^^^^^^^^^^^^^^^^^^^^^ use of unresolved module or unlinked crate `rialo_s_compute_budget`
[INFO] [stdout] ...
[INFO] [stdout] 335 |         prepare_mockup!(invoke_context, instruction_accounts, rent);
[INFO] [stdout]     |         ----------------------------------------------------------- in this macro invocation
[INFO] [stdout]     |
[INFO] [stdout]     = help: if you wanted to use a crate named `rialo_s_compute_budget`, use `cargo add rialo_s_compute_budget` to add it to your `Cargo.toml`
[INFO] [stdout]     = note: this error originates in the macro `with_mock_invoke_context` which comes from the expansion of the macro `prepare_mockup` (in Nightly builds, run with -Z macro-backtrace for more info)
[INFO] [stdout] 
[INFO] [stdout] 
[INFO] [stdout] error[E0433]: cannot find module or crate `rialo_s_type_overrides` in this scope
[INFO] [stdout]    --> src/system_instruction.rs:314:13
[INFO] [stdout]     |
[INFO] [stdout] 314 |             with_mock_invoke_context!($invoke_context, transaction_context, transaction_accounts);
[INFO] [stdout]     |             ^^^^^^^^^^^^^^^^^^^^^^^^^^^^^^^^^^^^^^^^^^^^^^^^^^^^^^^^^^^^^^^^^^^^^^^^^^^^^^^^^^^^^ use of unresolved module or unlinked crate `rialo_s_type_overrides`
[INFO] [stdout] ...
[INFO] [stdout] 335 |         prepare_mockup!(invoke_context, instruction_accounts, rent);
[INFO] [stdout]     |         ----------------------------------------------------------- in this macro invocation
[INFO] [stdout]     |
[INFO] [stdout]     = help: if you wanted to use a crate named `rialo_s_type_overrides`, use `cargo add rialo_s_type_overrides` to add it to your `Cargo.toml`
[INFO] [stdout]     = note: this error originates in the macro `with_mock_invoke_context` which comes from the expansion of the macro `prepare_mockup` (in Nightly builds, run with -Z macro-backtrace for more info)
[INFO] [stdout] 
[INFO] [stdout] 
[INFO] [stdout] error[E0433]: cannot find module or crate `rialo_s_compute_budget` in this scope
[INFO] [stdout]    --> src/system_instruction.rs:314:13
[INFO] [stdout]     |
[INFO] [stdout] 314 |             with_mock_invoke_context!($invoke_context, transaction_context, transaction_accounts);
[INFO] [stdout]     |             ^^^^^^^^^^^^^^^^^^^^^^^^^^^^^^^^^^^^^^^^^^^^^^^^^^^^^^^^^^^^^^^^^^^^^^^^^^^^^^^^^^^^^ use of unresolved module or unlinked crate `rialo_s_compute_budget`
[INFO] [stdout] ...
[INFO] [stdout] 429 |         prepare_mockup!(invoke_context, instruction_accounts, rent);
[INFO] [stdout]     |         ----------------------------------------------------------- in this macro invocation
[INFO] [stdout]     |
[INFO] [stdout]     = help: if you wanted to use a crate named `rialo_s_compute_budget`, use `cargo add rialo_s_compute_budget` to add it to your `Cargo.toml`
[INFO] [stdout]     = note: this error originates in the macro `with_mock_invoke_context` which comes from the expansion of the macro `prepare_mockup` (in Nightly builds, run with -Z macro-backtrace for more info)
[INFO] [stdout] 
[INFO] [stdout] 
[INFO] [stdout] error[E0433]: cannot find module or crate `rialo_s_type_overrides` in this scope
[INFO] [stdout]    --> src/system_instruction.rs:314:13
[INFO] [stdout]     |
[INFO] [stdout] 314 |             with_mock_invoke_context!($invoke_context, transaction_context, transaction_accounts);
[INFO] [stdout]     |             ^^^^^^^^^^^^^^^^^^^^^^^^^^^^^^^^^^^^^^^^^^^^^^^^^^^^^^^^^^^^^^^^^^^^^^^^^^^^^^^^^^^^^ use of unresolved module or unlinked crate `rialo_s_type_overrides`
[INFO] [stdout] ...
[INFO] [stdout] 429 |         prepare_mockup!(invoke_context, instruction_accounts, rent);
[INFO] [stdout]     |         ----------------------------------------------------------- in this macro invocation
[INFO] [stdout]     |
[INFO] [stdout]     = help: if you wanted to use a crate named `rialo_s_type_overrides`, use `cargo add rialo_s_type_overrides` to add it to your `Cargo.toml`
[INFO] [stdout]     = note: this error originates in the macro `with_mock_invoke_context` which comes from the expansion of the macro `prepare_mockup` (in Nightly builds, run with -Z macro-backtrace for more info)
[INFO] [stdout] 
[INFO] [stdout] 
[INFO] [stdout] error[E0433]: cannot find module or crate `rialo_s_compute_budget` in this scope
[INFO] [stdout]    --> src/system_instruction.rs:314:13
[INFO] [stdout]     |
[INFO] [stdout] 314 |             with_mock_invoke_context!($invoke_context, transaction_context, transaction_accounts);
[INFO] [stdout]     |             ^^^^^^^^^^^^^^^^^^^^^^^^^^^^^^^^^^^^^^^^^^^^^^^^^^^^^^^^^^^^^^^^^^^^^^^^^^^^^^^^^^^^^ use of unresolved module or unlinked crate `rialo_s_compute_budget`
[INFO] [stdout] ...
[INFO] [stdout] 460 |         prepare_mockup!(invoke_context, instruction_accounts, rent);
[INFO] [stdout]     |         ----------------------------------------------------------- in this macro invocation
[INFO] [stdout]     |
[INFO] [stdout]     = help: if you wanted to use a crate named `rialo_s_compute_budget`, use `cargo add rialo_s_compute_budget` to add it to your `Cargo.toml`
[INFO] [stdout]     = note: this error originates in the macro `with_mock_invoke_context` which comes from the expansion of the macro `prepare_mockup` (in Nightly builds, run with -Z macro-backtrace for more info)
[INFO] [stdout] 
[INFO] [stdout] 
[INFO] [stdout] error[E0433]: cannot find module or crate `rialo_s_type_overrides` in this scope
[INFO] [stdout]    --> src/system_instruction.rs:314:13
[INFO] [stdout]     |
[INFO] [stdout] 314 |             with_mock_invoke_context!($invoke_context, transaction_context, transaction_accounts);
[INFO] [stdout]     |             ^^^^^^^^^^^^^^^^^^^^^^^^^^^^^^^^^^^^^^^^^^^^^^^^^^^^^^^^^^^^^^^^^^^^^^^^^^^^^^^^^^^^^ use of unresolved module or unlinked crate `rialo_s_type_overrides`
[INFO] [stdout] ...
[INFO] [stdout] 460 |         prepare_mockup!(invoke_context, instruction_accounts, rent);
[INFO] [stdout]     |         ----------------------------------------------------------- in this macro invocation
[INFO] [stdout]     |
[INFO] [stdout]     = help: if you wanted to use a crate named `rialo_s_type_overrides`, use `cargo add rialo_s_type_overrides` to add it to your `Cargo.toml`
[INFO] [stdout]     = note: this error originates in the macro `with_mock_invoke_context` which comes from the expansion of the macro `prepare_mockup` (in Nightly builds, run with -Z macro-backtrace for more info)
[INFO] [stdout] 
[INFO] [stdout] 
[INFO] [stdout] error[E0433]: cannot find module or crate `rialo_s_compute_budget` in this scope
[INFO] [stdout]    --> src/system_instruction.rs:314:13
[INFO] [stdout]     |
[INFO] [stdout] 314 |             with_mock_invoke_context!($invoke_context, transaction_context, transaction_accounts);
[INFO] [stdout]     |             ^^^^^^^^^^^^^^^^^^^^^^^^^^^^^^^^^^^^^^^^^^^^^^^^^^^^^^^^^^^^^^^^^^^^^^^^^^^^^^^^^^^^^ use of unresolved module or unlinked crate `rialo_s_compute_budget`
[INFO] [stdout] ...
[INFO] [stdout] 481 |         prepare_mockup!(invoke_context, instruction_accounts, rent);
[INFO] [stdout]     |         ----------------------------------------------------------- in this macro invocation
[INFO] [stdout]     |
[INFO] [stdout]     = help: if you wanted to use a crate named `rialo_s_compute_budget`, use `cargo add rialo_s_compute_budget` to add it to your `Cargo.toml`
[INFO] [stdout]     = note: this error originates in the macro `with_mock_invoke_context` which comes from the expansion of the macro `prepare_mockup` (in Nightly builds, run with -Z macro-backtrace for more info)
[INFO] [stdout] 
[INFO] [stdout] 
[INFO] [stdout] error[E0433]: cannot find module or crate `rialo_s_type_overrides` in this scope
[INFO] [stdout]    --> src/system_instruction.rs:314:13
[INFO] [stdout]     |
[INFO] [stdout] 314 |             with_mock_invoke_context!($invoke_context, transaction_context, transaction_accounts);
[INFO] [stdout]     |             ^^^^^^^^^^^^^^^^^^^^^^^^^^^^^^^^^^^^^^^^^^^^^^^^^^^^^^^^^^^^^^^^^^^^^^^^^^^^^^^^^^^^^ use of unresolved module or unlinked crate `rialo_s_type_overrides`
[INFO] [stdout] ...
[INFO] [stdout] 481 |         prepare_mockup!(invoke_context, instruction_accounts, rent);
[INFO] [stdout]     |         ----------------------------------------------------------- in this macro invocation
[INFO] [stdout]     |
[INFO] [stdout]     = help: if you wanted to use a crate named `rialo_s_type_overrides`, use `cargo add rialo_s_type_overrides` to add it to your `Cargo.toml`
[INFO] [stdout]     = note: this error originates in the macro `with_mock_invoke_context` which comes from the expansion of the macro `prepare_mockup` (in Nightly builds, run with -Z macro-backtrace for more info)
[INFO] [stdout] 
[INFO] [stdout] 
[INFO] [stdout] error[E0433]: cannot find module or crate `rialo_s_compute_budget` in this scope
[INFO] [stdout]    --> src/system_instruction.rs:314:13
[INFO] [stdout]     |
[INFO] [stdout] 314 |             with_mock_invoke_context!($invoke_context, transaction_context, transaction_accounts);
[INFO] [stdout]     |             ^^^^^^^^^^^^^^^^^^^^^^^^^^^^^^^^^^^^^^^^^^^^^^^^^^^^^^^^^^^^^^^^^^^^^^^^^^^^^^^^^^^^^ use of unresolved module or unlinked crate `rialo_s_compute_budget`
[INFO] [stdout] ...
[INFO] [stdout] 500 |         prepare_mockup!(invoke_context, instruction_accounts, rent);
[INFO] [stdout]     |         ----------------------------------------------------------- in this macro invocation
[INFO] [stdout]     |
[INFO] [stdout]     = help: if you wanted to use a crate named `rialo_s_compute_budget`, use `cargo add rialo_s_compute_budget` to add it to your `Cargo.toml`
[INFO] [stdout]     = note: this error originates in the macro `with_mock_invoke_context` which comes from the expansion of the macro `prepare_mockup` (in Nightly builds, run with -Z macro-backtrace for more info)
[INFO] [stdout] 
[INFO] [stdout] 
[INFO] [stdout] error[E0433]: cannot find module or crate `rialo_s_type_overrides` in this scope
[INFO] [stdout]    --> src/system_instruction.rs:314:13
[INFO] [stdout]     |
[INFO] [stdout] 314 |             with_mock_invoke_context!($invoke_context, transaction_context, transaction_accounts);
[INFO] [stdout]     |             ^^^^^^^^^^^^^^^^^^^^^^^^^^^^^^^^^^^^^^^^^^^^^^^^^^^^^^^^^^^^^^^^^^^^^^^^^^^^^^^^^^^^^ use of unresolved module or unlinked crate `rialo_s_type_overrides`
[INFO] [stdout] ...
[INFO] [stdout] 500 |         prepare_mockup!(invoke_context, instruction_accounts, rent);
[INFO] [stdout]     |         ----------------------------------------------------------- in this macro invocation
[INFO] [stdout]     |
[INFO] [stdout]     = help: if you wanted to use a crate named `rialo_s_type_overrides`, use `cargo add rialo_s_type_overrides` to add it to your `Cargo.toml`
[INFO] [stdout]     = note: this error originates in the macro `with_mock_invoke_context` which comes from the expansion of the macro `prepare_mockup` (in Nightly builds, run with -Z macro-backtrace for more info)
[INFO] [stdout] 
[INFO] [stdout] 
[INFO] [stdout] error[E0433]: cannot find module or crate `rialo_s_compute_budget` in this scope
[INFO] [stdout]    --> src/system_instruction.rs:314:13
[INFO] [stdout]     |
[INFO] [stdout] 314 |             with_mock_invoke_context!($invoke_context, transaction_context, transaction_accounts);
[INFO] [stdout]     |             ^^^^^^^^^^^^^^^^^^^^^^^^^^^^^^^^^^^^^^^^^^^^^^^^^^^^^^^^^^^^^^^^^^^^^^^^^^^^^^^^^^^^^ use of unresolved module or unlinked crate `rialo_s_compute_budget`
[INFO] [stdout] ...
[INFO] [stdout] 527 |         prepare_mockup!(invoke_context, instruction_accounts, rent);
[INFO] [stdout]     |         ----------------------------------------------------------- in this macro invocation
[INFO] [stdout]     |
[INFO] [stdout]     = help: if you wanted to use a crate named `rialo_s_compute_budget`, use `cargo add rialo_s_compute_budget` to add it to your `Cargo.toml`
[INFO] [stdout]     = note: this error originates in the macro `with_mock_invoke_context` which comes from the expansion of the macro `prepare_mockup` (in Nightly builds, run with -Z macro-backtrace for more info)
[INFO] [stdout] 
[INFO] [stdout] 
[INFO] [stdout] error[E0433]: cannot find module or crate `rialo_s_type_overrides` in this scope
[INFO] [stdout]    --> src/system_instruction.rs:314:13
[INFO] [stdout]     |
[INFO] [stdout] 314 |             with_mock_invoke_context!($invoke_context, transaction_context, transaction_accounts);
[INFO] [stdout]     |             ^^^^^^^^^^^^^^^^^^^^^^^^^^^^^^^^^^^^^^^^^^^^^^^^^^^^^^^^^^^^^^^^^^^^^^^^^^^^^^^^^^^^^ use of unresolved module or unlinked crate `rialo_s_type_overrides`
[INFO] [stdout] ...
[INFO] [stdout] 527 |         prepare_mockup!(invoke_context, instruction_accounts, rent);
[INFO] [stdout]     |         ----------------------------------------------------------- in this macro invocation
[INFO] [stdout]     |
[INFO] [stdout]     = help: if you wanted to use a crate named `rialo_s_type_overrides`, use `cargo add rialo_s_type_overrides` to add it to your `Cargo.toml`
[INFO] [stdout]     = note: this error originates in the macro `with_mock_invoke_context` which comes from the expansion of the macro `prepare_mockup` (in Nightly builds, run with -Z macro-backtrace for more info)
[INFO] [stdout] 
[INFO] [stdout] 
[INFO] [stdout] error[E0433]: cannot find module or crate `rialo_s_compute_budget` in this scope
[INFO] [stdout]    --> src/system_instruction.rs:314:13
[INFO] [stdout]     |
[INFO] [stdout] 314 |             with_mock_invoke_context!($invoke_context, transaction_context, transaction_accounts);
[INFO] [stdout]     |             ^^^^^^^^^^^^^^^^^^^^^^^^^^^^^^^^^^^^^^^^^^^^^^^^^^^^^^^^^^^^^^^^^^^^^^^^^^^^^^^^^^^^^ use of unresolved module or unlinked crate `rialo_s_compute_budget`
[INFO] [stdout] ...
[INFO] [stdout] 551 |         prepare_mockup!(invoke_context, instruction_accounts, rent);
[INFO] [stdout]     |         ----------------------------------------------------------- in this macro invocation
[INFO] [stdout]     |
[INFO] [stdout]     = help: if you wanted to use a crate named `rialo_s_compute_budget`, use `cargo add rialo_s_compute_budget` to add it to your `Cargo.toml`
[INFO] [stdout]     = note: this error originates in the macro `with_mock_invoke_context` which comes from the expansion of the macro `prepare_mockup` (in Nightly builds, run with -Z macro-backtrace for more info)
[INFO] [stdout] 
[INFO] [stdout] 
[INFO] [stdout] error[E0433]: cannot find module or crate `rialo_s_type_overrides` in this scope
[INFO] [stdout]    --> src/system_instruction.rs:314:13
[INFO] [stdout]     |
[INFO] [stdout] 314 |             with_mock_invoke_context!($invoke_context, transaction_context, transaction_accounts);
[INFO] [stdout]     |             ^^^^^^^^^^^^^^^^^^^^^^^^^^^^^^^^^^^^^^^^^^^^^^^^^^^^^^^^^^^^^^^^^^^^^^^^^^^^^^^^^^^^^ use of unresolved module or unlinked crate `rialo_s_type_overrides`
[INFO] [stdout] ...
[INFO] [stdout] 551 |         prepare_mockup!(invoke_context, instruction_accounts, rent);
[INFO] [stdout]     |         ----------------------------------------------------------- in this macro invocation
[INFO] [stdout]     |
[INFO] [stdout]     = help: if you wanted to use a crate named `rialo_s_type_overrides`, use `cargo add rialo_s_type_overrides` to add it to your `Cargo.toml`
[INFO] [stdout]     = note: this error originates in the macro `with_mock_invoke_context` which comes from the expansion of the macro `prepare_mockup` (in Nightly builds, run with -Z macro-backtrace for more info)
[INFO] [stdout] 
[INFO] [stdout] 
[INFO] [stdout] error[E0433]: cannot find module or crate `rialo_s_compute_budget` in this scope
[INFO] [stdout]    --> src/system_instruction.rs:314:13
[INFO] [stdout]     |
[INFO] [stdout] 314 |             with_mock_invoke_context!($invoke_context, transaction_context, transaction_accounts);
[INFO] [stdout]     |             ^^^^^^^^^^^^^^^^^^^^^^^^^^^^^^^^^^^^^^^^^^^^^^^^^^^^^^^^^^^^^^^^^^^^^^^^^^^^^^^^^^^^^ use of unresolved module or unlinked crate `rialo_s_compute_budget`
[INFO] [stdout] ...
[INFO] [stdout] 599 |         prepare_mockup!(invoke_context, instruction_accounts, rent);
[INFO] [stdout]     |         ----------------------------------------------------------- in this macro invocation
[INFO] [stdout]     |
[INFO] [stdout]     = help: if you wanted to use a crate named `rialo_s_compute_budget`, use `cargo add rialo_s_compute_budget` to add it to your `Cargo.toml`
[INFO] [stdout]     = note: this error originates in the macro `with_mock_invoke_context` which comes from the expansion of the macro `prepare_mockup` (in Nightly builds, run with -Z macro-backtrace for more info)
[INFO] [stdout] 
[INFO] [stdout] 
[INFO] [stdout] error[E0433]: cannot find module or crate `rialo_s_type_overrides` in this scope
[INFO] [stdout]    --> src/system_instruction.rs:314:13
[INFO] [stdout]     |
[INFO] [stdout] 314 |             with_mock_invoke_context!($invoke_context, transaction_context, transaction_accounts);
[INFO] [stdout]     |             ^^^^^^^^^^^^^^^^^^^^^^^^^^^^^^^^^^^^^^^^^^^^^^^^^^^^^^^^^^^^^^^^^^^^^^^^^^^^^^^^^^^^^ use of unresolved module or unlinked crate `rialo_s_type_overrides`
[INFO] [stdout] ...
[INFO] [stdout] 599 |         prepare_mockup!(invoke_context, instruction_accounts, rent);
[INFO] [stdout]     |         ----------------------------------------------------------- in this macro invocation
[INFO] [stdout]     |
[INFO] [stdout]     = help: if you wanted to use a crate named `rialo_s_type_overrides`, use `cargo add rialo_s_type_overrides` to add it to your `Cargo.toml`
[INFO] [stdout]     = note: this error originates in the macro `with_mock_invoke_context` which comes from the expansion of the macro `prepare_mockup` (in Nightly builds, run with -Z macro-backtrace for more info)
[INFO] [stdout] 
[INFO] [stdout] 
[INFO] [stdout] error[E0433]: cannot find module or crate `rialo_s_compute_budget` in this scope
[INFO] [stdout]    --> src/system_instruction.rs:314:13
[INFO] [stdout]     |
[INFO] [stdout] 314 |             with_mock_invoke_context!($invoke_context, transaction_context, transaction_accounts);
[INFO] [stdout]     |             ^^^^^^^^^^^^^^^^^^^^^^^^^^^^^^^^^^^^^^^^^^^^^^^^^^^^^^^^^^^^^^^^^^^^^^^^^^^^^^^^^^^^^ use of unresolved module or unlinked crate `rialo_s_compute_budget`
[INFO] [stdout] ...
[INFO] [stdout] 634 |         prepare_mockup!(invoke_context, instruction_accounts, rent);
[INFO] [stdout]     |         ----------------------------------------------------------- in this macro invocation
[INFO] [stdout]     |
[INFO] [stdout]     = help: if you wanted to use a crate named `rialo_s_compute_budget`, use `cargo add rialo_s_compute_budget` to add it to your `Cargo.toml`
[INFO] [stdout]     = note: this error originates in the macro `with_mock_invoke_context` which comes from the expansion of the macro `prepare_mockup` (in Nightly builds, run with -Z macro-backtrace for more info)
[INFO] [stdout] 
[INFO] [stdout] 
[INFO] [stdout] error[E0433]: cannot find module or crate `rialo_s_type_overrides` in this scope
[INFO] [stdout]    --> src/system_instruction.rs:314:13
[INFO] [stdout]     |
[INFO] [stdout] 314 |             with_mock_invoke_context!($invoke_context, transaction_context, transaction_accounts);
[INFO] [stdout]     |             ^^^^^^^^^^^^^^^^^^^^^^^^^^^^^^^^^^^^^^^^^^^^^^^^^^^^^^^^^^^^^^^^^^^^^^^^^^^^^^^^^^^^^ use of unresolved module or unlinked crate `rialo_s_type_overrides`
[INFO] [stdout] ...
[INFO] [stdout] 634 |         prepare_mockup!(invoke_context, instruction_accounts, rent);
[INFO] [stdout]     |         ----------------------------------------------------------- in this macro invocation
[INFO] [stdout]     |
[INFO] [stdout]     = help: if you wanted to use a crate named `rialo_s_type_overrides`, use `cargo add rialo_s_type_overrides` to add it to your `Cargo.toml`
[INFO] [stdout]     = note: this error originates in the macro `with_mock_invoke_context` which comes from the expansion of the macro `prepare_mockup` (in Nightly builds, run with -Z macro-backtrace for more info)
[INFO] [stdout] 
[INFO] [stdout] 
[INFO] [stdout] error[E0433]: cannot find module or crate `rialo_s_compute_budget` in this scope
[INFO] [stdout]    --> src/system_instruction.rs:314:13
[INFO] [stdout]     |
[INFO] [stdout] 314 |             with_mock_invoke_context!($invoke_context, transaction_context, transaction_accounts);
[INFO] [stdout]     |             ^^^^^^^^^^^^^^^^^^^^^^^^^^^^^^^^^^^^^^^^^^^^^^^^^^^^^^^^^^^^^^^^^^^^^^^^^^^^^^^^^^^^^ use of unresolved module or unlinked crate `rialo_s_compute_budget`
[INFO] [stdout] ...
[INFO] [stdout] 666 |         prepare_mockup!(invoke_context, instruction_accounts, rent);
[INFO] [stdout]     |         ----------------------------------------------------------- in this macro invocation
[INFO] [stdout]     |
[INFO] [stdout]     = help: if you wanted to use a crate named `rialo_s_compute_budget`, use `cargo add rialo_s_compute_budget` to add it to your `Cargo.toml`
[INFO] [stdout]     = note: this error originates in the macro `with_mock_invoke_context` which comes from the expansion of the macro `prepare_mockup` (in Nightly builds, run with -Z macro-backtrace for more info)
[INFO] [stdout] 
[INFO] [stdout] 
[INFO] [stdout] error[E0433]: cannot find module or crate `rialo_s_type_overrides` in this scope
[INFO] [stdout]    --> src/system_instruction.rs:314:13
[INFO] [stdout]     |
[INFO] [stdout] 314 |             with_mock_invoke_context!($invoke_context, transaction_context, transaction_accounts);
[INFO] [stdout]     |             ^^^^^^^^^^^^^^^^^^^^^^^^^^^^^^^^^^^^^^^^^^^^^^^^^^^^^^^^^^^^^^^^^^^^^^^^^^^^^^^^^^^^^ use of unresolved module or unlinked crate `rialo_s_type_overrides`
[INFO] [stdout] ...
[INFO] [stdout] 666 |         prepare_mockup!(invoke_context, instruction_accounts, rent);
[INFO] [stdout]     |         ----------------------------------------------------------- in this macro invocation
[INFO] [stdout]     |
[INFO] [stdout]     = help: if you wanted to use a crate named `rialo_s_type_overrides`, use `cargo add rialo_s_type_overrides` to add it to your `Cargo.toml`
[INFO] [stdout]     = note: this error originates in the macro `with_mock_invoke_context` which comes from the expansion of the macro `prepare_mockup` (in Nightly builds, run with -Z macro-backtrace for more info)
[INFO] [stdout] 
[INFO] [stdout] 
[INFO] [stdout] error[E0433]: cannot find module or crate `rialo_s_compute_budget` in this scope
[INFO] [stdout]    --> src/system_instruction.rs:314:13
[INFO] [stdout]     |
[INFO] [stdout] 314 |             with_mock_invoke_context!($invoke_context, transaction_context, transaction_accounts);
[INFO] [stdout]     |             ^^^^^^^^^^^^^^^^^^^^^^^^^^^^^^^^^^^^^^^^^^^^^^^^^^^^^^^^^^^^^^^^^^^^^^^^^^^^^^^^^^^^^ use of unresolved module or unlinked crate `rialo_s_compute_budget`
[INFO] [stdout] ...
[INFO] [stdout] 738 |         prepare_mockup!(invoke_context, instruction_accounts, rent);
[INFO] [stdout]     |         ----------------------------------------------------------- in this macro invocation
[INFO] [stdout]     |
[INFO] [stdout]     = help: if you wanted to use a crate named `rialo_s_compute_budget`, use `cargo add rialo_s_compute_budget` to add it to your `Cargo.toml`
[INFO] [stdout]     = note: this error originates in the macro `with_mock_invoke_context` which comes from the expansion of the macro `prepare_mockup` (in Nightly builds, run with -Z macro-backtrace for more info)
[INFO] [stdout] 
[INFO] [stdout] 
[INFO] [stdout] error[E0433]: cannot find module or crate `rialo_s_type_overrides` in this scope
[INFO] [stdout]    --> src/system_instruction.rs:314:13
[INFO] [stdout]     |
[INFO] [stdout] 314 |             with_mock_invoke_context!($invoke_context, transaction_context, transaction_accounts);
[INFO] [stdout]     |             ^^^^^^^^^^^^^^^^^^^^^^^^^^^^^^^^^^^^^^^^^^^^^^^^^^^^^^^^^^^^^^^^^^^^^^^^^^^^^^^^^^^^^ use of unresolved module or unlinked crate `rialo_s_type_overrides`
[INFO] [stdout] ...
[INFO] [stdout] 738 |         prepare_mockup!(invoke_context, instruction_accounts, rent);
[INFO] [stdout]     |         ----------------------------------------------------------- in this macro invocation
[INFO] [stdout]     |
[INFO] [stdout]     = help: if you wanted to use a crate named `rialo_s_type_overrides`, use `cargo add rialo_s_type_overrides` to add it to your `Cargo.toml`
[INFO] [stdout]     = note: this error originates in the macro `with_mock_invoke_context` which comes from the expansion of the macro `prepare_mockup` (in Nightly builds, run with -Z macro-backtrace for more info)
[INFO] [stdout] 
[INFO] [stdout] 
[INFO] [stdout] error[E0433]: cannot find module or crate `rialo_s_compute_budget` in this scope
[INFO] [stdout]    --> src/system_instruction.rs:314:13
[INFO] [stdout]     |
[INFO] [stdout] 314 |             with_mock_invoke_context!($invoke_context, transaction_context, transaction_accounts);
[INFO] [stdout]     |             ^^^^^^^^^^^^^^^^^^^^^^^^^^^^^^^^^^^^^^^^^^^^^^^^^^^^^^^^^^^^^^^^^^^^^^^^^^^^^^^^^^^^^ use of unresolved module or unlinked crate `rialo_s_compute_budget`
[INFO] [stdout] ...
[INFO] [stdout] 829 |         prepare_mockup!(invoke_context, instruction_accounts, rent);
[INFO] [stdout]     |         ----------------------------------------------------------- in this macro invocation
[INFO] [stdout]     |
[INFO] [stdout]     = help: if you wanted to use a crate named `rialo_s_compute_budget`, use `cargo add rialo_s_compute_budget` to add it to your `Cargo.toml`
[INFO] [stdout]     = note: this error originates in the macro `with_mock_invoke_context` which comes from the expansion of the macro `prepare_mockup` (in Nightly builds, run with -Z macro-backtrace for more info)
[INFO] [stdout] 
[INFO] [stdout] 
[INFO] [stdout] error[E0433]: cannot find module or crate `rialo_s_type_overrides` in this scope
[INFO] [stdout]    --> src/system_instruction.rs:314:13
[INFO] [stdout]     |
[INFO] [stdout] 314 |             with_mock_invoke_context!($invoke_context, transaction_context, transaction_accounts);
[INFO] [stdout]     |             ^^^^^^^^^^^^^^^^^^^^^^^^^^^^^^^^^^^^^^^^^^^^^^^^^^^^^^^^^^^^^^^^^^^^^^^^^^^^^^^^^^^^^ use of unresolved module or unlinked crate `rialo_s_type_overrides`
[INFO] [stdout] ...
[INFO] [stdout] 829 |         prepare_mockup!(invoke_context, instruction_accounts, rent);
[INFO] [stdout]     |         ----------------------------------------------------------- in this macro invocation
[INFO] [stdout]     |
[INFO] [stdout]     = help: if you wanted to use a crate named `rialo_s_type_overrides`, use `cargo add rialo_s_type_overrides` to add it to your `Cargo.toml`
[INFO] [stdout]     = note: this error originates in the macro `with_mock_invoke_context` which comes from the expansion of the macro `prepare_mockup` (in Nightly builds, run with -Z macro-backtrace for more info)
[INFO] [stdout] 
[INFO] [stdout] 
[INFO] [stdout] error[E0433]: cannot find module or crate `rialo_s_compute_budget` in this scope
[INFO] [stdout]    --> src/system_instruction.rs:314:13
[INFO] [stdout]     |
[INFO] [stdout] 314 |             with_mock_invoke_context!($invoke_context, transaction_context, transaction_accounts);
[INFO] [stdout]     |             ^^^^^^^^^^^^^^^^^^^^^^^^^^^^^^^^^^^^^^^^^^^^^^^^^^^^^^^^^^^^^^^^^^^^^^^^^^^^^^^^^^^^^ use of unresolved module or unlinked crate `rialo_s_compute_budget`
[INFO] [stdout] ...
[INFO] [stdout] 865 |         prepare_mockup!(invoke_context, instruction_accounts, rent);
[INFO] [stdout]     |         ----------------------------------------------------------- in this macro invocation
[INFO] [stdout]     |
[INFO] [stdout]     = help: if you wanted to use a crate named `rialo_s_compute_budget`, use `cargo add rialo_s_compute_budget` to add it to your `Cargo.toml`
[INFO] [stdout]     = note: this error originates in the macro `with_mock_invoke_context` which comes from the expansion of the macro `prepare_mockup` (in Nightly builds, run with -Z macro-backtrace for more info)
[INFO] [stdout] 
[INFO] [stdout] 
[INFO] [stdout] error[E0433]: cannot find module or crate `rialo_s_type_overrides` in this scope
[INFO] [stdout]    --> src/system_instruction.rs:314:13
[INFO] [stdout]     |
[INFO] [stdout] 314 |             with_mock_invoke_context!($invoke_context, transaction_context, transaction_accounts);
[INFO] [stdout]     |             ^^^^^^^^^^^^^^^^^^^^^^^^^^^^^^^^^^^^^^^^^^^^^^^^^^^^^^^^^^^^^^^^^^^^^^^^^^^^^^^^^^^^^ use of unresolved module or unlinked crate `rialo_s_type_overrides`
[INFO] [stdout] ...
[INFO] [stdout] 865 |         prepare_mockup!(invoke_context, instruction_accounts, rent);
[INFO] [stdout]     |         ----------------------------------------------------------- in this macro invocation
[INFO] [stdout]     |
[INFO] [stdout]     = help: if you wanted to use a crate named `rialo_s_type_overrides`, use `cargo add rialo_s_type_overrides` to add it to your `Cargo.toml`
[INFO] [stdout]     = note: this error originates in the macro `with_mock_invoke_context` which comes from the expansion of the macro `prepare_mockup` (in Nightly builds, run with -Z macro-backtrace for more info)
[INFO] [stdout] 
[INFO] [stdout] 
[INFO] [stdout] error[E0433]: cannot find module or crate `rialo_s_compute_budget` in this scope
[INFO] [stdout]    --> src/system_instruction.rs:314:13
[INFO] [stdout]     |
[INFO] [stdout] 314 |             with_mock_invoke_context!($invoke_context, transaction_context, transaction_accounts);
[INFO] [stdout]     |             ^^^^^^^^^^^^^^^^^^^^^^^^^^^^^^^^^^^^^^^^^^^^^^^^^^^^^^^^^^^^^^^^^^^^^^^^^^^^^^^^^^^^^ use of unresolved module or unlinked crate `rialo_s_compute_budget`
[INFO] [stdout] ...
[INFO] [stdout] 898 |         prepare_mockup!(invoke_context, instruction_accounts, rent);
[INFO] [stdout]     |         ----------------------------------------------------------- in this macro invocation
[INFO] [stdout]     |
[INFO] [stdout]     = help: if you wanted to use a crate named `rialo_s_compute_budget`, use `cargo add rialo_s_compute_budget` to add it to your `Cargo.toml`
[INFO] [stdout]     = note: this error originates in the macro `with_mock_invoke_context` which comes from the expansion of the macro `prepare_mockup` (in Nightly builds, run with -Z macro-backtrace for more info)
[INFO] [stdout] 
[INFO] [stdout] 
[INFO] [stdout] error[E0433]: cannot find module or crate `rialo_s_type_overrides` in this scope
[INFO] [stdout]    --> src/system_instruction.rs:314:13
[INFO] [stdout]     |
[INFO] [stdout] 314 |             with_mock_invoke_context!($invoke_context, transaction_context, transaction_accounts);
[INFO] [stdout]     |             ^^^^^^^^^^^^^^^^^^^^^^^^^^^^^^^^^^^^^^^^^^^^^^^^^^^^^^^^^^^^^^^^^^^^^^^^^^^^^^^^^^^^^ use of unresolved module or unlinked crate `rialo_s_type_overrides`
[INFO] [stdout] ...
[INFO] [stdout] 898 |         prepare_mockup!(invoke_context, instruction_accounts, rent);
[INFO] [stdout]     |         ----------------------------------------------------------- in this macro invocation
[INFO] [stdout]     |
[INFO] [stdout]     = help: if you wanted to use a crate named `rialo_s_type_overrides`, use `cargo add rialo_s_type_overrides` to add it to your `Cargo.toml`
[INFO] [stdout]     = note: this error originates in the macro `with_mock_invoke_context` which comes from the expansion of the macro `prepare_mockup` (in Nightly builds, run with -Z macro-backtrace for more info)
[INFO] [stdout] 
[INFO] [stdout] 
[INFO] [stdout] error[E0433]: cannot find module or crate `rialo_s_compute_budget` in this scope
[INFO] [stdout]    --> src/system_instruction.rs:314:13
[INFO] [stdout]     |
[INFO] [stdout] 314 |             with_mock_invoke_context!($invoke_context, transaction_context, transaction_accounts);
[INFO] [stdout]     |             ^^^^^^^^^^^^^^^^^^^^^^^^^^^^^^^^^^^^^^^^^^^^^^^^^^^^^^^^^^^^^^^^^^^^^^^^^^^^^^^^^^^^^ use of unresolved module or unlinked crate `rialo_s_compute_budget`
[INFO] [stdout] ...
[INFO] [stdout] 931 |         prepare_mockup!(invoke_context, instruction_accounts, rent);
[INFO] [stdout]     |         ----------------------------------------------------------- in this macro invocation
[INFO] [stdout]     |
[INFO] [stdout]     = help: if you wanted to use a crate named `rialo_s_compute_budget`, use `cargo add rialo_s_compute_budget` to add it to your `Cargo.toml`
[INFO] [stdout]     = note: this error originates in the macro `with_mock_invoke_context` which comes from the expansion of the macro `prepare_mockup` (in Nightly builds, run with -Z macro-backtrace for more info)
[INFO] [stdout] 
[INFO] [stdout] 
[INFO] [stdout] error[E0433]: cannot find module or crate `rialo_s_type_overrides` in this scope
[INFO] [stdout]    --> src/system_instruction.rs:314:13
[INFO] [stdout]     |
[INFO] [stdout] 314 |             with_mock_invoke_context!($invoke_context, transaction_context, transaction_accounts);
[INFO] [stdout]     |             ^^^^^^^^^^^^^^^^^^^^^^^^^^^^^^^^^^^^^^^^^^^^^^^^^^^^^^^^^^^^^^^^^^^^^^^^^^^^^^^^^^^^^ use of unresolved module or unlinked crate `rialo_s_type_overrides`
[INFO] [stdout] ...
[INFO] [stdout] 931 |         prepare_mockup!(invoke_context, instruction_accounts, rent);
[INFO] [stdout]     |         ----------------------------------------------------------- in this macro invocation
[INFO] [stdout]     |
[INFO] [stdout]     = help: if you wanted to use a crate named `rialo_s_type_overrides`, use `cargo add rialo_s_type_overrides` to add it to your `Cargo.toml`
[INFO] [stdout]     = note: this error originates in the macro `with_mock_invoke_context` which comes from the expansion of the macro `prepare_mockup` (in Nightly builds, run with -Z macro-backtrace for more info)
[INFO] [stdout] 
[INFO] [stdout] 
[INFO] [stdout] error[E0433]: cannot find module or crate `rialo_s_compute_budget` in this scope
[INFO] [stdout]    --> src/system_instruction.rs:314:13
[INFO] [stdout]     |
[INFO] [stdout] 314 |             with_mock_invoke_context!($invoke_context, transaction_context, transaction_accounts);
[INFO] [stdout]     |             ^^^^^^^^^^^^^^^^^^^^^^^^^^^^^^^^^^^^^^^^^^^^^^^^^^^^^^^^^^^^^^^^^^^^^^^^^^^^^^^^^^^^^ use of unresolved module or unlinked crate `rialo_s_compute_budget`
[INFO] [stdout] ...
[INFO] [stdout] 964 |         prepare_mockup!(invoke_context, instruction_accounts, rent);
[INFO] [stdout]     |         ----------------------------------------------------------- in this macro invocation
[INFO] [stdout]     |
[INFO] [stdout]     = help: if you wanted to use a crate named `rialo_s_compute_budget`, use `cargo add rialo_s_compute_budget` to add it to your `Cargo.toml`
[INFO] [stdout]     = note: this error originates in the macro `with_mock_invoke_context` which comes from the expansion of the macro `prepare_mockup` (in Nightly builds, run with -Z macro-backtrace for more info)
[INFO] [stdout] 
[INFO] [stdout] 
[INFO] [stdout] error[E0433]: cannot find module or crate `rialo_s_type_overrides` in this scope
[INFO] [stdout]    --> src/system_instruction.rs:314:13
[INFO] [stdout]     |
[INFO] [stdout] 314 |             with_mock_invoke_context!($invoke_context, transaction_context, transaction_accounts);
[INFO] [stdout]     |             ^^^^^^^^^^^^^^^^^^^^^^^^^^^^^^^^^^^^^^^^^^^^^^^^^^^^^^^^^^^^^^^^^^^^^^^^^^^^^^^^^^^^^ use of unresolved module or unlinked crate `rialo_s_type_overrides`
[INFO] [stdout] ...
[INFO] [stdout] 964 |         prepare_mockup!(invoke_context, instruction_accounts, rent);
[INFO] [stdout]     |         ----------------------------------------------------------- in this macro invocation
[INFO] [stdout]     |
[INFO] [stdout]     = help: if you wanted to use a crate named `rialo_s_type_overrides`, use `cargo add rialo_s_type_overrides` to add it to your `Cargo.toml`
[INFO] [stdout]     = note: this error originates in the macro `with_mock_invoke_context` which comes from the expansion of the macro `prepare_mockup` (in Nightly builds, run with -Z macro-backtrace for more info)
[INFO] [stdout] 
[INFO] [stdout] 
[INFO] [stdout] error[E0433]: cannot find module or crate `rialo_s_compute_budget` in this scope
[INFO] [stdout]    --> src/system_instruction.rs:314:13
[INFO] [stdout]     |
[INFO] [stdout] 314 |             with_mock_invoke_context!($invoke_context, transaction_context, transaction_accounts);
[INFO] [stdout]     |             ^^^^^^^^^^^^^^^^^^^^^^^^^^^^^^^^^^^^^^^^^^^^^^^^^^^^^^^^^^^^^^^^^^^^^^^^^^^^^^^^^^^^^ use of unresolved module or unlinked crate `rialo_s_compute_budget`
[INFO] [stdout] ...
[INFO] [stdout] 996 |         prepare_mockup!(invoke_context, instruction_accounts, rent);
[INFO] [stdout]     |         ----------------------------------------------------------- in this macro invocation
[INFO] [stdout]     |
[INFO] [stdout]     = help: if you wanted to use a crate named `rialo_s_compute_budget`, use `cargo add rialo_s_compute_budget` to add it to your `Cargo.toml`
[INFO] [stdout]     = note: this error originates in the macro `with_mock_invoke_context` which comes from the expansion of the macro `prepare_mockup` (in Nightly builds, run with -Z macro-backtrace for more info)
[INFO] [stdout] 
[INFO] [stdout] 
[INFO] [stdout] error[E0433]: cannot find module or crate `rialo_s_type_overrides` in this scope
[INFO] [stdout]    --> src/system_instruction.rs:314:13
[INFO] [stdout]     |
[INFO] [stdout] 314 |             with_mock_invoke_context!($invoke_context, transaction_context, transaction_accounts);
[INFO] [stdout]     |             ^^^^^^^^^^^^^^^^^^^^^^^^^^^^^^^^^^^^^^^^^^^^^^^^^^^^^^^^^^^^^^^^^^^^^^^^^^^^^^^^^^^^^ use of unresolved module or unlinked crate `rialo_s_type_overrides`
[INFO] [stdout] ...
[INFO] [stdout] 996 |         prepare_mockup!(invoke_context, instruction_accounts, rent);
[INFO] [stdout]     |         ----------------------------------------------------------- in this macro invocation
[INFO] [stdout]     |
[INFO] [stdout]     = help: if you wanted to use a crate named `rialo_s_type_overrides`, use `cargo add rialo_s_type_overrides` to add it to your `Cargo.toml`
[INFO] [stdout]     = note: this error originates in the macro `with_mock_invoke_context` which comes from the expansion of the macro `prepare_mockup` (in Nightly builds, run with -Z macro-backtrace for more info)
[INFO] [stdout] 
[INFO] [stdout] 
[INFO] [stdout] error[E0433]: cannot find module or crate `rialo_s_compute_budget` in this scope
[INFO] [stdout]     --> src/system_instruction.rs:314:13
[INFO] [stdout]      |
[INFO] [stdout]  314 |             with_mock_invoke_context!($invoke_context, transaction_context, transaction_accounts);
[INFO] [stdout]      |             ^^^^^^^^^^^^^^^^^^^^^^^^^^^^^^^^^^^^^^^^^^^^^^^^^^^^^^^^^^^^^^^^^^^^^^^^^^^^^^^^^^^^^ use of unresolved module or unlinked crate `rialo_s_compute_budget`
[INFO] [stdout] ...
[INFO] [stdout] 1017 |         prepare_mockup!(invoke_context, instruction_accounts, rent);
[INFO] [stdout]      |         ----------------------------------------------------------- in this macro invocation
[INFO] [stdout]      |
[INFO] [stdout]      = help: if you wanted to use a crate named `rialo_s_compute_budget`, use `cargo add rialo_s_compute_budget` to add it to your `Cargo.toml`
[INFO] [stdout]      = note: this error originates in the macro `with_mock_invoke_context` which comes from the expansion of the macro `prepare_mockup` (in Nightly builds, run with -Z macro-backtrace for more info)
[INFO] [stdout] 
[INFO] [stdout] 
[INFO] [stdout] error[E0433]: cannot find module or crate `rialo_s_type_overrides` in this scope
[INFO] [stdout]     --> src/system_instruction.rs:314:13
[INFO] [stdout]      |
[INFO] [stdout]  314 |             with_mock_invoke_context!($invoke_context, transaction_context, transaction_accounts);
[INFO] [stdout]      |             ^^^^^^^^^^^^^^^^^^^^^^^^^^^^^^^^^^^^^^^^^^^^^^^^^^^^^^^^^^^^^^^^^^^^^^^^^^^^^^^^^^^^^ use of unresolved module or unlinked crate `rialo_s_type_overrides`
[INFO] [stdout] ...
[INFO] [stdout] 1017 |         prepare_mockup!(invoke_context, instruction_accounts, rent);
[INFO] [stdout]      |         ----------------------------------------------------------- in this macro invocation
[INFO] [stdout]      |
[INFO] [stdout]      = help: if you wanted to use a crate named `rialo_s_type_overrides`, use `cargo add rialo_s_type_overrides` to add it to your `Cargo.toml`
[INFO] [stdout]      = note: this error originates in the macro `with_mock_invoke_context` which comes from the expansion of the macro `prepare_mockup` (in Nightly builds, run with -Z macro-backtrace for more info)
[INFO] [stdout] 
[INFO] [stdout] 
[INFO] [stdout] error[E0433]: cannot find module or crate `rialo_s_compute_budget` in this scope
[INFO] [stdout]     --> src/system_instruction.rs:314:13
[INFO] [stdout]      |
[INFO] [stdout]  314 |             with_mock_invoke_context!($invoke_context, transaction_context, transaction_accounts);
[INFO] [stdout]      |             ^^^^^^^^^^^^^^^^^^^^^^^^^^^^^^^^^^^^^^^^^^^^^^^^^^^^^^^^^^^^^^^^^^^^^^^^^^^^^^^^^^^^^ use of unresolved module or unlinked crate `rialo_s_compute_budget`
[INFO] [stdout] ...
[INFO] [stdout] 1037 |         prepare_mockup!(invoke_context, instruction_accounts, rent);
[INFO] [stdout]      |         ----------------------------------------------------------- in this macro invocation
[INFO] [stdout]      |
[INFO] [stdout]      = help: if you wanted to use a crate named `rialo_s_compute_budget`, use `cargo add rialo_s_compute_budget` to add it to your `Cargo.toml`
[INFO] [stdout]      = note: this error originates in the macro `with_mock_invoke_context` which comes from the expansion of the macro `prepare_mockup` (in Nightly builds, run with -Z macro-backtrace for more info)
[INFO] [stdout] 
[INFO] [stdout] 
[INFO] [stdout] error[E0433]: cannot find module or crate `rialo_s_type_overrides` in this scope
[INFO] [stdout]     --> src/system_instruction.rs:314:13
[INFO] [stdout]      |
[INFO] [stdout]  314 |             with_mock_invoke_context!($invoke_context, transaction_context, transaction_accounts);
[INFO] [stdout]      |             ^^^^^^^^^^^^^^^^^^^^^^^^^^^^^^^^^^^^^^^^^^^^^^^^^^^^^^^^^^^^^^^^^^^^^^^^^^^^^^^^^^^^^ use of unresolved module or unlinked crate `rialo_s_type_overrides`
[INFO] [stdout] ...
[INFO] [stdout] 1037 |         prepare_mockup!(invoke_context, instruction_accounts, rent);
[INFO] [stdout]      |         ----------------------------------------------------------- in this macro invocation
[INFO] [stdout]      |
[INFO] [stdout]      = help: if you wanted to use a crate named `rialo_s_type_overrides`, use `cargo add rialo_s_type_overrides` to add it to your `Cargo.toml`
[INFO] [stdout]      = note: this error originates in the macro `with_mock_invoke_context` which comes from the expansion of the macro `prepare_mockup` (in Nightly builds, run with -Z macro-backtrace for more info)
[INFO] [stdout] 
[INFO] [stdout] 
[INFO] [stdout] error[E0433]: cannot find module or crate `rialo_s_compute_budget` in this scope
[INFO] [stdout]     --> src/system_instruction.rs:314:13
[INFO] [stdout]      |
[INFO] [stdout]  314 |             with_mock_invoke_context!($invoke_context, transaction_context, transaction_accounts);
[INFO] [stdout]      |             ^^^^^^^^^^^^^^^^^^^^^^^^^^^^^^^^^^^^^^^^^^^^^^^^^^^^^^^^^^^^^^^^^^^^^^^^^^^^^^^^^^^^^ use of unresolved module or unlinked crate `rialo_s_compute_budget`
[INFO] [stdout] ...
[INFO] [stdout] 1067 |         prepare_mockup!(invoke_context, instruction_accounts, rent);
[INFO] [stdout]      |         ----------------------------------------------------------- in this macro invocation
[INFO] [stdout]      |
[INFO] [stdout]      = help: if you wanted to use a crate named `rialo_s_compute_budget`, use `cargo add rialo_s_compute_budget` to add it to your `Cargo.toml`
[INFO] [stdout]      = note: this error originates in the macro `with_mock_invoke_context` which comes from the expansion of the macro `prepare_mockup` (in Nightly builds, run with -Z macro-backtrace for more info)
[INFO] [stdout] 
[INFO] [stdout] 
[INFO] [stdout] error[E0433]: cannot find module or crate `rialo_s_type_overrides` in this scope
[INFO] [stdout]     --> src/system_instruction.rs:314:13
[INFO] [stdout]      |
[INFO] [stdout]  314 |             with_mock_invoke_context!($invoke_context, transaction_context, transaction_accounts);
[INFO] [stdout]      |             ^^^^^^^^^^^^^^^^^^^^^^^^^^^^^^^^^^^^^^^^^^^^^^^^^^^^^^^^^^^^^^^^^^^^^^^^^^^^^^^^^^^^^ use of unresolved module or unlinked crate `rialo_s_type_overrides`
[INFO] [stdout] ...
[INFO] [stdout] 1067 |         prepare_mockup!(invoke_context, instruction_accounts, rent);
[INFO] [stdout]      |         ----------------------------------------------------------- in this macro invocation
[INFO] [stdout]      |
[INFO] [stdout]      = help: if you wanted to use a crate named `rialo_s_type_overrides`, use `cargo add rialo_s_type_overrides` to add it to your `Cargo.toml`
[INFO] [stdout]      = note: this error originates in the macro `with_mock_invoke_context` which comes from the expansion of the macro `prepare_mockup` (in Nightly builds, run with -Z macro-backtrace for more info)
[INFO] [stdout] 
[INFO] [stdout] 
[INFO] [stdout] error[E0433]: cannot find module or crate `rialo_s_compute_budget` in this scope
[INFO] [stdout]     --> src/system_instruction.rs:314:13
[INFO] [stdout]      |
[INFO] [stdout]  314 |             with_mock_invoke_context!($invoke_context, transaction_context, transaction_accounts);
[INFO] [stdout]      |             ^^^^^^^^^^^^^^^^^^^^^^^^^^^^^^^^^^^^^^^^^^^^^^^^^^^^^^^^^^^^^^^^^^^^^^^^^^^^^^^^^^^^^ use of unresolved module or unlinked crate `rialo_s_compute_budget`
[INFO] [stdout] ...
[INFO] [stdout] 1090 |         prepare_mockup!(invoke_context, instruction_accounts, rent);
[INFO] [stdout]      |         ----------------------------------------------------------- in this macro invocation
[INFO] [stdout]      |
[INFO] [stdout]      = help: if you wanted to use a crate named `rialo_s_compute_budget`, use `cargo add rialo_s_compute_budget` to add it to your `Cargo.toml`
[INFO] [stdout]      = note: this error originates in the macro `with_mock_invoke_context` which comes from the expansion of the macro `prepare_mockup` (in Nightly builds, run with -Z macro-backtrace for more info)
[INFO] [stdout] 
[INFO] [stdout] 
[INFO] [stdout] error[E0433]: cannot find module or crate `rialo_s_type_overrides` in this scope
[INFO] [stdout]     --> src/system_instruction.rs:314:13
[INFO] [stdout]      |
[INFO] [stdout]  314 |             with_mock_invoke_context!($invoke_context, transaction_context, transaction_accounts);
[INFO] [stdout]      |             ^^^^^^^^^^^^^^^^^^^^^^^^^^^^^^^^^^^^^^^^^^^^^^^^^^^^^^^^^^^^^^^^^^^^^^^^^^^^^^^^^^^^^ use of unresolved module or unlinked crate `rialo_s_type_overrides`
[INFO] [stdout] ...
[INFO] [stdout] 1090 |         prepare_mockup!(invoke_context, instruction_accounts, rent);
[INFO] [stdout]      |         ----------------------------------------------------------- in this macro invocation
[INFO] [stdout]      |
[INFO] [stdout]      = help: if you wanted to use a crate named `rialo_s_type_overrides`, use `cargo add rialo_s_type_overrides` to add it to your `Cargo.toml`
[INFO] [stdout]      = note: this error originates in the macro `with_mock_invoke_context` which comes from the expansion of the macro `prepare_mockup` (in Nightly builds, run with -Z macro-backtrace for more info)
[INFO] [stdout] 
[INFO] [stdout] 
[INFO] [stdout] error[E0433]: cannot find module or crate `rialo_s_compute_budget` in this scope
[INFO] [stdout]     --> src/system_instruction.rs:314:13
[INFO] [stdout]      |
[INFO] [stdout]  314 |             with_mock_invoke_context!($invoke_context, transaction_context, transaction_accounts);
[INFO] [stdout]      |             ^^^^^^^^^^^^^^^^^^^^^^^^^^^^^^^^^^^^^^^^^^^^^^^^^^^^^^^^^^^^^^^^^^^^^^^^^^^^^^^^^^^^^ use of unresolved module or unlinked crate `rialo_s_compute_budget`
[INFO] [stdout] ...
[INFO] [stdout] 1149 |         prepare_mockup!(invoke_context, instruction_accounts, rent);
[INFO] [stdout]      |         ----------------------------------------------------------- in this macro invocation
[INFO] [stdout]      |
[INFO] [stdout]      = help: if you wanted to use a crate named `rialo_s_compute_budget`, use `cargo add rialo_s_compute_budget` to add it to your `Cargo.toml`
[INFO] [stdout]      = note: this error originates in the macro `with_mock_invoke_context` which comes from the expansion of the macro `prepare_mockup` (in Nightly builds, run with -Z macro-backtrace for more info)
[INFO] [stdout] 
[INFO] [stdout] 
[INFO] [stdout] error[E0433]: cannot find module or crate `rialo_s_type_overrides` in this scope
[INFO] [stdout]     --> src/system_instruction.rs:314:13
[INFO] [stdout]      |
[INFO] [stdout]  314 |             with_mock_invoke_context!($invoke_context, transaction_context, transaction_accounts);
[INFO] [stdout]      |             ^^^^^^^^^^^^^^^^^^^^^^^^^^^^^^^^^^^^^^^^^^^^^^^^^^^^^^^^^^^^^^^^^^^^^^^^^^^^^^^^^^^^^ use of unresolved module or unlinked crate `rialo_s_type_overrides`
[INFO] [stdout] ...
[INFO] [stdout] 1149 |         prepare_mockup!(invoke_context, instruction_accounts, rent);
[INFO] [stdout]      |         ----------------------------------------------------------- in this macro invocation
[INFO] [stdout]      |
[INFO] [stdout]      = help: if you wanted to use a crate named `rialo_s_type_overrides`, use `cargo add rialo_s_type_overrides` to add it to your `Cargo.toml`
[INFO] [stdout]      = note: this error originates in the macro `with_mock_invoke_context` which comes from the expansion of the macro `prepare_mockup` (in Nightly builds, run with -Z macro-backtrace for more info)
[INFO] [stdout] 
[INFO] [stdout] 
[INFO] [stdout] error[E0433]: cannot find module or crate `rialo_s_compute_budget` in this scope
[INFO] [stdout]     --> src/system_instruction.rs:314:13
[INFO] [stdout]      |
[INFO] [stdout]  314 |             with_mock_invoke_context!($invoke_context, transaction_context, transaction_accounts);
[INFO] [stdout]      |             ^^^^^^^^^^^^^^^^^^^^^^^^^^^^^^^^^^^^^^^^^^^^^^^^^^^^^^^^^^^^^^^^^^^^^^^^^^^^^^^^^^^^^ use of unresolved module or unlinked crate `rialo_s_compute_budget`
[INFO] [stdout] ...
[INFO] [stdout] 1167 |         prepare_mockup!(invoke_context, instruction_accounts, rent);
[INFO] [stdout]      |         ----------------------------------------------------------- in this macro invocation
[INFO] [stdout]      |
[INFO] [stdout]      = help: if you wanted to use a crate named `rialo_s_compute_budget`, use `cargo add rialo_s_compute_budget` to add it to your `Cargo.toml`
[INFO] [stdout]      = note: this error originates in the macro `with_mock_invoke_context` which comes from the expansion of the macro `prepare_mockup` (in Nightly builds, run with -Z macro-backtrace for more info)
[INFO] [stdout] 
[INFO] [stdout] 
[INFO] [stdout] error[E0433]: cannot find module or crate `rialo_s_type_overrides` in this scope
[INFO] [stdout]     --> src/system_instruction.rs:314:13
[INFO] [stdout]      |
[INFO] [stdout]  314 |             with_mock_invoke_context!($invoke_context, transaction_context, transaction_accounts);
[INFO] [stdout]      |             ^^^^^^^^^^^^^^^^^^^^^^^^^^^^^^^^^^^^^^^^^^^^^^^^^^^^^^^^^^^^^^^^^^^^^^^^^^^^^^^^^^^^^ use of unresolved module or unlinked crate `rialo_s_type_overrides`
[INFO] [stdout] ...
[INFO] [stdout] 1167 |         prepare_mockup!(invoke_context, instruction_accounts, rent);
[INFO] [stdout]      |         ----------------------------------------------------------- in this macro invocation
[INFO] [stdout]      |
[INFO] [stdout]      = help: if you wanted to use a crate named `rialo_s_type_overrides`, use `cargo add rialo_s_type_overrides` to add it to your `Cargo.toml`
[INFO] [stdout]      = note: this error originates in the macro `with_mock_invoke_context` which comes from the expansion of the macro `prepare_mockup` (in Nightly builds, run with -Z macro-backtrace for more info)
[INFO] [stdout] 
[INFO] [stdout] 
[INFO] [stdout] error[E0433]: cannot find module or crate `rialo_s_compute_budget` in this scope
[INFO] [stdout]    --> src/system_processor.rs:773:9
[INFO] [stdout]     |
[INFO] [stdout] 773 | /         with_mock_invoke_context!(
[INFO] [stdout] 774 | |             invoke_context,
[INFO] [stdout] 775 | |             transaction_context,
[INFO] [stdout] 776 | |             Vec::<(Pubkey, StoredAccount)>::new()
[INFO] [stdout] 777 | |         );
[INFO] [stdout]     | |_________^ use of unresolved module or unlinked crate `rialo_s_compute_budget`
[INFO] [stdout]     |
[INFO] [stdout]     = help: if you wanted to use a crate named `rialo_s_compute_budget`, use `cargo add rialo_s_compute_budget` to add it to your `Cargo.toml`
[INFO] [stdout]     = note: this error originates in the macro `with_mock_invoke_context` (in Nightly builds, run with -Z macro-backtrace for more info)
[INFO] [stdout] 
[INFO] [stdout] 
[INFO] [stdout] error[E0433]: cannot find module or crate `rialo_s_type_overrides` in this scope
[INFO] [stdout]    --> src/system_processor.rs:773:9
[INFO] [stdout]     |
[INFO] [stdout] 773 | /         with_mock_invoke_context!(
[INFO] [stdout] 774 | |             invoke_context,
[INFO] [stdout] 775 | |             transaction_context,
[INFO] [stdout] 776 | |             Vec::<(Pubkey, StoredAccount)>::new()
[INFO] [stdout] 777 | |         );
[INFO] [stdout]     | |_________^ use of unresolved module or unlinked crate `rialo_s_type_overrides`
[INFO] [stdout]     |
[INFO] [stdout]     = help: if you wanted to use a crate named `rialo_s_type_overrides`, use `cargo add rialo_s_type_overrides` to add it to your `Cargo.toml`
[INFO] [stdout]     = note: this error originates in the macro `with_mock_invoke_context` (in Nightly builds, run with -Z macro-backtrace for more info)
[INFO] [stdout] 
[INFO] [stdout] 
[INFO] [stdout] error[E0433]: cannot find module or crate `rialo_s_compute_budget` in this scope
[INFO] [stdout]     --> src/system_instruction.rs:314:13
[INFO] [stdout]      |
[INFO] [stdout]  314 |             with_mock_invoke_context!($invoke_context, transaction_context, transaction_accounts);
[INFO] [stdout]      |             ^^^^^^^^^^^^^^^^^^^^^^^^^^^^^^^^^^^^^^^^^^^^^^^^^^^^^^^^^^^^^^^^^^^^^^^^^^^^^^^^^^^^^ use of unresolved module or unlinked crate `rialo_s_compute_budget`
[INFO] [stdout] ...
[INFO] [stdout] 1112 |         prepare_mockup!(invoke_context, instruction_accounts, rent);
[INFO] [stdout]      |         ----------------------------------------------------------- in this macro invocation
[INFO] [stdout]      |
[INFO] [stdout]      = help: if you wanted to use a crate named `rialo_s_compute_budget`, use `cargo add rialo_s_compute_budget` to add it to your `Cargo.toml`
[INFO] [stdout]      = note: this error originates in the macro `with_mock_invoke_context` which comes from the expansion of the macro `prepare_mockup` (in Nightly builds, run with -Z macro-backtrace for more info)
[INFO] [stdout] 
[INFO] [stdout] 
[INFO] [stdout] error[E0433]: cannot find module or crate `rialo_s_type_overrides` in this scope
[INFO] [stdout]     --> src/system_instruction.rs:314:13
[INFO] [stdout]      |
[INFO] [stdout]  314 |             with_mock_invoke_context!($invoke_context, transaction_context, transaction_accounts);
[INFO] [stdout]      |             ^^^^^^^^^^^^^^^^^^^^^^^^^^^^^^^^^^^^^^^^^^^^^^^^^^^^^^^^^^^^^^^^^^^^^^^^^^^^^^^^^^^^^ use of unresolved module or unlinked crate `rialo_s_type_overrides`
[INFO] [stdout] ...
[INFO] [stdout] 1112 |         prepare_mockup!(invoke_context, instruction_accounts, rent);
[INFO] [stdout]      |         ----------------------------------------------------------- in this macro invocation
[INFO] [stdout]      |
[INFO] [stdout]      = help: if you wanted to use a crate named `rialo_s_type_overrides`, use `cargo add rialo_s_type_overrides` to add it to your `Cargo.toml`
[INFO] [stdout]      = note: this error originates in the macro `with_mock_invoke_context` which comes from the expansion of the macro `prepare_mockup` (in Nightly builds, run with -Z macro-backtrace for more info)
[INFO] [stdout] 
[INFO] [stdout] 
[INFO] [stdout] error[E0432]: unresolved import `rialo_s_sdk`
[INFO] [stdout]    --> src/system_processor.rs:563:9
[INFO] [stdout]     |
[INFO] [stdout] 563 |     use rialo_s_sdk::{
[INFO] [stdout]     |         ^^^^^^^^^^^ use of unresolved module or unlinked crate `rialo_s_sdk`
[INFO] [stdout]     |
[INFO] [stdout]     = help: if you wanted to use a crate named `rialo_s_sdk`, use `cargo add rialo_s_sdk` to add it to your `Cargo.toml`
[INFO] [stdout] 
[INFO] [stdout] 
[INFO] [stdout] error[E0433]: cannot find `Versions` in `state`
[INFO] [stdout]     --> src/system_processor.rs:1195:28
[INFO] [stdout]      |
[INFO] [stdout] 1195 |             &nonce::state::Versions::new(nonce::State::Initialized(nonce::state::Data::default())),
[INFO] [stdout]      |                            ^^^^^^^^ could not find `Versions` in `state`
[INFO] [stdout] 
[INFO] [stdout] 
[INFO] [stdout] error[E0433]: cannot find `State` in `nonce`
[INFO] [stdout]     --> src/system_processor.rs:1195:49
[INFO] [stdout]      |
[INFO] [stdout] 1195 |             &nonce::state::Versions::new(nonce::State::Initialized(nonce::state::Data::default())),
[INFO] [stdout]      |                                                 ^^^^^ could not find `State` in `nonce`
[INFO] [stdout] 
[INFO] [stdout] 
[INFO] [stdout] error[E0433]: cannot find `Versions` in `state`
[INFO] [stdout]     --> src/system_processor.rs:1470:28
[INFO] [stdout]      |
[INFO] [stdout] 1470 |             &nonce::state::Versions::new(nonce::State::Initialized(nonce::state::Data {
[INFO] [stdout]      |                            ^^^^^^^^ could not find `Versions` in `state`
[INFO] [stdout] 
[INFO] [stdout] 
[INFO] [stdout] error[E0433]: cannot find `State` in `nonce`
[INFO] [stdout]     --> src/system_processor.rs:1470:49
[INFO] [stdout]      |
[INFO] [stdout] 1470 |             &nonce::state::Versions::new(nonce::State::Initialized(nonce::state::Data {
[INFO] [stdout]      |                                                 ^^^^^ could not find `State` in `nonce`
[INFO] [stdout] 
[INFO] [stdout] 
[INFO] [stdout] error[E0433]: cannot find module or crate `rialo_s_sdk` in this scope
[INFO] [stdout]     --> src/system_processor.rs:2075:28
[INFO] [stdout]      |
[INFO] [stdout] 2075 |                     owner: rialo_s_sdk::native_loader::id(),
[INFO] [stdout]      |                            ^^^^^^^^^^^ use of unresolved module or unlinked crate `rialo_s_sdk`
[INFO] [stdout]      |
[INFO] [stdout]      = help: if you wanted to use a crate named `rialo_s_sdk`, use `cargo add rialo_s_sdk` to add it to your `Cargo.toml`
[INFO] [stdout] 
[INFO] [stdout] 
[INFO] [stdout] error[E0433]: cannot find module or crate `rialo_s_sdk` in this scope
[INFO] [stdout]     --> src/system_processor.rs:2086:46
[INFO] [stdout]      |
[INFO] [stdout] 2086 |             assert_eq!(accounts[0].owner(), &rialo_s_sdk::native_loader::id());
[INFO] [stdout]      |                                              ^^^^^^^^^^^ use of unresolved module or unlinked crate `rialo_s_sdk`
[INFO] [stdout]      |
[INFO] [stdout]      = help: if you wanted to use a crate named `rialo_s_sdk`, use `cargo add rialo_s_sdk` to add it to your `Cargo.toml`
[INFO] [stdout] 
[INFO] [stdout] 
[INFO] [stdout] error[E0433]: cannot find module or crate `rialo_s_sdk` in this scope
[INFO] [stdout]     --> src/system_processor.rs:2113:46
[INFO] [stdout]      |
[INFO] [stdout] 2113 |             assert_eq!(accounts[1].owner(), &rialo_s_sdk::native_loader::id());
[INFO] [stdout]      |                                              ^^^^^^^^^^^ use of unresolved module or unlinked crate `rialo_s_sdk`
[INFO] [stdout]      |
[INFO] [stdout]      = help: if you wanted to use a crate named `rialo_s_sdk`, use `cargo add rialo_s_sdk` to add it to your `Cargo.toml`
[INFO] [stdout] 
[INFO] [stdout] 
[INFO] [stdout] Some errors have detailed explanations: E0432, E0433.
[INFO] [stdout] 
[INFO] [stdout] For more information about an error, try `rustc --explain E0432`.
[INFO] [stdout] 
[INFO] [stderr] error: could not compile `rialo-s-system-program` (lib test) due to 63 previous errors
[INFO] running `Command { std: "docker" "inspect" "ae21ab4fbb403a50973663bb51277d8cada3cd3203a0ce3bac53ba1315e46e7a", kill_on_drop: false }`
[INFO] running `Command { std: "docker" "rm" "-f" "ae21ab4fbb403a50973663bb51277d8cada3cd3203a0ce3bac53ba1315e46e7a", kill_on_drop: false }`
[INFO] [stdout] ae21ab4fbb403a50973663bb51277d8cada3cd3203a0ce3bac53ba1315e46e7a
