[INFO] fetching crate rialo-s-system-interface 0.21.0-alpha.0...
[INFO] testing rialo-s-system-interface-0.21.0-alpha.0 against 1.100.0-beta.1 for beta-1.100-2
[INFO] extracting crate rialo-s-system-interface 0.21.0-alpha.0 into /workspace/builds/worker-3-tc2/source
[INFO] started tweaking crates.io crate rialo-s-system-interface 0.21.0-alpha.0
[INFO] finished tweaking crates.io crate rialo-s-system-interface 0.21.0-alpha.0
[INFO] tweaked toml for crates.io crate rialo-s-system-interface 0.21.0-alpha.0 written to /workspace/builds/worker-3-tc2/source/Cargo.toml
[INFO] validating manifest of crates.io crate rialo-s-system-interface 0.21.0-alpha.0 on toolchain 1.100.0-beta.1
[INFO] running `Command { std: CARGO_HOME="/workspace/cargo-home" RUSTUP_HOME="/workspace/rustup-home" "/workspace/cargo-home/bin/cargo" "+1.100.0-beta.1" "metadata" "--manifest-path" "Cargo.toml" "--no-deps", kill_on_drop: false }`
[INFO] crate crates.io crate rialo-s-system-interface 0.21.0-alpha.0 already has a lockfile, it will not be regenerated
[INFO] running `Command { std: CARGO_HOME="/workspace/cargo-home" RUSTUP_HOME="/workspace/rustup-home" "/workspace/cargo-home/bin/cargo" "+1.100.0-beta.1" "fetch" "--manifest-path" "Cargo.toml", kill_on_drop: false }`
[INFO] running `Command { std: "docker" "create" "-v" "/var/lib/crater-agent-workspace/builds/worker-3-tc2/source:/opt/rustwide/workdir:ro,Z" "-v" "/var/lib/crater-agent-workspace/builds/worker-3-tc2/target:/opt/rustwide/target:rw,Z" "-v" "/var/lib/crater-agent-workspace/cargo-home:/opt/rustwide/cargo-home:ro,Z" "-v" "/var/lib/crater-agent-workspace/rustup-home:/opt/rustwide/rustup-home:ro,Z" "-m" "1610612736" "--network" "none" "ghcr.io/rust-lang/crates-build-env/linux@sha256:3111399a4047eeb3a02b7a90e478d715f38a8c6669b5c4b49d30a17385265909" "sleep" "infinity", kill_on_drop: false }`
[INFO] [stdout] 530ca0a71ff11ec72e89569694755d168d786df7e691a81216eb53775f3394e4
[INFO] running `Command { std: "docker" "start" "530ca0a71ff11ec72e89569694755d168d786df7e691a81216eb53775f3394e4", kill_on_drop: false }`
[INFO] running `Command { std: "docker" "inspect" "530ca0a71ff11ec72e89569694755d168d786df7e691a81216eb53775f3394e4", kill_on_drop: false }`
[INFO] running `Command { std: "docker" "exec" "-e" "SOURCE_DIR=/opt/rustwide/workdir" "-e" "CARGO_HOME=/opt/rustwide/cargo-home" "-e" "RUSTUP_HOME=/opt/rustwide/rustup-home" "-e" "CARGO_TARGET_DIR=/opt/rustwide/target" "-w" "/opt/rustwide/workdir" "--user" "0:0" "530ca0a71ff11ec72e89569694755d168d786df7e691a81216eb53775f3394e4" "/opt/rustwide/cargo-home/bin/cargo" "+1.100.0-beta.1" "metadata" "--no-deps" "--format-version=1", kill_on_drop: false }`
[INFO] running `Command { std: "docker" "inspect" "530ca0a71ff11ec72e89569694755d168d786df7e691a81216eb53775f3394e4", kill_on_drop: false }`
[INFO] running `Command { std: "docker" "exec" "-e" "SOURCE_DIR=/opt/rustwide/workdir" "-e" "CARGO_HOME=/opt/rustwide/cargo-home" "-e" "RUSTUP_HOME=/opt/rustwide/rustup-home" "-e" "CARGO_TARGET_DIR=/opt/rustwide/target" "-e" "CARGO_INCREMENTAL=0" "-e" "RUST_BACKTRACE=full" "-e" "RUSTFLAGS=--cap-lints=warn" "-e" "RUSTDOCFLAGS=--cap-lints=warn" "-w" "/opt/rustwide/workdir" "--user" "0:0" "530ca0a71ff11ec72e89569694755d168d786df7e691a81216eb53775f3394e4" "/opt/rustwide/cargo-home/bin/cargo" "+1.100.0-beta.1" "build" "--frozen" "--message-format=json", kill_on_drop: false }`
[INFO] [stderr]    Compiling rialo-s-pubkey v0.21.0-alpha.0
[INFO] [stderr]    Compiling rialo-s-system-interface v0.21.0-alpha.0 (/opt/rustwide/workdir)
[INFO] [stderr]     Finished `dev` profile [unoptimized + debuginfo] target(s) in 0.38s
[INFO] running `Command { std: "docker" "inspect" "530ca0a71ff11ec72e89569694755d168d786df7e691a81216eb53775f3394e4", kill_on_drop: false }`
[INFO] running `Command { std: "docker" "exec" "-e" "SOURCE_DIR=/opt/rustwide/workdir" "-e" "CARGO_HOME=/opt/rustwide/cargo-home" "-e" "RUSTUP_HOME=/opt/rustwide/rustup-home" "-e" "CARGO_TARGET_DIR=/opt/rustwide/target" "-e" "CARGO_INCREMENTAL=0" "-e" "RUST_BACKTRACE=full" "-e" "RUSTFLAGS=--cap-lints=warn" "-e" "RUSTDOCFLAGS=--cap-lints=warn" "-w" "/opt/rustwide/workdir" "--user" "0:0" "530ca0a71ff11ec72e89569694755d168d786df7e691a81216eb53775f3394e4" "/opt/rustwide/cargo-home/bin/cargo" "+1.100.0-beta.1" "test" "--frozen" "--no-run" "--message-format=json", kill_on_drop: false }`
[INFO] [stderr]    Compiling rialo-s-system-interface v0.21.0-alpha.0 (/opt/rustwide/workdir)
[INFO] [stdout] error[E0432]: unresolved import `strum`
[INFO] [stdout]    --> src/error.rs:151:9
[INFO] [stdout]     |
[INFO] [stdout] 151 |     use strum::IntoEnumIterator;
[INFO] [stdout]     |         ^^^^^ use of unresolved module or unlinked crate `strum`
[INFO] [stdout]     |
[INFO] [stdout]     = help: if you wanted to use a crate named `strum`, use `cargo add strum` to add it to your `Cargo.toml`
[INFO] [stdout] 
[INFO] [stdout] 
[INFO] [stdout] error[E0433]: cannot find module or crate `strum_macros` in this scope
[INFO] [stdout]   --> src/error.rs:10:25
[INFO] [stdout]    |
[INFO] [stdout] 10 | #[cfg_attr(test, derive(strum_macros::FromRepr, strum_macros::EnumIter))]
[INFO] [stdout]    |                         ^^^^^^^^^^^^ use of unresolved module or unlinked crate `strum_macros`
[INFO] [stdout] 
[INFO] [stdout] 
[INFO] [stdout] error[E0433]: cannot find module or crate `strum_macros` in this scope
[INFO] [stdout]   --> src/error.rs:10:49
[INFO] [stdout]    |
[INFO] [stdout] 10 | #[cfg_attr(test, derive(strum_macros::FromRepr, strum_macros::EnumIter))]
[INFO] [stdout]    |                                                 ^^^^^^^^^^^^ use of unresolved module or unlinked crate `strum_macros`
[INFO] [stdout] 
[INFO] [stdout] 
[INFO] [stdout] error[E0433]: cannot find module or crate `static_assertions` in this scope
[INFO] [stdout]   --> src/lib.rs:17:1
[INFO] [stdout]    |
[INFO] [stdout] 17 | static_assertions::const_assert!(MAX_PERMITTED_DATA_LENGTH <= u32::MAX as u64);
[INFO] [stdout]    | ^^^^^^^^^^^^^^^^^ use of unresolved module or unlinked crate `static_assertions`
[INFO] [stdout] 
[INFO] [stdout] 
[INFO] [stdout] error[E0433]: cannot find module or crate `static_assertions` in this scope
[INFO] [stdout]   --> src/lib.rs:26:1
[INFO] [stdout]    |
[INFO] [stdout] 26 | static_assertions::const_assert_eq!(MAX_PERMITTED_DATA_LENGTH, 10_485_760);
[INFO] [stdout]    | ^^^^^^^^^^^^^^^^^ use of unresolved module or unlinked crate `static_assertions`
[INFO] [stdout] 
[INFO] [stdout] 
[INFO] [stdout] error[E0599]: no variant, associated function, or constant named `iter` found for enum `SystemError` in the current scope
[INFO] [stdout]    --> src/error.rs:157:37
[INFO] [stdout]     |
[INFO] [stdout]  16 | pub enum SystemError {
[INFO] [stdout]     | -------------------- variant, associated function, or constant `iter` not found for this enum
[INFO] [stdout] ...
[INFO] [stdout] 157 |         for variant in SystemError::iter() {
[INFO] [stdout]     |                                     ^^^^ variant, associated function, or constant not found in `SystemError`
[INFO] [stdout] 
[INFO] [stdout] 
[INFO] [stdout] error[E0599]: no variant, associated function, or constant named `from_repr` found for enum `SystemError` in the current scope
[INFO] [stdout]    --> src/error.rs:160:30
[INFO] [stdout]     |
[INFO] [stdout]  16 | pub enum SystemError {
[INFO] [stdout]     | -------------------- variant, associated function, or constant `from_repr` not found for this enum
[INFO] [stdout] ...
[INFO] [stdout] 160 |                 SystemError::from_repr(variant_i64 as usize),
[INFO] [stdout]     |                              ^^^^^^^^^ variant, associated function, or constant not found in `SystemError`
[INFO] [stdout]     |
[INFO] [stdout] help: there is an associated function `from_i8` with a similar name
[INFO] [stdout]     |
[INFO] [stdout] 160 -                 SystemError::from_repr(variant_i64 as usize),
[INFO] [stdout] 160 +                 SystemError::from_i8(variant_i64 as usize),
[INFO] [stdout]     |
[INFO] [stdout] 
[INFO] [stdout] 
[INFO] [stderr] error: could not compile `rialo-s-system-interface` (lib test) due to 7 previous errors
[INFO] [stdout] Some errors have detailed explanations: E0432, E0433, E0599.
[INFO] [stdout] 
[INFO] [stdout] For more information about an error, try `rustc --explain E0432`.
[INFO] [stdout] 
[INFO] running `Command { std: "docker" "inspect" "530ca0a71ff11ec72e89569694755d168d786df7e691a81216eb53775f3394e4", kill_on_drop: false }`
[INFO] running `Command { std: "docker" "rm" "-f" "530ca0a71ff11ec72e89569694755d168d786df7e691a81216eb53775f3394e4", kill_on_drop: false }`
[INFO] [stdout] 530ca0a71ff11ec72e89569694755d168d786df7e691a81216eb53775f3394e4
