[INFO] fetching crate rialo-s-signature 0.21.0-alpha.0...
[INFO] testing rialo-s-signature-0.21.0-alpha.0 against 1.100.0-beta.1 for beta-1.100-2
[INFO] extracting crate rialo-s-signature 0.21.0-alpha.0 into /workspace/builds/worker-0-tc2/source
[INFO] started tweaking crates.io crate rialo-s-signature 0.21.0-alpha.0
[INFO] finished tweaking crates.io crate rialo-s-signature 0.21.0-alpha.0
[INFO] tweaked toml for crates.io crate rialo-s-signature 0.21.0-alpha.0 written to /workspace/builds/worker-0-tc2/source/Cargo.toml
[INFO] validating manifest of crates.io crate rialo-s-signature 0.21.0-alpha.0 on toolchain 1.100.0-beta.1
[INFO] running `Command { std: CARGO_HOME="/workspace/cargo-home" RUSTUP_HOME="/workspace/rustup-home" "/workspace/cargo-home/bin/cargo" "+1.100.0-beta.1" "metadata" "--manifest-path" "Cargo.toml" "--no-deps", kill_on_drop: false }`
[INFO] crate crates.io crate rialo-s-signature 0.21.0-alpha.0 already has a lockfile, it will not be regenerated
[INFO] running `Command { std: CARGO_HOME="/workspace/cargo-home" RUSTUP_HOME="/workspace/rustup-home" "/workspace/cargo-home/bin/cargo" "+1.100.0-beta.1" "fetch" "--manifest-path" "Cargo.toml", kill_on_drop: false }`
[INFO] [stderr] warning: `package.homepage` is redundant with `package.repository`
[INFO] [stderr]    --> Cargo.toml:102:12
[INFO] [stderr]     |
[INFO] [stderr] 102 | homepage = "https://github.com/SubzeroLabs/rialo"
[INFO] [stderr]     |            ^^^^^^^^^^^^^^^^^^^^^^^^^^^^^^^^^^^^^^
[INFO] [stderr] ...
[INFO] [stderr] 107 | repository = "https://github.com/SubzeroLabs/rialo"
[INFO] [stderr]     |              --------------------------------------
[INFO] [stderr]     |
[INFO] [stderr]     = note: `cargo::redundant_homepage` is set to `warn` by default
[INFO] [stderr] help: consider removing `package.homepage`
[INFO] [stderr] warning: `rialo-s-signature` (manifest) generated 1 warning
[INFO] running `Command { std: "docker" "create" "-v" "/var/lib/crater-agent-workspace/builds/worker-0-tc2/source:/opt/rustwide/workdir:ro,Z" "-v" "/var/lib/crater-agent-workspace/builds/worker-0-tc2/target:/opt/rustwide/target:rw,Z" "-v" "/var/lib/crater-agent-workspace/cargo-home:/opt/rustwide/cargo-home:ro,Z" "-v" "/var/lib/crater-agent-workspace/rustup-home:/opt/rustwide/rustup-home:ro,Z" "-m" "1610612736" "--network" "none" "ghcr.io/rust-lang/crates-build-env/linux@sha256:3111399a4047eeb3a02b7a90e478d715f38a8c6669b5c4b49d30a17385265909" "sleep" "infinity", kill_on_drop: false }`
[INFO] [stdout] 047775d7f31dc271e17b2ca8baa29571849d8f7e478a6a599f6862de51ef390d
[INFO] running `Command { std: "docker" "start" "047775d7f31dc271e17b2ca8baa29571849d8f7e478a6a599f6862de51ef390d", kill_on_drop: false }`
[INFO] running `Command { std: "docker" "inspect" "047775d7f31dc271e17b2ca8baa29571849d8f7e478a6a599f6862de51ef390d", kill_on_drop: false }`
[INFO] running `Command { std: "docker" "exec" "-e" "SOURCE_DIR=/opt/rustwide/workdir" "-e" "CARGO_HOME=/opt/rustwide/cargo-home" "-e" "RUSTUP_HOME=/opt/rustwide/rustup-home" "-e" "CARGO_TARGET_DIR=/opt/rustwide/target" "-w" "/opt/rustwide/workdir" "--user" "0:0" "047775d7f31dc271e17b2ca8baa29571849d8f7e478a6a599f6862de51ef390d" "/opt/rustwide/cargo-home/bin/cargo" "+1.100.0-beta.1" "metadata" "--no-deps" "--format-version=1", kill_on_drop: false }`
[INFO] running `Command { std: "docker" "inspect" "047775d7f31dc271e17b2ca8baa29571849d8f7e478a6a599f6862de51ef390d", kill_on_drop: false }`
[INFO] running `Command { std: "docker" "exec" "-e" "SOURCE_DIR=/opt/rustwide/workdir" "-e" "CARGO_HOME=/opt/rustwide/cargo-home" "-e" "RUSTUP_HOME=/opt/rustwide/rustup-home" "-e" "CARGO_TARGET_DIR=/opt/rustwide/target" "-e" "CARGO_INCREMENTAL=0" "-e" "RUST_BACKTRACE=full" "-e" "RUSTFLAGS=--cap-lints=warn" "-e" "RUSTDOCFLAGS=--cap-lints=warn" "-w" "/opt/rustwide/workdir" "--user" "0:0" "047775d7f31dc271e17b2ca8baa29571849d8f7e478a6a599f6862de51ef390d" "/opt/rustwide/cargo-home/bin/cargo" "+1.100.0-beta.1" "build" "--frozen" "--message-format=json", kill_on_drop: false }`
[INFO] [stderr] warning: `package.homepage` is redundant with `package.repository`
[INFO] [stderr]    --> Cargo.toml:102:12
[INFO] [stderr]     |
[INFO] [stderr] 102 | homepage = "https://github.com/SubzeroLabs/rialo"
[INFO] [stderr]     |            ^^^^^^^^^^^^^^^^^^^^^^^^^^^^^^^^^^^^^^
[INFO] [stderr] ...
[INFO] [stderr] 107 | repository = "https://github.com/SubzeroLabs/rialo"
[INFO] [stderr]     |              --------------------------------------
[INFO] [stderr]     |
[INFO] [stderr]     = note: `cargo::redundant_homepage` is set to `warn` by default
[INFO] [stderr] help: consider removing `package.homepage`
[INFO] [stderr] warning: `rialo-s-signature` (manifest) generated 1 warning
[INFO] [stderr]    Compiling rialo-sanitize v0.21.0-alpha.0
[INFO] [stderr]    Compiling bs58 v0.5.1
[INFO] [stderr]    Compiling rialo-s-signature v0.21.0-alpha.0 (/opt/rustwide/workdir)
[INFO] [stderr]     Finished `dev` profile [unoptimized + debuginfo] target(s) in 0.60s
[INFO] running `Command { std: "docker" "inspect" "047775d7f31dc271e17b2ca8baa29571849d8f7e478a6a599f6862de51ef390d", kill_on_drop: false }`
[INFO] running `Command { std: "docker" "exec" "-e" "SOURCE_DIR=/opt/rustwide/workdir" "-e" "CARGO_HOME=/opt/rustwide/cargo-home" "-e" "RUSTUP_HOME=/opt/rustwide/rustup-home" "-e" "CARGO_TARGET_DIR=/opt/rustwide/target" "-e" "CARGO_INCREMENTAL=0" "-e" "RUST_BACKTRACE=full" "-e" "RUSTFLAGS=--cap-lints=warn" "-e" "RUSTDOCFLAGS=--cap-lints=warn" "-w" "/opt/rustwide/workdir" "--user" "0:0" "047775d7f31dc271e17b2ca8baa29571849d8f7e478a6a599f6862de51ef390d" "/opt/rustwide/cargo-home/bin/cargo" "+1.100.0-beta.1" "test" "--frozen" "--no-run" "--message-format=json", kill_on_drop: false }`
[INFO] [stderr] warning: `package.homepage` is redundant with `package.repository`
[INFO] [stderr]    --> Cargo.toml:102:12
[INFO] [stderr]     |
[INFO] [stderr] 102 | homepage = "https://github.com/SubzeroLabs/rialo"
[INFO] [stderr]     |            ^^^^^^^^^^^^^^^^^^^^^^^^^^^^^^^^^^^^^^
[INFO] [stderr] ...
[INFO] [stderr] 107 | repository = "https://github.com/SubzeroLabs/rialo"
[INFO] [stderr]     |              --------------------------------------
[INFO] [stderr]     |
[INFO] [stderr]     = note: `cargo::redundant_homepage` is set to `warn` by default
[INFO] [stderr] help: consider removing `package.homepage`
[INFO] [stderr] warning: `rialo-s-signature` (manifest) generated 1 warning
[INFO] [stderr]    Compiling rialo-s-signature v0.21.0-alpha.0 (/opt/rustwide/workdir)
[INFO] [stdout] error[E0432]: unresolved import `rialo_s_pubkey`
[INFO] [stdout]    --> src/lib.rs:168:9
[INFO] [stdout]     |
[INFO] [stdout] 168 |     use rialo_s_pubkey::Pubkey;
[INFO] [stdout]     |         ^^^^^^^^^^^^^^ use of unresolved module or unlinked crate `rialo_s_pubkey`
[INFO] [stdout]     |
[INFO] [stdout]     = help: if you wanted to use a crate named `rialo_s_pubkey`, use `cargo add rialo_s_pubkey` to add it to your `Cargo.toml`
[INFO] [stdout] 
[INFO] [stdout] 
[INFO] [stdout] error[E0432]: unresolved import `serde_derive`
[INFO] [stdout]    --> src/lib.rs:169:9
[INFO] [stdout]     |
[INFO] [stdout] 169 |     use serde_derive::{Deserialize, Serialize};
[INFO] [stdout]     |         ^^^^^^^^^^^^ use of unresolved module or unlinked crate `serde_derive`
[INFO] [stdout]     |
[INFO] [stdout]     = help: if you wanted to use a crate named `serde_derive`, use `cargo add serde_derive` to add it to your `Cargo.toml`
[INFO] [stdout] 
[INFO] [stdout] 
[INFO] [stdout] error: cannot find attribute `serde` in this scope
[INFO] [stdout]    --> src/lib.rs:198:15
[INFO] [stdout]     |
[INFO] [stdout] 198 |             #[serde(with = "rialo_s_short_vec")]
[INFO] [stdout]     |               ^^^^^
[INFO] [stdout] 
[INFO] [stdout] 
[INFO] [stdout] error[E0433]: cannot find module or crate `ed25519_dalek` in this scope
[INFO] [stdout]   --> src/lib.rs:57:25
[INFO] [stdout]    |
[INFO] [stdout] 57 |         let publickey = ed25519_dalek::VerifyingKey::try_from(pubkey_bytes)?;
[INFO] [stdout]    |                         ^^^^^^^^^^^^^ use of unresolved module or unlinked crate `ed25519_dalek`
[INFO] [stdout]    |
[INFO] [stdout]    = help: if you wanted to use a crate named `ed25519_dalek`, use `cargo add ed25519_dalek` to add it to your `Cargo.toml`
[INFO] [stdout] 
[INFO] [stdout] 
[INFO] [stdout] error[E0433]: cannot find module or crate `curve25519_dalek` in this scope
[INFO] [stdout]    --> src/lib.rs:183:31
[INFO] [stdout]     |
[INFO] [stdout] 183 |         let off_curve_point = curve25519_dalek::edwards::CompressedEdwardsY(off_curve_bits);
[INFO] [stdout]     |                               ^^^^^^^^^^^^^^^^ use of unresolved module or unlinked crate `curve25519_dalek`
[INFO] [stdout]     |
[INFO] [stdout]     = help: if you wanted to use a crate named `curve25519_dalek`, use `cargo add curve25519_dalek` to add it to your `Cargo.toml`
[INFO] [stdout] 
[INFO] [stdout] 
[INFO] [stdout] error[E0433]: cannot find module or crate `serde_json` in this scope
[INFO] [stdout]    --> src/lib.rs:210:31
[INFO] [stdout]     |
[INFO] [stdout] 210 |         let json_serialized = serde_json::to_string(&to_serialize).unwrap();
[INFO] [stdout]     |                               ^^^^^^^^^^ use of unresolved module or unlinked crate `serde_json`
[INFO] [stdout]     |
[INFO] [stdout]     = help: if you wanted to use a crate named `serde_json`, use `cargo add serde_json` to add it to your `Cargo.toml`
[INFO] [stdout] 
[INFO] [stdout] 
[INFO] [stdout] error[E0433]: cannot find module or crate `serde_json` in this scope
[INFO] [stdout]    --> src/lib.rs:212:46
[INFO] [stdout]     |
[INFO] [stdout] 212 |         let json_deserialized: SigShortVec = serde_json::from_str(&json_serialized).unwrap();
[INFO] [stdout]     |                                              ^^^^^^^^^^ use of unresolved module or unlinked crate `serde_json`
[INFO] [stdout]     |
[INFO] [stdout]     = help: if you wanted to use a crate named `serde_json`, use `cargo add serde_json` to add it to your `Cargo.toml`
[INFO] [stdout] 
[INFO] [stdout] 
[INFO] [stdout] error[E0433]: cannot find module or crate `bincode` in this scope
[INFO] [stdout]    --> src/lib.rs:214:34
[INFO] [stdout]     |
[INFO] [stdout] 214 |         let bincode_serialized = bincode::serialize(&to_serialize).unwrap();
[INFO] [stdout]     |                                  ^^^^^^^ use of unresolved module or unlinked crate `bincode`
[INFO] [stdout]     |
[INFO] [stdout]     = help: if you wanted to use a crate named `bincode`, use `cargo add bincode` to add it to your `Cargo.toml`
[INFO] [stdout] 
[INFO] [stdout] 
[INFO] [stdout] error[E0433]: cannot find module or crate `bincode` in this scope
[INFO] [stdout]    --> src/lib.rs:224:49
[INFO] [stdout]     |
[INFO] [stdout] 224 |         let bincode_deserialized: SigShortVec = bincode::deserialize(&bincode_serialized).unwrap();
[INFO] [stdout]     |                                                 ^^^^^^^ use of unresolved module or unlinked crate `bincode`
[INFO] [stdout]     |
[INFO] [stdout]     = help: if you wanted to use a crate named `bincode`, use `cargo add bincode` to add it to your `Cargo.toml`
[INFO] [stdout] 
[INFO] [stdout] 
[INFO] [stdout] error[E0433]: cannot find module or crate `ed25519_dalek` in this scope
[INFO] [stdout]   --> src/lib.rs:56:21
[INFO] [stdout]    |
[INFO] [stdout] 56 |     ) -> Result<(), ed25519_dalek::SignatureError> {
[INFO] [stdout]    |                     ^^^^^^^^^^^^^ use of unresolved module or unlinked crate `ed25519_dalek`
[INFO] [stdout]    |
[INFO] [stdout]    = help: if you wanted to use a crate named `ed25519_dalek`, use `cargo add ed25519_dalek` to add it to your `Cargo.toml`
[INFO] [stdout] 
[INFO] [stdout] 
[INFO] [stdout] Some errors have detailed explanations: E0432, E0433.
[INFO] [stdout] 
[INFO] [stdout] For more information about an error, try `rustc --explain E0432`.
[INFO] [stdout] 
[INFO] [stderr] error: could not compile `rialo-s-signature` (lib test) due to 10 previous errors
[INFO] running `Command { std: "docker" "inspect" "047775d7f31dc271e17b2ca8baa29571849d8f7e478a6a599f6862de51ef390d", kill_on_drop: false }`
[INFO] running `Command { std: "docker" "rm" "-f" "047775d7f31dc271e17b2ca8baa29571849d8f7e478a6a599f6862de51ef390d", kill_on_drop: false }`
[INFO] [stdout] 047775d7f31dc271e17b2ca8baa29571849d8f7e478a6a599f6862de51ef390d
