[INFO] fetching crate rialo-s-message 0.21.0-alpha.0...
[INFO] testing rialo-s-message-0.21.0-alpha.0 against 1.99.0-beta.8 for beta-1.100-2
[INFO] extracting crate rialo-s-message 0.21.0-alpha.0 into /workspace/builds/worker-6-tc1/source
[INFO] started tweaking crates.io crate rialo-s-message 0.21.0-alpha.0
[INFO] finished tweaking crates.io crate rialo-s-message 0.21.0-alpha.0
[INFO] tweaked toml for crates.io crate rialo-s-message 0.21.0-alpha.0 written to /workspace/builds/worker-6-tc1/source/Cargo.toml
[INFO] validating manifest of crates.io crate rialo-s-message 0.21.0-alpha.0 on toolchain 1.99.0-beta.8
[INFO] running `Command { std: CARGO_HOME="/workspace/cargo-home" RUSTUP_HOME="/workspace/rustup-home" "/workspace/cargo-home/bin/cargo" "+1.99.0-beta.8" "metadata" "--manifest-path" "Cargo.toml" "--no-deps", kill_on_drop: false }`
[INFO] crate crates.io crate rialo-s-message 0.21.0-alpha.0 already has a lockfile, it will not be regenerated
[INFO] running `Command { std: CARGO_HOME="/workspace/cargo-home" RUSTUP_HOME="/workspace/rustup-home" "/workspace/cargo-home/bin/cargo" "+1.99.0-beta.8" "fetch" "--manifest-path" "Cargo.toml", kill_on_drop: false }`
[INFO] [stderr]     Updating crates.io index
[INFO] [stderr]  Downloading crates ...
[INFO] [stderr]   Downloaded rialo-frozen-abi-macro v0.21.0-alpha.0
[INFO] [stderr]   Downloaded rialo-frozen-abi v0.21.0-alpha.0
[INFO] [stderr]   Downloaded rialo-s-logger v0.21.0-alpha.0
[INFO] [stderr]   Downloaded serde_with_macros v3.16.1
[INFO] [stderr]   Downloaded env_filter v0.1.4
[INFO] [stderr]   Downloaded serde_with v3.16.1
[INFO] [stderr]   Downloaded env_logger v0.11.8
[INFO] [stderr]   Downloaded portable-atomic-util v0.2.5
[INFO] [stderr]   Downloaded jiff-static v0.2.19
[INFO] [stderr]   Downloaded regex-syntax v0.8.9
[INFO] [stderr]   Downloaded jiff v0.2.19
[INFO] running `Command { std: "docker" "create" "-v" "/var/lib/crater-agent-workspace/builds/worker-6-tc1/source:/opt/rustwide/workdir:ro,Z" "-v" "/var/lib/crater-agent-workspace/builds/worker-6-tc1/target:/opt/rustwide/target:rw,Z" "-v" "/var/lib/crater-agent-workspace/cargo-home:/opt/rustwide/cargo-home:ro,Z" "-v" "/var/lib/crater-agent-workspace/rustup-home:/opt/rustwide/rustup-home:ro,Z" "-m" "1610612736" "--network" "none" "ghcr.io/rust-lang/crates-build-env/linux@sha256:3111399a4047eeb3a02b7a90e478d715f38a8c6669b5c4b49d30a17385265909" "sleep" "infinity", kill_on_drop: false }`
[INFO] [stdout] 06afce9d404b07e6a3d12f1c21efc1f30898815f64e00775d503b8e7ccd0724f
[INFO] running `Command { std: "docker" "start" "06afce9d404b07e6a3d12f1c21efc1f30898815f64e00775d503b8e7ccd0724f", kill_on_drop: false }`
[INFO] running `Command { std: "docker" "inspect" "06afce9d404b07e6a3d12f1c21efc1f30898815f64e00775d503b8e7ccd0724f", kill_on_drop: false }`
[INFO] running `Command { std: "docker" "exec" "-e" "SOURCE_DIR=/opt/rustwide/workdir" "-e" "CARGO_HOME=/opt/rustwide/cargo-home" "-e" "RUSTUP_HOME=/opt/rustwide/rustup-home" "-e" "CARGO_TARGET_DIR=/opt/rustwide/target" "-w" "/opt/rustwide/workdir" "--user" "0:0" "06afce9d404b07e6a3d12f1c21efc1f30898815f64e00775d503b8e7ccd0724f" "/opt/rustwide/cargo-home/bin/cargo" "+1.99.0-beta.8" "metadata" "--no-deps" "--format-version=1", kill_on_drop: false }`
[INFO] running `Command { std: "docker" "inspect" "06afce9d404b07e6a3d12f1c21efc1f30898815f64e00775d503b8e7ccd0724f", kill_on_drop: false }`
[INFO] running `Command { std: "docker" "exec" "-e" "SOURCE_DIR=/opt/rustwide/workdir" "-e" "CARGO_HOME=/opt/rustwide/cargo-home" "-e" "RUSTUP_HOME=/opt/rustwide/rustup-home" "-e" "CARGO_TARGET_DIR=/opt/rustwide/target" "-e" "CARGO_INCREMENTAL=0" "-e" "RUST_BACKTRACE=full" "-e" "RUSTFLAGS=--cap-lints=warn" "-e" "RUSTDOCFLAGS=--cap-lints=warn" "-w" "/opt/rustwide/workdir" "--user" "0:0" "06afce9d404b07e6a3d12f1c21efc1f30898815f64e00775d503b8e7ccd0724f" "/opt/rustwide/cargo-home/bin/cargo" "+1.99.0-beta.8" "build" "--frozen" "--message-format=json", kill_on_drop: false }`
[INFO] [stderr]    Compiling num-traits v0.2.19
[INFO] [stderr]    Compiling rialo-atomic-u64 v0.21.0-alpha.0
[INFO] [stderr]    Compiling bs58 v0.5.1
[INFO] [stderr]    Compiling five8_core v0.1.2
[INFO] [stderr]    Compiling rialo-sanitize v0.21.0-alpha.0
[INFO] [stderr]    Compiling five8_const v0.1.4
[INFO] [stderr]    Compiling rialo-hash v0.21.0-alpha.0
[INFO] [stderr]    Compiling rialo-s-decode-error v0.21.0-alpha.0
[INFO] [stderr]    Compiling rialo-s-pubkey v0.21.0-alpha.0
[INFO] [stderr]    Compiling rialo-s-instruction v0.21.0-alpha.0
[INFO] [stderr]    Compiling rialo-s-sdk-ids v0.21.0-alpha.0
[INFO] [stderr]    Compiling rialo-s-transaction-error v0.21.0-alpha.0
[INFO] [stderr]    Compiling rialo-s-message v0.21.0-alpha.0 (/opt/rustwide/workdir)
[INFO] [stderr]     Finished `dev` profile [unoptimized + debuginfo] target(s) in 2.49s
[INFO] running `Command { std: "docker" "inspect" "06afce9d404b07e6a3d12f1c21efc1f30898815f64e00775d503b8e7ccd0724f", kill_on_drop: false }`
[INFO] running `Command { std: "docker" "exec" "-e" "SOURCE_DIR=/opt/rustwide/workdir" "-e" "CARGO_HOME=/opt/rustwide/cargo-home" "-e" "RUSTUP_HOME=/opt/rustwide/rustup-home" "-e" "CARGO_TARGET_DIR=/opt/rustwide/target" "-e" "CARGO_INCREMENTAL=0" "-e" "RUST_BACKTRACE=full" "-e" "RUSTFLAGS=--cap-lints=warn" "-e" "RUSTDOCFLAGS=--cap-lints=warn" "-w" "/opt/rustwide/workdir" "--user" "0:0" "06afce9d404b07e6a3d12f1c21efc1f30898815f64e00775d503b8e7ccd0724f" "/opt/rustwide/cargo-home/bin/cargo" "+1.99.0-beta.8" "test" "--frozen" "--no-run" "--message-format=json", kill_on_drop: false }`
[INFO] [stderr]    Compiling rialo-s-message v0.21.0-alpha.0 (/opt/rustwide/workdir)
[INFO] [stdout] error[E0432]: unresolved import `rialo_s_sha256_hasher`
[INFO] [stdout]    --> src/legacy.rs:677:9
[INFO] [stdout]     |
[INFO] [stdout] 677 |     use rialo_s_sha256_hasher::hash;
[INFO] [stdout]     |         ^^^^^^^^^^^^^^^^^^^^^ use of unresolved module or unlinked crate `rialo_s_sha256_hasher`
[INFO] [stdout]     |
[INFO] [stdout]     = help: if you wanted to use a crate named `rialo_s_sha256_hasher`, use `cargo add rialo_s_sha256_hasher` to add it to your `Cargo.toml`
[INFO] [stdout] 
[INFO] [stdout] 
[INFO] [stdout] error[E0432]: unresolved import `itertools`
[INFO] [stdout]    --> src/versions/v0/loaded.rs:189:9
[INFO] [stdout]     |
[INFO] [stdout] 189 |     use itertools::Itertools;
[INFO] [stdout]     |         ^^^^^^^^^ use of unresolved module or unlinked crate `itertools`
[INFO] [stdout]     |
[INFO] [stdout]     = help: if you wanted to use a crate named `itertools`, use `cargo add itertools` to add it to your `Cargo.toml`
[INFO] [stdout] 
[INFO] [stdout] 
[INFO] [stdout] error[E0432]: unresolved import `bitflags`
[INFO] [stdout]    --> src/compiled_keys.rs:131:9
[INFO] [stdout]     |
[INFO] [stdout] 131 |     use bitflags::bitflags;
[INFO] [stdout]     |         ^^^^^^^^ use of unresolved module or unlinked crate `bitflags`
[INFO] [stdout]     |
[INFO] [stdout]     = help: if you wanted to use a crate named `bitflags`, use `cargo add bitflags` to add it to your `Cargo.toml`
[INFO] [stdout] 
[INFO] [stdout] 
[INFO] [stdout] error[E0433]: cannot find module or crate `static_assertions` in this scope
[INFO] [stdout]   --> src/sanitized.rs:20:1
[INFO] [stdout]    |
[INFO] [stdout] 20 | static_assertions::const_assert_eq!(
[INFO] [stdout]    | ^^^^^^^^^^^^^^^^^ use of unresolved module or unlinked crate `static_assertions`
[INFO] [stdout] 
[INFO] [stdout] 
[INFO] [stdout] error[E0425]: cannot find type `KeyFlags` in this scope
[INFO] [stdout]    --> src/compiled_keys.rs:145:15
[INFO] [stdout]     |
[INFO] [stdout] 145 |     impl From<KeyFlags> for CompiledKeyMeta {
[INFO] [stdout]     |               ^^^^^^^^ not found in this scope
[INFO] [stdout]     |
[INFO] [stdout] help: you might be missing a type parameter
[INFO] [stdout]     |
[INFO] [stdout] 145 |     impl<KeyFlags> From<KeyFlags> for CompiledKeyMeta {
[INFO] [stdout]     |         ++++++++++
[INFO] [stdout] 
[INFO] [stdout] 
[INFO] [stdout] error[E0425]: cannot find type `KeyFlags` in this scope
[INFO] [stdout]    --> src/compiled_keys.rs:146:24
[INFO] [stdout]     |
[INFO] [stdout] 146 |         fn from(flags: KeyFlags) -> Self {
[INFO] [stdout]     |                        ^^^^^^^^ not found in this scope
[INFO] [stdout] 
[INFO] [stdout] 
[INFO] [stdout] error[E0433]: cannot find type `KeyFlags` in this scope
[INFO] [stdout]    --> src/compiled_keys.rs:148:43
[INFO] [stdout]     |
[INFO] [stdout] 148 |                 is_signer: flags.contains(KeyFlags::SIGNER),
[INFO] [stdout]     |                                           ^^^^^^^^ use of undeclared type `KeyFlags`
[INFO] [stdout] 
[INFO] [stdout] 
[INFO] [stdout] error[E0433]: cannot find type `KeyFlags` in this scope
[INFO] [stdout]    --> src/compiled_keys.rs:149:45
[INFO] [stdout]     |
[INFO] [stdout] 149 |                 is_writable: flags.contains(KeyFlags::WRITABLE),
[INFO] [stdout]     |                                             ^^^^^^^^ use of undeclared type `KeyFlags`
[INFO] [stdout] 
[INFO] [stdout] 
[INFO] [stdout] error[E0433]: cannot find type `KeyFlags` in this scope
[INFO] [stdout]    --> src/compiled_keys.rs:150:44
[INFO] [stdout]     |
[INFO] [stdout] 150 |                 is_invoked: flags.contains(KeyFlags::INVOKED),
[INFO] [stdout]     |                                            ^^^^^^^^ use of undeclared type `KeyFlags`
[INFO] [stdout] 
[INFO] [stdout] 
[INFO] [stdout] error[E0599]: no associated function or constant named `new_with_bincode` found for struct `rialo_s_instruction::Instruction` in the current scope
[INFO] [stdout]    --> src/compiled_keys.rs:167:30
[INFO] [stdout]     |
[INFO] [stdout] 167 |                 Instruction::new_with_bincode(
[INFO] [stdout]     |                              ^^^^^^^^^^^^^^^^ associated function or constant not found in `rialo_s_instruction::Instruction`
[INFO] [stdout]     |
[INFO] [stdout] note: if you're trying to build a new `rialo_s_instruction::Instruction`, consider using `rialo_s_instruction::Instruction::new_with_bytes` which returns `rialo_s_instruction::Instruction`
[INFO] [stdout]    --> /opt/rustwide/cargo-home/registry/src/index.crates.io-1949cf8c6b5b557f/rialo-s-instruction-0.21.0-alpha.0/src/lib.rs:284:5
[INFO] [stdout]     |
[INFO] [stdout] 284 |     pub fn new_with_bytes(program_id: Pubkey, data: &[u8], accounts: Vec<AccountMeta>) -> Self {
[INFO] [stdout]     |     ^^^^^^^^^^^^^^^^^^^^^^^^^^^^^^^^^^^^^^^^^^^^^^^^^^^^^^^^^^^^^^^^^^^^^^^^^^^^^^^^^^^^^^^^^^
[INFO] [stdout] help: there is an associated function `new_with_bytes` with a similar name
[INFO] [stdout]     |
[INFO] [stdout] 167 -                 Instruction::new_with_bincode(
[INFO] [stdout] 167 +                 Instruction::new_with_bytes(
[INFO] [stdout]     |
[INFO] [stdout] 
[INFO] [stdout] 
[INFO] [stdout] error[E0599]: no associated function or constant named `new_with_bincode` found for struct `rialo_s_instruction::Instruction` in the current scope
[INFO] [stdout]    --> src/compiled_keys.rs:187:30
[INFO] [stdout]     |
[INFO] [stdout] 187 |                 Instruction::new_with_bincode(program_id1, &0, vec![]),
[INFO] [stdout]     |                              ^^^^^^^^^^^^^^^^ associated function or constant not found in `rialo_s_instruction::Instruction`
[INFO] [stdout]     |
[INFO] [stdout] note: if you're trying to build a new `rialo_s_instruction::Instruction`, consider using `rialo_s_instruction::Instruction::new_with_bytes` which returns `rialo_s_instruction::Instruction`
[INFO] [stdout]    --> /opt/rustwide/cargo-home/registry/src/index.crates.io-1949cf8c6b5b557f/rialo-s-instruction-0.21.0-alpha.0/src/lib.rs:284:5
[INFO] [stdout]     |
[INFO] [stdout] 284 |     pub fn new_with_bytes(program_id: Pubkey, data: &[u8], accounts: Vec<AccountMeta>) -> Self {
[INFO] [stdout]     |     ^^^^^^^^^^^^^^^^^^^^^^^^^^^^^^^^^^^^^^^^^^^^^^^^^^^^^^^^^^^^^^^^^^^^^^^^^^^^^^^^^^^^^^^^^^
[INFO] [stdout] help: there is an associated function `new_with_bytes` with a similar name
[INFO] [stdout]     |
[INFO] [stdout] 187 -                 Instruction::new_with_bincode(program_id1, &0, vec![]),
[INFO] [stdout] 187 +                 Instruction::new_with_bytes(program_id1, &0, vec![]),
[INFO] [stdout]     |
[INFO] [stdout] 
[INFO] [stdout] 
[INFO] [stdout] error[E0599]: no associated function or constant named `new_with_bincode` found for struct `rialo_s_instruction::Instruction` in the current scope
[INFO] [stdout]    --> src/compiled_keys.rs:188:30
[INFO] [stdout]     |
[INFO] [stdout] 188 |                 Instruction::new_with_bincode(program_id2, &0, vec![]),
[INFO] [stdout]     |                              ^^^^^^^^^^^^^^^^ associated function or constant not found in `rialo_s_instruction::Instruction`
[INFO] [stdout]     |
[INFO] [stdout] note: if you're trying to build a new `rialo_s_instruction::Instruction`, consider using `rialo_s_instruction::Instruction::new_with_bytes` which returns `rialo_s_instruction::Instruction`
[INFO] [stdout]    --> /opt/rustwide/cargo-home/registry/src/index.crates.io-1949cf8c6b5b557f/rialo-s-instruction-0.21.0-alpha.0/src/lib.rs:284:5
[INFO] [stdout]     |
[INFO] [stdout] 284 |     pub fn new_with_bytes(program_id: Pubkey, data: &[u8], accounts: Vec<AccountMeta>) -> Self {
[INFO] [stdout]     |     ^^^^^^^^^^^^^^^^^^^^^^^^^^^^^^^^^^^^^^^^^^^^^^^^^^^^^^^^^^^^^^^^^^^^^^^^^^^^^^^^^^^^^^^^^^
[INFO] [stdout] help: there is an associated function `new_with_bytes` with a similar name
[INFO] [stdout]     |
[INFO] [stdout] 188 -                 Instruction::new_with_bincode(program_id2, &0, vec![]),
[INFO] [stdout] 188 +                 Instruction::new_with_bytes(program_id2, &0, vec![]),
[INFO] [stdout]     |
[INFO] [stdout] 
[INFO] [stdout] 
[INFO] [stdout] error[E0599]: no associated function or constant named `new_with_bincode` found for struct `rialo_s_instruction::Instruction` in the current scope
[INFO] [stdout]    --> src/compiled_keys.rs:189:30
[INFO] [stdout]     |
[INFO] [stdout] 189 |                 Instruction::new_with_bincode(program_id3, &0, vec![]),
[INFO] [stdout]     |                              ^^^^^^^^^^^^^^^^ associated function or constant not found in `rialo_s_instruction::Instruction`
[INFO] [stdout]     |
[INFO] [stdout] note: if you're trying to build a new `rialo_s_instruction::Instruction`, consider using `rialo_s_instruction::Instruction::new_with_bytes` which returns `rialo_s_instruction::Instruction`
[INFO] [stdout]    --> /opt/rustwide/cargo-home/registry/src/index.crates.io-1949cf8c6b5b557f/rialo-s-instruction-0.21.0-alpha.0/src/lib.rs:284:5
[INFO] [stdout]     |
[INFO] [stdout] 284 |     pub fn new_with_bytes(program_id: Pubkey, data: &[u8], accounts: Vec<AccountMeta>) -> Self {
[INFO] [stdout]     |     ^^^^^^^^^^^^^^^^^^^^^^^^^^^^^^^^^^^^^^^^^^^^^^^^^^^^^^^^^^^^^^^^^^^^^^^^^^^^^^^^^^^^^^^^^^
[INFO] [stdout] help: there is an associated function `new_with_bytes` with a similar name
[INFO] [stdout]     |
[INFO] [stdout] 189 -                 Instruction::new_with_bincode(program_id3, &0, vec![]),
[INFO] [stdout] 189 +                 Instruction::new_with_bytes(program_id3, &0, vec![]),
[INFO] [stdout]     |
[INFO] [stdout] 
[INFO] [stdout] 
[INFO] [stdout] error[E0433]: cannot find type `KeyFlags` in this scope
[INFO] [stdout]    --> src/compiled_keys.rs:199:27
[INFO] [stdout]     |
[INFO] [stdout] 199 |                     (id0, KeyFlags::empty().into()),
[INFO] [stdout]     |                           ^^^^^^^^ use of undeclared type `KeyFlags`
[INFO] [stdout] 
[INFO] [stdout] 
[INFO] [stdout] error[E0433]: cannot find type `KeyFlags` in this scope
[INFO] [stdout]    --> src/compiled_keys.rs:200:27
[INFO] [stdout]     |
[INFO] [stdout] 200 |                     (id1, KeyFlags::SIGNER.into()),
[INFO] [stdout]     |                           ^^^^^^^^ use of undeclared type `KeyFlags`
[INFO] [stdout] 
[INFO] [stdout] 
[INFO] [stdout] error[E0433]: cannot find type `KeyFlags` in this scope
[INFO] [stdout]    --> src/compiled_keys.rs:201:27
[INFO] [stdout]     |
[INFO] [stdout] 201 |                     (id2, KeyFlags::WRITABLE.into()),
[INFO] [stdout]     |                           ^^^^^^^^ use of undeclared type `KeyFlags`
[INFO] [stdout] 
[INFO] [stdout] 
[INFO] [stdout] error[E0433]: cannot find type `KeyFlags` in this scope
[INFO] [stdout]    --> src/compiled_keys.rs:202:28
[INFO] [stdout]     |
[INFO] [stdout] 202 |                     (id3, (KeyFlags::SIGNER | KeyFlags::WRITABLE).into()),
[INFO] [stdout]     |                            ^^^^^^^^ use of undeclared type `KeyFlags`
[INFO] [stdout] 
[INFO] [stdout] 
[INFO] [stdout] error[E0433]: cannot find type `KeyFlags` in this scope
[INFO] [stdout]    --> src/compiled_keys.rs:202:47
[INFO] [stdout]     |
[INFO] [stdout] 202 |                     (id3, (KeyFlags::SIGNER | KeyFlags::WRITABLE).into()),
[INFO] [stdout]     |                                               ^^^^^^^^ use of undeclared type `KeyFlags`
[INFO] [stdout] 
[INFO] [stdout] 
[INFO] [stdout] error[E0433]: cannot find type `KeyFlags` in this scope
[INFO] [stdout]    --> src/compiled_keys.rs:203:35
[INFO] [stdout]     |
[INFO] [stdout] 203 |                     (program_id0, KeyFlags::INVOKED.into()),
[INFO] [stdout]     |                                   ^^^^^^^^ use of undeclared type `KeyFlags`
[INFO] [stdout] 
[INFO] [stdout] 
[INFO] [stdout] error[E0433]: cannot find type `KeyFlags` in this scope
[INFO] [stdout]    --> src/compiled_keys.rs:204:36
[INFO] [stdout]     |
[INFO] [stdout] 204 |                     (program_id1, (KeyFlags::INVOKED | KeyFlags::SIGNER).into()),
[INFO] [stdout]     |                                    ^^^^^^^^ use of undeclared type `KeyFlags`
[INFO] [stdout] 
[INFO] [stdout] 
[INFO] [stdout] error[E0433]: cannot find type `KeyFlags` in this scope
[INFO] [stdout]    --> src/compiled_keys.rs:204:56
[INFO] [stdout]     |
[INFO] [stdout] 204 |                     (program_id1, (KeyFlags::INVOKED | KeyFlags::SIGNER).into()),
[INFO] [stdout]     |                                                        ^^^^^^^^ use of undeclared type `KeyFlags`
[INFO] [stdout] 
[INFO] [stdout] 
[INFO] [stdout] error[E0433]: cannot find type `KeyFlags` in this scope
[INFO] [stdout]    --> src/compiled_keys.rs:205:36
[INFO] [stdout]     |
[INFO] [stdout] 205 |                     (program_id2, (KeyFlags::INVOKED | KeyFlags::WRITABLE).into()),
[INFO] [stdout]     |                                    ^^^^^^^^ use of undeclared type `KeyFlags`
[INFO] [stdout] 
[INFO] [stdout] 
[INFO] [stdout] error[E0433]: cannot find type `KeyFlags` in this scope
[INFO] [stdout]    --> src/compiled_keys.rs:205:56
[INFO] [stdout]     |
[INFO] [stdout] 205 |                     (program_id2, (KeyFlags::INVOKED | KeyFlags::WRITABLE).into()),
[INFO] [stdout]     |                                                        ^^^^^^^^ use of undeclared type `KeyFlags`
[INFO] [stdout] 
[INFO] [stdout] 
[INFO] [stdout] error[E0433]: cannot find type `KeyFlags` in this scope
[INFO] [stdout]    --> src/compiled_keys.rs:206:35
[INFO] [stdout]     |
[INFO] [stdout] 206 |                     (program_id3, KeyFlags::all().into()),
[INFO] [stdout]     |                                   ^^^^^^^^ use of undeclared type `KeyFlags`
[INFO] [stdout] 
[INFO] [stdout] 
[INFO] [stdout] error[E0599]: no associated function or constant named `new_with_bincode` found for struct `rialo_s_instruction::Instruction` in the current scope
[INFO] [stdout]    --> src/compiled_keys.rs:217:28
[INFO] [stdout]     |
[INFO] [stdout] 217 |             &[Instruction::new_with_bincode(
[INFO] [stdout]     |                            ^^^^^^^^^^^^^^^^ associated function or constant not found in `rialo_s_instruction::Instruction`
[INFO] [stdout]     |
[INFO] [stdout] note: if you're trying to build a new `rialo_s_instruction::Instruction`, consider using `rialo_s_instruction::Instruction::new_with_bytes` which returns `rialo_s_instruction::Instruction`
[INFO] [stdout]    --> /opt/rustwide/cargo-home/registry/src/index.crates.io-1949cf8c6b5b557f/rialo-s-instruction-0.21.0-alpha.0/src/lib.rs:284:5
[INFO] [stdout]     |
[INFO] [stdout] 284 |     pub fn new_with_bytes(program_id: Pubkey, data: &[u8], accounts: Vec<AccountMeta>) -> Self {
[INFO] [stdout]     |     ^^^^^^^^^^^^^^^^^^^^^^^^^^^^^^^^^^^^^^^^^^^^^^^^^^^^^^^^^^^^^^^^^^^^^^^^^^^^^^^^^^^^^^^^^^
[INFO] [stdout] help: there is an associated function `new_with_bytes` with a similar name
[INFO] [stdout]     |
[INFO] [stdout] 217 -             &[Instruction::new_with_bincode(
[INFO] [stdout] 217 +             &[Instruction::new_with_bytes(
[INFO] [stdout]     |
[INFO] [stdout] 
[INFO] [stdout] 
[INFO] [stdout] error[E0433]: cannot find type `KeyFlags` in this scope
[INFO] [stdout]    --> src/compiled_keys.rs:229:30
[INFO] [stdout]     |
[INFO] [stdout] 229 |                     (payer, (KeyFlags::SIGNER | KeyFlags::WRITABLE).into()),
[INFO] [stdout]     |                              ^^^^^^^^ use of undeclared type `KeyFlags`
[INFO] [stdout] 
[INFO] [stdout] 
[INFO] [stdout] error[E0433]: cannot find type `KeyFlags` in this scope
[INFO] [stdout]    --> src/compiled_keys.rs:229:49
[INFO] [stdout]     |
[INFO] [stdout] 229 |                     (payer, (KeyFlags::SIGNER | KeyFlags::WRITABLE).into()),
[INFO] [stdout]     |                                                 ^^^^^^^^ use of undeclared type `KeyFlags`
[INFO] [stdout] 
[INFO] [stdout] 
[INFO] [stdout] error[E0433]: cannot find type `KeyFlags` in this scope
[INFO] [stdout]    --> src/compiled_keys.rs:230:34
[INFO] [stdout]     |
[INFO] [stdout] 230 |                     (program_id, KeyFlags::INVOKED.into()),
[INFO] [stdout]     |                                  ^^^^^^^^ use of undeclared type `KeyFlags`
[INFO] [stdout] 
[INFO] [stdout] 
[INFO] [stdout] error[E0599]: no associated function or constant named `new_with_bincode` found for struct `rialo_s_instruction::Instruction` in the current scope
[INFO] [stdout]    --> src/compiled_keys.rs:241:28
[INFO] [stdout]     |
[INFO] [stdout] 241 |             &[Instruction::new_with_bincode(
[INFO] [stdout]     |                            ^^^^^^^^^^^^^^^^ associated function or constant not found in `rialo_s_instruction::Instruction`
[INFO] [stdout]     |
[INFO] [stdout] note: if you're trying to build a new `rialo_s_instruction::Instruction`, consider using `rialo_s_instruction::Instruction::new_with_bytes` which returns `rialo_s_instruction::Instruction`
[INFO] [stdout]    --> /opt/rustwide/cargo-home/registry/src/index.crates.io-1949cf8c6b5b557f/rialo-s-instruction-0.21.0-alpha.0/src/lib.rs:284:5
[INFO] [stdout]     |
[INFO] [stdout] 284 |     pub fn new_with_bytes(program_id: Pubkey, data: &[u8], accounts: Vec<AccountMeta>) -> Self {
[INFO] [stdout]     |     ^^^^^^^^^^^^^^^^^^^^^^^^^^^^^^^^^^^^^^^^^^^^^^^^^^^^^^^^^^^^^^^^^^^^^^^^^^^^^^^^^^^^^^^^^^
[INFO] [stdout] help: there is an associated function `new_with_bytes` with a similar name
[INFO] [stdout]     |
[INFO] [stdout] 241 -             &[Instruction::new_with_bincode(
[INFO] [stdout] 241 +             &[Instruction::new_with_bytes(
[INFO] [stdout]     |
[INFO] [stdout] 
[INFO] [stdout] 
[INFO] [stdout] error[E0433]: cannot find type `KeyFlags` in this scope
[INFO] [stdout]    --> src/compiled_keys.rs:255:28
[INFO] [stdout]     |
[INFO] [stdout] 255 |                     (id0, (KeyFlags::SIGNER | KeyFlags::WRITABLE).into()),
[INFO] [stdout]     |                            ^^^^^^^^ use of undeclared type `KeyFlags`
[INFO] [stdout] 
[INFO] [stdout] 
[INFO] [stdout] error[E0433]: cannot find type `KeyFlags` in this scope
[INFO] [stdout]    --> src/compiled_keys.rs:255:47
[INFO] [stdout]     |
[INFO] [stdout] 255 |                     (id0, (KeyFlags::SIGNER | KeyFlags::WRITABLE).into()),
[INFO] [stdout]     |                                               ^^^^^^^^ use of undeclared type `KeyFlags`
[INFO] [stdout] 
[INFO] [stdout] 
[INFO] [stdout] error[E0433]: cannot find type `KeyFlags` in this scope
[INFO] [stdout]    --> src/compiled_keys.rs:256:34
[INFO] [stdout]     |
[INFO] [stdout] 256 |                     (program_id, KeyFlags::INVOKED.into()),
[INFO] [stdout]     |                                  ^^^^^^^^ use of undeclared type `KeyFlags`
[INFO] [stdout] 
[INFO] [stdout] 
[INFO] [stdout] error[E0599]: no associated function or constant named `new_with_bincode` found for struct `rialo_s_instruction::Instruction` in the current scope
[INFO] [stdout]    --> src/compiled_keys.rs:267:28
[INFO] [stdout]     |
[INFO] [stdout] 267 |             &[Instruction::new_with_bincode(
[INFO] [stdout]     |                            ^^^^^^^^^^^^^^^^ associated function or constant not found in `rialo_s_instruction::Instruction`
[INFO] [stdout]     |
[INFO] [stdout] note: if you're trying to build a new `rialo_s_instruction::Instruction`, consider using `rialo_s_instruction::Instruction::new_with_bytes` which returns `rialo_s_instruction::Instruction`
[INFO] [stdout]    --> /opt/rustwide/cargo-home/registry/src/index.crates.io-1949cf8c6b5b557f/rialo-s-instruction-0.21.0-alpha.0/src/lib.rs:284:5
[INFO] [stdout]     |
[INFO] [stdout] 284 |     pub fn new_with_bytes(program_id: Pubkey, data: &[u8], accounts: Vec<AccountMeta>) -> Self {
[INFO] [stdout]     |     ^^^^^^^^^^^^^^^^^^^^^^^^^^^^^^^^^^^^^^^^^^^^^^^^^^^^^^^^^^^^^^^^^^^^^^^^^^^^^^^^^^^^^^^^^^
[INFO] [stdout] help: there is an associated function `new_with_bytes` with a similar name
[INFO] [stdout]     |
[INFO] [stdout] 267 -             &[Instruction::new_with_bincode(
[INFO] [stdout] 267 +             &[Instruction::new_with_bytes(
[INFO] [stdout]     |
[INFO] [stdout] 
[INFO] [stdout] 
[INFO] [stdout] error[E0433]: cannot find type `KeyFlags` in this scope
[INFO] [stdout]    --> src/compiled_keys.rs:284:28
[INFO] [stdout]     |
[INFO] [stdout] 284 |                     (id0, (KeyFlags::SIGNER | KeyFlags::WRITABLE).into()),
[INFO] [stdout]     |                            ^^^^^^^^ use of undeclared type `KeyFlags`
[INFO] [stdout] 
[INFO] [stdout] 
[INFO] [stdout] error[E0433]: cannot find type `KeyFlags` in this scope
[INFO] [stdout]    --> src/compiled_keys.rs:284:47
[INFO] [stdout]     |
[INFO] [stdout] 284 |                     (id0, (KeyFlags::SIGNER | KeyFlags::WRITABLE).into()),
[INFO] [stdout]     |                                               ^^^^^^^^ use of undeclared type `KeyFlags`
[INFO] [stdout] 
[INFO] [stdout] 
[INFO] [stdout] error[E0433]: cannot find type `KeyFlags` in this scope
[INFO] [stdout]    --> src/compiled_keys.rs:285:34
[INFO] [stdout]     |
[INFO] [stdout] 285 |                     (program_id, KeyFlags::INVOKED.into()),
[INFO] [stdout]     |                                  ^^^^^^^^ use of undeclared type `KeyFlags`
[INFO] [stdout] 
[INFO] [stdout] 
[INFO] [stdout] error[E0599]: no associated function or constant named `new_with_bincode` found for struct `rialo_s_instruction::Instruction` in the current scope
[INFO] [stdout]    --> src/compiled_keys.rs:297:30
[INFO] [stdout]     |
[INFO] [stdout] 297 |                 Instruction::new_with_bincode(
[INFO] [stdout]     |                              ^^^^^^^^^^^^^^^^ associated function or constant not found in `rialo_s_instruction::Instruction`
[INFO] [stdout]     |
[INFO] [stdout] note: if you're trying to build a new `rialo_s_instruction::Instruction`, consider using `rialo_s_instruction::Instruction::new_with_bytes` which returns `rialo_s_instruction::Instruction`
[INFO] [stdout]    --> /opt/rustwide/cargo-home/registry/src/index.crates.io-1949cf8c6b5b557f/rialo-s-instruction-0.21.0-alpha.0/src/lib.rs:284:5
[INFO] [stdout]     |
[INFO] [stdout] 284 |     pub fn new_with_bytes(program_id: Pubkey, data: &[u8], accounts: Vec<AccountMeta>) -> Self {
[INFO] [stdout]     |     ^^^^^^^^^^^^^^^^^^^^^^^^^^^^^^^^^^^^^^^^^^^^^^^^^^^^^^^^^^^^^^^^^^^^^^^^^^^^^^^^^^^^^^^^^^
[INFO] [stdout] help: there is an associated function `new_with_bytes` with a similar name
[INFO] [stdout]     |
[INFO] [stdout] 297 -                 Instruction::new_with_bincode(
[INFO] [stdout] 297 +                 Instruction::new_with_bytes(
[INFO] [stdout]     |
[INFO] [stdout] 
[INFO] [stdout] 
[INFO] [stdout] error[E0599]: no associated function or constant named `new_with_bincode` found for struct `rialo_s_instruction::Instruction` in the current scope
[INFO] [stdout]    --> src/compiled_keys.rs:305:30
[INFO] [stdout]     |
[INFO] [stdout] 305 |                 Instruction::new_with_bincode(program_id, &0, vec![AccountMeta::new(id0, false)]),
[INFO] [stdout]     |                              ^^^^^^^^^^^^^^^^ associated function or constant not found in `rialo_s_instruction::Instruction`
[INFO] [stdout]     |
[INFO] [stdout] note: if you're trying to build a new `rialo_s_instruction::Instruction`, consider using `rialo_s_instruction::Instruction::new_with_bytes` which returns `rialo_s_instruction::Instruction`
[INFO] [stdout]    --> /opt/rustwide/cargo-home/registry/src/index.crates.io-1949cf8c6b5b557f/rialo-s-instruction-0.21.0-alpha.0/src/lib.rs:284:5
[INFO] [stdout]     |
[INFO] [stdout] 284 |     pub fn new_with_bytes(program_id: Pubkey, data: &[u8], accounts: Vec<AccountMeta>) -> Self {
[INFO] [stdout]     |     ^^^^^^^^^^^^^^^^^^^^^^^^^^^^^^^^^^^^^^^^^^^^^^^^^^^^^^^^^^^^^^^^^^^^^^^^^^^^^^^^^^^^^^^^^^
[INFO] [stdout] help: there is an associated function `new_with_bytes` with a similar name
[INFO] [stdout]     |
[INFO] [stdout] 305 -                 Instruction::new_with_bincode(program_id, &0, vec![AccountMeta::new(id0, false)]),
[INFO] [stdout] 305 +                 Instruction::new_with_bytes(program_id, &0, vec![AccountMeta::new(id0, false)]),
[INFO] [stdout]     |
[INFO] [stdout] 
[INFO] [stdout] 
[INFO] [stdout] error[E0433]: cannot find type `KeyFlags` in this scope
[INFO] [stdout]    --> src/compiled_keys.rs:316:27
[INFO] [stdout]     |
[INFO] [stdout] 316 |                     (id0, KeyFlags::WRITABLE.into()),
[INFO] [stdout]     |                           ^^^^^^^^ use of undeclared type `KeyFlags`
[INFO] [stdout] 
[INFO] [stdout] 
[INFO] [stdout] error[E0433]: cannot find type `KeyFlags` in this scope
[INFO] [stdout]    --> src/compiled_keys.rs:317:34
[INFO] [stdout]     |
[INFO] [stdout] 317 |                     (program_id, KeyFlags::INVOKED.into()),
[INFO] [stdout]     |                                  ^^^^^^^^ use of undeclared type `KeyFlags`
[INFO] [stdout] 
[INFO] [stdout] 
[INFO] [stdout] error[E0433]: cannot find type `KeyFlags` in this scope
[INFO] [stdout]    --> src/compiled_keys.rs:335:28
[INFO] [stdout]     |
[INFO] [stdout] 335 |                 (keys[0], (KeyFlags::SIGNER | KeyFlags::WRITABLE).into()),
[INFO] [stdout]     |                            ^^^^^^^^ use of undeclared type `KeyFlags`
[INFO] [stdout] 
[INFO] [stdout] 
[INFO] [stdout] error[E0433]: cannot find type `KeyFlags` in this scope
[INFO] [stdout]    --> src/compiled_keys.rs:335:47
[INFO] [stdout]     |
[INFO] [stdout] 335 |                 (keys[0], (KeyFlags::SIGNER | KeyFlags::WRITABLE).into()),
[INFO] [stdout]     |                                               ^^^^^^^^ use of undeclared type `KeyFlags`
[INFO] [stdout] 
[INFO] [stdout] 
[INFO] [stdout] error[E0433]: cannot find type `KeyFlags` in this scope
[INFO] [stdout]    --> src/compiled_keys.rs:336:27
[INFO] [stdout]     |
[INFO] [stdout] 336 |                 (keys[1], KeyFlags::SIGNER.into()),
[INFO] [stdout]     |                           ^^^^^^^^ use of undeclared type `KeyFlags`
[INFO] [stdout] 
[INFO] [stdout] 
[INFO] [stdout] error[E0433]: cannot find type `KeyFlags` in this scope
[INFO] [stdout]    --> src/compiled_keys.rs:337:27
[INFO] [stdout]     |
[INFO] [stdout] 337 |                 (keys[2], KeyFlags::WRITABLE.into()),
[INFO] [stdout]     |                           ^^^^^^^^ use of undeclared type `KeyFlags`
[INFO] [stdout] 
[INFO] [stdout] 
[INFO] [stdout] error[E0433]: cannot find type `KeyFlags` in this scope
[INFO] [stdout]    --> src/compiled_keys.rs:338:27
[INFO] [stdout]     |
[INFO] [stdout] 338 |                 (keys[3], KeyFlags::empty().into()),
[INFO] [stdout]     |                           ^^^^^^^^ use of undeclared type `KeyFlags`
[INFO] [stdout] 
[INFO] [stdout] 
[INFO] [stdout] error[E0433]: cannot find type `KeyFlags` in this scope
[INFO] [stdout]    --> src/compiled_keys.rs:362:13
[INFO] [stdout]     |
[INFO] [stdout] 362 |             KeyFlags::WRITABLE | KeyFlags::SIGNER,
[INFO] [stdout]     |             ^^^^^^^^ use of undeclared type `KeyFlags`
[INFO] [stdout] 
[INFO] [stdout] 
[INFO] [stdout] error[E0433]: cannot find type `KeyFlags` in this scope
[INFO] [stdout]    --> src/compiled_keys.rs:362:34
[INFO] [stdout]     |
[INFO] [stdout] 362 |             KeyFlags::WRITABLE | KeyFlags::SIGNER,
[INFO] [stdout]     |                                  ^^^^^^^^ use of undeclared type `KeyFlags`
[INFO] [stdout] 
[INFO] [stdout] 
[INFO] [stdout] error[E0433]: cannot find type `KeyFlags` in this scope
[INFO] [stdout]    --> src/compiled_keys.rs:363:13
[INFO] [stdout]     |
[INFO] [stdout] 363 |             KeyFlags::SIGNER,
[INFO] [stdout]     |             ^^^^^^^^ use of undeclared type `KeyFlags`
[INFO] [stdout] 
[INFO] [stdout] 
[INFO] [stdout] error[E0433]: cannot find type `KeyFlags` in this scope
[INFO] [stdout]    --> src/compiled_keys.rs:365:13
[INFO] [stdout]     |
[INFO] [stdout] 365 |             KeyFlags::empty(),
[INFO] [stdout]     |             ^^^^^^^^ use of undeclared type `KeyFlags`
[INFO] [stdout] 
[INFO] [stdout] 
[INFO] [stdout] error[E0599]: no associated function or constant named `new_with_bincode` found for struct `rialo_s_instruction::Instruction` in the current scope
[INFO] [stdout]    --> src/legacy.rs:719:31
[INFO] [stdout]     |
[INFO] [stdout] 719 |         let ix = Instruction::new_with_bincode(program_id, &0, vec![AccountMeta::new(id0, false)]);
[INFO] [stdout]     |                               ^^^^^^^^^^^^^^^^ associated function or constant not found in `rialo_s_instruction::Instruction`
[INFO] [stdout]     |
[INFO] [stdout] note: if you're trying to build a new `rialo_s_instruction::Instruction`, consider using `rialo_s_instruction::Instruction::new_with_bytes` which returns `rialo_s_instruction::Instruction`
[INFO] [stdout]    --> /opt/rustwide/cargo-home/registry/src/index.crates.io-1949cf8c6b5b557f/rialo-s-instruction-0.21.0-alpha.0/src/lib.rs:284:5
[INFO] [stdout]     |
[INFO] [stdout] 284 |     pub fn new_with_bytes(program_id: Pubkey, data: &[u8], accounts: Vec<AccountMeta>) -> Self {
[INFO] [stdout]     |     ^^^^^^^^^^^^^^^^^^^^^^^^^^^^^^^^^^^^^^^^^^^^^^^^^^^^^^^^^^^^^^^^^^^^^^^^^^^^^^^^^^^^^^^^^^
[INFO] [stdout] help: there is an associated function `new_with_bytes` with a similar name
[INFO] [stdout]     |
[INFO] [stdout] 719 -         let ix = Instruction::new_with_bincode(program_id, &0, vec![AccountMeta::new(id0, false)]);
[INFO] [stdout] 719 +         let ix = Instruction::new_with_bytes(program_id, &0, vec![AccountMeta::new(id0, false)]);
[INFO] [stdout]     |
[INFO] [stdout] 
[INFO] [stdout] 
[INFO] [stdout] error[E0599]: no associated function or constant named `new_with_bincode` found for struct `rialo_s_instruction::Instruction` in the current scope
[INFO] [stdout]    --> src/legacy.rs:723:31
[INFO] [stdout]     |
[INFO] [stdout] 723 |         let ix = Instruction::new_with_bincode(program_id, &0, vec![AccountMeta::new(id0, true)]);
[INFO] [stdout]     |                               ^^^^^^^^^^^^^^^^ associated function or constant not found in `rialo_s_instruction::Instruction`
[INFO] [stdout]     |
[INFO] [stdout] note: if you're trying to build a new `rialo_s_instruction::Instruction`, consider using `rialo_s_instruction::Instruction::new_with_bytes` which returns `rialo_s_instruction::Instruction`
[INFO] [stdout]    --> /opt/rustwide/cargo-home/registry/src/index.crates.io-1949cf8c6b5b557f/rialo-s-instruction-0.21.0-alpha.0/src/lib.rs:284:5
[INFO] [stdout]     |
[INFO] [stdout] 284 |     pub fn new_with_bytes(program_id: Pubkey, data: &[u8], accounts: Vec<AccountMeta>) -> Self {
[INFO] [stdout]     |     ^^^^^^^^^^^^^^^^^^^^^^^^^^^^^^^^^^^^^^^^^^^^^^^^^^^^^^^^^^^^^^^^^^^^^^^^^^^^^^^^^^^^^^^^^^
[INFO] [stdout] help: there is an associated function `new_with_bytes` with a similar name
[INFO] [stdout]     |
[INFO] [stdout] 723 -         let ix = Instruction::new_with_bincode(program_id, &0, vec![AccountMeta::new(id0, true)]);
[INFO] [stdout] 723 +         let ix = Instruction::new_with_bytes(program_id, &0, vec![AccountMeta::new(id0, true)]);
[INFO] [stdout]     |
[INFO] [stdout] 
[INFO] [stdout] 
[INFO] [stdout] error[E0599]: no associated function or constant named `new_with_bincode` found for struct `rialo_s_instruction::Instruction` in the current scope
[INFO] [stdout]    --> src/legacy.rs:736:30
[INFO] [stdout]     |
[INFO] [stdout] 736 |                 Instruction::new_with_bincode(program_id0, &0, vec![AccountMeta::new(id0, false)]),
[INFO] [stdout]     |                              ^^^^^^^^^^^^^^^^ associated function or constant not found in `rialo_s_instruction::Instruction`
[INFO] [stdout]     |
[INFO] [stdout] note: if you're trying to build a new `rialo_s_instruction::Instruction`, consider using `rialo_s_instruction::Instruction::new_with_bytes` which returns `rialo_s_instruction::Instruction`
[INFO] [stdout]    --> /opt/rustwide/cargo-home/registry/src/index.crates.io-1949cf8c6b5b557f/rialo-s-instruction-0.21.0-alpha.0/src/lib.rs:284:5
[INFO] [stdout]     |
[INFO] [stdout] 284 |     pub fn new_with_bytes(program_id: Pubkey, data: &[u8], accounts: Vec<AccountMeta>) -> Self {
[INFO] [stdout]     |     ^^^^^^^^^^^^^^^^^^^^^^^^^^^^^^^^^^^^^^^^^^^^^^^^^^^^^^^^^^^^^^^^^^^^^^^^^^^^^^^^^^^^^^^^^^
[INFO] [stdout] help: there is an associated function `new_with_bytes` with a similar name
[INFO] [stdout]     |
[INFO] [stdout] 736 -                 Instruction::new_with_bincode(program_id0, &0, vec![AccountMeta::new(id0, false)]),
[INFO] [stdout] 736 +                 Instruction::new_with_bytes(program_id0, &0, vec![AccountMeta::new(id0, false)]),
[INFO] [stdout]     |
[INFO] [stdout] 
[INFO] [stdout] 
[INFO] [stdout] error[E0599]: no associated function or constant named `new_with_bincode` found for struct `rialo_s_instruction::Instruction` in the current scope
[INFO] [stdout]    --> src/legacy.rs:737:30
[INFO] [stdout]     |
[INFO] [stdout] 737 |                 Instruction::new_with_bincode(program_id1, &0, vec![AccountMeta::new(id1, true)]),
[INFO] [stdout]     |                              ^^^^^^^^^^^^^^^^ associated function or constant not found in `rialo_s_instruction::Instruction`
[INFO] [stdout]     |
[INFO] [stdout] note: if you're trying to build a new `rialo_s_instruction::Instruction`, consider using `rialo_s_instruction::Instruction::new_with_bytes` which returns `rialo_s_instruction::Instruction`
[INFO] [stdout]    --> /opt/rustwide/cargo-home/registry/src/index.crates.io-1949cf8c6b5b557f/rialo-s-instruction-0.21.0-alpha.0/src/lib.rs:284:5
[INFO] [stdout]     |
[INFO] [stdout] 284 |     pub fn new_with_bytes(program_id: Pubkey, data: &[u8], accounts: Vec<AccountMeta>) -> Self {
[INFO] [stdout]     |     ^^^^^^^^^^^^^^^^^^^^^^^^^^^^^^^^^^^^^^^^^^^^^^^^^^^^^^^^^^^^^^^^^^^^^^^^^^^^^^^^^^^^^^^^^^
[INFO] [stdout] help: there is an associated function `new_with_bytes` with a similar name
[INFO] [stdout]     |
[INFO] [stdout] 737 -                 Instruction::new_with_bincode(program_id1, &0, vec![AccountMeta::new(id1, true)]),
[INFO] [stdout] 737 +                 Instruction::new_with_bytes(program_id1, &0, vec![AccountMeta::new(id1, true)]),
[INFO] [stdout]     |
[INFO] [stdout] 
[INFO] [stdout] 
[INFO] [stdout] error[E0599]: no associated function or constant named `new_with_bincode` found for struct `rialo_s_instruction::Instruction` in the current scope
[INFO] [stdout]    --> src/legacy.rs:738:30
[INFO] [stdout]     |
[INFO] [stdout] 738 |                 Instruction::new_with_bincode(program_id0, &0, vec![AccountMeta::new(id1, false)]),
[INFO] [stdout]     |                              ^^^^^^^^^^^^^^^^ associated function or constant not found in `rialo_s_instruction::Instruction`
[INFO] [stdout]     |
[INFO] [stdout] note: if you're trying to build a new `rialo_s_instruction::Instruction`, consider using `rialo_s_instruction::Instruction::new_with_bytes` which returns `rialo_s_instruction::Instruction`
[INFO] [stdout]    --> /opt/rustwide/cargo-home/registry/src/index.crates.io-1949cf8c6b5b557f/rialo-s-instruction-0.21.0-alpha.0/src/lib.rs:284:5
[INFO] [stdout]     |
[INFO] [stdout] 284 |     pub fn new_with_bytes(program_id: Pubkey, data: &[u8], accounts: Vec<AccountMeta>) -> Self {
[INFO] [stdout]     |     ^^^^^^^^^^^^^^^^^^^^^^^^^^^^^^^^^^^^^^^^^^^^^^^^^^^^^^^^^^^^^^^^^^^^^^^^^^^^^^^^^^^^^^^^^^
[INFO] [stdout] help: there is an associated function `new_with_bytes` with a similar name
[INFO] [stdout]     |
[INFO] [stdout] 738 -                 Instruction::new_with_bincode(program_id0, &0, vec![AccountMeta::new(id1, false)]),
[INFO] [stdout] 738 +                 Instruction::new_with_bytes(program_id0, &0, vec![AccountMeta::new(id1, false)]),
[INFO] [stdout]     |
[INFO] [stdout] 
[INFO] [stdout] 
[INFO] [stdout] error[E0599]: no associated function or constant named `new` found for struct `compiled_instruction::CompiledInstruction` in the current scope
[INFO] [stdout]    --> src/legacy.rs:746:34
[INFO] [stdout]     |
[INFO] [stdout] 746 |             CompiledInstruction::new(2, &0, vec![1])
[INFO] [stdout]     |                                  ^^^ associated function or constant not found in `compiled_instruction::CompiledInstruction`
[INFO] [stdout]     |
[INFO] [stdout]    ::: src/compiled_instruction.rs:22:1
[INFO] [stdout]     |
[INFO] [stdout]  22 | pub struct CompiledInstruction {
[INFO] [stdout]     | ------------------------------ associated function or constant `new` not found for this struct
[INFO] [stdout]     |
[INFO] [stdout] note: if you're trying to build a new `compiled_instruction::CompiledInstruction`, consider using `compiled_instruction::CompiledInstruction::new_from_raw_parts` which returns `compiled_instruction::CompiledInstruction`
[INFO] [stdout]    --> src/compiled_instruction.rs:46:5
[INFO] [stdout]     |
[INFO] [stdout]  46 |     pub fn new_from_raw_parts(program_id_index: u8, data: Vec<u8>, accounts: Vec<u8>) -> Self {
[INFO] [stdout]     |     ^^^^^^^^^^^^^^^^^^^^^^^^^^^^^^^^^^^^^^^^^^^^^^^^^^^^^^^^^^^^^^^^^^^^^^^^^^^^^^^^^^^^^^^^^
[INFO] [stdout] help: there is a method `ne` with a similar name, but with different arguments
[INFO] [stdout]    --> /rustc/dfb0accb7f508ae8be965d8629557221c889dd98/library/core/src/cmp.rs:275:4
[INFO] [stdout] 
[INFO] [stdout] 
[INFO] [stdout] error[E0599]: no associated function or constant named `new` found for struct `compiled_instruction::CompiledInstruction` in the current scope
[INFO] [stdout]    --> src/legacy.rs:750:34
[INFO] [stdout]     |
[INFO] [stdout] 750 |             CompiledInstruction::new(3, &0, vec![0])
[INFO] [stdout]     |                                  ^^^ associated function or constant not found in `compiled_instruction::CompiledInstruction`
[INFO] [stdout]     |
[INFO] [stdout]    ::: src/compiled_instruction.rs:22:1
[INFO] [stdout]     |
[INFO] [stdout]  22 | pub struct CompiledInstruction {
[INFO] [stdout]     | ------------------------------ associated function or constant `new` not found for this struct
[INFO] [stdout]     |
[INFO] [stdout] note: if you're trying to build a new `compiled_instruction::CompiledInstruction`, consider using `compiled_instruction::CompiledInstruction::new_from_raw_parts` which returns `compiled_instruction::CompiledInstruction`
[INFO] [stdout]    --> src/compiled_instruction.rs:46:5
[INFO] [stdout]     |
[INFO] [stdout]  46 |     pub fn new_from_raw_parts(program_id_index: u8, data: Vec<u8>, accounts: Vec<u8>) -> Self {
[INFO] [stdout]     |     ^^^^^^^^^^^^^^^^^^^^^^^^^^^^^^^^^^^^^^^^^^^^^^^^^^^^^^^^^^^^^^^^^^^^^^^^^^^^^^^^^^^^^^^^^
[INFO] [stdout] help: there is a method `ne` with a similar name, but with different arguments
[INFO] [stdout]    --> /rustc/dfb0accb7f508ae8be965d8629557221c889dd98/library/core/src/cmp.rs:275:4
[INFO] [stdout] 
[INFO] [stdout] 
[INFO] [stdout] error[E0599]: no associated function or constant named `new` found for struct `compiled_instruction::CompiledInstruction` in the current scope
[INFO] [stdout]    --> src/legacy.rs:754:34
[INFO] [stdout]     |
[INFO] [stdout] 754 |             CompiledInstruction::new(2, &0, vec![0])
[INFO] [stdout]     |                                  ^^^ associated function or constant not found in `compiled_instruction::CompiledInstruction`
[INFO] [stdout]     |
[INFO] [stdout]    ::: src/compiled_instruction.rs:22:1
[INFO] [stdout]     |
[INFO] [stdout]  22 | pub struct CompiledInstruction {
[INFO] [stdout]     | ------------------------------ associated function or constant `new` not found for this struct
[INFO] [stdout]     |
[INFO] [stdout] note: if you're trying to build a new `compiled_instruction::CompiledInstruction`, consider using `compiled_instruction::CompiledInstruction::new_from_raw_parts` which returns `compiled_instruction::CompiledInstruction`
[INFO] [stdout]    --> src/compiled_instruction.rs:46:5
[INFO] [stdout]     |
[INFO] [stdout]  46 |     pub fn new_from_raw_parts(program_id_index: u8, data: Vec<u8>, accounts: Vec<u8>) -> Self {
[INFO] [stdout]     |     ^^^^^^^^^^^^^^^^^^^^^^^^^^^^^^^^^^^^^^^^^^^^^^^^^^^^^^^^^^^^^^^^^^^^^^^^^^^^^^^^^^^^^^^^^
[INFO] [stdout] help: there is a method `ne` with a similar name, but with different arguments
[INFO] [stdout]    --> /rustc/dfb0accb7f508ae8be965d8629557221c889dd98/library/core/src/cmp.rs:275:4
[INFO] [stdout] 
[INFO] [stdout] 
[INFO] [stdout] error[E0599]: no associated function or constant named `new_with_bincode` found for struct `rialo_s_instruction::Instruction` in the current scope
[INFO] [stdout]    --> src/legacy.rs:764:31
[INFO] [stdout]     |
[INFO] [stdout] 764 |         let ix = Instruction::new_with_bincode(program_id, &0, vec![AccountMeta::new(id0, false)]);
[INFO] [stdout]     |                               ^^^^^^^^^^^^^^^^ associated function or constant not found in `rialo_s_instruction::Instruction`
[INFO] [stdout]     |
[INFO] [stdout] note: if you're trying to build a new `rialo_s_instruction::Instruction`, consider using `rialo_s_instruction::Instruction::new_with_bytes` which returns `rialo_s_instruction::Instruction`
[INFO] [stdout]    --> /opt/rustwide/cargo-home/registry/src/index.crates.io-1949cf8c6b5b557f/rialo-s-instruction-0.21.0-alpha.0/src/lib.rs:284:5
[INFO] [stdout]     |
[INFO] [stdout] 284 |     pub fn new_with_bytes(program_id: Pubkey, data: &[u8], accounts: Vec<AccountMeta>) -> Self {
[INFO] [stdout]     |     ^^^^^^^^^^^^^^^^^^^^^^^^^^^^^^^^^^^^^^^^^^^^^^^^^^^^^^^^^^^^^^^^^^^^^^^^^^^^^^^^^^^^^^^^^^
[INFO] [stdout] help: there is an associated function `new_with_bytes` with a similar name
[INFO] [stdout]     |
[INFO] [stdout] 764 -         let ix = Instruction::new_with_bincode(program_id, &0, vec![AccountMeta::new(id0, false)]);
[INFO] [stdout] 764 +         let ix = Instruction::new_with_bytes(program_id, &0, vec![AccountMeta::new(id0, false)]);
[INFO] [stdout]     |
[INFO] [stdout] 
[INFO] [stdout] 
[INFO] [stdout] error[E0599]: no associated function or constant named `new_with_bincode` found for struct `rialo_s_instruction::Instruction` in the current scope
[INFO] [stdout]    --> src/legacy.rs:768:31
[INFO] [stdout]     |
[INFO] [stdout] 768 |         let ix = Instruction::new_with_bincode(program_id, &0, vec![AccountMeta::new(id0, true)]);
[INFO] [stdout]     |                               ^^^^^^^^^^^^^^^^ associated function or constant not found in `rialo_s_instruction::Instruction`
[INFO] [stdout]     |
[INFO] [stdout] note: if you're trying to build a new `rialo_s_instruction::Instruction`, consider using `rialo_s_instruction::Instruction::new_with_bytes` which returns `rialo_s_instruction::Instruction`
[INFO] [stdout]    --> /opt/rustwide/cargo-home/registry/src/index.crates.io-1949cf8c6b5b557f/rialo-s-instruction-0.21.0-alpha.0/src/lib.rs:284:5
[INFO] [stdout]     |
[INFO] [stdout] 284 |     pub fn new_with_bytes(program_id: Pubkey, data: &[u8], accounts: Vec<AccountMeta>) -> Self {
[INFO] [stdout]     |     ^^^^^^^^^^^^^^^^^^^^^^^^^^^^^^^^^^^^^^^^^^^^^^^^^^^^^^^^^^^^^^^^^^^^^^^^^^^^^^^^^^^^^^^^^^
[INFO] [stdout] help: there is an associated function `new_with_bytes` with a similar name
[INFO] [stdout]     |
[INFO] [stdout] 768 -         let ix = Instruction::new_with_bincode(program_id, &0, vec![AccountMeta::new(id0, true)]);
[INFO] [stdout] 768 +         let ix = Instruction::new_with_bytes(program_id, &0, vec![AccountMeta::new(id0, true)]);
[INFO] [stdout]     |
[INFO] [stdout] 
[INFO] [stdout] 
[INFO] [stdout] error[E0599]: no associated function or constant named `new_with_bincode` found for struct `rialo_s_instruction::Instruction` in the current scope
[INFO] [stdout]    --> src/legacy.rs:772:31
[INFO] [stdout]     |
[INFO] [stdout] 772 |         let ix = Instruction::new_with_bincode(
[INFO] [stdout]     |                               ^^^^^^^^^^^^^^^^ associated function or constant not found in `rialo_s_instruction::Instruction`
[INFO] [stdout]     |
[INFO] [stdout] note: if you're trying to build a new `rialo_s_instruction::Instruction`, consider using `rialo_s_instruction::Instruction::new_with_bytes` which returns `rialo_s_instruction::Instruction`
[INFO] [stdout]    --> /opt/rustwide/cargo-home/registry/src/index.crates.io-1949cf8c6b5b557f/rialo-s-instruction-0.21.0-alpha.0/src/lib.rs:284:5
[INFO] [stdout]     |
[INFO] [stdout] 284 |     pub fn new_with_bytes(program_id: Pubkey, data: &[u8], accounts: Vec<AccountMeta>) -> Self {
[INFO] [stdout]     |     ^^^^^^^^^^^^^^^^^^^^^^^^^^^^^^^^^^^^^^^^^^^^^^^^^^^^^^^^^^^^^^^^^^^^^^^^^^^^^^^^^^^^^^^^^^
[INFO] [stdout] help: there is an associated function `new_with_bytes` with a similar name
[INFO] [stdout]     |
[INFO] [stdout] 772 -         let ix = Instruction::new_with_bincode(
[INFO] [stdout] 772 +         let ix = Instruction::new_with_bytes(
[INFO] [stdout]     |
[INFO] [stdout] 
[INFO] [stdout] 
[INFO] [stdout] error[E0599]: no associated function or constant named `new_with_bincode` found for struct `rialo_s_instruction::Instruction` in the current scope
[INFO] [stdout]    --> src/legacy.rs:788:30
[INFO] [stdout]     |
[INFO] [stdout] 788 |                 Instruction::new_with_bincode(program_id0, &0, vec![AccountMeta::new(id, false)]),
[INFO] [stdout]     |                              ^^^^^^^^^^^^^^^^ associated function or constant not found in `rialo_s_instruction::Instruction`
[INFO] [stdout]     |
[INFO] [stdout] note: if you're trying to build a new `rialo_s_instruction::Instruction`, consider using `rialo_s_instruction::Instruction::new_with_bytes` which returns `rialo_s_instruction::Instruction`
[INFO] [stdout]    --> /opt/rustwide/cargo-home/registry/src/index.crates.io-1949cf8c6b5b557f/rialo-s-instruction-0.21.0-alpha.0/src/lib.rs:284:5
[INFO] [stdout]     |
[INFO] [stdout] 284 |     pub fn new_with_bytes(program_id: Pubkey, data: &[u8], accounts: Vec<AccountMeta>) -> Self {
[INFO] [stdout]     |     ^^^^^^^^^^^^^^^^^^^^^^^^^^^^^^^^^^^^^^^^^^^^^^^^^^^^^^^^^^^^^^^^^^^^^^^^^^^^^^^^^^^^^^^^^^
[INFO] [stdout] help: there is an associated function `new_with_bytes` with a similar name
[INFO] [stdout]     |
[INFO] [stdout] 788 -                 Instruction::new_with_bincode(program_id0, &0, vec![AccountMeta::new(id, false)]),
[INFO] [stdout] 788 +                 Instruction::new_with_bytes(program_id0, &0, vec![AccountMeta::new(id, false)]),
[INFO] [stdout]     |
[INFO] [stdout] 
[INFO] [stdout] 
[INFO] [stdout] error[E0599]: no associated function or constant named `new_with_bincode` found for struct `rialo_s_instruction::Instruction` in the current scope
[INFO] [stdout]    --> src/legacy.rs:789:30
[INFO] [stdout]     |
[INFO] [stdout] 789 |                 Instruction::new_with_bincode(program_id1, &0, vec![AccountMeta::new(id, true)]),
[INFO] [stdout]     |                              ^^^^^^^^^^^^^^^^ associated function or constant not found in `rialo_s_instruction::Instruction`
[INFO] [stdout]     |
[INFO] [stdout] note: if you're trying to build a new `rialo_s_instruction::Instruction`, consider using `rialo_s_instruction::Instruction::new_with_bytes` which returns `rialo_s_instruction::Instruction`
[INFO] [stdout]    --> /opt/rustwide/cargo-home/registry/src/index.crates.io-1949cf8c6b5b557f/rialo-s-instruction-0.21.0-alpha.0/src/lib.rs:284:5
[INFO] [stdout]     |
[INFO] [stdout] 284 |     pub fn new_with_bytes(program_id: Pubkey, data: &[u8], accounts: Vec<AccountMeta>) -> Self {
[INFO] [stdout]     |     ^^^^^^^^^^^^^^^^^^^^^^^^^^^^^^^^^^^^^^^^^^^^^^^^^^^^^^^^^^^^^^^^^^^^^^^^^^^^^^^^^^^^^^^^^^
[INFO] [stdout] help: there is an associated function `new_with_bytes` with a similar name
[INFO] [stdout]     |
[INFO] [stdout] 789 -                 Instruction::new_with_bincode(program_id1, &0, vec![AccountMeta::new(id, true)]),
[INFO] [stdout] 789 +                 Instruction::new_with_bytes(program_id1, &0, vec![AccountMeta::new(id, true)]),
[INFO] [stdout]     |
[INFO] [stdout] 
[INFO] [stdout] 
[INFO] [stdout] error[E0599]: no associated function or constant named `new` found for struct `compiled_instruction::CompiledInstruction` in the current scope
[INFO] [stdout]    --> src/legacy.rs:888:54
[INFO] [stdout]     |
[INFO] [stdout] 888 |         let instructions = vec![CompiledInstruction::new(2, &(), vec![0, 1])];
[INFO] [stdout]     |                                                      ^^^ associated function or constant not found in `compiled_instruction::CompiledInstruction`
[INFO] [stdout]     |
[INFO] [stdout]    ::: src/compiled_instruction.rs:22:1
[INFO] [stdout]     |
[INFO] [stdout]  22 | pub struct CompiledInstruction {
[INFO] [stdout]     | ------------------------------ associated function or constant `new` not found for this struct
[INFO] [stdout]     |
[INFO] [stdout] note: if you're trying to build a new `compiled_instruction::CompiledInstruction`, consider using `compiled_instruction::CompiledInstruction::new_from_raw_parts` which returns `compiled_instruction::CompiledInstruction`
[INFO] [stdout]    --> src/compiled_instruction.rs:46:5
[INFO] [stdout]     |
[INFO] [stdout]  46 |     pub fn new_from_raw_parts(program_id_index: u8, data: Vec<u8>, accounts: Vec<u8>) -> Self {
[INFO] [stdout]     |     ^^^^^^^^^^^^^^^^^^^^^^^^^^^^^^^^^^^^^^^^^^^^^^^^^^^^^^^^^^^^^^^^^^^^^^^^^^^^^^^^^^^^^^^^^
[INFO] [stdout] help: there is a method `ne` with a similar name, but with different arguments
[INFO] [stdout]    --> /rustc/dfb0accb7f508ae8be965d8629557221c889dd98/library/core/src/cmp.rs:275:4
[INFO] [stdout] 
[INFO] [stdout] 
[INFO] [stdout] error[E0599]: no associated function or constant named `new` found for struct `compiled_instruction::CompiledInstruction` in the current scope
[INFO] [stdout]    --> src/legacy.rs:907:54
[INFO] [stdout]     |
[INFO] [stdout] 907 |         let instructions = vec![CompiledInstruction::new(2, &(), vec![0, 1])];
[INFO] [stdout]     |                                                      ^^^ associated function or constant not found in `compiled_instruction::CompiledInstruction`
[INFO] [stdout]     |
[INFO] [stdout]    ::: src/compiled_instruction.rs:22:1
[INFO] [stdout]     |
[INFO] [stdout]  22 | pub struct CompiledInstruction {
[INFO] [stdout]     | ------------------------------ associated function or constant `new` not found for this struct
[INFO] [stdout]     |
[INFO] [stdout] note: if you're trying to build a new `compiled_instruction::CompiledInstruction`, consider using `compiled_instruction::CompiledInstruction::new_from_raw_parts` which returns `compiled_instruction::CompiledInstruction`
[INFO] [stdout]    --> src/compiled_instruction.rs:46:5
[INFO] [stdout]     |
[INFO] [stdout]  46 |     pub fn new_from_raw_parts(program_id_index: u8, data: Vec<u8>, accounts: Vec<u8>) -> Self {
[INFO] [stdout]     |     ^^^^^^^^^^^^^^^^^^^^^^^^^^^^^^^^^^^^^^^^^^^^^^^^^^^^^^^^^^^^^^^^^^^^^^^^^^^^^^^^^^^^^^^^^
[INFO] [stdout] help: there is a method `ne` with a similar name, but with different arguments
[INFO] [stdout]    --> /rustc/dfb0accb7f508ae8be965d8629557221c889dd98/library/core/src/cmp.rs:275:4
[INFO] [stdout] 
[INFO] [stdout] 
[INFO] [stdout] error[E0433]: cannot find module or crate `bincode` in this scope
[INFO] [stdout]    --> src/legacy.rs:927:13
[INFO] [stdout]     |
[INFO] [stdout] 927 |             bincode::serialized_size(&MessageHeader::default()).unwrap() as usize,
[INFO] [stdout]     |             ^^^^^^^ use of unresolved module or unlinked crate `bincode`
[INFO] [stdout]     |
[INFO] [stdout]     = help: if you wanted to use a crate named `bincode`, use `cargo add bincode` to add it to your `Cargo.toml`
[INFO] [stdout] 
[INFO] [stdout] 
[INFO] [stdout] error[E0599]: no associated function or constant named `new_with_bincode` found for struct `rialo_s_instruction::Instruction` in the current scope
[INFO] [stdout]    --> src/legacy.rs:944:26
[INFO] [stdout]     |
[INFO] [stdout] 944 |             Instruction::new_with_bincode(program_id0, &0, vec![AccountMeta::new(id0, false)]),
[INFO] [stdout]     |                          ^^^^^^^^^^^^^^^^ associated function or constant not found in `rialo_s_instruction::Instruction`
[INFO] [stdout]     |
[INFO] [stdout] note: if you're trying to build a new `rialo_s_instruction::Instruction`, consider using `rialo_s_instruction::Instruction::new_with_bytes` which returns `rialo_s_instruction::Instruction`
[INFO] [stdout]    --> /opt/rustwide/cargo-home/registry/src/index.crates.io-1949cf8c6b5b557f/rialo-s-instruction-0.21.0-alpha.0/src/lib.rs:284:5
[INFO] [stdout]     |
[INFO] [stdout] 284 |     pub fn new_with_bytes(program_id: Pubkey, data: &[u8], accounts: Vec<AccountMeta>) -> Self {
[INFO] [stdout]     |     ^^^^^^^^^^^^^^^^^^^^^^^^^^^^^^^^^^^^^^^^^^^^^^^^^^^^^^^^^^^^^^^^^^^^^^^^^^^^^^^^^^^^^^^^^^
[INFO] [stdout] help: there is an associated function `new_with_bytes` with a similar name
[INFO] [stdout]     |
[INFO] [stdout] 944 -             Instruction::new_with_bincode(program_id0, &0, vec![AccountMeta::new(id0, false)]),
[INFO] [stdout] 944 +             Instruction::new_with_bytes(program_id0, &0, vec![AccountMeta::new(id0, false)]),
[INFO] [stdout]     |
[INFO] [stdout] 
[INFO] [stdout] 
[INFO] [stdout] error[E0599]: no associated function or constant named `new_with_bincode` found for struct `rialo_s_instruction::Instruction` in the current scope
[INFO] [stdout]    --> src/legacy.rs:945:26
[INFO] [stdout]     |
[INFO] [stdout] 945 |             Instruction::new_with_bincode(program_id0, &0, vec![AccountMeta::new(id1, true)]),
[INFO] [stdout]     |                          ^^^^^^^^^^^^^^^^ associated function or constant not found in `rialo_s_instruction::Instruction`
[INFO] [stdout]     |
[INFO] [stdout] note: if you're trying to build a new `rialo_s_instruction::Instruction`, consider using `rialo_s_instruction::Instruction::new_with_bytes` which returns `rialo_s_instruction::Instruction`
[INFO] [stdout]    --> /opt/rustwide/cargo-home/registry/src/index.crates.io-1949cf8c6b5b557f/rialo-s-instruction-0.21.0-alpha.0/src/lib.rs:284:5
[INFO] [stdout]     |
[INFO] [stdout] 284 |     pub fn new_with_bytes(program_id: Pubkey, data: &[u8], accounts: Vec<AccountMeta>) -> Self {
[INFO] [stdout]     |     ^^^^^^^^^^^^^^^^^^^^^^^^^^^^^^^^^^^^^^^^^^^^^^^^^^^^^^^^^^^^^^^^^^^^^^^^^^^^^^^^^^^^^^^^^^
[INFO] [stdout] help: there is an associated function `new_with_bytes` with a similar name
[INFO] [stdout]     |
[INFO] [stdout] 945 -             Instruction::new_with_bincode(program_id0, &0, vec![AccountMeta::new(id1, true)]),
[INFO] [stdout] 945 +             Instruction::new_with_bytes(program_id0, &0, vec![AccountMeta::new(id1, true)]),
[INFO] [stdout]     |
[INFO] [stdout] 
[INFO] [stdout] 
[INFO] [stdout] error[E0599]: no associated function or constant named `new_with_bincode` found for struct `rialo_s_instruction::Instruction` in the current scope
[INFO] [stdout]    --> src/legacy.rs:946:26
[INFO] [stdout]     |
[INFO] [stdout] 946 |             Instruction::new_with_bincode(
[INFO] [stdout]     |                          ^^^^^^^^^^^^^^^^ associated function or constant not found in `rialo_s_instruction::Instruction`
[INFO] [stdout]     |
[INFO] [stdout] note: if you're trying to build a new `rialo_s_instruction::Instruction`, consider using `rialo_s_instruction::Instruction::new_with_bytes` which returns `rialo_s_instruction::Instruction`
[INFO] [stdout]    --> /opt/rustwide/cargo-home/registry/src/index.crates.io-1949cf8c6b5b557f/rialo-s-instruction-0.21.0-alpha.0/src/lib.rs:284:5
[INFO] [stdout]     |
[INFO] [stdout] 284 |     pub fn new_with_bytes(program_id: Pubkey, data: &[u8], accounts: Vec<AccountMeta>) -> Self {
[INFO] [stdout]     |     ^^^^^^^^^^^^^^^^^^^^^^^^^^^^^^^^^^^^^^^^^^^^^^^^^^^^^^^^^^^^^^^^^^^^^^^^^^^^^^^^^^^^^^^^^^
[INFO] [stdout] help: there is an associated function `new_with_bytes` with a similar name
[INFO] [stdout]     |
[INFO] [stdout] 946 -             Instruction::new_with_bincode(
[INFO] [stdout] 946 +             Instruction::new_with_bytes(
[INFO] [stdout]     |
[INFO] [stdout] 
[INFO] [stdout] 
[INFO] [stdout] error[E0599]: no associated function or constant named `new_with_bincode` found for struct `rialo_s_instruction::Instruction` in the current scope
[INFO] [stdout]    --> src/legacy.rs:951:26
[INFO] [stdout]     |
[INFO] [stdout] 951 |             Instruction::new_with_bincode(
[INFO] [stdout]     |                          ^^^^^^^^^^^^^^^^ associated function or constant not found in `rialo_s_instruction::Instruction`
[INFO] [stdout]     |
[INFO] [stdout] note: if you're trying to build a new `rialo_s_instruction::Instruction`, consider using `rialo_s_instruction::Instruction::new_with_bytes` which returns `rialo_s_instruction::Instruction`
[INFO] [stdout]    --> /opt/rustwide/cargo-home/registry/src/index.crates.io-1949cf8c6b5b557f/rialo-s-instruction-0.21.0-alpha.0/src/lib.rs:284:5
[INFO] [stdout]     |
[INFO] [stdout] 284 |     pub fn new_with_bytes(program_id: Pubkey, data: &[u8], accounts: Vec<AccountMeta>) -> Self {
[INFO] [stdout]     |     ^^^^^^^^^^^^^^^^^^^^^^^^^^^^^^^^^^^^^^^^^^^^^^^^^^^^^^^^^^^^^^^^^^^^^^^^^^^^^^^^^^^^^^^^^^
[INFO] [stdout] help: there is an associated function `new_with_bytes` with a similar name
[INFO] [stdout]     |
[INFO] [stdout] 951 -             Instruction::new_with_bincode(
[INFO] [stdout] 951 +             Instruction::new_with_bytes(
[INFO] [stdout]     |
[INFO] [stdout] 
[INFO] [stdout] 
[INFO] [stdout] error[E0599]: no method named `hash` found for struct `legacy::Message` in the current scope
[INFO] [stdout]    --> src/legacy.rs:960:21
[INFO] [stdout]     |
[INFO] [stdout] 168 | pub struct Message {
[INFO] [stdout]     | ------------------ method `hash` not found for this struct
[INFO] [stdout] ...
[INFO] [stdout] 960 |             message.hash(),
[INFO] [stdout]     |                     ^^^^ method not found in `legacy::Message`
[INFO] [stdout]     |
[INFO] [stdout]     = help: items from traits can only be used if the trait is implemented and in scope
[INFO] [stdout]     = note: the following trait defines an item `hash`, perhaps you need to implement it:
[INFO] [stdout]             candidate #1: `std::hash::Hash`
[INFO] [stdout] 
[INFO] [stdout] 
[INFO] [stdout] error[E0433]: cannot find module or crate `rialo_s_sysvar` in this scope
[INFO] [stdout]    --> src/legacy.rs:968:20
[INFO] [stdout]     |
[INFO] [stdout] 968 |         assert_eq!(rialo_s_sysvar::ALL_IDS.to_vec(), ALL_IDS.to_vec());
[INFO] [stdout]     |                    ^^^^^^^^^^^^^^ use of unresolved module or unlinked crate `rialo_s_sysvar`
[INFO] [stdout]     |
[INFO] [stdout]     = help: if you wanted to use a crate named `rialo_s_sysvar`, use `cargo add rialo_s_sysvar` to add it to your `Cargo.toml`
[INFO] [stdout] 
[INFO] [stdout] 
[INFO] [stdout] error[E0599]: no associated function or constant named `new` found for struct `compiled_instruction::CompiledInstruction` in the current scope
[INFO] [stdout]    --> src/sanitized.rs:542:34
[INFO] [stdout]     |
[INFO] [stdout] 542 |             CompiledInstruction::new(3, &(), vec![2, 0]),
[INFO] [stdout]     |                                  ^^^ associated function or constant not found in `compiled_instruction::CompiledInstruction`
[INFO] [stdout]     |
[INFO] [stdout]    ::: src/compiled_instruction.rs:22:1
[INFO] [stdout]     |
[INFO] [stdout]  22 | pub struct CompiledInstruction {
[INFO] [stdout]     | ------------------------------ associated function or constant `new` not found for this struct
[INFO] [stdout]     |
[INFO] [stdout] note: if you're trying to build a new `compiled_instruction::CompiledInstruction`, consider using `compiled_instruction::CompiledInstruction::new_from_raw_parts` which returns `compiled_instruction::CompiledInstruction`
[INFO] [stdout]    --> src/compiled_instruction.rs:46:5
[INFO] [stdout]     |
[INFO] [stdout]  46 |     pub fn new_from_raw_parts(program_id_index: u8, data: Vec<u8>, accounts: Vec<u8>) -> Self {
[INFO] [stdout]     |     ^^^^^^^^^^^^^^^^^^^^^^^^^^^^^^^^^^^^^^^^^^^^^^^^^^^^^^^^^^^^^^^^^^^^^^^^^^^^^^^^^^^^^^^^^
[INFO] [stdout] help: there is a method `ne` with a similar name, but with different arguments
[INFO] [stdout]    --> /rustc/dfb0accb7f508ae8be965d8629557221c889dd98/library/core/src/cmp.rs:275:4
[INFO] [stdout] 
[INFO] [stdout] 
[INFO] [stdout] error[E0599]: no associated function or constant named `new` found for struct `compiled_instruction::CompiledInstruction` in the current scope
[INFO] [stdout]    --> src/sanitized.rs:543:34
[INFO] [stdout]     |
[INFO] [stdout] 543 |             CompiledInstruction::new(3, &(), vec![0, 1]),
[INFO] [stdout]     |                                  ^^^ associated function or constant not found in `compiled_instruction::CompiledInstruction`
[INFO] [stdout]     |
[INFO] [stdout]    ::: src/compiled_instruction.rs:22:1
[INFO] [stdout]     |
[INFO] [stdout]  22 | pub struct CompiledInstruction {
[INFO] [stdout]     | ------------------------------ associated function or constant `new` not found for this struct
[INFO] [stdout]     |
[INFO] [stdout] note: if you're trying to build a new `compiled_instruction::CompiledInstruction`, consider using `compiled_instruction::CompiledInstruction::new_from_raw_parts` which returns `compiled_instruction::CompiledInstruction`
[INFO] [stdout]    --> src/compiled_instruction.rs:46:5
[INFO] [stdout]     |
[INFO] [stdout]  46 |     pub fn new_from_raw_parts(program_id_index: u8, data: Vec<u8>, accounts: Vec<u8>) -> Self {
[INFO] [stdout]     |     ^^^^^^^^^^^^^^^^^^^^^^^^^^^^^^^^^^^^^^^^^^^^^^^^^^^^^^^^^^^^^^^^^^^^^^^^^^^^^^^^^^^^^^^^^
[INFO] [stdout] help: there is a method `ne` with a similar name, but with different arguments
[INFO] [stdout]    --> /rustc/dfb0accb7f508ae8be965d8629557221c889dd98/library/core/src/cmp.rs:275:4
[INFO] [stdout] 
[INFO] [stdout] 
[INFO] [stdout] error[E0599]: no associated function or constant named `new` found for struct `compiled_instruction::CompiledInstruction` in the current scope
[INFO] [stdout]    --> src/sanitized.rs:544:34
[INFO] [stdout]     |
[INFO] [stdout] 544 |             CompiledInstruction::new(3, &(), vec![0, 0]),
[INFO] [stdout]     |                                  ^^^ associated function or constant not found in `compiled_instruction::CompiledInstruction`
[INFO] [stdout]     |
[INFO] [stdout]    ::: src/compiled_instruction.rs:22:1
[INFO] [stdout]     |
[INFO] [stdout]  22 | pub struct CompiledInstruction {
[INFO] [stdout]     | ------------------------------ associated function or constant `new` not found for this struct
[INFO] [stdout]     |
[INFO] [stdout] note: if you're trying to build a new `compiled_instruction::CompiledInstruction`, consider using `compiled_instruction::CompiledInstruction::new_from_raw_parts` which returns `compiled_instruction::CompiledInstruction`
[INFO] [stdout]    --> src/compiled_instruction.rs:46:5
[INFO] [stdout]     |
[INFO] [stdout]  46 |     pub fn new_from_raw_parts(program_id_index: u8, data: Vec<u8>, accounts: Vec<u8>) -> Self {
[INFO] [stdout]     |     ^^^^^^^^^^^^^^^^^^^^^^^^^^^^^^^^^^^^^^^^^^^^^^^^^^^^^^^^^^^^^^^^^^^^^^^^^^^^^^^^^^^^^^^^^
[INFO] [stdout] help: there is a method `ne` with a similar name, but with different arguments
[INFO] [stdout]    --> /rustc/dfb0accb7f508ae8be965d8629557221c889dd98/library/core/src/cmp.rs:275:4
[INFO] [stdout] 
[INFO] [stdout] 
[INFO] [stdout] error[E0599]: no associated function or constant named `new` found for struct `compiled_instruction::CompiledInstruction` in the current scope
[INFO] [stdout]    --> src/sanitized.rs:660:49
[INFO] [stdout]     |
[INFO] [stdout] 660 |         let loader_instr = CompiledInstruction::new(2, &(), vec![0, 1]);
[INFO] [stdout]     |                                                 ^^^ associated function or constant not found in `compiled_instruction::CompiledInstruction`
[INFO] [stdout]     |
[INFO] [stdout]    ::: src/compiled_instruction.rs:22:1
[INFO] [stdout]     |
[INFO] [stdout]  22 | pub struct CompiledInstruction {
[INFO] [stdout]     | ------------------------------ associated function or constant `new` not found for this struct
[INFO] [stdout]     |
[INFO] [stdout] note: if you're trying to build a new `compiled_instruction::CompiledInstruction`, consider using `compiled_instruction::CompiledInstruction::new_from_raw_parts` which returns `compiled_instruction::CompiledInstruction`
[INFO] [stdout]    --> src/compiled_instruction.rs:46:5
[INFO] [stdout]     |
[INFO] [stdout]  46 |     pub fn new_from_raw_parts(program_id_index: u8, data: Vec<u8>, accounts: Vec<u8>) -> Self {
[INFO] [stdout]     |     ^^^^^^^^^^^^^^^^^^^^^^^^^^^^^^^^^^^^^^^^^^^^^^^^^^^^^^^^^^^^^^^^^^^^^^^^^^^^^^^^^^^^^^^^^
[INFO] [stdout] help: there is a method `ne` with a similar name, but with different arguments
[INFO] [stdout]    --> /rustc/dfb0accb7f508ae8be965d8629557221c889dd98/library/core/src/cmp.rs:275:4
[INFO] [stdout] 
[INFO] [stdout] 
[INFO] [stdout] error[E0599]: no associated function or constant named `new` found for struct `compiled_instruction::CompiledInstruction` in the current scope
[INFO] [stdout]    --> src/sanitized.rs:661:57
[INFO] [stdout]     |
[INFO] [stdout] 661 |         let mock_secp256k1_instr = CompiledInstruction::new(3, &[1u8; 10], vec![]);
[INFO] [stdout]     |                                                         ^^^ associated function or constant not found in `compiled_instruction::CompiledInstruction`
[INFO] [stdout]     |
[INFO] [stdout]    ::: src/compiled_instruction.rs:22:1
[INFO] [stdout]     |
[INFO] [stdout]  22 | pub struct CompiledInstruction {
[INFO] [stdout]     | ------------------------------ associated function or constant `new` not found for this struct
[INFO] [stdout]     |
[INFO] [stdout] note: if you're trying to build a new `compiled_instruction::CompiledInstruction`, consider using `compiled_instruction::CompiledInstruction::new_from_raw_parts` which returns `compiled_instruction::CompiledInstruction`
[INFO] [stdout]    --> src/compiled_instruction.rs:46:5
[INFO] [stdout]     |
[INFO] [stdout]  46 |     pub fn new_from_raw_parts(program_id_index: u8, data: Vec<u8>, accounts: Vec<u8>) -> Self {
[INFO] [stdout]     |     ^^^^^^^^^^^^^^^^^^^^^^^^^^^^^^^^^^^^^^^^^^^^^^^^^^^^^^^^^^^^^^^^^^^^^^^^^^^^^^^^^^^^^^^^^
[INFO] [stdout] help: there is a method `ne` with a similar name, but with different arguments
[INFO] [stdout]    --> /rustc/dfb0accb7f508ae8be965d8629557221c889dd98/library/core/src/cmp.rs:275:4
[INFO] [stdout] 
[INFO] [stdout] 
[INFO] [stdout] error[E0599]: no associated function or constant named `new` found for struct `compiled_instruction::CompiledInstruction` in the current scope
[INFO] [stdout]    --> src/sanitized.rs:662:55
[INFO] [stdout]     |
[INFO] [stdout] 662 |         let mock_ed25519_instr = CompiledInstruction::new(4, &[5u8; 10], vec![]);
[INFO] [stdout]     |                                                       ^^^ associated function or constant not found in `compiled_instruction::CompiledInstruction`
[INFO] [stdout]     |
[INFO] [stdout]    ::: src/compiled_instruction.rs:22:1
[INFO] [stdout]     |
[INFO] [stdout]  22 | pub struct CompiledInstruction {
[INFO] [stdout]     | ------------------------------ associated function or constant `new` not found for this struct
[INFO] [stdout]     |
[INFO] [stdout] note: if you're trying to build a new `compiled_instruction::CompiledInstruction`, consider using `compiled_instruction::CompiledInstruction::new_from_raw_parts` which returns `compiled_instruction::CompiledInstruction`
[INFO] [stdout]    --> src/compiled_instruction.rs:46:5
[INFO] [stdout]     |
[INFO] [stdout]  46 |     pub fn new_from_raw_parts(program_id_index: u8, data: Vec<u8>, accounts: Vec<u8>) -> Self {
[INFO] [stdout]     |     ^^^^^^^^^^^^^^^^^^^^^^^^^^^^^^^^^^^^^^^^^^^^^^^^^^^^^^^^^^^^^^^^^^^^^^^^^^^^^^^^^^^^^^^^^
[INFO] [stdout] help: there is a method `ne` with a similar name, but with different arguments
[INFO] [stdout]    --> /rustc/dfb0accb7f508ae8be965d8629557221c889dd98/library/core/src/cmp.rs:275:4
[INFO] [stdout] 
[INFO] [stdout] 
[INFO] [stdout] error[E0599]: no method named `permutations` found for struct `std::vec::IntoIter<T, A>` in the current scope
[INFO] [stdout]    --> src/versions/v0/loaded.rs:254:38
[INFO] [stdout]     |
[INFO] [stdout] 254 |         for keys in keys.into_iter().permutations(keys_len).unique() {
[INFO] [stdout]     |                                      ^^^^^^^^^^^^
[INFO] [stdout]     |
[INFO] [stdout] help: there is a method `partition` with a similar name
[INFO] [stdout]     |
[INFO] [stdout] 254 -         for keys in keys.into_iter().permutations(keys_len).unique() {
[INFO] [stdout] 254 +         for keys in keys.into_iter().partition(keys_len).unique() {
[INFO] [stdout]     |
[INFO] [stdout] 
[INFO] [stdout] 
[INFO] [stdout] error[E0599]: no method named `serialize` found for struct `versions::v0::Message` in the current scope
[INFO] [stdout]    --> src/versions/v0/mod.rs:488:28
[INFO] [stdout]     |
[INFO] [stdout]  49 | pub struct Message {
[INFO] [stdout]     | ------------------ method `serialize` not found for this struct
[INFO] [stdout] ...
[INFO] [stdout] 488 |         assert_eq!(message.serialize(), versioned_msg.serialize());
[INFO] [stdout]     |                            ^^^^^^^^^ method not found in `versions::v0::Message`
[INFO] [stdout] 
[INFO] [stdout] 
[INFO] [stdout] error[E0599]: no method named `serialize` found for enum `versions::VersionedMessage` in the current scope
[INFO] [stdout]    --> src/versions/v0/mod.rs:488:55
[INFO] [stdout]     |
[INFO] [stdout] 488 |         assert_eq!(message.serialize(), versioned_msg.serialize());
[INFO] [stdout]     |                                                       ^^^^^^^^^ method not found in `versions::VersionedMessage`
[INFO] [stdout]     |
[INFO] [stdout]    ::: src/versions/mod.rs:46:1
[INFO] [stdout]     |
[INFO] [stdout]  46 | pub enum VersionedMessage {
[INFO] [stdout]     | ------------------------- method `serialize` not found for this enum
[INFO] [stdout] 
[INFO] [stdout] 
[INFO] [stdout] error[E0599]: no associated function or constant named `new_with_bincode` found for struct `rialo_s_instruction::Instruction` in the current scope
[INFO] [stdout]    --> src/versions/mod.rs:360:26
[INFO] [stdout]     |
[INFO] [stdout] 360 |             Instruction::new_with_bincode(program_id0, &0, vec![AccountMeta::new(id0, false)]),
[INFO] [stdout]     |                          ^^^^^^^^^^^^^^^^ associated function or constant not found in `rialo_s_instruction::Instruction`
[INFO] [stdout]     |
[INFO] [stdout] note: if you're trying to build a new `rialo_s_instruction::Instruction`, consider using `rialo_s_instruction::Instruction::new_with_bytes` which returns `rialo_s_instruction::Instruction`
[INFO] [stdout]    --> /opt/rustwide/cargo-home/registry/src/index.crates.io-1949cf8c6b5b557f/rialo-s-instruction-0.21.0-alpha.0/src/lib.rs:284:5
[INFO] [stdout]     |
[INFO] [stdout] 284 |     pub fn new_with_bytes(program_id: Pubkey, data: &[u8], accounts: Vec<AccountMeta>) -> Self {
[INFO] [stdout]     |     ^^^^^^^^^^^^^^^^^^^^^^^^^^^^^^^^^^^^^^^^^^^^^^^^^^^^^^^^^^^^^^^^^^^^^^^^^^^^^^^^^^^^^^^^^^
[INFO] [stdout] help: there is an associated function `new_with_bytes` with a similar name
[INFO] [stdout]     |
[INFO] [stdout] 360 -             Instruction::new_with_bincode(program_id0, &0, vec![AccountMeta::new(id0, false)]),
[INFO] [stdout] 360 +             Instruction::new_with_bytes(program_id0, &0, vec![AccountMeta::new(id0, false)]),
[INFO] [stdout]     |
[INFO] [stdout] 
[INFO] [stdout] 
[INFO] [stdout] error[E0599]: no associated function or constant named `new_with_bincode` found for struct `rialo_s_instruction::Instruction` in the current scope
[INFO] [stdout]    --> src/versions/mod.rs:361:26
[INFO] [stdout]     |
[INFO] [stdout] 361 |             Instruction::new_with_bincode(program_id0, &0, vec![AccountMeta::new(id1, true)]),
[INFO] [stdout]     |                          ^^^^^^^^^^^^^^^^ associated function or constant not found in `rialo_s_instruction::Instruction`
[INFO] [stdout]     |
[INFO] [stdout] note: if you're trying to build a new `rialo_s_instruction::Instruction`, consider using `rialo_s_instruction::Instruction::new_with_bytes` which returns `rialo_s_instruction::Instruction`
[INFO] [stdout]    --> /opt/rustwide/cargo-home/registry/src/index.crates.io-1949cf8c6b5b557f/rialo-s-instruction-0.21.0-alpha.0/src/lib.rs:284:5
[INFO] [stdout]     |
[INFO] [stdout] 284 |     pub fn new_with_bytes(program_id: Pubkey, data: &[u8], accounts: Vec<AccountMeta>) -> Self {
[INFO] [stdout]     |     ^^^^^^^^^^^^^^^^^^^^^^^^^^^^^^^^^^^^^^^^^^^^^^^^^^^^^^^^^^^^^^^^^^^^^^^^^^^^^^^^^^^^^^^^^^
[INFO] [stdout] help: there is an associated function `new_with_bytes` with a similar name
[INFO] [stdout]     |
[INFO] [stdout] 361 -             Instruction::new_with_bincode(program_id0, &0, vec![AccountMeta::new(id1, true)]),
[INFO] [stdout] 361 +             Instruction::new_with_bytes(program_id0, &0, vec![AccountMeta::new(id1, true)]),
[INFO] [stdout]     |
[INFO] [stdout] 
[INFO] [stdout] 
[INFO] [stdout] error[E0599]: no associated function or constant named `new_with_bincode` found for struct `rialo_s_instruction::Instruction` in the current scope
[INFO] [stdout]    --> src/versions/mod.rs:362:26
[INFO] [stdout]     |
[INFO] [stdout] 362 |             Instruction::new_with_bincode(
[INFO] [stdout]     |                          ^^^^^^^^^^^^^^^^ associated function or constant not found in `rialo_s_instruction::Instruction`
[INFO] [stdout]     |
[INFO] [stdout] note: if you're trying to build a new `rialo_s_instruction::Instruction`, consider using `rialo_s_instruction::Instruction::new_with_bytes` which returns `rialo_s_instruction::Instruction`
[INFO] [stdout]    --> /opt/rustwide/cargo-home/registry/src/index.crates.io-1949cf8c6b5b557f/rialo-s-instruction-0.21.0-alpha.0/src/lib.rs:284:5
[INFO] [stdout]     |
[INFO] [stdout] 284 |     pub fn new_with_bytes(program_id: Pubkey, data: &[u8], accounts: Vec<AccountMeta>) -> Self {
[INFO] [stdout]     |     ^^^^^^^^^^^^^^^^^^^^^^^^^^^^^^^^^^^^^^^^^^^^^^^^^^^^^^^^^^^^^^^^^^^^^^^^^^^^^^^^^^^^^^^^^^
[INFO] [stdout] help: there is an associated function `new_with_bytes` with a similar name
[INFO] [stdout]     |
[INFO] [stdout] 362 -             Instruction::new_with_bincode(
[INFO] [stdout] 362 +             Instruction::new_with_bytes(
[INFO] [stdout]     |
[INFO] [stdout] 
[INFO] [stdout] 
[INFO] [stdout] error[E0599]: no associated function or constant named `new_with_bincode` found for struct `rialo_s_instruction::Instruction` in the current scope
[INFO] [stdout]    --> src/versions/mod.rs:367:26
[INFO] [stdout]     |
[INFO] [stdout] 367 |             Instruction::new_with_bincode(
[INFO] [stdout]     |                          ^^^^^^^^^^^^^^^^ associated function or constant not found in `rialo_s_instruction::Instruction`
[INFO] [stdout]     |
[INFO] [stdout] note: if you're trying to build a new `rialo_s_instruction::Instruction`, consider using `rialo_s_instruction::Instruction::new_with_bytes` which returns `rialo_s_instruction::Instruction`
[INFO] [stdout]    --> /opt/rustwide/cargo-home/registry/src/index.crates.io-1949cf8c6b5b557f/rialo-s-instruction-0.21.0-alpha.0/src/lib.rs:284:5
[INFO] [stdout]     |
[INFO] [stdout] 284 |     pub fn new_with_bytes(program_id: Pubkey, data: &[u8], accounts: Vec<AccountMeta>) -> Self {
[INFO] [stdout]     |     ^^^^^^^^^^^^^^^^^^^^^^^^^^^^^^^^^^^^^^^^^^^^^^^^^^^^^^^^^^^^^^^^^^^^^^^^^^^^^^^^^^^^^^^^^^
[INFO] [stdout] help: there is an associated function `new_with_bytes` with a similar name
[INFO] [stdout]     |
[INFO] [stdout] 367 -             Instruction::new_with_bincode(
[INFO] [stdout] 367 +             Instruction::new_with_bytes(
[INFO] [stdout]     |
[INFO] [stdout] 
[INFO] [stdout] 
[INFO] [stdout] error[E0433]: cannot find module or crate `bincode` in this scope
[INFO] [stdout]    --> src/versions/mod.rs:380:25
[INFO] [stdout]     |
[INFO] [stdout] 380 |             let bytes = bincode::serialize(&message).unwrap();
[INFO] [stdout]     |                         ^^^^^^^ use of unresolved module or unlinked crate `bincode`
[INFO] [stdout]     |
[INFO] [stdout]     = help: if you wanted to use a crate named `bincode`, use `cargo add bincode` to add it to your `Cargo.toml`
[INFO] [stdout] 
[INFO] [stdout] 
[INFO] [stdout] error[E0433]: cannot find module or crate `bincode` in this scope
[INFO] [stdout]    --> src/versions/mod.rs:381:31
[INFO] [stdout]     |
[INFO] [stdout] 381 |             assert_eq!(bytes, bincode::serialize(&wrapped_message).unwrap());
[INFO] [stdout]     |                               ^^^^^^^ use of unresolved module or unlinked crate `bincode`
[INFO] [stdout]     |
[INFO] [stdout]     = help: if you wanted to use a crate named `bincode`, use `cargo add bincode` to add it to your `Cargo.toml`
[INFO] [stdout] 
[INFO] [stdout] 
[INFO] [stdout] error[E0433]: cannot find module or crate `bincode` in this scope
[INFO] [stdout]    --> src/versions/mod.rs:383:53
[INFO] [stdout]     |
[INFO] [stdout] 383 |             let message_from_bytes: LegacyMessage = bincode::deserialize(&bytes).unwrap();
[INFO] [stdout]     |                                                     ^^^^^^^ use of unresolved module or unlinked crate `bincode`
[INFO] [stdout]     |
[INFO] [stdout]     = help: if you wanted to use a crate named `bincode`, use `cargo add bincode` to add it to your `Cargo.toml`
[INFO] [stdout] 
[INFO] [stdout] 
[INFO] [stdout] error[E0433]: cannot find module or crate `bincode` in this scope
[INFO] [stdout]    --> src/versions/mod.rs:385:17
[INFO] [stdout]     |
[INFO] [stdout] 385 |                 bincode::deserialize(&bytes).unwrap();
[INFO] [stdout]     |                 ^^^^^^^ use of unresolved module or unlinked crate `bincode`
[INFO] [stdout]     |
[INFO] [stdout]     = help: if you wanted to use a crate named `bincode`, use `cargo add bincode` to add it to your `Cargo.toml`
[INFO] [stdout] 
[INFO] [stdout] 
[INFO] [stdout] error[E0433]: cannot find module or crate `serde_json` in this scope
[INFO] [stdout]    --> src/versions/mod.rs:393:26
[INFO] [stdout]     |
[INFO] [stdout] 393 |             let string = serde_json::to_string(&message).unwrap();
[INFO] [stdout]     |                          ^^^^^^^^^^ use of unresolved module or unlinked crate `serde_json`
[INFO] [stdout]     |
[INFO] [stdout]     = help: if you wanted to use a crate named `serde_json`, use `cargo add serde_json` to add it to your `Cargo.toml`
[INFO] [stdout] 
[INFO] [stdout] 
[INFO] [stdout] error[E0433]: cannot find module or crate `serde_json` in this scope
[INFO] [stdout]    --> src/versions/mod.rs:394:54
[INFO] [stdout]     |
[INFO] [stdout] 394 |             let message_from_string: LegacyMessage = serde_json::from_str(&string).unwrap();
[INFO] [stdout]     |                                                      ^^^^^^^^^^ use of unresolved module or unlinked crate `serde_json`
[INFO] [stdout]     |
[INFO] [stdout]     = help: if you wanted to use a crate named `serde_json`, use `cargo add serde_json` to add it to your `Cargo.toml`
[INFO] [stdout] 
[INFO] [stdout] 
[INFO] [stdout] error[E0433]: cannot find module or crate `bincode` in this scope
[INFO] [stdout]    --> src/versions/mod.rs:418:21
[INFO] [stdout]     |
[INFO] [stdout] 418 |         let bytes = bincode::serialize(&message).unwrap();
[INFO] [stdout]     |                     ^^^^^^^ use of unresolved module or unlinked crate `bincode`
[INFO] [stdout]     |
[INFO] [stdout]     = help: if you wanted to use a crate named `bincode`, use `cargo add bincode` to add it to your `Cargo.toml`
[INFO] [stdout] 
[INFO] [stdout] 
[INFO] [stdout] error[E0433]: cannot find module or crate `bincode` in this scope
[INFO] [stdout]    --> src/versions/mod.rs:419:52
[INFO] [stdout]     |
[INFO] [stdout] 419 |         let message_from_bytes: VersionedMessage = bincode::deserialize(&bytes).unwrap();
[INFO] [stdout]     |                                                    ^^^^^^^ use of unresolved module or unlinked crate `bincode`
[INFO] [stdout]     |
[INFO] [stdout]     = help: if you wanted to use a crate named `bincode`, use `cargo add bincode` to add it to your `Cargo.toml`
[INFO] [stdout] 
[INFO] [stdout] 
[INFO] [stdout] error[E0433]: cannot find module or crate `serde_json` in this scope
[INFO] [stdout]    --> src/versions/mod.rs:422:22
[INFO] [stdout]     |
[INFO] [stdout] 422 |         let string = serde_json::to_string(&message).unwrap();
[INFO] [stdout]     |                      ^^^^^^^^^^ use of unresolved module or unlinked crate `serde_json`
[INFO] [stdout]     |
[INFO] [stdout]     = help: if you wanted to use a crate named `serde_json`, use `cargo add serde_json` to add it to your `Cargo.toml`
[INFO] [stdout] 
[INFO] [stdout] 
[INFO] [stdout] error[E0433]: cannot find module or crate `serde_json` in this scope
[INFO] [stdout]    --> src/versions/mod.rs:423:53
[INFO] [stdout]     |
[INFO] [stdout] 423 |         let message_from_string: VersionedMessage = serde_json::from_str(&string).unwrap();
[INFO] [stdout]     |                                                     ^^^^^^^^^^ use of unresolved module or unlinked crate `serde_json`
[INFO] [stdout]     |
[INFO] [stdout]     = help: if you wanted to use a crate named `serde_json`, use `cargo add serde_json` to add it to your `Cargo.toml`
[INFO] [stdout] 
[INFO] [stdout] 
[INFO] [stdout] Some errors have detailed explanations: E0425, E0432, E0433, E0599.
[INFO] [stdout] 
[INFO] [stdout] For more information about an error, try `rustc --explain E0425`.
[INFO] [stdout] 
[INFO] [stderr] error: could not compile `rialo-s-message` (lib test) due to 94 previous errors
[INFO] running `Command { std: "docker" "inspect" "06afce9d404b07e6a3d12f1c21efc1f30898815f64e00775d503b8e7ccd0724f", kill_on_drop: false }`
[INFO] running `Command { std: "docker" "rm" "-f" "06afce9d404b07e6a3d12f1c21efc1f30898815f64e00775d503b8e7ccd0724f", kill_on_drop: false }`
[INFO] [stdout] 06afce9d404b07e6a3d12f1c21efc1f30898815f64e00775d503b8e7ccd0724f
