[INFO] fetching crate rialo-s-feature-gate-interface 0.21.0-alpha.0...
[INFO] testing rialo-s-feature-gate-interface-0.21.0-alpha.0 against 1.99.0-beta.8 for beta-1.100-2
[INFO] extracting crate rialo-s-feature-gate-interface 0.21.0-alpha.0 into /workspace/builds/worker-6-tc1/source
[INFO] started tweaking crates.io crate rialo-s-feature-gate-interface 0.21.0-alpha.0
[INFO] finished tweaking crates.io crate rialo-s-feature-gate-interface 0.21.0-alpha.0
[INFO] tweaked toml for crates.io crate rialo-s-feature-gate-interface 0.21.0-alpha.0 written to /workspace/builds/worker-6-tc1/source/Cargo.toml
[INFO] validating manifest of crates.io crate rialo-s-feature-gate-interface 0.21.0-alpha.0 on toolchain 1.99.0-beta.8
[INFO] running `Command { std: CARGO_HOME="/workspace/cargo-home" RUSTUP_HOME="/workspace/rustup-home" "/workspace/cargo-home/bin/cargo" "+1.99.0-beta.8" "metadata" "--manifest-path" "Cargo.toml" "--no-deps", kill_on_drop: false }`
[INFO] crate crates.io crate rialo-s-feature-gate-interface 0.21.0-alpha.0 already has a lockfile, it will not be regenerated
[INFO] running `Command { std: CARGO_HOME="/workspace/cargo-home" RUSTUP_HOME="/workspace/rustup-home" "/workspace/cargo-home/bin/cargo" "+1.99.0-beta.8" "fetch" "--manifest-path" "Cargo.toml", kill_on_drop: false }`
[INFO] [stderr]     Updating crates.io index
[INFO] [stderr]  Downloading crates ...
[INFO] [stderr]   Downloaded rialo-s-pubkey v0.21.0-alpha.0
[INFO] [stderr]   Downloaded rialo-sanitize v0.21.0-alpha.0
[INFO] [stderr]   Downloaded rialo-s-sha256-hasher v0.21.0-alpha.0
[INFO] [stderr]   Downloaded zmij v1.0.20
[INFO] [stderr]   Downloaded rialo-s-system-interface v0.21.0-alpha.0
[INFO] [stderr]   Downloaded rialo-atomic-u64 v0.21.0-alpha.0
[INFO] [stderr]   Downloaded five8_const v0.1.4
[INFO] [stderr]   Downloaded rialo-s-msg v0.21.0-alpha.0
[INFO] [stderr]   Downloaded rialo-s-program-error v0.21.0-alpha.0
[INFO] [stderr]   Downloaded five8_core v0.1.2
[INFO] [stderr]   Downloaded rialo-s-rent v0.21.0-alpha.0
[INFO] [stderr]   Downloaded rialo-s-account v0.21.0-alpha.0
[INFO] [stderr]   Downloaded rialo-s-clock v0.21.0-alpha.0
[INFO] [stderr]   Downloaded rialo-hash v0.21.0-alpha.0
[INFO] [stderr]   Downloaded rialo-s-decode-error v0.21.0-alpha.0
[INFO] [stderr]   Downloaded rialo-s-sdk-macro v0.21.0-alpha.0
[INFO] [stderr]   Downloaded rialo-s-sdk-ids v0.21.0-alpha.0
[INFO] [stderr]   Downloaded rialo-s-instruction v0.21.0-alpha.0
[INFO] [stderr]   Downloaded rialo-s-account-info v0.21.0-alpha.0
[INFO] [stderr]   Downloaded rialo-s-define-syscall v0.21.0-alpha.0
[INFO] [stderr]   Downloaded rialo-s-program-memory v0.21.0-alpha.0
[INFO] [stderr]   Downloaded rialo-rex-wasm-v1-loader-interface v0.21.0-alpha.0
[INFO] running `Command { std: "docker" "create" "-v" "/var/lib/crater-agent-workspace/builds/worker-6-tc1/source:/opt/rustwide/workdir:ro,Z" "-v" "/var/lib/crater-agent-workspace/builds/worker-6-tc1/target:/opt/rustwide/target:rw,Z" "-v" "/var/lib/crater-agent-workspace/cargo-home:/opt/rustwide/cargo-home:ro,Z" "-v" "/var/lib/crater-agent-workspace/rustup-home:/opt/rustwide/rustup-home:ro,Z" "-m" "1610612736" "--network" "none" "ghcr.io/rust-lang/crates-build-env/linux@sha256:3111399a4047eeb3a02b7a90e478d715f38a8c6669b5c4b49d30a17385265909" "sleep" "infinity", kill_on_drop: false }`
[INFO] [stdout] a0a6012973f85d88aba3c8aa23f2f2d60d65298caa7e5cd8e62b3d895e630641
[INFO] running `Command { std: "docker" "start" "a0a6012973f85d88aba3c8aa23f2f2d60d65298caa7e5cd8e62b3d895e630641", kill_on_drop: false }`
[INFO] running `Command { std: "docker" "inspect" "a0a6012973f85d88aba3c8aa23f2f2d60d65298caa7e5cd8e62b3d895e630641", kill_on_drop: false }`
[INFO] running `Command { std: "docker" "exec" "-e" "SOURCE_DIR=/opt/rustwide/workdir" "-e" "CARGO_HOME=/opt/rustwide/cargo-home" "-e" "RUSTUP_HOME=/opt/rustwide/rustup-home" "-e" "CARGO_TARGET_DIR=/opt/rustwide/target" "-w" "/opt/rustwide/workdir" "--user" "0:0" "a0a6012973f85d88aba3c8aa23f2f2d60d65298caa7e5cd8e62b3d895e630641" "/opt/rustwide/cargo-home/bin/cargo" "+1.99.0-beta.8" "metadata" "--no-deps" "--format-version=1", kill_on_drop: false }`
[INFO] running `Command { std: "docker" "inspect" "a0a6012973f85d88aba3c8aa23f2f2d60d65298caa7e5cd8e62b3d895e630641", kill_on_drop: false }`
[INFO] running `Command { std: "docker" "exec" "-e" "SOURCE_DIR=/opt/rustwide/workdir" "-e" "CARGO_HOME=/opt/rustwide/cargo-home" "-e" "RUSTUP_HOME=/opt/rustwide/rustup-home" "-e" "CARGO_TARGET_DIR=/opt/rustwide/target" "-e" "CARGO_INCREMENTAL=0" "-e" "RUST_BACKTRACE=full" "-e" "RUSTFLAGS=--cap-lints=warn" "-e" "RUSTDOCFLAGS=--cap-lints=warn" "-w" "/opt/rustwide/workdir" "--user" "0:0" "a0a6012973f85d88aba3c8aa23f2f2d60d65298caa7e5cd8e62b3d895e630641" "/opt/rustwide/cargo-home/bin/cargo" "+1.99.0-beta.8" "build" "--frozen" "--message-format=json", kill_on_drop: false }`
[INFO] [stderr]    Compiling num-traits v0.2.19
[INFO] [stderr]    Compiling five8_core v0.1.2
[INFO] [stderr]    Compiling bs58 v0.5.1
[INFO] [stderr]    Compiling rialo-sanitize v0.21.0-alpha.0
[INFO] [stderr]    Compiling rialo-atomic-u64 v0.21.0-alpha.0
[INFO] [stderr]    Compiling five8_const v0.1.4
[INFO] [stderr]    Compiling rialo-s-decode-error v0.21.0-alpha.0
[INFO] [stderr]    Compiling rialo-s-pubkey v0.21.0-alpha.0
[INFO] [stderr]    Compiling rialo-s-sdk-ids v0.21.0-alpha.0
[INFO] [stderr]    Compiling rialo-s-feature-gate-interface v0.21.0-alpha.0 (/opt/rustwide/workdir)
[INFO] [stderr]     Finished `dev` profile [unoptimized + debuginfo] target(s) in 1.97s
[INFO] running `Command { std: "docker" "inspect" "a0a6012973f85d88aba3c8aa23f2f2d60d65298caa7e5cd8e62b3d895e630641", kill_on_drop: false }`
[INFO] running `Command { std: "docker" "exec" "-e" "SOURCE_DIR=/opt/rustwide/workdir" "-e" "CARGO_HOME=/opt/rustwide/cargo-home" "-e" "RUSTUP_HOME=/opt/rustwide/rustup-home" "-e" "CARGO_TARGET_DIR=/opt/rustwide/target" "-e" "CARGO_INCREMENTAL=0" "-e" "RUST_BACKTRACE=full" "-e" "RUSTFLAGS=--cap-lints=warn" "-e" "RUSTDOCFLAGS=--cap-lints=warn" "-w" "/opt/rustwide/workdir" "--user" "0:0" "a0a6012973f85d88aba3c8aa23f2f2d60d65298caa7e5cd8e62b3d895e630641" "/opt/rustwide/cargo-home/bin/cargo" "+1.99.0-beta.8" "test" "--frozen" "--no-run" "--message-format=json", kill_on_drop: false }`
[INFO] [stderr]    Compiling rialo-s-feature-gate-interface v0.21.0-alpha.0 (/opt/rustwide/workdir)
[INFO] [stdout] error[E0433]: cannot find module or crate `bincode` in this scope
[INFO] [stdout]    --> src/lib.rs:109:13
[INFO] [stdout]     |
[INFO] [stdout] 109 |             bincode::serialized_size(&feature).unwrap()
[INFO] [stdout]     |             ^^^^^^^ use of unresolved module or unlinked crate `bincode`
[INFO] [stdout]     |
[INFO] [stdout]     = help: if you wanted to use a crate named `bincode`, use `cargo add bincode` to add it to your `Cargo.toml`
[INFO] [stdout] 
[INFO] [stdout] 
[INFO] [stderr] error: could not compile `rialo-s-feature-gate-interface` (lib test) due to 5 previous errors
[INFO] [stdout] error[E0433]: cannot find module or crate `bincode` in this scope
[INFO] [stdout]    --> src/lib.rs:112:35
[INFO] [stdout]     |
[INFO] [stdout] 112 |             Feature::size_of() >= bincode::serialized_size(&Feature::default()).unwrap() as usize
[INFO] [stdout]     |                                   ^^^^^^^ use of unresolved module or unlinked crate `bincode`
[INFO] [stdout]     |
[INFO] [stdout]     = help: if you wanted to use a crate named `bincode`, use `cargo add bincode` to add it to your `Cargo.toml`
[INFO] [stdout] 
[INFO] [stdout] 
[INFO] [stdout] error[E0433]: cannot find module or crate `bincode` in this scope
[INFO] [stdout]    --> src/lib.rs:127:17
[INFO] [stdout]     |
[INFO] [stdout] 127 |                 bincode::serialized_size(feature).unwrap() as usize
[INFO] [stdout]     |                 ^^^^^^^ use of unresolved module or unlinked crate `bincode`
[INFO] [stdout]     |
[INFO] [stdout]     = help: if you wanted to use a crate named `bincode`, use `cargo add bincode` to add it to your `Cargo.toml`
[INFO] [stdout] 
[INFO] [stdout] 
[INFO] [stdout] error[E0433]: cannot find type `AccountSharedData` in this scope
[INFO] [stdout]    --> src/lib.rs:134:32
[INFO] [stdout]     |
[INFO] [stdout] 134 |         let just_initialized = AccountSharedData::new(42, Feature::size_of(), &id());
[INFO] [stdout]     |                                ^^^^^^^^^^^^^^^^^ use of undeclared type `AccountSharedData`
[INFO] [stdout]     |
[INFO] [stdout] note: found an item that was configured out
[INFO] [stdout]    --> src/lib.rs:21:23
[INFO] [stdout]     |
[INFO] [stdout]  19 | #[cfg(feature = "bincode")]
[INFO] [stdout]     |       ------------------- the item is gated behind the `bincode` feature
[INFO] [stdout]  20 | use {
[INFO] [stdout]  21 |     rialo_s_account::{AccountSharedData, ReadableAccount, WritableAccount},
[INFO] [stdout]     |                       ^^^^^^^^^^^^^^^^^
[INFO] [stdout] 
[INFO] [stdout] 
[INFO] [stdout] error[E0425]: cannot find function `from_account` in this scope
[INFO] [stdout]    --> src/lib.rs:136:13
[INFO] [stdout]     |
[INFO] [stdout] 136 |             from_account(&just_initialized),
[INFO] [stdout]     |             ^^^^^^^^^^^^ not found in this scope
[INFO] [stdout]     |
[INFO] [stdout] note: found an item that was configured out
[INFO] [stdout]    --> src/lib.rs:78:8
[INFO] [stdout]     |
[INFO] [stdout]  77 | #[cfg(feature = "bincode")]
[INFO] [stdout]     |       ------------------- the item is gated behind the `bincode` feature
[INFO] [stdout]  78 | pub fn from_account<T: ReadableAccount>(account: &T) -> Option<Feature> {
[INFO] [stdout]     |        ^^^^^^^^^^^^
[INFO] [stdout] 
[INFO] [stdout] 
[INFO] [stdout] Some errors have detailed explanations: E0425, E0433.
[INFO] [stdout] 
[INFO] [stdout] For more information about an error, try `rustc --explain E0425`.
[INFO] [stdout] 
[INFO] running `Command { std: "docker" "inspect" "a0a6012973f85d88aba3c8aa23f2f2d60d65298caa7e5cd8e62b3d895e630641", kill_on_drop: false }`
[INFO] running `Command { std: "docker" "rm" "-f" "a0a6012973f85d88aba3c8aa23f2f2d60d65298caa7e5cd8e62b3d895e630641", kill_on_drop: false }`
[INFO] [stdout] a0a6012973f85d88aba3c8aa23f2f2d60d65298caa7e5cd8e62b3d895e630641
