[INFO] fetching crate rialo-s-account 0.21.0-alpha.0...
[INFO] testing rialo-s-account-0.21.0-alpha.0 against 1.99.0-beta.8 for beta-1.100-2
[INFO] extracting crate rialo-s-account 0.21.0-alpha.0 into /workspace/builds/worker-7-tc1/source
[INFO] started tweaking crates.io crate rialo-s-account 0.21.0-alpha.0
[INFO] finished tweaking crates.io crate rialo-s-account 0.21.0-alpha.0
[INFO] tweaked toml for crates.io crate rialo-s-account 0.21.0-alpha.0 written to /workspace/builds/worker-7-tc1/source/Cargo.toml
[INFO] validating manifest of crates.io crate rialo-s-account 0.21.0-alpha.0 on toolchain 1.99.0-beta.8
[INFO] running `Command { std: CARGO_HOME="/workspace/cargo-home" RUSTUP_HOME="/workspace/rustup-home" "/workspace/cargo-home/bin/cargo" "+1.99.0-beta.8" "metadata" "--manifest-path" "Cargo.toml" "--no-deps", kill_on_drop: false }`
[INFO] crate crates.io crate rialo-s-account 0.21.0-alpha.0 already has a lockfile, it will not be regenerated
[INFO] running `Command { std: CARGO_HOME="/workspace/cargo-home" RUSTUP_HOME="/workspace/rustup-home" "/workspace/cargo-home/bin/cargo" "+1.99.0-beta.8" "fetch" "--manifest-path" "Cargo.toml", kill_on_drop: false }`
[INFO] [stderr]     Blocking waiting for file lock on package cache
[INFO] [stderr]     Updating crates.io index
[INFO] [stderr]     Blocking waiting for file lock on package cache
[INFO] [stderr]  Downloading crates ...
[INFO] [stderr]   Downloaded rialo-s-sdk-ids v0.21.0-alpha.0
[INFO] [stderr]   Downloaded rialo-s-sysvar-id v0.21.0-alpha.0
[INFO] [stderr]   Downloaded serde_bytes v0.11.19
[INFO] [stderr]   Downloaded rialo-s-sysvar v0.21.0-alpha.0
[INFO] [stderr]   Downloaded rialo-s-pubkey v0.21.0-alpha.0
[INFO] [stderr]   Downloaded rialo-s-program-error v0.21.0-alpha.0
[INFO] [stderr]   Downloaded env_filter v0.1.4
[INFO] [stderr]   Downloaded rialo-s-decode-error v0.21.0-alpha.0
[INFO] [stderr]   Downloaded rialo-s-fee-calculator v0.21.0-alpha.0
[INFO] [stderr]   Downloaded rialo-hash v0.21.0-alpha.0
[INFO] [stderr]   Downloaded feature-probe v0.1.1
[INFO] [stderr]   Downloaded schemars v1.2.1
[INFO] [stderr]   Downloaded portable-atomic-util v0.2.5
[INFO] [stderr]   Downloaded rialo-sanitize v0.21.0-alpha.0
[INFO] [stderr]   Downloaded rialo-frozen-abi-macro v0.21.0-alpha.0
[INFO] [stderr]   Downloaded rialo-s-sdk-macro v0.21.0-alpha.0
[INFO] [stderr]   Downloaded rialo-s-logger v0.21.0-alpha.0
[INFO] [stderr]   Downloaded qualifier_attr v0.2.2
[INFO] [stderr]   Downloaded rialo-s-sha256-hasher v0.21.0-alpha.0
[INFO] [stderr]   Downloaded five8_core v0.1.2
[INFO] [stderr]   Downloaded rialo-s-program-memory v0.21.0-alpha.0
[INFO] [stderr]   Downloaded rialo-s-msg v0.21.0-alpha.0
[INFO] [stderr]   Downloaded rialo-s-epoch-schedule v0.21.0-alpha.0
[INFO] [stderr]   Downloaded rialo-s-rent v0.21.0-alpha.0
[INFO] [stderr]   Downloaded rialo-s-account-info v0.21.0-alpha.0
[INFO] [stderr]   Downloaded rialo-atomic-u64 v0.21.0-alpha.0
[INFO] [stderr]   Downloaded five8_const v0.1.4
[INFO] [stderr]   Downloaded rialo-s-clock v0.21.0-alpha.0
[INFO] [stderr]   Downloaded rialo-frozen-abi v0.21.0-alpha.0
[INFO] [stderr]   Downloaded memmap2 v0.5.10
[INFO] [stderr]   Downloaded rialo-s-instruction v0.21.0-alpha.0
[INFO] [stderr]   Downloaded rialo-rex-wasm-v1-loader-interface v0.21.0-alpha.0
[INFO] [stderr]   Downloaded zmij v1.0.20
[INFO] [stderr]   Downloaded rialo-s-program-entrypoint v0.21.0-alpha.0
[INFO] [stderr]   Downloaded bv v0.11.1
[INFO] [stderr]   Downloaded env_logger v0.11.8
[INFO] [stderr]   Downloaded jiff-static v0.2.19
[INFO] [stderr]   Downloaded jiff v0.2.19
[INFO] running `Command { std: "docker" "create" "-v" "/var/lib/crater-agent-workspace/builds/worker-7-tc1/source:/opt/rustwide/workdir:ro,Z" "-v" "/var/lib/crater-agent-workspace/builds/worker-7-tc1/target:/opt/rustwide/target:rw,Z" "-v" "/var/lib/crater-agent-workspace/cargo-home:/opt/rustwide/cargo-home:ro,Z" "-v" "/var/lib/crater-agent-workspace/rustup-home:/opt/rustwide/rustup-home:ro,Z" "-m" "1610612736" "--network" "none" "ghcr.io/rust-lang/crates-build-env/linux@sha256:3111399a4047eeb3a02b7a90e478d715f38a8c6669b5c4b49d30a17385265909" "sleep" "infinity", kill_on_drop: false }`
[INFO] [stdout] 369a8b19523b7b1b9514a0f8c0d941afc2e83d7d5b3e3783f4cc2650318addab
[INFO] running `Command { std: "docker" "start" "369a8b19523b7b1b9514a0f8c0d941afc2e83d7d5b3e3783f4cc2650318addab", kill_on_drop: false }`
[INFO] running `Command { std: "docker" "inspect" "369a8b19523b7b1b9514a0f8c0d941afc2e83d7d5b3e3783f4cc2650318addab", kill_on_drop: false }`
[INFO] running `Command { std: "docker" "exec" "-e" "SOURCE_DIR=/opt/rustwide/workdir" "-e" "CARGO_HOME=/opt/rustwide/cargo-home" "-e" "RUSTUP_HOME=/opt/rustwide/rustup-home" "-e" "CARGO_TARGET_DIR=/opt/rustwide/target" "-w" "/opt/rustwide/workdir" "--user" "0:0" "369a8b19523b7b1b9514a0f8c0d941afc2e83d7d5b3e3783f4cc2650318addab" "/opt/rustwide/cargo-home/bin/cargo" "+1.99.0-beta.8" "metadata" "--no-deps" "--format-version=1", kill_on_drop: false }`
[INFO] running `Command { std: "docker" "inspect" "369a8b19523b7b1b9514a0f8c0d941afc2e83d7d5b3e3783f4cc2650318addab", kill_on_drop: false }`
[INFO] running `Command { std: "docker" "exec" "-e" "SOURCE_DIR=/opt/rustwide/workdir" "-e" "CARGO_HOME=/opt/rustwide/cargo-home" "-e" "RUSTUP_HOME=/opt/rustwide/rustup-home" "-e" "CARGO_TARGET_DIR=/opt/rustwide/target" "-e" "CARGO_INCREMENTAL=0" "-e" "RUST_BACKTRACE=full" "-e" "RUSTFLAGS=--cap-lints=warn" "-e" "RUSTDOCFLAGS=--cap-lints=warn" "-w" "/opt/rustwide/workdir" "--user" "0:0" "369a8b19523b7b1b9514a0f8c0d941afc2e83d7d5b3e3783f4cc2650318addab" "/opt/rustwide/cargo-home/bin/cargo" "+1.99.0-beta.8" "build" "--frozen" "--message-format=json", kill_on_drop: false }`
[INFO] [stderr]    Compiling proc-macro2 v1.0.106
[INFO] [stderr]    Compiling unicode-ident v1.0.23
[INFO] [stderr]    Compiling bs58 v0.5.1
[INFO] [stderr]    Compiling five8_core v0.1.2
[INFO] [stderr]    Compiling rialo-sanitize v0.21.0-alpha.0
[INFO] [stderr]    Compiling rialo-atomic-u64 v0.21.0-alpha.0
[INFO] [stderr]    Compiling polkavm-common v0.26.0
[INFO] [stderr]    Compiling rialo-s-msg v0.21.0-alpha.0
[INFO] [stderr]    Compiling rialo-s-decode-error v0.21.0-alpha.0
[INFO] [stderr]    Compiling rialo-s-program-memory v0.21.0-alpha.0
[INFO] [stderr]    Compiling five8_const v0.1.4
[INFO] [stderr]    Compiling rialo-s-pubkey v0.21.0-alpha.0
[INFO] [stderr]    Compiling rialo-s-instruction v0.21.0-alpha.0
[INFO] [stderr]    Compiling rialo-s-sdk-ids v0.21.0-alpha.0
[INFO] [stderr]    Compiling rialo-s-program-error v0.21.0-alpha.0
[INFO] [stderr]    Compiling rialo-rex-wasm-v1-loader-interface v0.21.0-alpha.0
[INFO] [stderr]    Compiling quote v1.0.44
[INFO] [stderr]    Compiling syn v2.0.114
[INFO] [stderr]    Compiling polkavm-derive-impl v0.26.0
[INFO] [stderr]    Compiling polkavm-derive-impl-macro v0.26.0
[INFO] [stderr]    Compiling thiserror-impl v1.0.69
[INFO] [stderr]    Compiling rialo-s-sdk-macro v0.21.0-alpha.0
[INFO] [stderr]    Compiling polkavm-derive v0.26.0
[INFO] [stderr]    Compiling rialo-s-define-syscall v0.21.0-alpha.0
[INFO] [stderr]    Compiling rialo-s-account-info v0.21.0-alpha.0
[INFO] [stderr]    Compiling rialo-s-clock v0.21.0-alpha.0
[INFO] [stderr]    Compiling thiserror v1.0.69
[INFO] [stderr]    Compiling rialo-s-account v0.21.0-alpha.0 (/opt/rustwide/workdir)
[INFO] [stderr]     Finished `dev` profile [unoptimized + debuginfo] target(s) in 10.00s
[INFO] running `Command { std: "docker" "inspect" "369a8b19523b7b1b9514a0f8c0d941afc2e83d7d5b3e3783f4cc2650318addab", kill_on_drop: false }`
[INFO] running `Command { std: "docker" "exec" "-e" "SOURCE_DIR=/opt/rustwide/workdir" "-e" "CARGO_HOME=/opt/rustwide/cargo-home" "-e" "RUSTUP_HOME=/opt/rustwide/rustup-home" "-e" "CARGO_TARGET_DIR=/opt/rustwide/target" "-e" "CARGO_INCREMENTAL=0" "-e" "RUST_BACKTRACE=full" "-e" "RUSTFLAGS=--cap-lints=warn" "-e" "RUSTDOCFLAGS=--cap-lints=warn" "-w" "/opt/rustwide/workdir" "--user" "0:0" "369a8b19523b7b1b9514a0f8c0d941afc2e83d7d5b3e3783f4cc2650318addab" "/opt/rustwide/cargo-home/bin/cargo" "+1.99.0-beta.8" "test" "--frozen" "--no-run" "--message-format=json", kill_on_drop: false }`
[INFO] [stderr]    Compiling rialo-s-account v0.21.0-alpha.0 (/opt/rustwide/workdir)
[INFO] [stdout] error[E0599]: no method named `deserialize_data` found for struct `Account` in the current scope
[INFO] [stdout]     --> src/lib.rs:1587:18
[INFO] [stdout]      |
[INFO] [stdout]   72 | pub struct Account {
[INFO] [stdout]      | ------------------ method `deserialize_data` not found for this struct
[INFO] [stdout] ...
[INFO] [stdout] 1587 |         account1.deserialize_data::<String>().unwrap();
[INFO] [stdout]      |                  ^^^^^^^^^^^^^^^^ method not found in `Account`
[INFO] [stdout] 
[INFO] [stdout] 
[INFO] [stdout] error[E0599]: no method named `serialize_data` found for struct `Account` in the current scope
[INFO] [stdout]     --> src/lib.rs:1595:18
[INFO] [stdout]      |
[INFO] [stdout]   72 | pub struct Account {
[INFO] [stdout]      | ------------------ method `serialize_data` not found for this struct
[INFO] [stdout] ...
[INFO] [stdout] 1595 |         account1.serialize_data(&"hello world").unwrap();
[INFO] [stdout]      |                  ^^^^^^^^^^^^^^ method not found in `Account`
[INFO] [stdout] 
[INFO] [stdout] 
[INFO] [stdout] error[E0599]: no method named `deserialize_data` found for struct `AccountSharedData` in the current scope
[INFO] [stdout]     --> src/lib.rs:1605:18
[INFO] [stdout]      |
[INFO] [stdout]  160 | pub struct AccountSharedData {
[INFO] [stdout]      | ---------------------------- method `deserialize_data` not found for this struct
[INFO] [stdout] ...
[INFO] [stdout] 1605 |         account2.deserialize_data::<String>().unwrap();
[INFO] [stdout]      |                  ^^^^^^^^^^^^^^^^
[INFO] [stdout]      |
[INFO] [stdout] help: there is a method `set_data` with a similar name, but with different arguments
[INFO] [stdout]     --> src/lib.rs:1362:5
[INFO] [stdout]      |
[INFO] [stdout] 1362 |     fn set_data(&mut self, data: Vec<u8>) {
[INFO] [stdout]      |     ^^^^^^^^^^^^^^^^^^^^^^^^^^^^^^^^^^^^^
[INFO] [stdout] 
[INFO] [stdout] 
[INFO] [stdout] error[E0599]: no method named `serialize_data` found for struct `AccountSharedData` in the current scope
[INFO] [stdout]     --> src/lib.rs:1613:18
[INFO] [stdout]      |
[INFO] [stdout]  160 | pub struct AccountSharedData {
[INFO] [stdout]      | ---------------------------- method `serialize_data` not found for this struct
[INFO] [stdout] ...
[INFO] [stdout] 1613 |         account2.serialize_data(&"hello world").unwrap();
[INFO] [stdout]      |                  ^^^^^^^^^^^^^^
[INFO] [stdout]      |
[INFO] [stdout] help: there is a method `set_data` with a similar name
[INFO] [stdout]      |
[INFO] [stdout] 1613 -         account2.serialize_data(&"hello world").unwrap();
[INFO] [stdout] 1613 +         account2.set_data(&"hello world").unwrap();
[INFO] [stdout]      |
[INFO] [stdout] 
[INFO] [stdout] 
[INFO] [stdout] error[E0599]: no associated function or constant named `new_data` found for struct `Account` in the current scope
[INFO] [stdout]     --> src/lib.rs:1827:59
[INFO] [stdout]      |
[INFO] [stdout]   72 | pub struct Account {
[INFO] [stdout]      | ------------------ associated function or constant `new_data` not found for this struct
[INFO] [stdout] ...
[INFO] [stdout] 1827 |                         let account1_with_data = Account::new_data(
[INFO] [stdout]      |                                                           ^^^^^^^^ associated function or constant not found in `Account`
[INFO] [stdout]      |
[INFO] [stdout] note: if you're trying to build a new `Account` consider using one of the following associated functions:
[INFO] [stdout]       Account::new
[INFO] [stdout]       Account::new_rent_epoch
[INFO] [stdout]     --> src/lib.rs:1233:5
[INFO] [stdout]      |
[INFO] [stdout] 1233 |     pub fn new(kelvins: u64, space: usize, owner: &Pubkey) -> Self {
[INFO] [stdout]      |     ^^^^^^^^^^^^^^^^^^^^^^^^^^^^^^^^^^^^^^^^^^^^^^^^^^^^^^^^^^^^^^
[INFO] [stdout] ...
[INFO] [stdout] 1273 |     pub fn new_rent_epoch(kelvins: u64, space: usize, owner: &Pubkey, rent_epoch: Epoch) -> Self {
[INFO] [stdout]      |     ^^^^^^^^^^^^^^^^^^^^^^^^^^^^^^^^^^^^^^^^^^^^^^^^^^^^^^^^^^^^^^^^^^^^^^^^^^^^^^^^^^^^^^^^^^^^
[INFO] [stdout] help: there is a method `data` with a similar name, but with different arguments
[INFO] [stdout]     --> src/lib.rs:990:5
[INFO] [stdout]      |
[INFO] [stdout]  990 |     fn data(&self) -> &[u8];
[INFO] [stdout]      |     ^^^^^^^^^^^^^^^^^^^^^^^^
[INFO] [stdout] 
[INFO] [stdout] 
[INFO] [stdout] error[E0599]: no associated function or constant named `new_data` found for struct `AccountSharedData` in the current scope
[INFO] [stdout]     --> src/lib.rs:1833:69
[INFO] [stdout]      |
[INFO] [stdout]  160 | pub struct AccountSharedData {
[INFO] [stdout]      | ---------------------------- associated function or constant `new_data` not found for this struct
[INFO] [stdout] ...
[INFO] [stdout] 1833 |                         let account2_with_data = AccountSharedData::new_data(
[INFO] [stdout]      |                                                                     ^^^^^^^^ associated function or constant not found in `AccountSharedData`
[INFO] [stdout]      |
[INFO] [stdout] note: if you're trying to build a new `AccountSharedData` consider using one of the following associated functions:
[INFO] [stdout]       AccountSharedData::new
[INFO] [stdout]       AccountSharedData::new_rent_epoch
[INFO] [stdout]     --> src/lib.rs:1370:5
[INFO] [stdout]      |
[INFO] [stdout] 1370 |     pub fn new(kelvins: u64, space: usize, owner: &Pubkey) -> Self {
[INFO] [stdout]      |     ^^^^^^^^^^^^^^^^^^^^^^^^^^^^^^^^^^^^^^^^^^^^^^^^^^^^^^^^^^^^^^
[INFO] [stdout] ...
[INFO] [stdout] 1410 |     pub fn new_rent_epoch(kelvins: u64, space: usize, owner: &Pubkey, rent_epoch: Epoch) -> Self {
[INFO] [stdout]      |     ^^^^^^^^^^^^^^^^^^^^^^^^^^^^^^^^^^^^^^^^^^^^^^^^^^^^^^^^^^^^^^^^^^^^^^^^^^^^^^^^^^^^^^^^^^^^
[INFO] [stdout] help: there is a method `data` with a similar name, but with different arguments
[INFO] [stdout]     --> src/lib.rs:990:5
[INFO] [stdout]      |
[INFO] [stdout]  990 |     fn data(&self) -> &[u8];
[INFO] [stdout]      |     ^^^^^^^^^^^^^^^^^^^^^^^^
[INFO] [stdout] 
[INFO] [stdout] 
[INFO] [stdout] error[E0599]: no associated function or constant named `new_data_with_space` found for struct `Account` in the current scope
[INFO] [stdout]     --> src/lib.rs:1849:35
[INFO] [stdout]      |
[INFO] [stdout]   72 | pub struct Account {
[INFO] [stdout]      | ------------------ associated function or constant `new_data_with_space` not found for this struct
[INFO] [stdout] ...
[INFO] [stdout] 1849 |                         &Account::new_data_with_space(
[INFO] [stdout]      |                                   ^^^^^^^^^^^^^^^^^^^ associated function or constant not found in `Account`
[INFO] [stdout]      |
[INFO] [stdout] note: if you're trying to build a new `Account` consider using one of the following associated functions:
[INFO] [stdout]       Account::new
[INFO] [stdout]       Account::new_rent_epoch
[INFO] [stdout]     --> src/lib.rs:1233:5
[INFO] [stdout]      |
[INFO] [stdout] 1233 |     pub fn new(kelvins: u64, space: usize, owner: &Pubkey) -> Self {
[INFO] [stdout]      |     ^^^^^^^^^^^^^^^^^^^^^^^^^^^^^^^^^^^^^^^^^^^^^^^^^^^^^^^^^^^^^^
[INFO] [stdout] ...
[INFO] [stdout] 1273 |     pub fn new_rent_epoch(kelvins: u64, space: usize, owner: &Pubkey, rent_epoch: Epoch) -> Self {
[INFO] [stdout]      |     ^^^^^^^^^^^^^^^^^^^^^^^^^^^^^^^^^^^^^^^^^^^^^^^^^^^^^^^^^^^^^^^^^^^^^^^^^^^^^^^^^^^^^^^^^^^^
[INFO] [stdout] 
[INFO] [stdout] 
[INFO] [stdout] error[E0599]: no associated function or constant named `new_data_with_space` found for struct `AccountSharedData` in the current scope
[INFO] [stdout]     --> src/lib.rs:1856:45
[INFO] [stdout]      |
[INFO] [stdout]  160 | pub struct AccountSharedData {
[INFO] [stdout]      | ---------------------------- associated function or constant `new_data_with_space` not found for this struct
[INFO] [stdout] ...
[INFO] [stdout] 1856 |                         &AccountSharedData::new_data_with_space(
[INFO] [stdout]      |                                             ^^^^^^^^^^^^^^^^^^^ associated function or constant not found in `AccountSharedData`
[INFO] [stdout]      |
[INFO] [stdout] note: if you're trying to build a new `AccountSharedData` consider using one of the following associated functions:
[INFO] [stdout]       AccountSharedData::new
[INFO] [stdout]       AccountSharedData::new_rent_epoch
[INFO] [stdout]     --> src/lib.rs:1370:5
[INFO] [stdout]      |
[INFO] [stdout] 1370 |     pub fn new(kelvins: u64, space: usize, owner: &Pubkey) -> Self {
[INFO] [stdout]      |     ^^^^^^^^^^^^^^^^^^^^^^^^^^^^^^^^^^^^^^^^^^^^^^^^^^^^^^^^^^^^^^
[INFO] [stdout] ...
[INFO] [stdout] 1410 |     pub fn new_rent_epoch(kelvins: u64, space: usize, owner: &Pubkey, rent_epoch: Epoch) -> Self {
[INFO] [stdout]      |     ^^^^^^^^^^^^^^^^^^^^^^^^^^^^^^^^^^^^^^^^^^^^^^^^^^^^^^^^^^^^^^^^^^^^^^^^^^^^^^^^^^^^^^^^^^^^
[INFO] [stdout] 
[INFO] [stdout] 
[INFO] [stdout] error[E0599]: no associated function or constant named `new_ref_data` found for struct `Account` in the current scope
[INFO] [stdout]     --> src/lib.rs:1867:35
[INFO] [stdout]      |
[INFO] [stdout]   72 | pub struct Account {
[INFO] [stdout]      | ------------------ associated function or constant `new_ref_data` not found for this struct
[INFO] [stdout] ...
[INFO] [stdout] 1867 |                         &Account::new_ref_data(
[INFO] [stdout]      |                                   ^^^^^^^^^^^^ associated function or constant not found in `Account`
[INFO] [stdout]      |
[INFO] [stdout] note: if you're trying to build a new `Account` consider using one of the following associated functions:
[INFO] [stdout]       Account::new
[INFO] [stdout]       Account::new_rent_epoch
[INFO] [stdout]     --> src/lib.rs:1233:5
[INFO] [stdout]      |
[INFO] [stdout] 1233 |     pub fn new(kelvins: u64, space: usize, owner: &Pubkey) -> Self {
[INFO] [stdout]      |     ^^^^^^^^^^^^^^^^^^^^^^^^^^^^^^^^^^^^^^^^^^^^^^^^^^^^^^^^^^^^^^
[INFO] [stdout] ...
[INFO] [stdout] 1273 |     pub fn new_rent_epoch(kelvins: u64, space: usize, owner: &Pubkey, rent_epoch: Epoch) -> Self {
[INFO] [stdout]      |     ^^^^^^^^^^^^^^^^^^^^^^^^^^^^^^^^^^^^^^^^^^^^^^^^^^^^^^^^^^^^^^^^^^^^^^^^^^^^^^^^^^^^^^^^^^^^
[INFO] [stdout] help: there is an associated function `new_ref` with a similar name
[INFO] [stdout]      |
[INFO] [stdout] 1867 -                         &Account::new_ref_data(
[INFO] [stdout] 1867 +                         &Account::new_ref(
[INFO] [stdout]      |
[INFO] [stdout] 
[INFO] [stdout] 
[INFO] [stdout] error[E0599]: no associated function or constant named `new_ref_data` found for struct `AccountSharedData` in the current scope
[INFO] [stdout]     --> src/lib.rs:1874:45
[INFO] [stdout]      |
[INFO] [stdout]  160 | pub struct AccountSharedData {
[INFO] [stdout]      | ---------------------------- associated function or constant `new_ref_data` not found for this struct
[INFO] [stdout] ...
[INFO] [stdout] 1874 |                         &AccountSharedData::new_ref_data(
[INFO] [stdout]      |                                             ^^^^^^^^^^^^ associated function or constant not found in `AccountSharedData`
[INFO] [stdout]      |
[INFO] [stdout] note: if you're trying to build a new `AccountSharedData` consider using one of the following associated functions:
[INFO] [stdout]       AccountSharedData::new
[INFO] [stdout]       AccountSharedData::new_rent_epoch
[INFO] [stdout]     --> src/lib.rs:1370:5
[INFO] [stdout]      |
[INFO] [stdout] 1370 |     pub fn new(kelvins: u64, space: usize, owner: &Pubkey) -> Self {
[INFO] [stdout]      |     ^^^^^^^^^^^^^^^^^^^^^^^^^^^^^^^^^^^^^^^^^^^^^^^^^^^^^^^^^^^^^^
[INFO] [stdout] ...
[INFO] [stdout] 1410 |     pub fn new_rent_epoch(kelvins: u64, space: usize, owner: &Pubkey, rent_epoch: Epoch) -> Self {
[INFO] [stdout]      |     ^^^^^^^^^^^^^^^^^^^^^^^^^^^^^^^^^^^^^^^^^^^^^^^^^^^^^^^^^^^^^^^^^^^^^^^^^^^^^^^^^^^^^^^^^^^^
[INFO] [stdout] help: there is an associated function `new_ref` with a similar name
[INFO] [stdout]      |
[INFO] [stdout] 1874 -                         &AccountSharedData::new_ref_data(
[INFO] [stdout] 1874 +                         &AccountSharedData::new_ref(
[INFO] [stdout]      |
[INFO] [stdout] 
[INFO] [stdout] 
[INFO] [stdout] error[E0599]: no associated function or constant named `new_ref_data_with_space` found for struct `Account` in the current scope
[INFO] [stdout]     --> src/lib.rs:1885:35
[INFO] [stdout]      |
[INFO] [stdout]   72 | pub struct Account {
[INFO] [stdout]      | ------------------ associated function or constant `new_ref_data_with_space` not found for this struct
[INFO] [stdout] ...
[INFO] [stdout] 1885 |                         &Account::new_ref_data_with_space(
[INFO] [stdout]      |                                   ^^^^^^^^^^^^^^^^^^^^^^^ associated function or constant not found in `Account`
[INFO] [stdout]      |
[INFO] [stdout] note: if you're trying to build a new `Account` consider using one of the following associated functions:
[INFO] [stdout]       Account::new
[INFO] [stdout]       Account::new_rent_epoch
[INFO] [stdout]     --> src/lib.rs:1233:5
[INFO] [stdout]      |
[INFO] [stdout] 1233 |     pub fn new(kelvins: u64, space: usize, owner: &Pubkey) -> Self {
[INFO] [stdout]      |     ^^^^^^^^^^^^^^^^^^^^^^^^^^^^^^^^^^^^^^^^^^^^^^^^^^^^^^^^^^^^^^
[INFO] [stdout] ...
[INFO] [stdout] 1273 |     pub fn new_rent_epoch(kelvins: u64, space: usize, owner: &Pubkey, rent_epoch: Epoch) -> Self {
[INFO] [stdout]      |     ^^^^^^^^^^^^^^^^^^^^^^^^^^^^^^^^^^^^^^^^^^^^^^^^^^^^^^^^^^^^^^^^^^^^^^^^^^^^^^^^^^^^^^^^^^^^
[INFO] [stdout] 
[INFO] [stdout] 
[INFO] [stdout] error[E0599]: no associated function or constant named `new_ref_data_with_space` found for struct `AccountSharedData` in the current scope
[INFO] [stdout]     --> src/lib.rs:1893:45
[INFO] [stdout]      |
[INFO] [stdout]  160 | pub struct AccountSharedData {
[INFO] [stdout]      | ---------------------------- associated function or constant `new_ref_data_with_space` not found for this struct
[INFO] [stdout] ...
[INFO] [stdout] 1893 |                         &AccountSharedData::new_ref_data_with_space(
[INFO] [stdout]      |                                             ^^^^^^^^^^^^^^^^^^^^^^^ associated function or constant not found in `AccountSharedData`
[INFO] [stdout]      |
[INFO] [stdout] note: if you're trying to build a new `AccountSharedData` consider using one of the following associated functions:
[INFO] [stdout]       AccountSharedData::new
[INFO] [stdout]       AccountSharedData::new_rent_epoch
[INFO] [stdout]     --> src/lib.rs:1370:5
[INFO] [stdout]      |
[INFO] [stdout] 1370 |     pub fn new(kelvins: u64, space: usize, owner: &Pubkey) -> Self {
[INFO] [stdout]      |     ^^^^^^^^^^^^^^^^^^^^^^^^^^^^^^^^^^^^^^^^^^^^^^^^^^^^^^^^^^^^^^
[INFO] [stdout] ...
[INFO] [stdout] 1410 |     pub fn new_rent_epoch(kelvins: u64, space: usize, owner: &Pubkey, rent_epoch: Epoch) -> Self {
[INFO] [stdout]      |     ^^^^^^^^^^^^^^^^^^^^^^^^^^^^^^^^^^^^^^^^^^^^^^^^^^^^^^^^^^^^^^^^^^^^^^^^^^^^^^^^^^^^^^^^^^^^
[INFO] [stdout] 
[INFO] [stdout] 
[INFO] [stdout] For more information about this error, try `rustc --explain E0599`.
[INFO] [stdout] 
[INFO] [stderr] error: could not compile `rialo-s-account` (lib test) due to 12 previous errors
[INFO] running `Command { std: "docker" "inspect" "369a8b19523b7b1b9514a0f8c0d941afc2e83d7d5b3e3783f4cc2650318addab", kill_on_drop: false }`
[INFO] running `Command { std: "docker" "rm" "-f" "369a8b19523b7b1b9514a0f8c0d941afc2e83d7d5b3e3783f4cc2650318addab", kill_on_drop: false }`
[INFO] [stdout] 369a8b19523b7b1b9514a0f8c0d941afc2e83d7d5b3e3783f4cc2650318addab
