[INFO] fetching crate rialo-rex-wasm-v1-loader-interface 0.21.0-alpha.0...
[INFO] testing rialo-rex-wasm-v1-loader-interface-0.21.0-alpha.0 against 1.100.0-beta.1 for beta-1.100-2
[INFO] extracting crate rialo-rex-wasm-v1-loader-interface 0.21.0-alpha.0 into /workspace/builds/worker-5-tc2/source
[INFO] started tweaking crates.io crate rialo-rex-wasm-v1-loader-interface 0.21.0-alpha.0
[INFO] finished tweaking crates.io crate rialo-rex-wasm-v1-loader-interface 0.21.0-alpha.0
[INFO] tweaked toml for crates.io crate rialo-rex-wasm-v1-loader-interface 0.21.0-alpha.0 written to /workspace/builds/worker-5-tc2/source/Cargo.toml
[INFO] validating manifest of crates.io crate rialo-rex-wasm-v1-loader-interface 0.21.0-alpha.0 on toolchain 1.100.0-beta.1
[INFO] running `Command { std: CARGO_HOME="/workspace/cargo-home" RUSTUP_HOME="/workspace/rustup-home" "/workspace/cargo-home/bin/cargo" "+1.100.0-beta.1" "metadata" "--manifest-path" "Cargo.toml" "--no-deps", kill_on_drop: false }`
[INFO] crate crates.io crate rialo-rex-wasm-v1-loader-interface 0.21.0-alpha.0 already has a lockfile, it will not be regenerated
[INFO] running `Command { std: CARGO_HOME="/workspace/cargo-home" RUSTUP_HOME="/workspace/rustup-home" "/workspace/cargo-home/bin/cargo" "+1.100.0-beta.1" "fetch" "--manifest-path" "Cargo.toml", kill_on_drop: false }`
[INFO] [stderr] warning: `package.homepage` is redundant with `package.repository`
[INFO] [stderr]    --> Cargo.toml:107:12
[INFO] [stderr]     |
[INFO] [stderr] 107 | homepage = "https://github.com/SubzeroLabs/rialo"
[INFO] [stderr]     |            ^^^^^^^^^^^^^^^^^^^^^^^^^^^^^^^^^^^^^^
[INFO] [stderr] ...
[INFO] [stderr] 112 | repository = "https://github.com/SubzeroLabs/rialo"
[INFO] [stderr]     |              --------------------------------------
[INFO] [stderr]     |
[INFO] [stderr]     = note: `cargo::redundant_homepage` is set to `warn` by default
[INFO] [stderr] help: consider removing `package.homepage`
[INFO] [stderr] warning: `rialo-rex-wasm-v1-loader-interface` (manifest) generated 1 warning
[INFO] running `Command { std: "docker" "create" "-v" "/var/lib/crater-agent-workspace/builds/worker-5-tc2/source:/opt/rustwide/workdir:ro,Z" "-v" "/var/lib/crater-agent-workspace/builds/worker-5-tc2/target:/opt/rustwide/target:rw,Z" "-v" "/var/lib/crater-agent-workspace/cargo-home:/opt/rustwide/cargo-home:ro,Z" "-v" "/var/lib/crater-agent-workspace/rustup-home:/opt/rustwide/rustup-home:ro,Z" "-m" "1610612736" "--network" "none" "ghcr.io/rust-lang/crates-build-env/linux@sha256:3111399a4047eeb3a02b7a90e478d715f38a8c6669b5c4b49d30a17385265909" "sleep" "infinity", kill_on_drop: false }`
[INFO] [stdout] b46bbf6f7fc29c6d2e994c111cfa060b386bad9266bf441806c04db72cac7159
[INFO] running `Command { std: "docker" "start" "b46bbf6f7fc29c6d2e994c111cfa060b386bad9266bf441806c04db72cac7159", kill_on_drop: false }`
[INFO] running `Command { std: "docker" "inspect" "b46bbf6f7fc29c6d2e994c111cfa060b386bad9266bf441806c04db72cac7159", kill_on_drop: false }`
[INFO] running `Command { std: "docker" "exec" "-e" "SOURCE_DIR=/opt/rustwide/workdir" "-e" "CARGO_HOME=/opt/rustwide/cargo-home" "-e" "RUSTUP_HOME=/opt/rustwide/rustup-home" "-e" "CARGO_TARGET_DIR=/opt/rustwide/target" "-w" "/opt/rustwide/workdir" "--user" "0:0" "b46bbf6f7fc29c6d2e994c111cfa060b386bad9266bf441806c04db72cac7159" "/opt/rustwide/cargo-home/bin/cargo" "+1.100.0-beta.1" "metadata" "--no-deps" "--format-version=1", kill_on_drop: false }`
[INFO] running `Command { std: "docker" "inspect" "b46bbf6f7fc29c6d2e994c111cfa060b386bad9266bf441806c04db72cac7159", kill_on_drop: false }`
[INFO] running `Command { std: "docker" "exec" "-e" "SOURCE_DIR=/opt/rustwide/workdir" "-e" "CARGO_HOME=/opt/rustwide/cargo-home" "-e" "RUSTUP_HOME=/opt/rustwide/rustup-home" "-e" "CARGO_TARGET_DIR=/opt/rustwide/target" "-e" "CARGO_INCREMENTAL=0" "-e" "RUST_BACKTRACE=full" "-e" "RUSTFLAGS=--cap-lints=warn" "-e" "RUSTDOCFLAGS=--cap-lints=warn" "-w" "/opt/rustwide/workdir" "--user" "0:0" "b46bbf6f7fc29c6d2e994c111cfa060b386bad9266bf441806c04db72cac7159" "/opt/rustwide/cargo-home/bin/cargo" "+1.100.0-beta.1" "build" "--frozen" "--message-format=json", kill_on_drop: false }`
[INFO] [stderr] warning: `package.homepage` is redundant with `package.repository`
[INFO] [stderr]    --> Cargo.toml:107:12
[INFO] [stderr]     |
[INFO] [stderr] 107 | homepage = "https://github.com/SubzeroLabs/rialo"
[INFO] [stderr]     |            ^^^^^^^^^^^^^^^^^^^^^^^^^^^^^^^^^^^^^^
[INFO] [stderr] ...
[INFO] [stderr] 112 | repository = "https://github.com/SubzeroLabs/rialo"
[INFO] [stderr]     |              --------------------------------------
[INFO] [stderr]     |
[INFO] [stderr]     = note: `cargo::redundant_homepage` is set to `warn` by default
[INFO] [stderr] help: consider removing `package.homepage`
[INFO] [stderr] warning: `rialo-rex-wasm-v1-loader-interface` (manifest) generated 1 warning
[INFO] [stderr]    Compiling autocfg v1.5.0
[INFO] [stderr]    Compiling five8_core v0.1.2
[INFO] [stderr]    Compiling bs58 v0.5.1
[INFO] [stderr]    Compiling rialo-sanitize v0.21.0-alpha.0
[INFO] [stderr]    Compiling rialo-atomic-u64 v0.21.0-alpha.0
[INFO] [stderr]    Compiling five8_const v0.1.4
[INFO] [stderr]    Compiling num-traits v0.2.19
[INFO] [stderr]    Compiling rialo-s-decode-error v0.21.0-alpha.0
[INFO] [stderr]    Compiling rialo-s-pubkey v0.21.0-alpha.0
[INFO] [stderr]    Compiling rialo-s-sdk-ids v0.21.0-alpha.0
[INFO] [stderr]    Compiling rialo-s-instruction v0.21.0-alpha.0
[INFO] [stderr]    Compiling rialo-rex-wasm-v1-loader-interface v0.21.0-alpha.0 (/opt/rustwide/workdir)
[INFO] [stderr] warning: unused dependency `rialo-s-instruction`
[INFO] [stderr]   --> Cargo.toml:16:15
[INFO] [stderr]    |
[INFO] [stderr] 16 | [dependencies.rialo-s-instruction]
[INFO] [stderr]    |               ^^^^^^^^^^^^^^^^^^^^
[INFO] [stderr]    |
[INFO] [stderr]    = note: `cargo::unused_dependencies` is set to `warn` by default
[INFO] [stderr] help: consider removing the dependency on `rialo-s-instruction`
[INFO] [stderr] warning: unused dependency `rialo-s-sdk-ids`
[INFO] [stderr]   --> Cargo.toml:25:15
[INFO] [stderr]    |
[INFO] [stderr] 25 | [dependencies.rialo-s-sdk-ids]
[INFO] [stderr]    |               ^^^^^^^^^^^^^^^^
[INFO] [stderr]    |
[INFO] [stderr] help: consider removing the dependency on `rialo-s-sdk-ids`
[INFO] [stderr] warning: `rialo-rex-wasm-v1-loader-interface` (manifest) generated 2 warnings
[INFO] [stderr]     Finished `dev` profile [unoptimized + debuginfo] target(s) in 2.29s
[INFO] running `Command { std: "docker" "inspect" "b46bbf6f7fc29c6d2e994c111cfa060b386bad9266bf441806c04db72cac7159", kill_on_drop: false }`
[INFO] running `Command { std: "docker" "exec" "-e" "SOURCE_DIR=/opt/rustwide/workdir" "-e" "CARGO_HOME=/opt/rustwide/cargo-home" "-e" "RUSTUP_HOME=/opt/rustwide/rustup-home" "-e" "CARGO_TARGET_DIR=/opt/rustwide/target" "-e" "CARGO_INCREMENTAL=0" "-e" "RUST_BACKTRACE=full" "-e" "RUSTFLAGS=--cap-lints=warn" "-e" "RUSTDOCFLAGS=--cap-lints=warn" "-w" "/opt/rustwide/workdir" "--user" "0:0" "b46bbf6f7fc29c6d2e994c111cfa060b386bad9266bf441806c04db72cac7159" "/opt/rustwide/cargo-home/bin/cargo" "+1.100.0-beta.1" "test" "--frozen" "--no-run" "--message-format=json", kill_on_drop: false }`
[INFO] [stderr] warning: `package.homepage` is redundant with `package.repository`
[INFO] [stderr]    --> Cargo.toml:107:12
[INFO] [stderr]     |
[INFO] [stderr] 107 | homepage = "https://github.com/SubzeroLabs/rialo"
[INFO] [stderr]     |            ^^^^^^^^^^^^^^^^^^^^^^^^^^^^^^^^^^^^^^
[INFO] [stderr] ...
[INFO] [stderr] 112 | repository = "https://github.com/SubzeroLabs/rialo"
[INFO] [stderr]     |              --------------------------------------
[INFO] [stderr]     |
[INFO] [stderr]     = note: `cargo::redundant_homepage` is set to `warn` by default
[INFO] [stderr] help: consider removing `package.homepage`
[INFO] [stderr] warning: `rialo-rex-wasm-v1-loader-interface` (manifest) generated 1 warning
[INFO] [stderr]    Compiling rialo-rex-wasm-v1-loader-interface v0.21.0-alpha.0 (/opt/rustwide/workdir)
[INFO] [stdout] error[E0432]: unresolved import `memoffset`
[INFO] [stdout]    --> src/state.rs:161:9
[INFO] [stdout]     |
[INFO] [stdout] 161 |     use memoffset::offset_of;
[INFO] [stdout]     |         ^^^^^^^^^ use of unresolved module or unlinked crate `memoffset`
[INFO] [stdout]     |
[INFO] [stdout]     = help: if you wanted to use a crate named `memoffset`, use `cargo add memoffset` to add it to your `Cargo.toml`
[INFO] [stdout] 
[INFO] [stdout] 
[INFO] [stdout] error[E0425]: cannot find function `id` in this scope
[INFO] [stdout]    --> src/instruction.rs:326:45
[INFO] [stdout]     |
[INFO] [stdout] 326 |         assert_eq!(instruction1.program_id, id());
[INFO] [stdout]     |                                             ^^ not found in this scope
[INFO] [stdout]     |
[INFO] [stdout] help: consider importing one of these functions
[INFO] [stdout]     |
[INFO] [stdout] 302 +     use crate::id;
[INFO] [stdout]     |
[INFO] [stdout] 302 +     use std::process::id;
[INFO] [stdout]     |
[INFO] [stdout] 
[INFO] [stdout] 
[INFO] [stdout] error[E0423]: cannot find function `write` in this scope
[INFO] [stdout]    --> src/instruction.rs:343:27
[INFO] [stdout]     |
[INFO] [stdout] 343 |         let instruction = write(&program, &authority, 123, vec![1, 2, 3, 4]);
[INFO] [stdout]     |                           ^^^^^ not found in this scope
[INFO] [stdout]     |
[INFO] [stdout]     = note: a macro named `write` exists in another namespace
[INFO] [stdout] help: use `!` to invoke the macro
[INFO] [stdout]     |
[INFO] [stdout] 343 |         let instruction = write!(&program, &authority, 123, vec![1, 2, 3, 4]);
[INFO] [stdout]     |                                +
[INFO] [stdout] help: consider importing one of these functions instead
[INFO] [stdout]     |
[INFO] [stdout] 302 +     use std::fmt::write;
[INFO] [stdout]     |
[INFO] [stdout] 302 +     use std::fs::write;
[INFO] [stdout]     |
[INFO] [stdout] 302 +     use std::ptr::write;
[INFO] [stdout]     |
[INFO] [stdout] 302 +     use core::fmt::write;
[INFO] [stdout]     |
[INFO] [stdout]     = and 1 other candidate
[INFO] [stdout] 
[INFO] [stdout] 
[INFO] [stdout] error[E0425]: cannot find function `id` in this scope
[INFO] [stdout]    --> src/instruction.rs:345:44
[INFO] [stdout]     |
[INFO] [stdout] 345 |         assert_eq!(instruction.program_id, id());
[INFO] [stdout]     |                                            ^^ not found in this scope
[INFO] [stdout]     |
[INFO] [stdout] help: consider importing one of these functions
[INFO] [stdout]     |
[INFO] [stdout] 302 +     use crate::id;
[INFO] [stdout]     |
[INFO] [stdout] 302 +     use std::process::id;
[INFO] [stdout]     |
[INFO] [stdout] 
[INFO] [stdout] 
[INFO] [stdout] error[E0425]: cannot find function `copy` in this scope
[INFO] [stdout]    --> src/instruction.rs:360:27
[INFO] [stdout]     |
[INFO] [stdout] 360 |         let instruction = copy(&program, &authority, &source, 1, 2, 3);
[INFO] [stdout]     |                           ^^^^ not found in this scope
[INFO] [stdout]     |
[INFO] [stdout] help: consider importing one of these functions
[INFO] [stdout]     |
[INFO] [stdout] 302 +     use std::fs::copy;
[INFO] [stdout]     |
[INFO] [stdout] 302 +     use std::io::copy;
[INFO] [stdout]     |
[INFO] [stdout] 302 +     use std::ptr::copy;
[INFO] [stdout]     |
[INFO] [stdout] 302 +     use core::ptr::copy;
[INFO] [stdout]     |
[INFO] [stdout] 
[INFO] [stdout] 
[INFO] [stdout] error[E0425]: cannot find function `id` in this scope
[INFO] [stdout]    --> src/instruction.rs:362:44
[INFO] [stdout]     |
[INFO] [stdout] 362 |         assert_eq!(instruction.program_id, id());
[INFO] [stdout]     |                                            ^^ not found in this scope
[INFO] [stdout]     |
[INFO] [stdout] help: consider importing one of these functions
[INFO] [stdout]     |
[INFO] [stdout] 302 +     use crate::id;
[INFO] [stdout]     |
[INFO] [stdout] 302 +     use std::process::id;
[INFO] [stdout]     |
[INFO] [stdout] 
[INFO] [stdout] 
[INFO] [stdout] error[E0425]: cannot find function `id` in this scope
[INFO] [stdout]    --> src/instruction.rs:382:44
[INFO] [stdout]     |
[INFO] [stdout] 382 |         assert_eq!(instruction.program_id, id());
[INFO] [stdout]     |                                            ^^ not found in this scope
[INFO] [stdout]     |
[INFO] [stdout] help: consider importing one of these functions
[INFO] [stdout]     |
[INFO] [stdout] 302 +     use crate::id;
[INFO] [stdout]     |
[INFO] [stdout] 302 +     use std::process::id;
[INFO] [stdout]     |
[INFO] [stdout] 
[INFO] [stdout] 
[INFO] [stdout] error[E0425]: cannot find function `id` in this scope
[INFO] [stdout]    --> src/instruction.rs:401:44
[INFO] [stdout]     |
[INFO] [stdout] 401 |         assert_eq!(instruction.program_id, id());
[INFO] [stdout]     |                                            ^^ not found in this scope
[INFO] [stdout]     |
[INFO] [stdout] help: consider importing one of these functions
[INFO] [stdout]     |
[INFO] [stdout] 302 +     use crate::id;
[INFO] [stdout]     |
[INFO] [stdout] 302 +     use std::process::id;
[INFO] [stdout]     |
[INFO] [stdout] 
[INFO] [stdout] 
[INFO] [stdout] error[E0425]: cannot find function `id` in this scope
[INFO] [stdout]    --> src/instruction.rs:418:44
[INFO] [stdout]     |
[INFO] [stdout] 418 |         assert_eq!(instruction.program_id, id());
[INFO] [stdout]     |                                            ^^ not found in this scope
[INFO] [stdout]     |
[INFO] [stdout] help: consider importing one of these functions
[INFO] [stdout]     |
[INFO] [stdout] 302 +     use crate::id;
[INFO] [stdout]     |
[INFO] [stdout] 302 +     use std::process::id;
[INFO] [stdout]     |
[INFO] [stdout] 
[INFO] [stdout] 
[INFO] [stdout] error[E0425]: cannot find function `id` in this scope
[INFO] [stdout]    --> src/instruction.rs:437:44
[INFO] [stdout]     |
[INFO] [stdout] 437 |         assert_eq!(instruction.program_id, id());
[INFO] [stdout]     |                                            ^^ not found in this scope
[INFO] [stdout]     |
[INFO] [stdout] help: consider importing one of these functions
[INFO] [stdout]     |
[INFO] [stdout] 302 +     use crate::id;
[INFO] [stdout]     |
[INFO] [stdout] 302 +     use std::process::id;
[INFO] [stdout]     |
[INFO] [stdout] 
[INFO] [stdout] 
[INFO] [stdout] error[E0425]: cannot find function `id` in this scope
[INFO] [stdout]    --> src/instruction.rs:454:44
[INFO] [stdout]     |
[INFO] [stdout] 454 |         assert_eq!(instruction.program_id, id());
[INFO] [stdout]     |                                            ^^ not found in this scope
[INFO] [stdout]     |
[INFO] [stdout] help: consider importing one of these functions
[INFO] [stdout]     |
[INFO] [stdout] 302 +     use crate::id;
[INFO] [stdout]     |
[INFO] [stdout] 302 +     use std::process::id;
[INFO] [stdout]     |
[INFO] [stdout] 
[INFO] [stdout] 
[INFO] [stdout] error[E0425]: cannot find function `id` in this scope
[INFO] [stdout]    --> src/instruction.rs:474:44
[INFO] [stdout]     |
[INFO] [stdout] 474 |         assert_eq!(instruction.program_id, id());
[INFO] [stdout]     |                                            ^^ not found in this scope
[INFO] [stdout]     |
[INFO] [stdout] help: consider importing one of these functions
[INFO] [stdout]     |
[INFO] [stdout] 302 +     use crate::id;
[INFO] [stdout]     |
[INFO] [stdout] 302 +     use std::process::id;
[INFO] [stdout]     |
[INFO] [stdout] 
[INFO] [stdout] 
[INFO] [stdout] error[E0433]: cannot find type `Pubkey` in this scope
[INFO] [stdout]    --> src/instruction.rs:308:21
[INFO] [stdout]     |
[INFO] [stdout] 308 |         let payer = Pubkey::new_unique();
[INFO] [stdout]     |                     ^^^^^^ use of undeclared type `Pubkey`
[INFO] [stdout] 
[INFO] [stdout] 
[INFO] [stdout] error[E0433]: cannot find type `Pubkey` in this scope
[INFO] [stdout]    --> src/instruction.rs:309:23
[INFO] [stdout]     |
[INFO] [stdout] 309 |         let program = Pubkey::new_unique();
[INFO] [stdout]     |                       ^^^^^^ use of undeclared type `Pubkey`
[INFO] [stdout] 
[INFO] [stdout] 
[INFO] [stdout] error[E0433]: cannot find type `Pubkey` in this scope
[INFO] [stdout]    --> src/instruction.rs:310:25
[INFO] [stdout]     |
[INFO] [stdout] 310 |         let authority = Pubkey::new_unique();
[INFO] [stdout]     |                         ^^^^^^ use of undeclared type `Pubkey`
[INFO] [stdout] 
[INFO] [stdout] 
[INFO] [stdout] error[E0433]: cannot find type `Pubkey` in this scope
[INFO] [stdout]    --> src/instruction.rs:311:25
[INFO] [stdout]     |
[INFO] [stdout] 311 |         let recipient = Pubkey::new_unique();
[INFO] [stdout]     |                         ^^^^^^ use of undeclared type `Pubkey`
[INFO] [stdout] 
[INFO] [stdout] 
[INFO] [stdout] error[E0425]: cannot find function `create_buffer` in this scope
[INFO] [stdout]    --> src/instruction.rs:312:28
[INFO] [stdout]     |
[INFO] [stdout] 312 |         let instructions = create_buffer(&payer, &program, 123, &authority, 10, &recipient);
[INFO] [stdout]     |                            ^^^^^^^^^^^^^ not found in this scope
[INFO] [stdout] 
[INFO] [stdout] 
[INFO] [stdout] error[E0433]: cannot find type `Pubkey` in this scope
[INFO] [stdout]    --> src/instruction.rs:341:23
[INFO] [stdout]     |
[INFO] [stdout] 341 |         let program = Pubkey::new_unique();
[INFO] [stdout]     |                       ^^^^^^ use of undeclared type `Pubkey`
[INFO] [stdout] 
[INFO] [stdout] 
[INFO] [stdout] error[E0433]: cannot find type `Pubkey` in this scope
[INFO] [stdout]    --> src/instruction.rs:342:25
[INFO] [stdout]     |
[INFO] [stdout] 342 |         let authority = Pubkey::new_unique();
[INFO] [stdout]     |                         ^^^^^^ use of undeclared type `Pubkey`
[INFO] [stdout] 
[INFO] [stdout] 
[INFO] [stdout] error[E0433]: cannot find type `Pubkey` in this scope
[INFO] [stdout]    --> src/instruction.rs:357:23
[INFO] [stdout]     |
[INFO] [stdout] 357 |         let program = Pubkey::new_unique();
[INFO] [stdout]     |                       ^^^^^^ use of undeclared type `Pubkey`
[INFO] [stdout] 
[INFO] [stdout] 
[INFO] [stdout] error[E0433]: cannot find type `Pubkey` in this scope
[INFO] [stdout]    --> src/instruction.rs:358:25
[INFO] [stdout]     |
[INFO] [stdout] 358 |         let authority = Pubkey::new_unique();
[INFO] [stdout]     |                         ^^^^^^ use of undeclared type `Pubkey`
[INFO] [stdout] 
[INFO] [stdout] 
[INFO] [stdout] error[E0433]: cannot find type `Pubkey` in this scope
[INFO] [stdout]    --> src/instruction.rs:359:22
[INFO] [stdout]     |
[INFO] [stdout] 359 |         let source = Pubkey::new_unique();
[INFO] [stdout]     |                      ^^^^^^ use of undeclared type `Pubkey`
[INFO] [stdout] 
[INFO] [stdout] 
[INFO] [stdout] error[E0433]: cannot find type `Pubkey` in this scope
[INFO] [stdout]    --> src/instruction.rs:377:23
[INFO] [stdout]     |
[INFO] [stdout] 377 |         let program = Pubkey::new_unique();
[INFO] [stdout]     |                       ^^^^^^ use of undeclared type `Pubkey`
[INFO] [stdout] 
[INFO] [stdout] 
[INFO] [stdout] error[E0433]: cannot find type `Pubkey` in this scope
[INFO] [stdout]    --> src/instruction.rs:378:25
[INFO] [stdout]     |
[INFO] [stdout] 378 |         let authority = Pubkey::new_unique();
[INFO] [stdout]     |                         ^^^^^^ use of undeclared type `Pubkey`
[INFO] [stdout] 
[INFO] [stdout] 
[INFO] [stdout] error[E0433]: cannot find type `Pubkey` in this scope
[INFO] [stdout]    --> src/instruction.rs:379:25
[INFO] [stdout]     |
[INFO] [stdout] 379 |         let recipient = Pubkey::new_unique();
[INFO] [stdout]     |                         ^^^^^^ use of undeclared type `Pubkey`
[INFO] [stdout] 
[INFO] [stdout] 
[INFO] [stdout] error[E0425]: cannot find function `set_program_length` in this scope
[INFO] [stdout]    --> src/instruction.rs:380:27
[INFO] [stdout]     |
[INFO] [stdout] 380 |         let instruction = set_program_length(&program, &authority, 10, &recipient);
[INFO] [stdout]     |                           ^^^^^^^^^^^^^^^^^^ not found in this scope
[INFO] [stdout] 
[INFO] [stdout] 
[INFO] [stdout] error[E0433]: cannot find type `Pubkey` in this scope
[INFO] [stdout]    --> src/instruction.rs:397:23
[INFO] [stdout]     |
[INFO] [stdout] 397 |         let program = Pubkey::new_unique();
[INFO] [stdout]     |                       ^^^^^^ use of undeclared type `Pubkey`
[INFO] [stdout] 
[INFO] [stdout] 
[INFO] [stdout] error[E0433]: cannot find type `Pubkey` in this scope
[INFO] [stdout]    --> src/instruction.rs:398:25
[INFO] [stdout]     |
[INFO] [stdout] 398 |         let authority = Pubkey::new_unique();
[INFO] [stdout]     |                         ^^^^^^ use of undeclared type `Pubkey`
[INFO] [stdout] 
[INFO] [stdout] 
[INFO] [stdout] error[E0425]: cannot find function `deploy` in this scope
[INFO] [stdout]    --> src/instruction.rs:399:27
[INFO] [stdout]     |
[INFO] [stdout] 399 |         let instruction = deploy(&program, &authority);
[INFO] [stdout]     |                           ^^^^^^ not found in this scope
[INFO] [stdout] 
[INFO] [stdout] 
[INFO] [stdout] error[E0433]: cannot find type `Pubkey` in this scope
[INFO] [stdout]    --> src/instruction.rs:413:23
[INFO] [stdout]     |
[INFO] [stdout] 413 |         let program = Pubkey::new_unique();
[INFO] [stdout]     |                       ^^^^^^ use of undeclared type `Pubkey`
[INFO] [stdout] 
[INFO] [stdout] 
[INFO] [stdout] error[E0433]: cannot find type `Pubkey` in this scope
[INFO] [stdout]    --> src/instruction.rs:414:25
[INFO] [stdout]     |
[INFO] [stdout] 414 |         let authority = Pubkey::new_unique();
[INFO] [stdout]     |                         ^^^^^^ use of undeclared type `Pubkey`
[INFO] [stdout] 
[INFO] [stdout] 
[INFO] [stdout] error[E0433]: cannot find type `Pubkey` in this scope
[INFO] [stdout]    --> src/instruction.rs:415:22
[INFO] [stdout]     |
[INFO] [stdout] 415 |         let source = Pubkey::new_unique();
[INFO] [stdout]     |                      ^^^^^^ use of undeclared type `Pubkey`
[INFO] [stdout] 
[INFO] [stdout] 
[INFO] [stdout] error[E0425]: cannot find function `deploy_from_source` in this scope
[INFO] [stdout]    --> src/instruction.rs:416:27
[INFO] [stdout]     |
[INFO] [stdout] 416 |         let instruction = deploy_from_source(&program, &authority, &source);
[INFO] [stdout]     |                           ^^^^^^^^^^^^^^^^^^ not found in this scope
[INFO] [stdout] 
[INFO] [stdout] 
[INFO] [stdout] error[E0433]: cannot find type `Pubkey` in this scope
[INFO] [stdout]    --> src/instruction.rs:433:23
[INFO] [stdout]     |
[INFO] [stdout] 433 |         let program = Pubkey::new_unique();
[INFO] [stdout]     |                       ^^^^^^ use of undeclared type `Pubkey`
[INFO] [stdout] 
[INFO] [stdout] 
[INFO] [stdout] error[E0433]: cannot find type `Pubkey` in this scope
[INFO] [stdout]    --> src/instruction.rs:434:25
[INFO] [stdout]     |
[INFO] [stdout] 434 |         let authority = Pubkey::new_unique();
[INFO] [stdout]     |                         ^^^^^^ use of undeclared type `Pubkey`
[INFO] [stdout] 
[INFO] [stdout] 
[INFO] [stdout] error[E0425]: cannot find function `retract` in this scope
[INFO] [stdout]    --> src/instruction.rs:435:27
[INFO] [stdout]     |
[INFO] [stdout] 435 |         let instruction = retract(&program, &authority);
[INFO] [stdout]     |                           ^^^^^^^ not found in this scope
[INFO] [stdout] 
[INFO] [stdout] 
[INFO] [stdout] error[E0433]: cannot find type `Pubkey` in this scope
[INFO] [stdout]    --> src/instruction.rs:449:23
[INFO] [stdout]     |
[INFO] [stdout] 449 |         let program = Pubkey::new_unique();
[INFO] [stdout]     |                       ^^^^^^ use of undeclared type `Pubkey`
[INFO] [stdout] 
[INFO] [stdout] 
[INFO] [stdout] error[E0433]: cannot find type `Pubkey` in this scope
[INFO] [stdout]    --> src/instruction.rs:450:25
[INFO] [stdout]     |
[INFO] [stdout] 450 |         let authority = Pubkey::new_unique();
[INFO] [stdout]     |                         ^^^^^^ use of undeclared type `Pubkey`
[INFO] [stdout] 
[INFO] [stdout] 
[INFO] [stdout] error[E0433]: cannot find type `Pubkey` in this scope
[INFO] [stdout]    --> src/instruction.rs:451:29
[INFO] [stdout]     |
[INFO] [stdout] 451 |         let new_authority = Pubkey::new_unique();
[INFO] [stdout]     |                             ^^^^^^ use of undeclared type `Pubkey`
[INFO] [stdout] 
[INFO] [stdout] 
[INFO] [stdout] error[E0425]: cannot find function `transfer_authority` in this scope
[INFO] [stdout]    --> src/instruction.rs:452:27
[INFO] [stdout]     |
[INFO] [stdout] 452 |         let instruction = transfer_authority(&program, &authority, &new_authority);
[INFO] [stdout]     |                           ^^^^^^^^^^^^^^^^^^ not found in this scope
[INFO] [stdout]     |
[INFO] [stdout] help: a local variable with a similar name exists
[INFO] [stdout]     |
[INFO] [stdout] 452 -         let instruction = transfer_authority(&program, &authority, &new_authority);
[INFO] [stdout] 452 +         let instruction = new_authority(&program, &authority, &new_authority);
[INFO] [stdout]     |
[INFO] [stdout] 
[INFO] [stdout] 
[INFO] [stdout] error[E0433]: cannot find type `Pubkey` in this scope
[INFO] [stdout]    --> src/instruction.rs:469:23
[INFO] [stdout]     |
[INFO] [stdout] 469 |         let program = Pubkey::new_unique();
[INFO] [stdout]     |                       ^^^^^^ use of undeclared type `Pubkey`
[INFO] [stdout] 
[INFO] [stdout] 
[INFO] [stdout] error[E0433]: cannot find type `Pubkey` in this scope
[INFO] [stdout]    --> src/instruction.rs:470:25
[INFO] [stdout]     |
[INFO] [stdout] 470 |         let authority = Pubkey::new_unique();
[INFO] [stdout]     |                         ^^^^^^ use of undeclared type `Pubkey`
[INFO] [stdout] 
[INFO] [stdout] 
[INFO] [stdout] error[E0433]: cannot find type `Pubkey` in this scope
[INFO] [stdout]    --> src/instruction.rs:471:28
[INFO] [stdout]     |
[INFO] [stdout] 471 |         let next_version = Pubkey::new_unique();
[INFO] [stdout]     |                            ^^^^^^ use of undeclared type `Pubkey`
[INFO] [stdout] 
[INFO] [stdout] 
[INFO] [stdout] error[E0425]: cannot find function `finalize` in this scope
[INFO] [stdout]    --> src/instruction.rs:472:27
[INFO] [stdout]     |
[INFO] [stdout] 472 |         let instruction = finalize(&program, &authority, &next_version);
[INFO] [stdout]     |                           ^^^^^^^^ not found in this scope
[INFO] [stdout] 
[INFO] [stdout] 
[INFO] [stdout] error[E0425]: cannot find function `create_single_program_payload` in this scope
[INFO] [stdout]    --> src/state.rs:186:23
[INFO] [stdout]     |
[INFO] [stdout] 186 |         let payload = create_single_program_payload(component);
[INFO] [stdout]     |                       ^^^^^^^^^^^^^^^^^^^^^^^^^^^^^ not found in this scope
[INFO] [stdout] 
[INFO] [stdout] 
[INFO] [stdout] error[E0308]: mismatched types
[INFO] [stdout]    --> src/state.rs:201:62
[INFO] [stdout]     |
[INFO] [stdout] 201 |         let payload = create_multi_program_payload(&[comp_a, comp_b]);
[INFO] [stdout]     |                                                              ^^^^^^ expected an array with a size of 17, found one with a size of 32
[INFO] [stdout] 
[INFO] [stdout] 
[INFO] [stdout] error[E0425]: cannot find function `create_multi_program_payload` in this scope
[INFO] [stdout]    --> src/state.rs:201:23
[INFO] [stdout]     |
[INFO] [stdout] 201 |         let payload = create_multi_program_payload(&[comp_a, comp_b]);
[INFO] [stdout]     |                       ^^^^^^^^^^^^^^^^^^^^^^^^^^^^ not found in this scope
[INFO] [stdout] 
[INFO] [stdout] 
[INFO] [stdout] error[E0425]: cannot find function `create_single_program_payload` in this scope
[INFO] [stdout]    --> src/state.rs:216:23
[INFO] [stdout]     |
[INFO] [stdout] 216 |         let payload = create_single_program_payload(component);
[INFO] [stdout]     |                       ^^^^^^^^^^^^^^^^^^^^^^^^^^^^^ not found in this scope
[INFO] [stdout] 
[INFO] [stdout] 
[INFO] [stdout] error[E0433]: cannot find module or crate `blake3` in this scope
[INFO] [stdout]    --> src/state.rs:219:29
[INFO] [stdout]     |
[INFO] [stdout] 219 |         let expected_hash = blake3::hash(component);
[INFO] [stdout]     |                             ^^^^^^ use of unresolved module or unlinked crate `blake3`
[INFO] [stdout]     |
[INFO] [stdout]     = help: if you wanted to use a crate named `blake3`, use `cargo add blake3` to add it to your `Cargo.toml`
[INFO] [stdout] 
[INFO] [stdout] 
[INFO] [stdout] Some errors have detailed explanations: E0308, E0423, E0425, E0432, E0433.
[INFO] [stdout] 
[INFO] [stdout] For more information about an error, try `rustc --explain E0308`.
[INFO] [stdout] 
[INFO] [stderr] error: could not compile `rialo-rex-wasm-v1-loader-interface` (lib test) due to 49 previous errors
[INFO] [stderr] warning: unused dependency `rialo-s-instruction`
[INFO] [stderr]   --> Cargo.toml:16:15
[INFO] [stderr]    |
[INFO] [stderr] 16 | [dependencies.rialo-s-instruction]
[INFO] [stderr]    |               ^^^^^^^^^^^^^^^^^^^^
[INFO] [stderr]    |
[INFO] [stderr]    = note: `cargo::unused_dependencies` is set to `warn` by default
[INFO] [stderr] help: consider removing the dependency on `rialo-s-instruction`
[INFO] [stderr] warning: unused dependency `rialo-s-sdk-ids`
[INFO] [stderr]   --> Cargo.toml:25:15
[INFO] [stderr]    |
[INFO] [stderr] 25 | [dependencies.rialo-s-sdk-ids]
[INFO] [stderr]    |               ^^^^^^^^^^^^^^^^
[INFO] [stderr]    |
[INFO] [stderr] help: consider removing the dependency on `rialo-s-sdk-ids`
[INFO] [stderr] help: to still use for development builds, move to `dev-dependencies`
[INFO] [stderr] warning: `rialo-rex-wasm-v1-loader-interface` (manifest) generated 2 warnings
[INFO] running `Command { std: "docker" "inspect" "b46bbf6f7fc29c6d2e994c111cfa060b386bad9266bf441806c04db72cac7159", kill_on_drop: false }`
[INFO] running `Command { std: "docker" "rm" "-f" "b46bbf6f7fc29c6d2e994c111cfa060b386bad9266bf441806c04db72cac7159", kill_on_drop: false }`
[INFO] [stdout] b46bbf6f7fc29c6d2e994c111cfa060b386bad9266bf441806c04db72cac7159
