[INFO] fetching crate rialo-rex-registry-interface 0.21.0-alpha.0...
[INFO] testing rialo-rex-registry-interface-0.21.0-alpha.0 against 1.100.0-beta.1 for beta-1.100-2
[INFO] extracting crate rialo-rex-registry-interface 0.21.0-alpha.0 into /workspace/builds/worker-0-tc2/source
[INFO] started tweaking crates.io crate rialo-rex-registry-interface 0.21.0-alpha.0
[INFO] finished tweaking crates.io crate rialo-rex-registry-interface 0.21.0-alpha.0
[INFO] tweaked toml for crates.io crate rialo-rex-registry-interface 0.21.0-alpha.0 written to /workspace/builds/worker-0-tc2/source/Cargo.toml
[INFO] validating manifest of crates.io crate rialo-rex-registry-interface 0.21.0-alpha.0 on toolchain 1.100.0-beta.1
[INFO] running `Command { std: CARGO_HOME="/workspace/cargo-home" RUSTUP_HOME="/workspace/rustup-home" "/workspace/cargo-home/bin/cargo" "+1.100.0-beta.1" "metadata" "--manifest-path" "Cargo.toml" "--no-deps", kill_on_drop: false }`
[INFO] crate crates.io crate rialo-rex-registry-interface 0.21.0-alpha.0 already has a lockfile, it will not be regenerated
[INFO] running `Command { std: CARGO_HOME="/workspace/cargo-home" RUSTUP_HOME="/workspace/rustup-home" "/workspace/cargo-home/bin/cargo" "+1.100.0-beta.1" "fetch" "--manifest-path" "Cargo.toml", kill_on_drop: false }`
[INFO] running `Command { std: "docker" "create" "-v" "/var/lib/crater-agent-workspace/builds/worker-0-tc2/source:/opt/rustwide/workdir:ro,Z" "-v" "/var/lib/crater-agent-workspace/builds/worker-0-tc2/target:/opt/rustwide/target:rw,Z" "-v" "/var/lib/crater-agent-workspace/cargo-home:/opt/rustwide/cargo-home:ro,Z" "-v" "/var/lib/crater-agent-workspace/rustup-home:/opt/rustwide/rustup-home:ro,Z" "-m" "1610612736" "--network" "none" "ghcr.io/rust-lang/crates-build-env/linux@sha256:3111399a4047eeb3a02b7a90e478d715f38a8c6669b5c4b49d30a17385265909" "sleep" "infinity", kill_on_drop: false }`
[INFO] [stdout] 68ba84c51cb4fff9685580dbecd1c3df9c0ea2fa63eeba426514149441cc2353
[INFO] running `Command { std: "docker" "start" "68ba84c51cb4fff9685580dbecd1c3df9c0ea2fa63eeba426514149441cc2353", kill_on_drop: false }`
[INFO] running `Command { std: "docker" "inspect" "68ba84c51cb4fff9685580dbecd1c3df9c0ea2fa63eeba426514149441cc2353", kill_on_drop: false }`
[INFO] running `Command { std: "docker" "exec" "-e" "SOURCE_DIR=/opt/rustwide/workdir" "-e" "CARGO_HOME=/opt/rustwide/cargo-home" "-e" "RUSTUP_HOME=/opt/rustwide/rustup-home" "-e" "CARGO_TARGET_DIR=/opt/rustwide/target" "-w" "/opt/rustwide/workdir" "--user" "0:0" "68ba84c51cb4fff9685580dbecd1c3df9c0ea2fa63eeba426514149441cc2353" "/opt/rustwide/cargo-home/bin/cargo" "+1.100.0-beta.1" "metadata" "--no-deps" "--format-version=1", kill_on_drop: false }`
[INFO] running `Command { std: "docker" "inspect" "68ba84c51cb4fff9685580dbecd1c3df9c0ea2fa63eeba426514149441cc2353", kill_on_drop: false }`
[INFO] running `Command { std: "docker" "exec" "-e" "SOURCE_DIR=/opt/rustwide/workdir" "-e" "CARGO_HOME=/opt/rustwide/cargo-home" "-e" "RUSTUP_HOME=/opt/rustwide/rustup-home" "-e" "CARGO_TARGET_DIR=/opt/rustwide/target" "-e" "CARGO_INCREMENTAL=0" "-e" "RUST_BACKTRACE=full" "-e" "RUSTFLAGS=--cap-lints=warn" "-e" "RUSTDOCFLAGS=--cap-lints=warn" "-w" "/opt/rustwide/workdir" "--user" "0:0" "68ba84c51cb4fff9685580dbecd1c3df9c0ea2fa63eeba426514149441cc2353" "/opt/rustwide/cargo-home/bin/cargo" "+1.100.0-beta.1" "build" "--frozen" "--message-format=json", kill_on_drop: false }`
[INFO] [stderr]    Compiling proc-macro2 v1.0.106
[INFO] [stderr]    Compiling unicode-ident v1.0.23
[INFO] [stderr]    Compiling quote v1.0.44
[INFO] [stderr]    Compiling typenum v1.19.0
[INFO] [stderr]    Compiling subtle v2.6.1
[INFO] [stderr]    Compiling serde_core v1.0.228
[INFO] [stderr]    Compiling const-oid v0.9.6
[INFO] [stderr]    Compiling serde v1.0.228
[INFO] [stderr]    Compiling hashbrown v0.16.1
[INFO] [stderr]    Compiling autocfg v1.5.0
[INFO] [stderr]    Compiling once_cell v1.21.3
[INFO] [stderr]    Compiling winnow v0.7.14
[INFO] [stderr]    Compiling generic-array v0.14.7
[INFO] [stderr]    Compiling toml_datetime v0.7.5+spec-1.1.0
[INFO] [stderr]    Compiling semver v1.0.27
[INFO] [stderr]    Compiling cfg_aliases v0.2.1
[INFO] [stderr]    Compiling bs58 v0.5.1
[INFO] [stderr]    Compiling borsh v1.6.0
[INFO] [stderr]    Compiling rialo-atomic-u64 v0.21.0-alpha.0
[INFO] [stderr]    Compiling bytemuck v1.25.0
[INFO] [stderr]    Compiling rialo-sanitize v0.21.0-alpha.0
[INFO] [stderr]    Compiling five8_core v0.1.2
[INFO] [stderr]    Compiling libc v0.2.180
[INFO] [stderr]    Compiling polkavm-common v0.26.0
[INFO] [stderr]    Compiling five8_const v0.1.4
[INFO] [stderr]    Compiling rustc_version v0.4.1
[INFO] [stderr]    Compiling find-msvc-tools v0.1.9
[INFO] [stderr]    Compiling shlex v1.3.0
[INFO] [stderr]    Compiling rialo-s-msg v0.21.0-alpha.0
[INFO] [stderr]    Compiling base16ct v0.2.0
[INFO] [stderr]    Compiling log v0.4.29
[INFO] [stderr]    Compiling num-traits v0.2.19
[INFO] [stderr]    Compiling arrayvec v0.7.6
[INFO] [stderr]    Compiling memoffset v0.9.1
[INFO] [stderr]    Compiling syn v1.0.109
[INFO] [stderr]    Compiling cc v1.2.55
[INFO] [stderr]    Compiling rustversion v1.0.22
[INFO] [stderr]    Compiling curve25519-dalek v4.1.3
[INFO] [stderr]    Compiling zmij v1.0.20
[INFO] [stderr]    Compiling tracing-core v0.1.36
[INFO] [stderr]    Compiling pin-project-lite v0.2.16
[INFO] [stderr]    Compiling serde_json v1.0.149
[INFO] [stderr]    Compiling heck v0.4.1
[INFO] [stderr]    Compiling rialo-s-native-token v0.21.0-alpha.0
[INFO] [stderr]    Compiling rialo-s-program-option v0.21.0-alpha.0
[INFO] [stderr]    Compiling anyhow v1.0.101
[INFO] [stderr]    Compiling syn v2.0.114
[INFO] [stderr]    Compiling foldhash v0.1.5
[INFO] [stderr]    Compiling itoa v1.0.17
[INFO] [stderr]    Compiling memchr v2.8.0
[INFO] [stderr]    Compiling static_assertions v1.1.0
[INFO] [stderr]    Compiling rialo-s-decode-error v0.21.0-alpha.0
[INFO] [stderr]    Compiling rialo-s-program-memory v0.21.0-alpha.0
[INFO] [stderr]    Compiling indexmap v2.13.0
[INFO] [stderr]    Compiling getrandom v0.2.17
[INFO] [stderr]    Compiling rand_core v0.6.4
[INFO] [stderr]    Compiling toml_parser v1.0.6+spec-1.1.0
[INFO] [stderr]    Compiling ff v0.13.1
[INFO] [stderr]    Compiling group v0.13.0
[INFO] [stderr]    Compiling toml_edit v0.23.10+spec-1.0.0
[INFO] [stderr]    Compiling blake3 v1.8.3
[INFO] [stderr]    Compiling proc-macro-crate v3.4.0
[INFO] [stderr]    Compiling bitflags v2.10.0
[INFO] [stderr]    Compiling strum_macros v0.24.3
[INFO] [stderr]    Compiling strum v0.24.1
[INFO] [stderr]    Compiling polkavm-derive-impl v0.26.0
[INFO] [stderr]    Compiling zeroize_derive v1.4.3
[INFO] [stderr]    Compiling serde_derive v1.0.228
[INFO] [stderr]    Compiling bytemuck_derive v1.10.2
[INFO] [stderr]    Compiling curve25519-dalek-derive v0.1.1
[INFO] [stderr]    Compiling borsh-derive v1.6.0
[INFO] [stderr]    Compiling thiserror-impl v1.0.69
[INFO] [stderr]    Compiling rialo-s-sdk-macro v0.21.0-alpha.0
[INFO] [stderr]    Compiling tracing-attributes v0.1.31
[INFO] [stderr]    Compiling rialo-events-derive v0.21.0-alpha.0
[INFO] [stderr]    Compiling rialo-cli-representable v0.21.0-alpha.0
[INFO] [stderr]    Compiling polkavm-derive-impl-macro v0.26.0
[INFO] [stderr]    Compiling polkavm-derive v0.26.0
[INFO] [stderr]    Compiling zeroize v1.8.2
[INFO] [stderr]    Compiling rialo-s-define-syscall v0.21.0-alpha.0
[INFO] [stderr]    Compiling der v0.7.10
[INFO] [stderr]    Compiling tracing v0.1.44
[INFO] [stderr]    Compiling thiserror v1.0.69
[INFO] [stderr]    Compiling crypto-common v0.1.7
[INFO] [stderr]    Compiling block-buffer v0.10.4
[INFO] [stderr]    Compiling crypto-bigint v0.5.5
[INFO] [stderr]    Compiling digest v0.10.7
[INFO] [stderr]    Compiling sha2 v0.10.9
[INFO] [stderr]    Compiling hmac v0.12.1
[INFO] [stderr]    Compiling signature v2.2.0
[INFO] [stderr]    Compiling sha3 v0.10.8
[INFO] [stderr]    Compiling rfc6979 v0.4.0
[INFO] [stderr]    Compiling x25519-dalek v2.0.1
[INFO] [stderr]    Compiling spki v0.7.3
[INFO] [stderr]    Compiling sec1 v0.7.3
[INFO] [stderr]    Compiling pkcs8 v0.10.2
[INFO] [stderr]    Compiling rialo-hash v0.21.0-alpha.0
[INFO] [stderr]    Compiling bincode v1.3.3
[INFO] [stderr]    Compiling rialo-s-fee-calculator v0.21.0-alpha.0
[INFO] [stderr]    Compiling rialo-s-short-vec v0.21.0-alpha.0
[INFO] [stderr]    Compiling rialo-shared-types v0.21.0-alpha.0
[INFO] [stderr]    Compiling serde-big-array v0.5.1
[INFO] [stderr]    Compiling rialo-tee-types v0.21.0-alpha.0
[INFO] [stderr]    Compiling rialo-cli-representation v0.21.0-alpha.0
[INFO] [stderr]    Compiling chrono v0.4.43
[INFO] [stderr]    Compiling rialo-s-sha256-hasher v0.21.0-alpha.0
[INFO] [stderr]    Compiling elliptic-curve v0.13.8
[INFO] [stderr]    Compiling rialo-s-keccak-hasher v0.21.0-alpha.0
[INFO] [stderr]    Compiling rialo-s-pubkey v0.21.0-alpha.0
[INFO] [stderr]    Compiling rialo-s-sdk-ids v0.21.0-alpha.0
[INFO] [stderr]    Compiling rialo-s-nonce v0.21.0-alpha.0
[INFO] [stderr]    Compiling rialo-limits v0.21.0-alpha.0
[INFO] [stderr]    Compiling rialo-s-instruction v0.21.0-alpha.0
[INFO] [stderr]    Compiling psmatcher v0.21.0-alpha.0
[INFO] [stderr]    Compiling rialo-s-sysvar-id v0.21.0-alpha.0
[INFO] [stderr]    Compiling rialo-s-clock v0.21.0-alpha.0
[INFO] [stderr]    Compiling rialo-s-epoch-schedule v0.21.0-alpha.0
[INFO] [stderr]    Compiling rialo-s-rent v0.21.0-alpha.0
[INFO] [stderr]    Compiling rialo-s-program-error v0.21.0-alpha.0
[INFO] [stderr]    Compiling rialo-s-bincode v0.21.0-alpha.0
[INFO] [stderr]    Compiling rialo-s-system-interface v0.21.0-alpha.0
[INFO] [stderr]    Compiling rialo-s-transaction-error v0.21.0-alpha.0
[INFO] [stderr]    Compiling rialo-s-serialize-utils v0.21.0-alpha.0
[INFO] [stderr]    Compiling rialo-s-stable-layout v0.21.0-alpha.0
[INFO] [stderr]    Compiling rialo-s-account-info v0.21.0-alpha.0
[INFO] [stderr]    Compiling ecdsa v0.16.9
[INFO] [stderr]    Compiling rialo-s-program-entrypoint v0.21.0-alpha.0
[INFO] [stderr]    Compiling rialo-s-cpi v0.21.0-alpha.0
[INFO] [stderr]    Compiling rialo-s-instructions-sysvar v0.21.0-alpha.0
[INFO] [stderr]    Compiling rialo-s-sysvar v0.21.0-alpha.0
[INFO] [stderr]    Compiling rialo-s-message v0.21.0-alpha.0
[INFO] [stderr]    Compiling k256 v0.13.4
[INFO] [stderr]    Compiling rialo-s-example-mocks v0.21.0-alpha.0
[INFO] [stderr]    Compiling rialo-s-secp256k1-recover v0.21.0-alpha.0
[INFO] [stderr]    Compiling rialo-s-program v0.21.0-alpha.0
[INFO] [stderr]    Compiling rialo-types v0.21.0-alpha.0
[INFO] [stderr]    Compiling rialo-events-core v0.21.0-alpha.0
[INFO] [stderr]    Compiling rialo-validator-registry-interface v0.21.0-alpha.0
[INFO] [stderr]    Compiling rialo-rex-processor-interface v0.21.0-alpha.0
[INFO] [stderr]    Compiling rialo-websocket-registry-interface v0.21.0-alpha.0
[INFO] [stderr]    Compiling rialo-rex-registry-interface v0.21.0-alpha.0 (/opt/rustwide/workdir)
[INFO] [stderr]     Finished `dev` profile [unoptimized + debuginfo] target(s) in 28.27s
[INFO] [stderr] warning: the following packages contain code that will be rejected by a future version of Rust: borsh v1.6.0
[INFO] [stderr] note: to see what the problems were, use the option `--future-incompat-report`, or run `cargo report future-incompatibilities --id 2`
[INFO] running `Command { std: "docker" "inspect" "68ba84c51cb4fff9685580dbecd1c3df9c0ea2fa63eeba426514149441cc2353", kill_on_drop: false }`
[INFO] running `Command { std: "docker" "exec" "-e" "SOURCE_DIR=/opt/rustwide/workdir" "-e" "CARGO_HOME=/opt/rustwide/cargo-home" "-e" "RUSTUP_HOME=/opt/rustwide/rustup-home" "-e" "CARGO_TARGET_DIR=/opt/rustwide/target" "-e" "CARGO_INCREMENTAL=0" "-e" "RUST_BACKTRACE=full" "-e" "RUSTFLAGS=--cap-lints=warn" "-e" "RUSTDOCFLAGS=--cap-lints=warn" "-w" "/opt/rustwide/workdir" "--user" "0:0" "68ba84c51cb4fff9685580dbecd1c3df9c0ea2fa63eeba426514149441cc2353" "/opt/rustwide/cargo-home/bin/cargo" "+1.100.0-beta.1" "test" "--frozen" "--no-run" "--message-format=json", kill_on_drop: false }`
[INFO] [stderr]    Compiling rialo-rex-registry-interface v0.21.0-alpha.0 (/opt/rustwide/workdir)
[INFO] [stdout] error[E0433]: cannot find module or crate `bincode` in this scope
[INFO] [stdout]    --> src/instruction.rs:289:13
[INFO] [stdout]     |
[INFO] [stdout] 289 |         use bincode::config::Options;
[INFO] [stdout]     |             ^^^^^^^ use of unresolved module or unlinked crate `bincode`
[INFO] [stdout]     |
[INFO] [stdout]     = help: if you wanted to use a crate named `bincode`, use `cargo add bincode` to add it to your `Cargo.toml`
[INFO] [stdout] 
[INFO] [stdout] 
[INFO] [stdout] error[E0433]: cannot find module or crate `bincode` in this scope
[INFO] [stdout]    --> src/instruction.rs:322:13
[INFO] [stdout]     |
[INFO] [stdout] 322 |         use bincode::config::Options;
[INFO] [stdout]     |             ^^^^^^^ use of unresolved module or unlinked crate `bincode`
[INFO] [stdout]     |
[INFO] [stdout]     = help: if you wanted to use a crate named `bincode`, use `cargo add bincode` to add it to your `Cargo.toml`
[INFO] [stdout] 
[INFO] [stdout] 
[INFO] [stdout] error[E0433]: cannot find module or crate `bincode` in this scope
[INFO] [stdout]    --> src/instruction.rs:198:13
[INFO] [stdout]     |
[INFO] [stdout] 198 |             bincode::deserialize(&instruction.data).unwrap();
[INFO] [stdout]     |             ^^^^^^^ use of unresolved module or unlinked crate `bincode`
[INFO] [stdout]     |
[INFO] [stdout]     = help: if you wanted to use a crate named `bincode`, use `cargo add bincode` to add it to your `Cargo.toml`
[INFO] [stdout] 
[INFO] [stdout] 
[INFO] [stdout] error[E0433]: cannot find module or crate `bincode` in this scope
[INFO] [stdout]    --> src/instruction.rs:257:13
[INFO] [stdout]     |
[INFO] [stdout] 257 |             bincode::deserialize(&instruction.data).unwrap();
[INFO] [stdout]     |             ^^^^^^^ use of unresolved module or unlinked crate `bincode`
[INFO] [stdout]     |
[INFO] [stdout]     = help: if you wanted to use a crate named `bincode`, use `cargo add bincode` to add it to your `Cargo.toml`
[INFO] [stdout] 
[INFO] [stdout] 
[INFO] [stdout] error[E0433]: cannot find module or crate `bincode` in this scope
[INFO] [stdout]    --> src/instruction.rs:274:13
[INFO] [stdout]     |
[INFO] [stdout] 274 |             bincode::deserialize(&deactivate_instruction.data).unwrap();
[INFO] [stdout]     |             ^^^^^^^ use of unresolved module or unlinked crate `bincode`
[INFO] [stdout]     |
[INFO] [stdout]     = help: if you wanted to use a crate named `bincode`, use `cargo add bincode` to add it to your `Cargo.toml`
[INFO] [stdout] 
[INFO] [stdout] 
[INFO] [stdout] error[E0433]: cannot find module or crate `bincode` in this scope
[INFO] [stdout]    --> src/instruction.rs:299:34
[INFO] [stdout]     |
[INFO] [stdout] 299 |         let default_serialized = bincode::serialize(&wasm).unwrap();
[INFO] [stdout]     |                                  ^^^^^^^ use of unresolved module or unlinked crate `bincode`
[INFO] [stdout]     |
[INFO] [stdout]     = help: if you wanted to use a crate named `bincode`, use `cargo add bincode` to add it to your `Cargo.toml`
[INFO] [stdout] 
[INFO] [stdout] 
[INFO] [stdout] error[E0433]: cannot find module or crate `bincode` in this scope
[INFO] [stdout]    --> src/instruction.rs:302:58
[INFO] [stdout]     |
[INFO] [stdout] 302 |         let fixint_result: Result<TargetRexProgram, _> = bincode::options()
[INFO] [stdout]     |                                                          ^^^^^^^ use of unresolved module or unlinked crate `bincode`
[INFO] [stdout]     |
[INFO] [stdout]     = help: if you wanted to use a crate named `bincode`, use `cargo add bincode` to add it to your `Cargo.toml`
[INFO] [stdout] 
[INFO] [stdout] 
[INFO] [stdout] error[E0433]: cannot find module or crate `bincode` in this scope
[INFO] [stdout]    --> src/instruction.rs:344:58
[INFO] [stdout]     |
[INFO] [stdout] 344 |         let decoded: Result<RexRegistryInstruction, _> = bincode::options()
[INFO] [stdout]     |                                                          ^^^^^^^ use of unresolved module or unlinked crate `bincode`
[INFO] [stdout]     |
[INFO] [stdout]     = help: if you wanted to use a crate named `bincode`, use `cargo add bincode` to add it to your `Cargo.toml`
[INFO] [stdout] 
[INFO] [stdout] 
[INFO] [stdout] For more information about this error, try `rustc --explain E0433`.
[INFO] [stdout] 
[INFO] [stderr] error: could not compile `rialo-rex-registry-interface` (lib test) due to 8 previous errors
[INFO] running `Command { std: "docker" "inspect" "68ba84c51cb4fff9685580dbecd1c3df9c0ea2fa63eeba426514149441cc2353", kill_on_drop: false }`
[INFO] running `Command { std: "docker" "rm" "-f" "68ba84c51cb4fff9685580dbecd1c3df9c0ea2fa63eeba426514149441cc2353", kill_on_drop: false }`
[INFO] [stdout] 68ba84c51cb4fff9685580dbecd1c3df9c0ea2fa63eeba426514149441cc2353
