[INFO] fetching crate rhiza-node 0.4.0...
[INFO] testing rhiza-node-0.4.0 against 1.99.0-beta.8 for beta-1.100-2
[INFO] extracting crate rhiza-node 0.4.0 into /workspace/builds/worker-4-tc1/source
[INFO] started tweaking crates.io crate rhiza-node 0.4.0
[INFO] removed 0 missing tests
[INFO] finished tweaking crates.io crate rhiza-node 0.4.0
[INFO] tweaked toml for crates.io crate rhiza-node 0.4.0 written to /workspace/builds/worker-4-tc1/source/Cargo.toml
[INFO] validating manifest of crates.io crate rhiza-node 0.4.0 on toolchain 1.99.0-beta.8
[INFO] running `Command { std: CARGO_HOME="/workspace/cargo-home" RUSTUP_HOME="/workspace/rustup-home" "/workspace/cargo-home/bin/cargo" "+1.99.0-beta.8" "metadata" "--manifest-path" "Cargo.toml" "--no-deps", kill_on_drop: false }`
[INFO] crate crates.io crate rhiza-node 0.4.0 already has a lockfile, it will not be regenerated
[INFO] running `Command { std: CARGO_HOME="/workspace/cargo-home" RUSTUP_HOME="/workspace/rustup-home" "/workspace/cargo-home/bin/cargo" "+1.99.0-beta.8" "fetch" "--manifest-path" "Cargo.toml", kill_on_drop: false }`
[INFO] [stderr]     Updating crates.io index
[INFO] [stderr]  Downloading crates ...
[INFO] [stderr]   Downloaded rustls-pki-types v1.15.0
[INFO] [stderr]   Downloaded embedded-io v0.6.1
[INFO] [stderr]   Downloaded embedded-io v0.4.0
[INFO] [stderr]   Downloaded wasm-bindgen-futures v0.4.76
[INFO] [stderr]   Downloaded hash32 v0.2.1
[INFO] [stderr]   Downloaded cobs v0.3.0
[INFO] [stderr]   Downloaded rhiza-log v0.3.0
[INFO] [stderr]   Downloaded atomic-polyfill v1.0.3
[INFO] [stderr]   Downloaded rhiza-obj-store v0.3.0
[INFO] [stderr]   Downloaded rsqlite-vfs v0.1.1
[INFO] [stderr]   Downloaded rhiza-core v0.3.0
[INFO] [stderr]   Downloaded hashlink v0.12.1
[INFO] [stderr]   Downloaded postcard v1.1.3
[INFO] [stderr]   Downloaded heapless v0.7.17
[INFO] [stderr]   Downloaded cc v1.2.67
[INFO] [stderr]   Downloaded aws-lc-rs v1.17.1
[INFO] [stderr]   Downloaded rhiza-quepaxa v0.3.0
[INFO] [stderr]   Downloaded either v1.16.0
[INFO] [stderr]   Downloaded spin v0.10.1
[INFO] [stderr]   Downloaded rhiza-kv v0.1.0
[INFO] [stderr]   Downloaded rhiza-sql v0.3.0
[INFO] [stderr]   Downloaded http v1.4.2
[INFO] [stderr]   Downloaded webpki-root-certs v1.0.8
[INFO] [stderr]   Downloaded rhiza-graph v0.2.0
[INFO] [stderr]   Downloaded uuid v1.23.5
[INFO] [stderr]   Downloaded time-macros v0.2.31
[INFO] [stderr]   Downloaded rusqlite v0.40.1
[INFO] [stderr]   Downloaded hyper v1.10.1
[INFO] [stderr]   Downloaded h2 v0.4.15
[INFO] [stderr]   Downloaded cxx-build v1.0.138
[INFO] [stderr]   Downloaded object_store v0.14.0
[INFO] [stderr]   Downloaded redb v4.1.0
[INFO] [stderr]   Downloaded time v0.3.53
[INFO] [stderr]   Downloaded rust_decimal v1.42.1
[INFO] [stderr]   Downloaded rustls v0.23.42
[INFO] [stderr]   Downloaded cxxbridge-macro v1.0.138
[INFO] [stderr]   Downloaded cxxbridge-flags v1.0.138
[INFO] [stderr]   Downloaded cxxbridge-cmd v1.0.138
[INFO] [stderr]   Downloaded rhiza-archive v0.3.0
[INFO] [stderr]   Downloaded yasna v0.6.0
[INFO] [stderr]   Downloaded bit-vec v0.9.1
[INFO] [stderr]   Downloaded rusticata-macros v4.1.0
[INFO] [stderr]   Downloaded oid-registry v0.8.1
[INFO] [stderr]   Downloaded asn1-rs-derive v0.6.0
[INFO] [stderr]   Downloaded rcgen v0.14.8
[INFO] [stderr]   Downloaded x509-parser v0.18.1
[INFO] [stderr]   Downloaded cxx v1.0.138
[INFO] [stderr]   Downloaded asn1-rs-impl v0.2.0
[INFO] [stderr]   Downloaded der-parser v10.0.0
[INFO] [stderr]   Downloaded pem v3.0.6
[INFO] [stderr]   Downloaded encode_unicode v0.3.6
[INFO] [stderr]   Downloaded asn1-rs v0.7.2
[INFO] [stderr]   Downloaded num-bigint v0.4.8
[INFO] [stderr]   Downloaded trait-variant v0.1.2
[INFO] [stderr]   Downloaded ssmarshal v1.0.0
[INFO] [stderr]   Downloaded postcard-derive v0.2.2
[INFO] [stderr]   Downloaded postcard-schema v0.2.5
[INFO] [stderr]   Downloaded maitake-sync v0.2.2
[INFO] [stderr]   Downloaded mutex-traits v1.0.1
[INFO] [stderr]   Downloaded loom v0.7.2
[INFO] [stderr]   Downloaded postcard-rpc v0.12.1
[INFO] [stderr]   Downloaded mycelium-bitfield v0.1.5
[INFO] [stderr]   Downloaded crc-fast v1.10.0
[INFO] [stderr]   Downloaded cordyceps v0.3.4
[INFO] [stderr]   Downloaded generator v0.8.9
[INFO] [stderr]   Downloaded heapless v0.9.3
[INFO] [stderr]   Downloaded regex-automata v0.4.15
[INFO] [stderr]   Downloaded libsqlite3-sys v0.38.1
[INFO] [stderr]   Downloaded sqlite-wasm-rs v0.5.5
[INFO] [stderr]   Downloaded aws-lc-sys v0.42.0
[INFO] [stderr]   Downloaded lbug v0.18.1
[INFO] running `Command { std: "docker" "create" "-v" "/var/lib/crater-agent-workspace/builds/worker-4-tc1/source:/opt/rustwide/workdir:ro,Z" "-v" "/var/lib/crater-agent-workspace/builds/worker-4-tc1/target:/opt/rustwide/target:rw,Z" "-v" "/var/lib/crater-agent-workspace/cargo-home:/opt/rustwide/cargo-home:ro,Z" "-v" "/var/lib/crater-agent-workspace/rustup-home:/opt/rustwide/rustup-home:ro,Z" "-m" "1610612736" "--network" "none" "ghcr.io/rust-lang/crates-build-env/linux@sha256:3111399a4047eeb3a02b7a90e478d715f38a8c6669b5c4b49d30a17385265909" "sleep" "infinity", kill_on_drop: false }`
[INFO] [stdout] 64999019ec29b2b41a3631ed8b1d8ef66dbc92d531cccf68cde2c324fb1b56ba
[INFO] running `Command { std: "docker" "start" "64999019ec29b2b41a3631ed8b1d8ef66dbc92d531cccf68cde2c324fb1b56ba", kill_on_drop: false }`
[INFO] running `Command { std: "docker" "inspect" "64999019ec29b2b41a3631ed8b1d8ef66dbc92d531cccf68cde2c324fb1b56ba", kill_on_drop: false }`
[INFO] running `Command { std: "docker" "exec" "-e" "SOURCE_DIR=/opt/rustwide/workdir" "-e" "CARGO_HOME=/opt/rustwide/cargo-home" "-e" "RUSTUP_HOME=/opt/rustwide/rustup-home" "-e" "CARGO_TARGET_DIR=/opt/rustwide/target" "-w" "/opt/rustwide/workdir" "--user" "0:0" "64999019ec29b2b41a3631ed8b1d8ef66dbc92d531cccf68cde2c324fb1b56ba" "/opt/rustwide/cargo-home/bin/cargo" "+1.99.0-beta.8" "metadata" "--no-deps" "--format-version=1", kill_on_drop: false }`
[INFO] running `Command { std: "docker" "inspect" "64999019ec29b2b41a3631ed8b1d8ef66dbc92d531cccf68cde2c324fb1b56ba", kill_on_drop: false }`
[INFO] running `Command { std: "docker" "exec" "-e" "SOURCE_DIR=/opt/rustwide/workdir" "-e" "CARGO_HOME=/opt/rustwide/cargo-home" "-e" "RUSTUP_HOME=/opt/rustwide/rustup-home" "-e" "CARGO_TARGET_DIR=/opt/rustwide/target" "-e" "CARGO_INCREMENTAL=0" "-e" "RUST_BACKTRACE=full" "-e" "RUSTFLAGS=--cap-lints=warn" "-e" "RUSTDOCFLAGS=--cap-lints=warn" "-w" "/opt/rustwide/workdir" "--user" "0:0" "64999019ec29b2b41a3631ed8b1d8ef66dbc92d531cccf68cde2c324fb1b56ba" "/opt/rustwide/cargo-home/bin/cargo" "+1.99.0-beta.8" "build" "--frozen" "--message-format=json", kill_on_drop: false }`
[INFO] [stderr]    Compiling quote v1.0.46
[INFO] [stderr]    Compiling libc v0.2.186
[INFO] [stderr]    Compiling pkg-config v0.3.33
[INFO] [stderr]    Compiling smallvec v1.15.2
[INFO] [stderr]    Compiling futures-sink v0.3.32
[INFO] [stderr]    Compiling dunce v1.0.5
[INFO] [stderr]    Compiling memchr v2.8.3
[INFO] [stderr]    Compiling fs_extra v1.3.0
[INFO] [stderr]    Compiling log v0.4.33
[INFO] [stderr]    Compiling foldhash v0.2.0
[INFO] [stderr]    Compiling http v1.4.2
[INFO] [stderr]    Compiling zeroize v1.9.0
[INFO] [stderr]    Compiling writeable v0.6.3
[INFO] [stderr]    Compiling litemap v0.8.2
[INFO] [stderr]    Compiling generic-array v0.14.7
[INFO] [stderr]    Compiling aws-lc-rs v1.17.1
[INFO] [stderr]    Compiling futures-channel v0.3.32
[INFO] [stderr]    Compiling futures-io v0.3.32
[INFO] [stderr]    Compiling futures-task v0.3.32
[INFO] [stderr]    Compiling hashbrown v0.17.1
[INFO] [stderr]    Compiling rustls-pki-types v1.15.0
[INFO] [stderr]    Compiling icu_normalizer_data v2.2.0
[INFO] [stderr]    Compiling icu_properties_data v2.2.0
[INFO] [stderr]    Compiling bitflags v2.13.0
[INFO] [stderr]    Compiling tower-service v0.3.3
[INFO] [stderr]    Compiling untrusted v0.9.0
[INFO] [stderr]    Compiling httparse v1.10.1
[INFO] [stderr]    Compiling zmij v1.0.23
[INFO] [stderr]    Compiling try-lock v0.2.5
[INFO] [stderr]    Compiling syn v2.0.118
[INFO] [stderr]    Compiling rustls v0.23.42
[INFO] [stderr]    Compiling want v0.3.1
[INFO] [stderr]    Compiling form_urlencoded v1.2.2
[INFO] [stderr]    Compiling sync_wrapper v1.0.2
[INFO] [stderr]    Compiling getrandom v0.4.3
[INFO] [stderr]    Compiling subtle v2.6.1
[INFO] [stderr]    Compiling httpdate v1.0.3
[INFO] [stderr]    Compiling tower-layer v0.3.3
[INFO] [stderr]    Compiling rand_core v0.10.1
[INFO] [stderr]    Compiling serde_json v1.0.150
[INFO] [stderr]    Compiling hybrid-array v0.4.13
[INFO] [stderr]    Compiling ipnet v2.12.0
[INFO] [stderr]    Compiling block-buffer v0.10.4
[INFO] [stderr]    Compiling crypto-common v0.1.7
[INFO] [stderr]    Compiling base64 v0.22.1
[INFO] [stderr]    Compiling openssl-probe v0.2.1
[INFO] [stderr]    Compiling nix v0.31.3
[INFO] [stderr]    Compiling ryu v1.0.23
[INFO] [stderr]    Compiling digest v0.10.7
[INFO] [stderr]    Compiling cpufeatures v0.3.0
[INFO] [stderr]    Compiling heapless v0.7.17
[INFO] [stderr]    Compiling rustls-native-certs v0.8.4
[INFO] [stderr]    Compiling chacha20 v0.10.1
[INFO] [stderr]    Compiling sha2 v0.10.9
[INFO] [stderr]    Compiling block-buffer v0.12.1
[INFO] [stderr]    Compiling crypto-common v0.2.2
[INFO] [stderr]    Compiling either v1.16.0
[INFO] [stderr]    Compiling byteorder v1.5.0
[INFO] [stderr]    Compiling indexmap v2.14.0
[INFO] [stderr]    Compiling spin v0.10.1
[INFO] [stderr]    Compiling itertools v0.15.0
[INFO] [stderr]    Compiling hash32 v0.2.1
[INFO] [stderr]    Compiling spin v0.9.9
[INFO] [stderr]    Compiling humantime v2.4.0
[INFO] [stderr]    Compiling http-body v1.1.0
[INFO] [stderr]    Compiling rustix v1.1.4
[INFO] [stderr]    Compiling crc-fast v1.10.0
[INFO] [stderr]    Compiling jobserver v0.1.35
[INFO] [stderr]    Compiling http-body-util v0.1.4
[INFO] [stderr]    Compiling hashlink v0.12.1
[INFO] [stderr]    Compiling fallible-iterator v0.3.0
[INFO] [stderr]    Compiling mime v0.3.17
[INFO] [stderr]    Compiling fallible-streaming-iterator v0.1.9
[INFO] [stderr]    Compiling serde_path_to_error v0.1.20
[INFO] [stderr]    Compiling cc v1.2.67
[INFO] [stderr]    Compiling matchit v0.8.4
[INFO] [stderr]    Compiling rustls-pemfile v2.2.0
[INFO] [stderr]    Compiling socket2 v0.6.5
[INFO] [stderr]    Compiling mio v1.2.2
[INFO] [stderr]    Compiling getrandom v0.2.17
[INFO] [stderr]    Compiling parking_lot_core v0.9.12
[INFO] [stderr]    Compiling getrandom v0.3.4
[INFO] [stderr]    Compiling rand v0.10.2
[INFO] [stderr]    Compiling parking_lot v0.12.5
[INFO] [stderr]    Compiling digest v0.11.3
[INFO] [stderr]    Compiling md-5 v0.11.0
[INFO] [stderr]    Compiling cmake v0.1.58
[INFO] [stderr]    Compiling aws-lc-sys v0.42.0
[INFO] [stderr]    Compiling ring v0.17.14
[INFO] [stderr]    Compiling libsqlite3-sys v0.38.1
[INFO] [stderr]    Compiling tempfile v3.27.0
[INFO] [stderr]    Compiling synstructure v0.13.2
[INFO] [stderr]    Compiling zerofrom-derive v0.1.7
[INFO] [stderr]    Compiling yoke-derive v0.8.2
[INFO] [stderr]    Compiling zerovec-derive v0.11.3
[INFO] [stderr]    Compiling displaydoc v0.2.6
[INFO] [stderr]    Compiling serde_derive v1.0.228
[INFO] [stderr]    Compiling tokio-macros v2.7.0
[INFO] [stderr]    Compiling tracing-attributes v0.1.31
[INFO] [stderr]    Compiling futures-macro v0.3.32
[INFO] [stderr]    Compiling thiserror-impl v2.0.18
[INFO] [stderr]    Compiling async-trait v0.1.89
[INFO] [stderr]    Compiling tokio v1.52.3
[INFO] [stderr]    Compiling futures-util v0.3.32
[INFO] [stderr]    Compiling zerofrom v0.1.8
[INFO] [stderr]    Compiling yoke v0.8.3
[INFO] [stderr]    Compiling zerovec v0.11.6
[INFO] [stderr]    Compiling zerotrie v0.2.4
[INFO] [stderr]    Compiling thiserror v2.0.18
[INFO] [stderr]    Compiling tracing v0.1.44
[INFO] [stderr]    Compiling cobs v0.3.0
[INFO] [stderr]    Compiling tinystr v0.8.3
[INFO] [stderr]    Compiling potential_utf v0.1.5
[INFO] [stderr]    Compiling axum-core v0.5.6
[INFO] [stderr]    Compiling icu_collections v2.2.0
[INFO] [stderr]    Compiling icu_locale_core v2.2.0
[INFO] [stderr]    Compiling serde v1.0.228
[INFO] [stderr]    Compiling icu_provider v2.2.0
[INFO] [stderr]    Compiling rhiza-core v0.3.0
[INFO] [stderr]    Compiling serde_urlencoded v0.7.1
[INFO] [stderr]    Compiling quick-xml v0.40.1
[INFO] [stderr]    Compiling chrono v0.4.45
[INFO] [stderr]    Compiling icu_properties v2.2.0
[INFO] [stderr]    Compiling icu_normalizer v2.2.0
[INFO] [stderr]    Compiling postcard v1.1.3
[INFO] [stderr]    Compiling rhiza-log v0.3.0
[INFO] [stderr]    Compiling rhiza-quepaxa v0.3.0
[INFO] [stderr]    Compiling idna_adapter v1.2.2
[INFO] [stderr]    Compiling idna v1.1.0
[INFO] [stderr]    Compiling url v2.5.8
[INFO] [stderr]    Compiling futures-executor v0.3.32
[INFO] [stderr]    Compiling futures v0.3.32
[INFO] [stderr]    Compiling tokio-util v0.7.18
[INFO] [stderr]    Compiling tower v0.5.3
[INFO] [stderr]    Compiling tower-http v0.6.11
[INFO] [stderr]    Compiling h2 v0.4.15
[INFO] [stderr]    Compiling rusqlite v0.40.1
[INFO] [stderr]    Compiling rhiza-sql v0.3.0
[INFO] [stderr]    Compiling hyper v1.10.1
[INFO] [stderr]    Compiling rustls-webpki v0.103.13
[INFO] [stderr]    Compiling hyper-util v0.1.20
[INFO] [stderr]    Compiling axum v0.8.9
[INFO] [stderr]    Compiling tokio-rustls v0.26.4
[INFO] [stderr]    Compiling rustls-platform-verifier v0.7.0
[INFO] [stderr]    Compiling hyper-rustls v0.27.9
[INFO] [stderr]    Compiling reqwest v0.13.4
[INFO] [stderr]    Compiling object_store v0.14.0
[INFO] [stderr]    Compiling rhiza-obj-store v0.3.0
[INFO] [stderr]    Compiling rhiza-archive v0.3.0
[INFO] [stderr]    Compiling rhiza-node v0.4.0 (/opt/rustwide/workdir)
[INFO] [stderr]     Finished `dev` profile [unoptimized + debuginfo] target(s) in 2m 38s
[INFO] running `Command { std: "docker" "inspect" "64999019ec29b2b41a3631ed8b1d8ef66dbc92d531cccf68cde2c324fb1b56ba", kill_on_drop: false }`
[INFO] running `Command { std: "docker" "exec" "-e" "SOURCE_DIR=/opt/rustwide/workdir" "-e" "CARGO_HOME=/opt/rustwide/cargo-home" "-e" "RUSTUP_HOME=/opt/rustwide/rustup-home" "-e" "CARGO_TARGET_DIR=/opt/rustwide/target" "-e" "CARGO_INCREMENTAL=0" "-e" "RUST_BACKTRACE=full" "-e" "RUSTFLAGS=--cap-lints=warn" "-e" "RUSTDOCFLAGS=--cap-lints=warn" "-w" "/opt/rustwide/workdir" "--user" "0:0" "64999019ec29b2b41a3631ed8b1d8ef66dbc92d531cccf68cde2c324fb1b56ba" "/opt/rustwide/cargo-home/bin/cargo" "+1.99.0-beta.8" "test" "--frozen" "--no-run" "--message-format=json", kill_on_drop: false }`
[INFO] [stderr]    Compiling time-core v0.1.9
[INFO] [stderr]    Compiling num-conv v0.2.2
[INFO] [stderr]    Compiling deranged v0.5.8
[INFO] [stderr]    Compiling powerfmt v0.2.0
[INFO] [stderr]    Compiling pem v3.0.6
[INFO] [stderr]    Compiling time v0.3.53
[INFO] [stderr]    Compiling yasna v0.6.0
[INFO] [stderr]    Compiling rcgen v0.14.8
[INFO] [stderr]    Compiling rhiza-node v0.4.0 (/opt/rustwide/workdir)
[INFO] [stderr] error: could not compile `rhiza-node` (test "durability")
[INFO] [stderr] 
[INFO] [stderr] Caused by:
[INFO] [stderr]   process didn't exit successfully: `/opt/rustwide/rustup-home/toolchains/1.99.0-beta.8-x86_64-unknown-linux-gnu/bin/rustc --crate-name durability --edition=2021 tests/durability.rs --error-format=json --json=diagnostic-rendered-ansi,artifacts,future-incompat --emit=dep-info,link -C embed-bitcode=no -C debuginfo=2 --test --cfg 'feature="default"' --cfg 'feature="sql"' --check-cfg 'cfg(docsrs,test)' --check-cfg 'cfg(feature, values("default", "graph", "kv", "recorder-postcard-rpc", "sql"))' -C metadata=437d84a1cd8b987f -C extra-filename=-ada359b25eaf2e99 --out-dir /opt/rustwide/target/debug/deps -L dependency=/opt/rustwide/target/debug/deps --extern axum=/opt/rustwide/target/debug/deps/libaxum-968c184efce334e1.rlib --extern postcard=/opt/rustwide/target/debug/deps/libpostcard-32b7aa1171625b14.rlib --extern rcgen=/opt/rustwide/target/debug/deps/librcgen-c1372d96a0aa18e6.rlib --extern reqwest=/opt/rustwide/target/debug/deps/libreqwest-65570023bd41cecc.rlib --extern rhiza_archive=/opt/rustwide/target/debug/deps/librhiza_archive-672d670735e5e76f.rlib --extern rhiza_core=/opt/rustwide/target/debug/deps/librhiza_core-19cefef428b0f872.rlib --extern rhiza_log=/opt/rustwide/target/debug/deps/librhiza_log-c8aff087b7b21a93.rlib --extern rhiza_node=/opt/rustwide/target/debug/deps/librhiza_node-ed7370b8fbc289f5.rlib --extern rhiza_obj_store=/opt/rustwide/target/debug/deps/librhiza_obj_store-57fb3c7bd10a95c8.rlib --extern rhiza_quepaxa=/opt/rustwide/target/debug/deps/librhiza_quepaxa-dd4e494715b90bec.rlib --extern rhiza_sql=/opt/rustwide/target/debug/deps/librhiza_sql-a59689b0619a91cd.rlib --extern rustls=/opt/rustwide/target/debug/deps/librustls-88f173c32e5bd866.rlib --extern rustls_pemfile=/opt/rustwide/target/debug/deps/librustls_pemfile-d38e445147a1c4a7.rlib --extern serde=/opt/rustwide/target/debug/deps/libserde-272034932f3f9122.rlib --extern serde_json=/opt/rustwide/target/debug/deps/libserde_json-ed9e7a3e7c37b3a7.rlib --extern tempfile=/opt/rustwide/target/debug/deps/libtempfile-5d9c6b01b005ae6d.rlib --extern tokio=/opt/rustwide/target/debug/deps/libtokio-01213b3ef1ff549b.rlib --extern tokio_rustls=/opt/rustwide/target/debug/deps/libtokio_rustls-03557c5b26394ae8.rlib --extern tower=/opt/rustwide/target/debug/deps/libtower-d60ddb440e24770f.rlib --cap-lints=warn -L native=/opt/rustwide/target/debug/build/ring-6d02bda483d5e778/out -L native=/opt/rustwide/target/debug/build/aws-lc-sys-901796a465b965b7/out -L native=/opt/rustwide/target/debug/build/libsqlite3-sys-6872f85f06aa4b34/out` (signal: 9, SIGKILL: kill)
[INFO] [stderr] warning: build failed, waiting for other jobs to finish...
[INFO] [stderr] error: could not compile `rhiza-node` (test "service")
[INFO] [stderr] 
[INFO] [stderr] Caused by:
[INFO] [stderr]   process didn't exit successfully: `/opt/rustwide/rustup-home/toolchains/1.99.0-beta.8-x86_64-unknown-linux-gnu/bin/rustc --crate-name service --edition=2021 tests/service.rs --error-format=json --json=diagnostic-rendered-ansi,artifacts,future-incompat --emit=dep-info,link -C embed-bitcode=no -C debuginfo=2 --test --cfg 'feature="default"' --cfg 'feature="sql"' --check-cfg 'cfg(docsrs,test)' --check-cfg 'cfg(feature, values("default", "graph", "kv", "recorder-postcard-rpc", "sql"))' -C metadata=a959347d2326dd18 -C extra-filename=-9b64d95ec58ab40c --out-dir /opt/rustwide/target/debug/deps -L dependency=/opt/rustwide/target/debug/deps --extern axum=/opt/rustwide/target/debug/deps/libaxum-968c184efce334e1.rlib --extern postcard=/opt/rustwide/target/debug/deps/libpostcard-32b7aa1171625b14.rlib --extern rcgen=/opt/rustwide/target/debug/deps/librcgen-c1372d96a0aa18e6.rlib --extern reqwest=/opt/rustwide/target/debug/deps/libreqwest-65570023bd41cecc.rlib --extern rhiza_archive=/opt/rustwide/target/debug/deps/librhiza_archive-672d670735e5e76f.rlib --extern rhiza_core=/opt/rustwide/target/debug/deps/librhiza_core-19cefef428b0f872.rlib --extern rhiza_log=/opt/rustwide/target/debug/deps/librhiza_log-c8aff087b7b21a93.rlib --extern rhiza_node=/opt/rustwide/target/debug/deps/librhiza_node-ed7370b8fbc289f5.rlib --extern rhiza_obj_store=/opt/rustwide/target/debug/deps/librhiza_obj_store-57fb3c7bd10a95c8.rlib --extern rhiza_quepaxa=/opt/rustwide/target/debug/deps/librhiza_quepaxa-dd4e494715b90bec.rlib --extern rhiza_sql=/opt/rustwide/target/debug/deps/librhiza_sql-a59689b0619a91cd.rlib --extern rustls=/opt/rustwide/target/debug/deps/librustls-88f173c32e5bd866.rlib --extern rustls_pemfile=/opt/rustwide/target/debug/deps/librustls_pemfile-d38e445147a1c4a7.rlib --extern serde=/opt/rustwide/target/debug/deps/libserde-272034932f3f9122.rlib --extern serde_json=/opt/rustwide/target/debug/deps/libserde_json-ed9e7a3e7c37b3a7.rlib --extern tempfile=/opt/rustwide/target/debug/deps/libtempfile-5d9c6b01b005ae6d.rlib --extern tokio=/opt/rustwide/target/debug/deps/libtokio-01213b3ef1ff549b.rlib --extern tokio_rustls=/opt/rustwide/target/debug/deps/libtokio_rustls-03557c5b26394ae8.rlib --extern tower=/opt/rustwide/target/debug/deps/libtower-d60ddb440e24770f.rlib --cap-lints=warn -L native=/opt/rustwide/target/debug/build/ring-6d02bda483d5e778/out -L native=/opt/rustwide/target/debug/build/aws-lc-sys-901796a465b965b7/out -L native=/opt/rustwide/target/debug/build/libsqlite3-sys-6872f85f06aa4b34/out` (signal: 9, SIGKILL: kill)
[INFO] [stderr] error: could not compile `rhiza-node` (test "recorder_tcp")
[INFO] [stderr] 
[INFO] [stderr] Caused by:
[INFO] [stderr]   process didn't exit successfully: `/opt/rustwide/rustup-home/toolchains/1.99.0-beta.8-x86_64-unknown-linux-gnu/bin/rustc --crate-name recorder_tcp --edition=2021 tests/recorder_tcp.rs --error-format=json --json=diagnostic-rendered-ansi,artifacts,future-incompat --emit=dep-info,link -C embed-bitcode=no -C debuginfo=2 --test --cfg 'feature="default"' --cfg 'feature="sql"' --check-cfg 'cfg(docsrs,test)' --check-cfg 'cfg(feature, values("default", "graph", "kv", "recorder-postcard-rpc", "sql"))' -C metadata=08477258813ac844 -C extra-filename=-8cd1144a72169f65 --out-dir /opt/rustwide/target/debug/deps -L dependency=/opt/rustwide/target/debug/deps --extern axum=/opt/rustwide/target/debug/deps/libaxum-968c184efce334e1.rlib --extern postcard=/opt/rustwide/target/debug/deps/libpostcard-32b7aa1171625b14.rlib --extern rcgen=/opt/rustwide/target/debug/deps/librcgen-c1372d96a0aa18e6.rlib --extern reqwest=/opt/rustwide/target/debug/deps/libreqwest-65570023bd41cecc.rlib --extern rhiza_archive=/opt/rustwide/target/debug/deps/librhiza_archive-672d670735e5e76f.rlib --extern rhiza_core=/opt/rustwide/target/debug/deps/librhiza_core-19cefef428b0f872.rlib --extern rhiza_log=/opt/rustwide/target/debug/deps/librhiza_log-c8aff087b7b21a93.rlib --extern rhiza_node=/opt/rustwide/target/debug/deps/librhiza_node-ed7370b8fbc289f5.rlib --extern rhiza_obj_store=/opt/rustwide/target/debug/deps/librhiza_obj_store-57fb3c7bd10a95c8.rlib --extern rhiza_quepaxa=/opt/rustwide/target/debug/deps/librhiza_quepaxa-dd4e494715b90bec.rlib --extern rhiza_sql=/opt/rustwide/target/debug/deps/librhiza_sql-a59689b0619a91cd.rlib --extern rustls=/opt/rustwide/target/debug/deps/librustls-88f173c32e5bd866.rlib --extern rustls_pemfile=/opt/rustwide/target/debug/deps/librustls_pemfile-d38e445147a1c4a7.rlib --extern serde=/opt/rustwide/target/debug/deps/libserde-272034932f3f9122.rlib --extern serde_json=/opt/rustwide/target/debug/deps/libserde_json-ed9e7a3e7c37b3a7.rlib --extern tempfile=/opt/rustwide/target/debug/deps/libtempfile-5d9c6b01b005ae6d.rlib --extern tokio=/opt/rustwide/target/debug/deps/libtokio-01213b3ef1ff549b.rlib --extern tokio_rustls=/opt/rustwide/target/debug/deps/libtokio_rustls-03557c5b26394ae8.rlib --extern tower=/opt/rustwide/target/debug/deps/libtower-d60ddb440e24770f.rlib --cap-lints=warn -L native=/opt/rustwide/target/debug/build/ring-6d02bda483d5e778/out -L native=/opt/rustwide/target/debug/build/aws-lc-sys-901796a465b965b7/out -L native=/opt/rustwide/target/debug/build/libsqlite3-sys-6872f85f06aa4b34/out` (signal: 9, SIGKILL: kill)
[INFO] [stderr] error: could not compile `rhiza-node` (lib test)
[INFO] [stderr] 
[INFO] [stderr] Caused by:
[INFO] [stderr]   process didn't exit successfully: `/opt/rustwide/rustup-home/toolchains/1.99.0-beta.8-x86_64-unknown-linux-gnu/bin/rustc --crate-name rhiza_node --edition=2021 src/lib.rs --error-format=json --json=diagnostic-rendered-ansi,artifacts,future-incompat --emit=dep-info,link -C embed-bitcode=no -C debuginfo=2 --test --cfg 'feature="default"' --cfg 'feature="sql"' --check-cfg 'cfg(docsrs,test)' --check-cfg 'cfg(feature, values("default", "graph", "kv", "recorder-postcard-rpc", "sql"))' -C metadata=d7701d1ae260dbe6 -C extra-filename=-9de6b94dca6c6d79 --out-dir /opt/rustwide/target/debug/deps -L dependency=/opt/rustwide/target/debug/deps --extern axum=/opt/rustwide/target/debug/deps/libaxum-968c184efce334e1.rlib --extern postcard=/opt/rustwide/target/debug/deps/libpostcard-32b7aa1171625b14.rlib --extern rcgen=/opt/rustwide/target/debug/deps/librcgen-c1372d96a0aa18e6.rlib --extern reqwest=/opt/rustwide/target/debug/deps/libreqwest-65570023bd41cecc.rlib --extern rhiza_archive=/opt/rustwide/target/debug/deps/librhiza_archive-672d670735e5e76f.rlib --extern rhiza_core=/opt/rustwide/target/debug/deps/librhiza_core-19cefef428b0f872.rlib --extern rhiza_log=/opt/rustwide/target/debug/deps/librhiza_log-c8aff087b7b21a93.rlib --extern rhiza_obj_store=/opt/rustwide/target/debug/deps/librhiza_obj_store-57fb3c7bd10a95c8.rlib --extern rhiza_quepaxa=/opt/rustwide/target/debug/deps/librhiza_quepaxa-dd4e494715b90bec.rlib --extern rhiza_sql=/opt/rustwide/target/debug/deps/librhiza_sql-a59689b0619a91cd.rlib --extern rustls=/opt/rustwide/target/debug/deps/librustls-88f173c32e5bd866.rlib --extern rustls_pemfile=/opt/rustwide/target/debug/deps/librustls_pemfile-d38e445147a1c4a7.rlib --extern serde=/opt/rustwide/target/debug/deps/libserde-272034932f3f9122.rlib --extern serde_json=/opt/rustwide/target/debug/deps/libserde_json-ed9e7a3e7c37b3a7.rlib --extern tempfile=/opt/rustwide/target/debug/deps/libtempfile-5d9c6b01b005ae6d.rlib --extern tokio=/opt/rustwide/target/debug/deps/libtokio-01213b3ef1ff549b.rlib --extern tokio_rustls=/opt/rustwide/target/debug/deps/libtokio_rustls-03557c5b26394ae8.rlib --extern tower=/opt/rustwide/target/debug/deps/libtower-d60ddb440e24770f.rlib --cap-lints=warn -L native=/opt/rustwide/target/debug/build/ring-6d02bda483d5e778/out -L native=/opt/rustwide/target/debug/build/aws-lc-sys-901796a465b965b7/out -L native=/opt/rustwide/target/debug/build/libsqlite3-sys-6872f85f06aa4b34/out` (signal: 9, SIGKILL: kill)
[INFO] [stderr] error: could not compile `rhiza-node` (test "contracts")
[INFO] [stderr] 
[INFO] [stderr] Caused by:
[INFO] [stderr]   process didn't exit successfully: `/opt/rustwide/rustup-home/toolchains/1.99.0-beta.8-x86_64-unknown-linux-gnu/bin/rustc --crate-name contracts --edition=2021 tests/contracts.rs --error-format=json --json=diagnostic-rendered-ansi,artifacts,future-incompat --emit=dep-info,link -C embed-bitcode=no -C debuginfo=2 --test --cfg 'feature="default"' --cfg 'feature="sql"' --check-cfg 'cfg(docsrs,test)' --check-cfg 'cfg(feature, values("default", "graph", "kv", "recorder-postcard-rpc", "sql"))' -C metadata=37dc2c8faca9d5bb -C extra-filename=-0da1d26135b70ec4 --out-dir /opt/rustwide/target/debug/deps -L dependency=/opt/rustwide/target/debug/deps --extern axum=/opt/rustwide/target/debug/deps/libaxum-968c184efce334e1.rlib --extern postcard=/opt/rustwide/target/debug/deps/libpostcard-32b7aa1171625b14.rlib --extern rcgen=/opt/rustwide/target/debug/deps/librcgen-c1372d96a0aa18e6.rlib --extern reqwest=/opt/rustwide/target/debug/deps/libreqwest-65570023bd41cecc.rlib --extern rhiza_archive=/opt/rustwide/target/debug/deps/librhiza_archive-672d670735e5e76f.rlib --extern rhiza_core=/opt/rustwide/target/debug/deps/librhiza_core-19cefef428b0f872.rlib --extern rhiza_log=/opt/rustwide/target/debug/deps/librhiza_log-c8aff087b7b21a93.rlib --extern rhiza_node=/opt/rustwide/target/debug/deps/librhiza_node-ed7370b8fbc289f5.rlib --extern rhiza_obj_store=/opt/rustwide/target/debug/deps/librhiza_obj_store-57fb3c7bd10a95c8.rlib --extern rhiza_quepaxa=/opt/rustwide/target/debug/deps/librhiza_quepaxa-dd4e494715b90bec.rlib --extern rhiza_sql=/opt/rustwide/target/debug/deps/librhiza_sql-a59689b0619a91cd.rlib --extern rustls=/opt/rustwide/target/debug/deps/librustls-88f173c32e5bd866.rlib --extern rustls_pemfile=/opt/rustwide/target/debug/deps/librustls_pemfile-d38e445147a1c4a7.rlib --extern serde=/opt/rustwide/target/debug/deps/libserde-272034932f3f9122.rlib --extern serde_json=/opt/rustwide/target/debug/deps/libserde_json-ed9e7a3e7c37b3a7.rlib --extern tempfile=/opt/rustwide/target/debug/deps/libtempfile-5d9c6b01b005ae6d.rlib --extern tokio=/opt/rustwide/target/debug/deps/libtokio-01213b3ef1ff549b.rlib --extern tokio_rustls=/opt/rustwide/target/debug/deps/libtokio_rustls-03557c5b26394ae8.rlib --extern tower=/opt/rustwide/target/debug/deps/libtower-d60ddb440e24770f.rlib --cap-lints=warn -L native=/opt/rustwide/target/debug/build/ring-6d02bda483d5e778/out -L native=/opt/rustwide/target/debug/build/aws-lc-sys-901796a465b965b7/out -L native=/opt/rustwide/target/debug/build/libsqlite3-sys-6872f85f06aa4b34/out` (signal: 9, SIGKILL: kill)
[INFO] [stdout] error: linking with `cc` failed: exit status: 1
[INFO] [stdout]   |
[INFO] [stdout]   = note:  "cc" "-m64" "/opt/rustwide/target/debug/deps/rustcSMgZaW/symbols.o" "<6 object files omitted>" "-Wl,--as-needed" "-Wl,-Bstatic" "<sysroot>/lib/rustlib/x86_64-unknown-linux-gnu/lib/{libtest-*,libgetopts-*,librustc_std_workspace_std-*}.rlib" "/opt/rustwide/target/debug/deps/{librhiza_node-ed7370b8fbc289f5,librustls_pemfile-d38e445147a1c4a7,librhiza_sql-a59689b0619a91cd,libpostcard-32b7aa1171625b14,libheapless-fdebfc597c47e7eb,libspin-e1709df14fd58c1c,libhash32-fb250d4613ebc190,libbyteorder-9f6ac6743e38a88c,libcobs-6ed1532ded777476,libtempfile-5d9c6b01b005ae6d,libfastrand-8c711c36072d5b5b,librustix-02d97837cd9bd231,liblinux_raw_sys-0b6cde911e9a3109,librusqlite-10c7ee25327df12e,libhashlink-152848b6498ae138,liblibsqlite3_sys-46b48ac8f5335e5a,libfallible_streaming_iterator-4b12442690f53239,libfallible_iterator-6e888fb96d72e3e0,librhiza_quepaxa-dd4e494715b90bec,libgetrandom-cc909a37ddc04352,libaxum-968c184efce334e1,libserde_path_to_error-c825e559883fa087,libmatchit-9aa922efa503b546,libaxum_core-4a5c12d88fb2828f,libmime-0188e0814ca7ddbf,librhiza_archive-672d670735e5e76f,librhiza_obj_store-57fb3c7bd10a95c8,libobject_store-2a52cc6e7be7fc13,libserde_urlencoded-71afcee95c3f66d2,libryu-1f4f40e4352371e5,libnix-b7b81a4f6b334e5d,libcrc_fast-ebddabb4bca03d20,libhumantime-3655dba90411f1bd,libthiserror-c87dffb594157b3e,libreqwest-65570023bd41cecc,librustls_platform_verifier-835e1e852d96d978,librustls_native_certs-e85883189c7b58e6,libopenssl_probe-6b1b371432012237,libhyper_rustls-08f47fbe03c0fd13,libtokio_rustls-03557c5b26394ae8,librustls-88f173c32e5bd866,libsubtle-2ae6a7038b9a0630,libwebpki-bcf99c2cd624c1cf,libaws_lc_rs-ab95a4b9e09c55a4,libaws_lc_sys-51522b17b945a630,libring-1ba23579725e2612,libgetrandom-b2e86ac94e686071,libuntrusted-b2f816886faf2178,librustls_pki_types-89bafef9e014889a,libzeroize-37b2a6e0a2742c6a,libserde_json-ed9e7a3e7c37b3a7,libzmij-2ca2f302097868c6,libtower_http-3062ca9ea61fb847,libbitflags-4d66d68843710487,libtower-d60ddb440e24770f,libtower_layer-d908dd771b239ecd,libhyper_util-8d3a46f08ef2236d,libipnet-61ca7a5e1c2863d4,libtower_service-3fb88d28c2218805,libhyper-14e11f05707158fd,libwant-7a6260b9c50f1479,libtry_lock-8fa2f6971035be84,libhttparse-8c9b827b8f345444,libh2-b79cd1242403ad79,libindexmap-65055764f9b3adb3,libequivalent-6a754676e6af62ae,libhashbrown-daa42fe27bea3816,libfoldhash-3b780c428974a407,libfnv-79e2cbfbe03dcd16,libatomic_waker-06950c8c08d2b8fa,libhttpdate-331798cefc82cc7e,libtokio_util-06fff9a587938707,libhttp_body_util-312086a21f627566,libhttp_body-99e0ee248f7a5d3b,libsync_wrapper-6bdfbc29c4269203,libwalkdir-7cc6f300a6f0bf06,libsame_file-ff49545450c0b63c,libparking_lot-b2d287d28592fa3c,libparking_lot_core-fa817c741218922c,liblock_api-16d46fed645f7bff,libscopeguard-7ec2214574194454,libtokio-01213b3ef1ff549b,libsocket2-9e86ec17d3350c01,libmio-f8e6688f6409184d,librand-5e42c00a95b3d727,libgetrandom-30cee2347d113cf0,liblibc-177b4b632c025eff,libchacha20-e4b0a29c0ef77b5a,libcpufeatures-6c1f78f4142e3013,librand_core-8437d288e8d1265c,libchrono-913ee82a06a4b216,libiana_time_zone-bcd81aefedc374a6,libnum_traits-040817c80e4d7434,libquick_xml-386c951074bc5bda,libtracing-1011246d590db066,liblog-64a74e931fbdff63,libtracing_core-89b602bc4a7d7f8a,libonce_cell-b5bdc597ed9676b3,libmd5-d68a2afac719bdc0,libdigest-5f08e722d99d6224,libcrypto_common-75984ed5c0f85c3a,libblock_buffer-fe90de4d1af458b0,libhybrid_array-5c0e7ce008d0e7e3,libitertools-cc52b5dc9080710e,libeither-21143ee48619ce75,libbase64-32787b0325ea6df8,liburl-af4fd49db46f257a,libidna-bea5ef071bc07cd0,libidna_adapter-70350b72b4ad044b,libicu_properties-4ddc08a49a8e9d11,libicu_properties_data-e6cf238fc98dd59d,libicu_normalizer-6ea4c2d8b3ad9012,libsmallvec-3e75e18e66140be0,libicu_normalizer_data-8fea05bee0bb4e49,libicu_collections-d97ef5a36c81bc7c,libutf8_iter-51566bbad89f3a68,libpotential_utf-579c7637db1b1b1f,libicu_provider-337d0cfde5f21791,libicu_locale_core-b8bf0404759a40e5,libtinystr-2ffcd29900d38280,liblitemap-dc288f07f8f61193,libwriteable-48b3e52227924bb5,libzerovec-506e8a8f02a6d7c1,libzerotrie-3019fd812f81190c,libyoke-82d80b75b1bece8d,libstable_deref_trait-63cbf3f3d3f94e56,libzerofrom-45b0d4c4e399d17c,libform_urlencoded-58b0f0edb59b40d2,libpercent_encoding-fa055ecaa1e57cfa,libhttp-2ce7374fddd0469c,libitoa-5de11b3b23bfe572,libfutures-98e0b9d81befaba1,libfutures_executor-3724ace090a57e5c,libfutures_util-9a08f67b5dbd12a7,libmemchr-a932478bde794617,libfutures_io-a8805bd12b2ab705,libslab-0582d648e59ab406,libfutures_channel-04b287164a72dbf0,libpin_project_lite-0a15d51c77964692,libfutures_sink-3971bde37bb30e19,libfutures_task-36f327cfab86eddc,libfutures_core-1121ff913ed87f93,libbytes-5f66263ae3d5daa8,librhiza_log-c8aff087b7b21a93,librhiza_core-19cefef428b0f872,libserde-272034932f3f9122,libserde_core-9c6a4a1faf3c1a34,libsha2-523a98bec679a759,libcpufeatures-e04321643d03190d,libcfg_if-83060ec5685761ae,libdigest-95f71ee2e5bc4751,libblock_buffer-2a52351ae749aaa6,libcrypto_common-4bec392eb03e7564,libgeneric_array-db891871e5606a95,libtypenum-8cba24ab4904c632}.rlib" "<sysroot>/lib/rustlib/x86_64-unknown-linux-gnu/lib/{libstd-*,libpanic_unwind-*,libobject-*,libmemchr-*,libaddr2line-*,libgimli-*,libcfg_if-*,librustc_demangle-*,libstd_detect-*,libhashbrown-*,librustc_std_workspace_alloc-*,libminiz_oxide-*,libadler2-*,libunwind-*,liblibc-*,librustc_std_workspace_core-*,liballoc-*,libcore-*,libcompiler_builtins-*}.rlib" "-Wl,-Bdynamic" "-lgcc_s" "-lutil" "-lrt" "-lpthread" "-lm" "-ldl" "-lc" "-L" "/opt/rustwide/target/debug/deps/rustcSMgZaW/raw-dylibs" "-B<sysroot>/lib/rustlib/x86_64-unknown-linux-gnu/bin/gcc-ld" "-fuse-ld=lld" "-Wl,--eh-frame-hdr" "-Wl,-z,noexecstack" "-L" "/opt/rustwide/target/debug/build/ring-6d02bda483d5e778/out" "-L" "/opt/rustwide/target/debug/build/aws-lc-sys-901796a465b965b7/out" "-L" "/opt/rustwide/target/debug/build/libsqlite3-sys-6872f85f06aa4b34/out" "-L" "<sysroot>/lib/rustlib/x86_64-unknown-linux-gnu/lib" "-o" "/opt/rustwide/target/debug/deps/learner_store-d5805244ca088afb" "-Wl,--gc-sections" "-pie" "-Wl,-z,relro,-z,now" "-nodefaultlibs"
[INFO] [stdout]   = note: some arguments are omitted. use `--verbose` to show all linker arguments
[INFO] [stdout]   = note: collect2: fatal error: ld terminated with signal 9 [Killed]
[INFO] [stdout]           compilation terminated.
[INFO] [stdout]           
[INFO] [stdout] 
[INFO] [stdout] 
[INFO] [stderr] error: could not compile `rhiza-node` (test "learner_store") due to 1 previous error
[INFO] [stdout] error: linking with `cc` failed: exit status: 1
[INFO] [stdout]   |
[INFO] [stdout]   = note:  "cc" "-m64" "/opt/rustwide/target/debug/deps/rustcaYCFTE/symbols.o" "<6 object files omitted>" "-Wl,--as-needed" "-Wl,-Bstatic" "<sysroot>/lib/rustlib/x86_64-unknown-linux-gnu/lib/{libtest-*,libgetopts-*,librustc_std_workspace_std-*}.rlib" "/opt/rustwide/target/debug/deps/{librhiza_node-ed7370b8fbc289f5,librustls_pemfile-d38e445147a1c4a7,librhiza_sql-a59689b0619a91cd,libpostcard-32b7aa1171625b14,libheapless-fdebfc597c47e7eb,libspin-e1709df14fd58c1c,libhash32-fb250d4613ebc190,libbyteorder-9f6ac6743e38a88c,libcobs-6ed1532ded777476,libtempfile-5d9c6b01b005ae6d,libfastrand-8c711c36072d5b5b,librustix-02d97837cd9bd231,liblinux_raw_sys-0b6cde911e9a3109,librusqlite-10c7ee25327df12e,libhashlink-152848b6498ae138,liblibsqlite3_sys-46b48ac8f5335e5a,libfallible_streaming_iterator-4b12442690f53239,libfallible_iterator-6e888fb96d72e3e0,librhiza_quepaxa-dd4e494715b90bec,libgetrandom-cc909a37ddc04352,librhiza_archive-672d670735e5e76f,librhiza_obj_store-57fb3c7bd10a95c8,libobject_store-2a52cc6e7be7fc13,libnix-b7b81a4f6b334e5d,libcrc_fast-ebddabb4bca03d20,libhumantime-3655dba90411f1bd,libthiserror-c87dffb594157b3e,libreqwest-65570023bd41cecc,librustls_platform_verifier-835e1e852d96d978,librustls_native_certs-e85883189c7b58e6,libopenssl_probe-6b1b371432012237,libhyper_rustls-08f47fbe03c0fd13,libtokio_rustls-03557c5b26394ae8,librustls-88f173c32e5bd866,libsubtle-2ae6a7038b9a0630,libwebpki-bcf99c2cd624c1cf,libaws_lc_rs-ab95a4b9e09c55a4,libaws_lc_sys-51522b17b945a630,libring-1ba23579725e2612,libgetrandom-b2e86ac94e686071,libuntrusted-b2f816886faf2178,librustls_pki_types-89bafef9e014889a,libzeroize-37b2a6e0a2742c6a,libtower_http-3062ca9ea61fb847,libbitflags-4d66d68843710487,libwalkdir-7cc6f300a6f0bf06,libsame_file-ff49545450c0b63c,libparking_lot-b2d287d28592fa3c,libparking_lot_core-fa817c741218922c,liblock_api-16d46fed645f7bff,libscopeguard-7ec2214574194454,librand-5e42c00a95b3d727,libgetrandom-30cee2347d113cf0,libchacha20-e4b0a29c0ef77b5a,libcpufeatures-6c1f78f4142e3013,librand_core-8437d288e8d1265c,libchrono-913ee82a06a4b216,libiana_time_zone-bcd81aefedc374a6,libnum_traits-040817c80e4d7434,libquick_xml-386c951074bc5bda,libmd5-d68a2afac719bdc0,libdigest-5f08e722d99d6224,libcrypto_common-75984ed5c0f85c3a,libblock_buffer-fe90de4d1af458b0,libhybrid_array-5c0e7ce008d0e7e3,libitertools-cc52b5dc9080710e,libeither-21143ee48619ce75,liburl-af4fd49db46f257a,libidna-bea5ef071bc07cd0,libidna_adapter-70350b72b4ad044b,libicu_properties-4ddc08a49a8e9d11,libicu_properties_data-e6cf238fc98dd59d,libicu_normalizer-6ea4c2d8b3ad9012,libicu_normalizer_data-8fea05bee0bb4e49,libicu_collections-d97ef5a36c81bc7c,libutf8_iter-51566bbad89f3a68,libpotential_utf-579c7637db1b1b1f,libicu_provider-337d0cfde5f21791,libicu_locale_core-b8bf0404759a40e5,libtinystr-2ffcd29900d38280,liblitemap-dc288f07f8f61193,libwriteable-48b3e52227924bb5,libzerovec-506e8a8f02a6d7c1,libzerotrie-3019fd812f81190c,libyoke-82d80b75b1bece8d,libstable_deref_trait-63cbf3f3d3f94e56,libzerofrom-45b0d4c4e399d17c,libfutures-98e0b9d81befaba1,libfutures_executor-3724ace090a57e5c,librhiza_log-c8aff087b7b21a93,librhiza_core-19cefef428b0f872,libsha2-523a98bec679a759,libcpufeatures-e04321643d03190d,libcfg_if-83060ec5685761ae,libdigest-95f71ee2e5bc4751,libblock_buffer-2a52351ae749aaa6,libcrypto_common-4bec392eb03e7564,libgeneric_array-db891871e5606a95,libtypenum-8cba24ab4904c632,libaxum-968c184efce334e1,libserde_json-ed9e7a3e7c37b3a7,libzmij-2ca2f302097868c6,libserde_path_to_error-c825e559883fa087,libserde_urlencoded-71afcee95c3f66d2,libryu-1f4f40e4352371e5,libserde-272034932f3f9122,libform_urlencoded-58b0f0edb59b40d2,libhyper_util-8d3a46f08ef2236d,libbase64-32787b0325ea6df8,libpercent_encoding-fa055ecaa1e57cfa,libipnet-61ca7a5e1c2863d4,libhyper-14e11f05707158fd,libwant-7a6260b9c50f1479,libtry_lock-8fa2f6971035be84,libsmallvec-3e75e18e66140be0,libhttparse-8c9b827b8f345444,libh2-b79cd1242403ad79,libindexmap-65055764f9b3adb3,libequivalent-6a754676e6af62ae,libhashbrown-daa42fe27bea3816,libfoldhash-3b780c428974a407,libfnv-79e2cbfbe03dcd16,libtokio_util-06fff9a587938707,libatomic_waker-06950c8c08d2b8fa,libhttpdate-331798cefc82cc7e,libmatchit-9aa922efa503b546,libserde_core-9c6a4a1faf3c1a34,libaxum_core-4a5c12d88fb2828f,libmime-0188e0814ca7ddbf,libhttp_body_util-312086a21f627566,libhttp_body-99e0ee248f7a5d3b,libhttp-2ce7374fddd0469c,libitoa-5de11b3b23bfe572,libtracing-1011246d590db066,liblog-64a74e931fbdff63,libtracing_core-89b602bc4a7d7f8a,libonce_cell-b5bdc597ed9676b3,libtower-d60ddb440e24770f,libsync_wrapper-6bdfbc29c4269203,libfutures_util-9a08f67b5dbd12a7,libmemchr-a932478bde794617,libfutures_io-a8805bd12b2ab705,libslab-0582d648e59ab406,libfutures_channel-04b287164a72dbf0,libfutures_sink-3971bde37bb30e19,libfutures_task-36f327cfab86eddc,libfutures_core-1121ff913ed87f93,libtower_layer-d908dd771b239ecd,libtower_service-3fb88d28c2218805,libtokio-01213b3ef1ff549b,libsocket2-9e86ec17d3350c01,libbytes-5f66263ae3d5daa8,libmio-f8e6688f6409184d,liblibc-177b4b632c025eff,libpin_project_lite-0a15d51c77964692}.rlib" "<sysroot>/lib/rustlib/x86_64-unknown-linux-gnu/lib/{libstd-*,libpanic_unwind-*,libobject-*,libmemchr-*,libaddr2line-*,libgimli-*,libcfg_if-*,librustc_demangle-*,libstd_detect-*,libhashbrown-*,librustc_std_workspace_alloc-*,libminiz_oxide-*,libadler2-*,libunwind-*,liblibc-*,librustc_std_workspace_core-*,liballoc-*,libcore-*,libcompiler_builtins-*}.rlib" "-Wl,-Bdynamic" "-lgcc_s" "-lutil" "-lrt" "-lpthread" "-lm" "-ldl" "-lc" "-L" "/opt/rustwide/target/debug/deps/rustcaYCFTE/raw-dylibs" "-B<sysroot>/lib/rustlib/x86_64-unknown-linux-gnu/bin/gcc-ld" "-fuse-ld=lld" "-Wl,--eh-frame-hdr" "-Wl,-z,noexecstack" "-L" "/opt/rustwide/target/debug/build/ring-6d02bda483d5e778/out" "-L" "/opt/rustwide/target/debug/build/aws-lc-sys-901796a465b965b7/out" "-L" "/opt/rustwide/target/debug/build/libsqlite3-sys-6872f85f06aa4b34/out" "-L" "<sysroot>/lib/rustlib/x86_64-unknown-linux-gnu/lib" "-o" "/opt/rustwide/target/debug/deps/learner-6bfcffb3642ecfdc" "-Wl,--gc-sections" "-pie" "-Wl,-z,relro,-z,now" "-nodefaultlibs"
[INFO] [stdout]   = note: some arguments are omitted. use `--verbose` to show all linker arguments
[INFO] [stdout]   = note: collect2: fatal error: ld terminated with signal 9 [Killed]
[INFO] [stdout]           compilation terminated.
[INFO] [stdout]           
[INFO] [stdout] 
[INFO] [stdout] 
[INFO] [stderr] error: could not compile `rhiza-node` (test "learner") due to 1 previous error
[INFO] [stdout] error: linking with `cc` failed: exit status: 1
[INFO] [stdout]   |
[INFO] [stdout]   = note:  "cc" "-m64" "/opt/rustwide/target/debug/deps/rustcMDbAd8/symbols.o" "<17 object files omitted>" "-Wl,--as-needed" "-Wl,-Bstatic" "<sysroot>/lib/rustlib/x86_64-unknown-linux-gnu/lib/{libtest-*,libgetopts-*,librustc_std_workspace_std-*}.rlib" "/opt/rustwide/target/debug/deps/{librhiza_node-ed7370b8fbc289f5,librustls_pemfile-d38e445147a1c4a7,librhiza_sql-a59689b0619a91cd,libpostcard-32b7aa1171625b14,libheapless-fdebfc597c47e7eb,libspin-e1709df14fd58c1c,libhash32-fb250d4613ebc190,libbyteorder-9f6ac6743e38a88c,libcobs-6ed1532ded777476,libtempfile-5d9c6b01b005ae6d,libfastrand-8c711c36072d5b5b,librustix-02d97837cd9bd231,liblinux_raw_sys-0b6cde911e9a3109,librusqlite-10c7ee25327df12e,libhashlink-152848b6498ae138,liblibsqlite3_sys-46b48ac8f5335e5a,libfallible_streaming_iterator-4b12442690f53239,libfallible_iterator-6e888fb96d72e3e0,librhiza_quepaxa-dd4e494715b90bec,libgetrandom-cc909a37ddc04352,librhiza_archive-672d670735e5e76f,librhiza_obj_store-57fb3c7bd10a95c8,libobject_store-2a52cc6e7be7fc13,libnix-b7b81a4f6b334e5d,libcrc_fast-ebddabb4bca03d20,libhumantime-3655dba90411f1bd,libthiserror-c87dffb594157b3e,libreqwest-65570023bd41cecc,librustls_platform_verifier-835e1e852d96d978,librustls_native_certs-e85883189c7b58e6,libopenssl_probe-6b1b371432012237,libhyper_rustls-08f47fbe03c0fd13,libtokio_rustls-03557c5b26394ae8,librustls-88f173c32e5bd866,libsubtle-2ae6a7038b9a0630,libwebpki-bcf99c2cd624c1cf,libaws_lc_rs-ab95a4b9e09c55a4,libaws_lc_sys-51522b17b945a630,libring-1ba23579725e2612,libgetrandom-b2e86ac94e686071,libuntrusted-b2f816886faf2178,librustls_pki_types-89bafef9e014889a,libzeroize-37b2a6e0a2742c6a,libtower_http-3062ca9ea61fb847,libbitflags-4d66d68843710487,libwalkdir-7cc6f300a6f0bf06,libsame_file-ff49545450c0b63c,libparking_lot-b2d287d28592fa3c,libparking_lot_core-fa817c741218922c,liblock_api-16d46fed645f7bff,libscopeguard-7ec2214574194454,librand-5e42c00a95b3d727,libgetrandom-30cee2347d113cf0,libchacha20-e4b0a29c0ef77b5a,libcpufeatures-6c1f78f4142e3013,librand_core-8437d288e8d1265c,libchrono-913ee82a06a4b216,libiana_time_zone-bcd81aefedc374a6,libnum_traits-040817c80e4d7434,libquick_xml-386c951074bc5bda,libmd5-d68a2afac719bdc0,libdigest-5f08e722d99d6224,libcrypto_common-75984ed5c0f85c3a,libblock_buffer-fe90de4d1af458b0,libhybrid_array-5c0e7ce008d0e7e3,libitertools-cc52b5dc9080710e,libeither-21143ee48619ce75,liburl-af4fd49db46f257a,libidna-bea5ef071bc07cd0,libidna_adapter-70350b72b4ad044b,libicu_properties-4ddc08a49a8e9d11,libicu_properties_data-e6cf238fc98dd59d,libicu_normalizer-6ea4c2d8b3ad9012,libicu_normalizer_data-8fea05bee0bb4e49,libicu_collections-d97ef5a36c81bc7c,libutf8_iter-51566bbad89f3a68,libpotential_utf-579c7637db1b1b1f,libicu_provider-337d0cfde5f21791,libicu_locale_core-b8bf0404759a40e5,libtinystr-2ffcd29900d38280,liblitemap-dc288f07f8f61193,libwriteable-48b3e52227924bb5,libzerovec-506e8a8f02a6d7c1,libzerotrie-3019fd812f81190c,libyoke-82d80b75b1bece8d,libstable_deref_trait-63cbf3f3d3f94e56,libzerofrom-45b0d4c4e399d17c,libfutures-98e0b9d81befaba1,libfutures_executor-3724ace090a57e5c,librhiza_log-c8aff087b7b21a93,librhiza_core-19cefef428b0f872,libsha2-523a98bec679a759,libcpufeatures-e04321643d03190d,libcfg_if-83060ec5685761ae,libdigest-95f71ee2e5bc4751,libblock_buffer-2a52351ae749aaa6,libcrypto_common-4bec392eb03e7564,libgeneric_array-db891871e5606a95,libtypenum-8cba24ab4904c632,libaxum-968c184efce334e1,libserde_json-ed9e7a3e7c37b3a7,libzmij-2ca2f302097868c6,libserde_path_to_error-c825e559883fa087,libserde_urlencoded-71afcee95c3f66d2,libryu-1f4f40e4352371e5,libserde-272034932f3f9122,libform_urlencoded-58b0f0edb59b40d2,libhyper_util-8d3a46f08ef2236d,libbase64-32787b0325ea6df8,libpercent_encoding-fa055ecaa1e57cfa,libipnet-61ca7a5e1c2863d4,libhyper-14e11f05707158fd,libwant-7a6260b9c50f1479,libtry_lock-8fa2f6971035be84,libsmallvec-3e75e18e66140be0,libhttparse-8c9b827b8f345444,libh2-b79cd1242403ad79,libindexmap-65055764f9b3adb3,libequivalent-6a754676e6af62ae,libhashbrown-daa42fe27bea3816,libfoldhash-3b780c428974a407,libfnv-79e2cbfbe03dcd16,libtokio_util-06fff9a587938707,libatomic_waker-06950c8c08d2b8fa,libhttpdate-331798cefc82cc7e,libmatchit-9aa922efa503b546,libserde_core-9c6a4a1faf3c1a34,libaxum_core-4a5c12d88fb2828f,libmime-0188e0814ca7ddbf,libhttp_body_util-312086a21f627566,libhttp_body-99e0ee248f7a5d3b,libhttp-2ce7374fddd0469c,libitoa-5de11b3b23bfe572,libtracing-1011246d590db066,liblog-64a74e931fbdff63,libtracing_core-89b602bc4a7d7f8a,libonce_cell-b5bdc597ed9676b3,libtower-d60ddb440e24770f,libsync_wrapper-6bdfbc29c4269203,libfutures_util-9a08f67b5dbd12a7,libmemchr-a932478bde794617,libfutures_io-a8805bd12b2ab705,libslab-0582d648e59ab406,libfutures_channel-04b287164a72dbf0,libfutures_sink-3971bde37bb30e19,libfutures_task-36f327cfab86eddc,libfutures_core-1121ff913ed87f93,libtower_layer-d908dd771b239ecd,libtower_service-3fb88d28c2218805,libtokio-01213b3ef1ff549b,libsocket2-9e86ec17d3350c01,libbytes-5f66263ae3d5daa8,libmio-f8e6688f6409184d,liblibc-177b4b632c025eff,libpin_project_lite-0a15d51c77964692}.rlib" "<sysroot>/lib/rustlib/x86_64-unknown-linux-gnu/lib/{libstd-*,libpanic_unwind-*,libobject-*,libmemchr-*,libaddr2line-*,libgimli-*,libcfg_if-*,librustc_demangle-*,libstd_detect-*,libhashbrown-*,librustc_std_workspace_alloc-*,libminiz_oxide-*,libadler2-*,libunwind-*,liblibc-*,librustc_std_workspace_core-*,liballoc-*,libcore-*,libcompiler_builtins-*}.rlib" "-Wl,-Bdynamic" "-lgcc_s" "-lutil" "-lrt" "-lpthread" "-lm" "-ldl" "-lc" "-L" "/opt/rustwide/target/debug/deps/rustcMDbAd8/raw-dylibs" "-B<sysroot>/lib/rustlib/x86_64-unknown-linux-gnu/bin/gcc-ld" "-fuse-ld=lld" "-Wl,--eh-frame-hdr" "-Wl,-z,noexecstack" "-L" "/opt/rustwide/target/debug/build/ring-6d02bda483d5e778/out" "-L" "/opt/rustwide/target/debug/build/aws-lc-sys-901796a465b965b7/out" "-L" "/opt/rustwide/target/debug/build/libsqlite3-sys-6872f85f06aa4b34/out" "-L" "<sysroot>/lib/rustlib/x86_64-unknown-linux-gnu/lib" "-o" "/opt/rustwide/target/debug/deps/checkpoint_http-2b0576fafa54e70f" "-Wl,--gc-sections" "-pie" "-Wl,-z,relro,-z,now" "-nodefaultlibs"
[INFO] [stdout]   = note: some arguments are omitted. use `--verbose` to show all linker arguments
[INFO] [stdout]   = note: collect2: fatal error: ld terminated with signal 9 [Killed]
[INFO] [stdout]           compilation terminated.
[INFO] [stdout]           
[INFO] [stdout] 
[INFO] [stdout] 
[INFO] [stderr] error: could not compile `rhiza-node` (test "checkpoint_http") due to 1 previous error
[INFO] running `Command { std: "docker" "inspect" "64999019ec29b2b41a3631ed8b1d8ef66dbc92d531cccf68cde2c324fb1b56ba", kill_on_drop: false }`
[INFO] running `Command { std: "docker" "rm" "-f" "64999019ec29b2b41a3631ed8b1d8ef66dbc92d531cccf68cde2c324fb1b56ba", kill_on_drop: false }`
[INFO] [stdout] 64999019ec29b2b41a3631ed8b1d8ef66dbc92d531cccf68cde2c324fb1b56ba
