[INFO] fetching crate rf24-rs 0.3.1...
[INFO] testing rf24-rs-0.3.1 against 1.99.0-beta.8 for beta-1.100-2
[INFO] extracting crate rf24-rs 0.3.1 into /workspace/builds/worker-4-tc1/source
[INFO] removed /workspace/builds/worker-4-tc1/source/.cargo/config.toml
[INFO] started tweaking crates.io crate rf24-rs 0.3.1
[INFO] finished tweaking crates.io crate rf24-rs 0.3.1
[INFO] tweaked toml for crates.io crate rf24-rs 0.3.1 written to /workspace/builds/worker-4-tc1/source/Cargo.toml
[INFO] validating manifest of crates.io crate rf24-rs 0.3.1 on toolchain 1.99.0-beta.8
[INFO] running `Command { std: CARGO_HOME="/workspace/cargo-home" RUSTUP_HOME="/workspace/rustup-home" "/workspace/cargo-home/bin/cargo" "+1.99.0-beta.8" "metadata" "--manifest-path" "Cargo.toml" "--no-deps", kill_on_drop: false }`
[INFO] crate crates.io crate rf24-rs 0.3.1 already has a lockfile, it will not be regenerated
[INFO] running `Command { std: CARGO_HOME="/workspace/cargo-home" RUSTUP_HOME="/workspace/rustup-home" "/workspace/cargo-home/bin/cargo" "+1.99.0-beta.8" "fetch" "--manifest-path" "Cargo.toml", kill_on_drop: false }`
[INFO] [stderr]     Updating crates.io index
[INFO] [stderr]  Downloading crates ...
[INFO] [stderr]   Downloaded bitfield-struct v0.9.5
[INFO] running `Command { std: "docker" "create" "-v" "/var/lib/crater-agent-workspace/builds/worker-4-tc1/source:/opt/rustwide/workdir:ro,Z" "-v" "/var/lib/crater-agent-workspace/builds/worker-4-tc1/target:/opt/rustwide/target:rw,Z" "-v" "/var/lib/crater-agent-workspace/cargo-home:/opt/rustwide/cargo-home:ro,Z" "-v" "/var/lib/crater-agent-workspace/rustup-home:/opt/rustwide/rustup-home:ro,Z" "-m" "1610612736" "--network" "none" "ghcr.io/rust-lang/crates-build-env/linux@sha256:3111399a4047eeb3a02b7a90e478d715f38a8c6669b5c4b49d30a17385265909" "sleep" "infinity", kill_on_drop: false }`
[INFO] [stdout] 55fa79bf15a35b1c5a2a40da88aa7157298666b27179448d01f5ea25c10b022c
[INFO] running `Command { std: "docker" "start" "55fa79bf15a35b1c5a2a40da88aa7157298666b27179448d01f5ea25c10b022c", kill_on_drop: false }`
[INFO] running `Command { std: "docker" "inspect" "55fa79bf15a35b1c5a2a40da88aa7157298666b27179448d01f5ea25c10b022c", kill_on_drop: false }`
[INFO] running `Command { std: "docker" "exec" "-e" "SOURCE_DIR=/opt/rustwide/workdir" "-e" "CARGO_HOME=/opt/rustwide/cargo-home" "-e" "RUSTUP_HOME=/opt/rustwide/rustup-home" "-e" "CARGO_TARGET_DIR=/opt/rustwide/target" "-w" "/opt/rustwide/workdir" "--user" "0:0" "55fa79bf15a35b1c5a2a40da88aa7157298666b27179448d01f5ea25c10b022c" "/opt/rustwide/cargo-home/bin/cargo" "+1.99.0-beta.8" "metadata" "--no-deps" "--format-version=1", kill_on_drop: false }`
[INFO] running `Command { std: "docker" "inspect" "55fa79bf15a35b1c5a2a40da88aa7157298666b27179448d01f5ea25c10b022c", kill_on_drop: false }`
[INFO] running `Command { std: "docker" "exec" "-e" "SOURCE_DIR=/opt/rustwide/workdir" "-e" "CARGO_HOME=/opt/rustwide/cargo-home" "-e" "RUSTUP_HOME=/opt/rustwide/rustup-home" "-e" "CARGO_TARGET_DIR=/opt/rustwide/target" "-e" "CARGO_INCREMENTAL=0" "-e" "RUST_BACKTRACE=full" "-e" "RUSTFLAGS=--cap-lints=warn" "-e" "RUSTDOCFLAGS=--cap-lints=warn" "-w" "/opt/rustwide/workdir" "--user" "0:0" "55fa79bf15a35b1c5a2a40da88aa7157298666b27179448d01f5ea25c10b022c" "/opt/rustwide/cargo-home/bin/cargo" "+1.99.0-beta.8" "build" "--frozen" "--message-format=json", kill_on_drop: false }`
[INFO] [stderr]    Compiling syn v2.0.104
[INFO] [stderr]    Compiling embedded-hal v1.0.0
[INFO] [stderr]    Compiling bitfield-struct v0.9.5
[INFO] [stderr]    Compiling rf24-rs v0.3.1 (/opt/rustwide/workdir)
[INFO] [stderr]     Finished `dev` profile [unoptimized + debuginfo] target(s) in 5.76s
[INFO] running `Command { std: "docker" "inspect" "55fa79bf15a35b1c5a2a40da88aa7157298666b27179448d01f5ea25c10b022c", kill_on_drop: false }`
[INFO] running `Command { std: "docker" "exec" "-e" "SOURCE_DIR=/opt/rustwide/workdir" "-e" "CARGO_HOME=/opt/rustwide/cargo-home" "-e" "RUSTUP_HOME=/opt/rustwide/rustup-home" "-e" "CARGO_TARGET_DIR=/opt/rustwide/target" "-e" "CARGO_INCREMENTAL=0" "-e" "RUST_BACKTRACE=full" "-e" "RUSTFLAGS=--cap-lints=warn" "-e" "RUSTDOCFLAGS=--cap-lints=warn" "-w" "/opt/rustwide/workdir" "--user" "0:0" "55fa79bf15a35b1c5a2a40da88aa7157298666b27179448d01f5ea25c10b022c" "/opt/rustwide/cargo-home/bin/cargo" "+1.99.0-beta.8" "test" "--frozen" "--no-run" "--message-format=json", kill_on_drop: false }`
[INFO] [stderr]    Compiling rf24-rs v0.3.1 (/opt/rustwide/workdir)
[INFO] [stdout] error[E0433]: cannot find module or crate `embedded_hal_mock` in this scope
[INFO] [stdout]   --> src/lib.rs:78:9
[INFO] [stdout]    |
[INFO] [stdout] 78 |     use embedded_hal_mock::eh1::{
[INFO] [stdout]    |         ^^^^^^^^^^^^^^^^^ use of unresolved module or unlinked crate `embedded_hal_mock`
[INFO] [stdout]    |
[INFO] [stdout] help: there is a crate or module with a similar name
[INFO] [stdout]    |
[INFO] [stdout] 78 -     use embedded_hal_mock::eh1::{
[INFO] [stdout] 78 +     use embedded_hal::eh1::{
[INFO] [stdout]    |
[INFO] [stdout] 
[INFO] [stdout] 
[INFO] [stdout] error[E0433]: cannot find module or crate `embedded_hal_mock` in this scope
[INFO] [stdout]   --> src/radio/rf24/auto_ack.rs:85:9
[INFO] [stdout]    |
[INFO] [stdout] 85 |     use embedded_hal_mock::eh1::spi::Transaction as SpiTransaction;
[INFO] [stdout]    |         ^^^^^^^^^^^^^^^^^ use of unresolved module or unlinked crate `embedded_hal_mock`
[INFO] [stdout]    |
[INFO] [stdout] help: there is a crate or module with a similar name
[INFO] [stdout]    |
[INFO] [stdout] 85 -     use embedded_hal_mock::eh1::spi::Transaction as SpiTransaction;
[INFO] [stdout] 85 +     use embedded_hal::eh1::spi::Transaction as SpiTransaction;
[INFO] [stdout]    |
[INFO] [stdout] 
[INFO] [stdout] 
[INFO] [stdout] error[E0433]: cannot find module or crate `embedded_hal_mock` in this scope
[INFO] [stdout]   --> src/radio/rf24/channel.rs:31:9
[INFO] [stdout]    |
[INFO] [stdout] 31 |     use embedded_hal_mock::eh1::spi::Transaction as SpiTransaction;
[INFO] [stdout]    |         ^^^^^^^^^^^^^^^^^ use of unresolved module or unlinked crate `embedded_hal_mock`
[INFO] [stdout]    |
[INFO] [stdout] help: there is a crate or module with a similar name
[INFO] [stdout]    |
[INFO] [stdout] 31 -     use embedded_hal_mock::eh1::spi::Transaction as SpiTransaction;
[INFO] [stdout] 31 +     use embedded_hal::eh1::spi::Transaction as SpiTransaction;
[INFO] [stdout]    |
[INFO] [stdout] 
[INFO] [stdout] 
[INFO] [stdout] error[E0433]: cannot find module or crate `embedded_hal_mock` in this scope
[INFO] [stdout]    --> src/radio/rf24/init.rs:136:9
[INFO] [stdout]     |
[INFO] [stdout] 136 |     use embedded_hal_mock::eh1::{
[INFO] [stdout]     |         ^^^^^^^^^^^^^^^^^ use of unresolved module or unlinked crate `embedded_hal_mock`
[INFO] [stdout]     |
[INFO] [stdout] help: there is a crate or module with a similar name
[INFO] [stdout]     |
[INFO] [stdout] 136 -     use embedded_hal_mock::eh1::{
[INFO] [stdout] 136 +     use embedded_hal::eh1::{
[INFO] [stdout]     |
[INFO] [stdout] 
[INFO] [stdout] 
[INFO] [stdout] error[E0433]: cannot find module or crate `embedded_hal_mock` in this scope
[INFO] [stdout]   --> src/radio/rf24/crc_length.rs:36:9
[INFO] [stdout]    |
[INFO] [stdout] 36 |     use embedded_hal_mock::eh1::spi::Transaction as SpiTransaction;
[INFO] [stdout]    |         ^^^^^^^^^^^^^^^^^ use of unresolved module or unlinked crate `embedded_hal_mock`
[INFO] [stdout]    |
[INFO] [stdout] help: there is a crate or module with a similar name
[INFO] [stdout]    |
[INFO] [stdout] 36 -     use embedded_hal_mock::eh1::spi::Transaction as SpiTransaction;
[INFO] [stdout] 36 +     use embedded_hal::eh1::spi::Transaction as SpiTransaction;
[INFO] [stdout]    |
[INFO] [stdout] 
[INFO] [stdout] 
[INFO] [stdout] error[E0433]: cannot find module or crate `embedded_hal_mock` in this scope
[INFO] [stdout]   --> src/radio/rf24/data_rate.rs:49:9
[INFO] [stdout]    |
[INFO] [stdout] 49 |     use embedded_hal_mock::eh1::spi::Transaction as SpiTransaction;
[INFO] [stdout]    |         ^^^^^^^^^^^^^^^^^ use of unresolved module or unlinked crate `embedded_hal_mock`
[INFO] [stdout]    |
[INFO] [stdout] help: there is a crate or module with a similar name
[INFO] [stdout]    |
[INFO] [stdout] 49 -     use embedded_hal_mock::eh1::spi::Transaction as SpiTransaction;
[INFO] [stdout] 49 +     use embedded_hal::eh1::spi::Transaction as SpiTransaction;
[INFO] [stdout]    |
[INFO] [stdout] 
[INFO] [stdout] 
[INFO] [stdout] error[E0433]: cannot find module or crate `embedded_hal_mock` in this scope
[INFO] [stdout]   --> src/radio/rf24/fifo.rs:60:9
[INFO] [stdout]    |
[INFO] [stdout] 60 |     use embedded_hal_mock::eh1::spi::Transaction as SpiTransaction;
[INFO] [stdout]    |         ^^^^^^^^^^^^^^^^^ use of unresolved module or unlinked crate `embedded_hal_mock`
[INFO] [stdout]    |
[INFO] [stdout] help: there is a crate or module with a similar name
[INFO] [stdout]    |
[INFO] [stdout] 60 -     use embedded_hal_mock::eh1::spi::Transaction as SpiTransaction;
[INFO] [stdout] 60 +     use embedded_hal::eh1::spi::Transaction as SpiTransaction;
[INFO] [stdout]    |
[INFO] [stdout] 
[INFO] [stdout] 
[INFO] [stdout] error[E0433]: cannot find module or crate `embedded_hal_mock` in this scope
[INFO] [stdout]   --> src/radio/rf24/pa_level.rs:32:9
[INFO] [stdout]    |
[INFO] [stdout] 32 |     use embedded_hal_mock::eh1::spi::Transaction as SpiTransaction;
[INFO] [stdout]    |         ^^^^^^^^^^^^^^^^^ use of unresolved module or unlinked crate `embedded_hal_mock`
[INFO] [stdout]    |
[INFO] [stdout] help: there is a crate or module with a similar name
[INFO] [stdout]    |
[INFO] [stdout] 32 -     use embedded_hal_mock::eh1::spi::Transaction as SpiTransaction;
[INFO] [stdout] 32 +     use embedded_hal::eh1::spi::Transaction as SpiTransaction;
[INFO] [stdout]    |
[INFO] [stdout] 
[INFO] [stdout] 
[INFO] [stdout] error[E0433]: cannot find module or crate `embedded_hal_mock` in this scope
[INFO] [stdout]   --> src/radio/rf24/payload_length.rs:59:9
[INFO] [stdout]    |
[INFO] [stdout] 59 |     use embedded_hal_mock::eh1::spi::Transaction as SpiTransaction;
[INFO] [stdout]    |         ^^^^^^^^^^^^^^^^^ use of unresolved module or unlinked crate `embedded_hal_mock`
[INFO] [stdout]    |
[INFO] [stdout] help: there is a crate or module with a similar name
[INFO] [stdout]    |
[INFO] [stdout] 59 -     use embedded_hal_mock::eh1::spi::Transaction as SpiTransaction;
[INFO] [stdout] 59 +     use embedded_hal::eh1::spi::Transaction as SpiTransaction;
[INFO] [stdout]    |
[INFO] [stdout] 
[INFO] [stdout] 
[INFO] [stdout] error[E0433]: cannot find module or crate `embedded_hal_mock` in this scope
[INFO] [stdout]   --> src/radio/rf24/pipe.rs:83:9
[INFO] [stdout]    |
[INFO] [stdout] 83 |     use embedded_hal_mock::eh1::spi::Transaction as SpiTransaction;
[INFO] [stdout]    |         ^^^^^^^^^^^^^^^^^ use of unresolved module or unlinked crate `embedded_hal_mock`
[INFO] [stdout]    |
[INFO] [stdout] help: there is a crate or module with a similar name
[INFO] [stdout]    |
[INFO] [stdout] 83 -     use embedded_hal_mock::eh1::spi::Transaction as SpiTransaction;
[INFO] [stdout] 83 +     use embedded_hal::eh1::spi::Transaction as SpiTransaction;
[INFO] [stdout]    |
[INFO] [stdout] 
[INFO] [stdout] 
[INFO] [stdout] error[E0433]: cannot find module or crate `embedded_hal_mock` in this scope
[INFO] [stdout]   --> src/radio/rf24/power.rs:68:9
[INFO] [stdout]    |
[INFO] [stdout] 68 |     use embedded_hal_mock::eh1::spi::Transaction as SpiTransaction;
[INFO] [stdout]    |         ^^^^^^^^^^^^^^^^^ use of unresolved module or unlinked crate `embedded_hal_mock`
[INFO] [stdout]    |
[INFO] [stdout] help: there is a crate or module with a similar name
[INFO] [stdout]    |
[INFO] [stdout] 68 -     use embedded_hal_mock::eh1::spi::Transaction as SpiTransaction;
[INFO] [stdout] 68 +     use embedded_hal::eh1::spi::Transaction as SpiTransaction;
[INFO] [stdout]    |
[INFO] [stdout] 
[INFO] [stdout] 
[INFO] [stdout] error[E0433]: cannot find module or crate `embedded_hal_mock` in this scope
[INFO] [stdout]    --> src/radio/rf24/radio.rs:207:9
[INFO] [stdout]     |
[INFO] [stdout] 207 |     use embedded_hal_mock::eh1::{
[INFO] [stdout]     |         ^^^^^^^^^^^^^^^^^ use of unresolved module or unlinked crate `embedded_hal_mock`
[INFO] [stdout]     |
[INFO] [stdout] help: there is a crate or module with a similar name
[INFO] [stdout]     |
[INFO] [stdout] 207 -     use embedded_hal_mock::eh1::{
[INFO] [stdout] 207 +     use embedded_hal::eh1::{
[INFO] [stdout]     |
[INFO] [stdout] 
[INFO] [stdout] 
[INFO] [stdout] error[E0433]: cannot find module or crate `embedded_hal_mock` in this scope
[INFO] [stdout]   --> src/radio/rf24/status.rs:44:9
[INFO] [stdout]    |
[INFO] [stdout] 44 |     use embedded_hal_mock::eh1::spi::Transaction as SpiTransaction;
[INFO] [stdout]    |         ^^^^^^^^^^^^^^^^^ use of unresolved module or unlinked crate `embedded_hal_mock`
[INFO] [stdout]    |
[INFO] [stdout] help: there is a crate or module with a similar name
[INFO] [stdout]    |
[INFO] [stdout] 44 -     use embedded_hal_mock::eh1::spi::Transaction as SpiTransaction;
[INFO] [stdout] 44 +     use embedded_hal::eh1::spi::Transaction as SpiTransaction;
[INFO] [stdout]    |
[INFO] [stdout] 
[INFO] [stdout] 
[INFO] [stdout] error[E0433]: cannot find module or crate `embedded_hal_mock` in this scope
[INFO] [stdout]    --> src/radio/rf24/mod.rs:319:9
[INFO] [stdout]     |
[INFO] [stdout] 319 |     use embedded_hal_mock::eh1::{
[INFO] [stdout]     |         ^^^^^^^^^^^^^^^^^ use of unresolved module or unlinked crate `embedded_hal_mock`
[INFO] [stdout]     |
[INFO] [stdout] help: there is a crate or module with a similar name
[INFO] [stdout]     |
[INFO] [stdout] 319 -     use embedded_hal_mock::eh1::{
[INFO] [stdout] 319 +     use embedded_hal::eh1::{
[INFO] [stdout]     |
[INFO] [stdout] 
[INFO] [stdout] 
[INFO] [stdout] For more information about this error, try `rustc --explain E0433`.
[INFO] [stdout] 
[INFO] [stderr] error: could not compile `rf24-rs` (lib test) due to 14 previous errors
[INFO] running `Command { std: "docker" "inspect" "55fa79bf15a35b1c5a2a40da88aa7157298666b27179448d01f5ea25c10b022c", kill_on_drop: false }`
[INFO] running `Command { std: "docker" "rm" "-f" "55fa79bf15a35b1c5a2a40da88aa7157298666b27179448d01f5ea25c10b022c", kill_on_drop: false }`
[INFO] [stdout] 55fa79bf15a35b1c5a2a40da88aa7157298666b27179448d01f5ea25c10b022c
