[INFO] fetching crate rex-cedar-auth 0.1.0...
[INFO] testing rex-cedar-auth-0.1.0 against 1.100.0-beta.1 for beta-1.100-2
[INFO] extracting crate rex-cedar-auth 0.1.0 into /workspace/builds/worker-6-tc2/source
[INFO] started tweaking crates.io crate rex-cedar-auth 0.1.0
[INFO] removed 0 missing tests
[INFO] finished tweaking crates.io crate rex-cedar-auth 0.1.0
[INFO] tweaked toml for crates.io crate rex-cedar-auth 0.1.0 written to /workspace/builds/worker-6-tc2/source/Cargo.toml
[INFO] validating manifest of crates.io crate rex-cedar-auth 0.1.0 on toolchain 1.100.0-beta.1
[INFO] running `Command { std: CARGO_HOME="/workspace/cargo-home" RUSTUP_HOME="/workspace/rustup-home" "/workspace/cargo-home/bin/cargo" "+1.100.0-beta.1" "metadata" "--manifest-path" "Cargo.toml" "--no-deps", kill_on_drop: false }`
[INFO] crate crates.io crate rex-cedar-auth 0.1.0 already has a lockfile, it will not be regenerated
[INFO] running `Command { std: CARGO_HOME="/workspace/cargo-home" RUSTUP_HOME="/workspace/rustup-home" "/workspace/cargo-home/bin/cargo" "+1.100.0-beta.1" "fetch" "--manifest-path" "Cargo.toml", kill_on_drop: false }`
[INFO] running `Command { std: "docker" "create" "-v" "/var/lib/crater-agent-workspace/builds/worker-6-tc2/source:/opt/rustwide/workdir:ro,Z" "-v" "/var/lib/crater-agent-workspace/builds/worker-6-tc2/target:/opt/rustwide/target:rw,Z" "-v" "/var/lib/crater-agent-workspace/cargo-home:/opt/rustwide/cargo-home:ro,Z" "-v" "/var/lib/crater-agent-workspace/rustup-home:/opt/rustwide/rustup-home:ro,Z" "-m" "1610612736" "--network" "none" "ghcr.io/rust-lang/crates-build-env/linux@sha256:3111399a4047eeb3a02b7a90e478d715f38a8c6669b5c4b49d30a17385265909" "sleep" "infinity", kill_on_drop: false }`
[INFO] [stdout] 747f8bbc13a416c8e7a099663d8281192cc99f82a78bc72b0ba69ec559368ab1
[INFO] running `Command { std: "docker" "start" "747f8bbc13a416c8e7a099663d8281192cc99f82a78bc72b0ba69ec559368ab1", kill_on_drop: false }`
[INFO] running `Command { std: "docker" "inspect" "747f8bbc13a416c8e7a099663d8281192cc99f82a78bc72b0ba69ec559368ab1", kill_on_drop: false }`
[INFO] running `Command { std: "docker" "exec" "-e" "SOURCE_DIR=/opt/rustwide/workdir" "-e" "CARGO_HOME=/opt/rustwide/cargo-home" "-e" "RUSTUP_HOME=/opt/rustwide/rustup-home" "-e" "CARGO_TARGET_DIR=/opt/rustwide/target" "-w" "/opt/rustwide/workdir" "--user" "0:0" "747f8bbc13a416c8e7a099663d8281192cc99f82a78bc72b0ba69ec559368ab1" "/opt/rustwide/cargo-home/bin/cargo" "+1.100.0-beta.1" "metadata" "--no-deps" "--format-version=1", kill_on_drop: false }`
[INFO] running `Command { std: "docker" "inspect" "747f8bbc13a416c8e7a099663d8281192cc99f82a78bc72b0ba69ec559368ab1", kill_on_drop: false }`
[INFO] running `Command { std: "docker" "exec" "-e" "SOURCE_DIR=/opt/rustwide/workdir" "-e" "CARGO_HOME=/opt/rustwide/cargo-home" "-e" "RUSTUP_HOME=/opt/rustwide/rustup-home" "-e" "CARGO_TARGET_DIR=/opt/rustwide/target" "-e" "CARGO_INCREMENTAL=0" "-e" "RUST_BACKTRACE=full" "-e" "RUSTFLAGS=--cap-lints=warn" "-e" "RUSTDOCFLAGS=--cap-lints=warn" "-w" "/opt/rustwide/workdir" "--user" "0:0" "747f8bbc13a416c8e7a099663d8281192cc99f82a78bc72b0ba69ec559368ab1" "/opt/rustwide/cargo-home/bin/cargo" "+1.100.0-beta.1" "build" "--frozen" "--message-format=json", kill_on_drop: false }`
[INFO] [stderr]    Compiling memchr v2.8.0
[INFO] [stderr]    Compiling serde_core v1.0.228
[INFO] [stderr]    Compiling serde v1.0.228
[INFO] [stderr]    Compiling generic-array v0.14.7
[INFO] [stderr]    Compiling typenum v1.20.0
[INFO] [stderr]    Compiling object v0.37.3
[INFO] [stderr]    Compiling serde_json v1.0.149
[INFO] [stderr]    Compiling scopeguard v1.2.0
[INFO] [stderr]    Compiling syn v2.0.117
[INFO] [stderr]    Compiling parking_lot_core v0.9.12
[INFO] [stderr]    Compiling siphasher v1.0.2
[INFO] [stderr]    Compiling tracing-core v0.1.36
[INFO] [stderr]    Compiling keccak v0.1.6
[INFO] [stderr]    Compiling same-file v1.0.6
[INFO] [stderr]    Compiling term v1.2.1
[INFO] [stderr]    Compiling bit-vec v0.8.0
[INFO] [stderr]    Compiling lock_api v0.4.14
[INFO] [stderr]    Compiling phf_shared v0.11.3
[INFO] [stderr]    Compiling either v1.15.0
[INFO] [stderr]    Compiling precomputed-hash v0.1.1
[INFO] [stderr]    Compiling fixedbitset v0.5.7
[INFO] [stderr]    Compiling new_debug_unreachable v1.0.6
[INFO] [stderr]    Compiling walkdir v2.5.0
[INFO] [stderr]    Compiling ena v0.14.4
[INFO] [stderr]    Compiling unicode-xid v0.2.6
[INFO] [stderr]    Compiling winnow v1.0.2
[INFO] [stderr]    Compiling pico-args v0.5.0
[INFO] [stderr]    Compiling bit-set v0.8.0
[INFO] [stderr]    Compiling tinyvec v1.11.0
[INFO] [stderr]    Compiling rustc_version v0.4.1
[INFO] [stderr]    Compiling parking_lot v0.12.5
[INFO] [stderr]    Compiling itertools v0.14.0
[INFO] [stderr]    Compiling petgraph v0.7.1
[INFO] [stderr]    Compiling ascii-canvas v4.0.0
[INFO] [stderr]    Compiling stacker v0.1.24
[INFO] [stderr]    Compiling toml_datetime v1.1.1+spec-1.1.0
[INFO] [stderr]    Compiling ref-cast v1.0.25
[INFO] [stderr]    Compiling time v0.3.47
[INFO] [stderr]    Compiling string_cache v0.8.9
[INFO] [stderr]    Compiling rstest_macros v0.26.1
[INFO] [stderr]    Compiling aho-corasick v1.1.4
[INFO] [stderr]    Compiling unicode-normalization v0.1.25
[INFO] [stderr]    Compiling tracing-log v0.2.0
[INFO] [stderr]    Compiling chrono v0.4.44
[INFO] [stderr]    Compiling nu-ansi-term v0.50.3
[INFO] [stderr]    Compiling unicode-script v0.5.8
[INFO] [stderr]    Compiling unicode-width v0.1.14
[INFO] [stderr]    Compiling anstyle-parse v1.0.0
[INFO] [stderr]    Compiling toml_parser v1.1.2+spec-1.1.0
[INFO] [stderr]    Compiling anyhow v1.0.102
[INFO] [stderr]    Compiling unicode-security v0.1.2
[INFO] [stderr]    Compiling arrayvec v0.5.2
[INFO] [stderr]    Compiling colorchoice v1.0.5
[INFO] [stderr]    Compiling relative-path v1.9.3
[INFO] [stderr]    Compiling futures-core v0.3.32
[INFO] [stderr]    Compiling glob v0.3.3
[INFO] [stderr]    Compiling typed-arena v2.0.2
[INFO] [stderr]    Compiling anstream v1.0.0
[INFO] [stderr]    Compiling pretty v0.12.5
[INFO] [stderr]    Compiling crypto-common v0.1.7
[INFO] [stderr]    Compiling block-buffer v0.10.4
[INFO] [stderr]    Compiling digest v0.10.7
[INFO] [stderr]    Compiling toml_edit v0.25.11+spec-1.1.0
[INFO] [stderr]    Compiling sha3 v0.10.9
[INFO] [stderr]    Compiling crossbeam-channel v0.5.15
[INFO] [stderr]    Compiling symlink v0.1.0
[INFO] [stderr]    Compiling clap_lex v1.1.0
[INFO] [stderr]    Compiling cedar-policy v4.10.0
[INFO] [stderr]    Compiling futures-timer v3.0.3
[INFO] [stderr]    Compiling regex-automata v0.4.14
[INFO] [stderr]    Compiling clap_builder v4.6.0
[INFO] [stderr]    Compiling bounded-vec-deque v0.1.1
[INFO] [stderr]    Compiling whoami v1.6.1
[INFO] [stderr]    Compiling proc-macro-crate v3.5.0
[INFO] [stderr]    Compiling smol_str v0.3.6
[INFO] [stderr]    Compiling ar_archive_writer v0.5.1
[INFO] [stderr]    Compiling psm v0.1.31
[INFO] [stderr]    Compiling darling_core v0.23.0
[INFO] [stderr]    Compiling darling_core v0.20.11
[INFO] [stderr]    Compiling serde_derive v1.0.228
[INFO] [stderr]    Compiling thiserror-impl v2.0.18
[INFO] [stderr]    Compiling tracing-attributes v0.1.31
[INFO] [stderr]    Compiling enum-ordinalize-derive v4.3.2
[INFO] [stderr]    Compiling miette-derive v7.6.0
[INFO] [stderr]    Compiling ref-cast-impl v1.0.25
[INFO] [stderr]    Compiling futures-macro v0.3.32
[INFO] [stderr]    Compiling clap_derive v4.6.1
[INFO] [stderr]    Compiling regex v1.12.3
[INFO] [stderr]    Compiling lalrpop-util v0.22.2
[INFO] [stderr]    Compiling matchers v0.2.0
[INFO] [stderr]    Compiling logos-codegen v0.16.1
[INFO] [stderr]    Compiling enum-ordinalize v4.3.2
[INFO] [stderr]    Compiling educe v0.6.0
[INFO] [stderr]    Compiling darling_macro v0.20.11
[INFO] [stderr]    Compiling lalrpop v0.22.2
[INFO] [stderr]    Compiling futures-util v0.3.32
[INFO] [stderr]    Compiling darling v0.20.11
[INFO] [stderr]    Compiling derive_builder_core v0.20.2
[INFO] [stderr]    Compiling thiserror v2.0.18
[INFO] [stderr]    Compiling tracing v0.1.44
[INFO] [stderr]    Compiling clap v4.6.1
[INFO] [stderr]    Compiling logos-derive v0.16.1
[INFO] [stderr]    Compiling logos v0.16.1
[INFO] [stderr]    Compiling derive_builder_macro v0.20.2
[INFO] [stderr]    Compiling derive_builder v0.20.2
[INFO] [stderr]    Compiling darling_macro v0.23.0
[INFO] [stderr]    Compiling darling v0.23.0
[INFO] [stderr]    Compiling serde_with_macros v3.18.0
[INFO] [stderr]    Compiling tracing-serde v0.2.0
[INFO] [stderr]    Compiling linked-hash-map v0.5.6
[INFO] [stderr]    Compiling nonempty v0.12.0
[INFO] [stderr]    Compiling miette v7.6.0
[INFO] [stderr]    Compiling tracing-subscriber v0.3.23
[INFO] [stderr]    Compiling linked_hash_set v0.1.6
[INFO] [stderr]    Compiling serde_with v3.18.0
[INFO] [stderr]    Compiling rstest v0.26.1
[INFO] [stderr]    Compiling syslog-tracing v0.3.1
[INFO] [stderr]    Compiling tracing-appender v0.2.5
[INFO] [stderr]    Compiling rex-logger v0.1.0
[INFO] [stderr]    Compiling cedar-policy-core v4.10.0
[INFO] [stderr]    Compiling cedar-policy-formatter v4.10.0
[INFO] [stderr]    Compiling rex-cedar-auth v0.1.0 (/opt/rustwide/workdir)
[INFO] [stderr]     Finished `dev` profile [unoptimized + debuginfo] target(s) in 1m 29s
[INFO] running `Command { std: "docker" "inspect" "747f8bbc13a416c8e7a099663d8281192cc99f82a78bc72b0ba69ec559368ab1", kill_on_drop: false }`
[INFO] running `Command { std: "docker" "exec" "-e" "SOURCE_DIR=/opt/rustwide/workdir" "-e" "CARGO_HOME=/opt/rustwide/cargo-home" "-e" "RUSTUP_HOME=/opt/rustwide/rustup-home" "-e" "CARGO_TARGET_DIR=/opt/rustwide/target" "-e" "CARGO_INCREMENTAL=0" "-e" "RUST_BACKTRACE=full" "-e" "RUSTFLAGS=--cap-lints=warn" "-e" "RUSTDOCFLAGS=--cap-lints=warn" "-w" "/opt/rustwide/workdir" "--user" "0:0" "747f8bbc13a416c8e7a099663d8281192cc99f82a78bc72b0ba69ec559368ab1" "/opt/rustwide/cargo-home/bin/cargo" "+1.100.0-beta.1" "test" "--frozen" "--no-run" "--message-format=json", kill_on_drop: false }`
[INFO] [stderr]    Compiling rex-cedar-auth v0.1.0 (/opt/rustwide/workdir)
[INFO] [stdout] error[E0433]: cannot find module or crate `rex_cedar_auth` in this scope
[INFO] [stdout]    --> src/cedar_auth.rs:393:9
[INFO] [stdout]     |
[INFO] [stdout] 393 |     use rex_cedar_auth::test_utils::get_default_test_rex_schema;
[INFO] [stdout]     |         ^^^^^^^^^^^^^^ use of unresolved module or unlinked crate `rex_cedar_auth`
[INFO] [stdout]     |
[INFO] [stdout]     = help: if you wanted to use a crate named `rex_cedar_auth`, use `cargo add rex_cedar_auth` to add it to your `Cargo.toml`
[INFO] [stdout] 
[INFO] [stdout] 
[INFO] [stdout] error[E0433]: cannot find module or crate `rex_test_utils` in this scope
[INFO] [stdout]    --> src/fs/entities.rs:717:9
[INFO] [stdout]     |
[INFO] [stdout] 717 |     use rex_test_utils::assertions::assert_error_contains;
[INFO] [stdout]     |         ^^^^^^^^^^^^^^ use of unresolved module or unlinked crate `rex_test_utils`
[INFO] [stdout]     |
[INFO] [stdout]     = help: if you wanted to use a crate named `rex_test_utils`, use `cargo add rex_test_utils` to add it to your `Cargo.toml`
[INFO] [stdout] 
[INFO] [stdout] 
[INFO] [stdout] error[E0433]: cannot find module or crate `rex_test_utils` in this scope
[INFO] [stdout]    --> src/fs/entities.rs:718:9
[INFO] [stdout]     |
[INFO] [stdout] 718 |     use rex_test_utils::io::{create_file_with_content, create_temp_dir_and_path};
[INFO] [stdout]     |         ^^^^^^^^^^^^^^ use of unresolved module or unlinked crate `rex_test_utils`
[INFO] [stdout]     |
[INFO] [stdout]     = help: if you wanted to use a crate named `rex_test_utils`, use `cargo add rex_test_utils` to add it to your `Cargo.toml`
[INFO] [stdout] 
[INFO] [stdout] 
[INFO] [stdout] error[E0432]: unresolved import `rstest`
[INFO] [stdout]   --> src/fs/actions.rs:38:9
[INFO] [stdout]    |
[INFO] [stdout] 38 |     use rstest::rstest;
[INFO] [stdout]    |         ^^^^^^ use of unresolved module or unlinked crate `rstest`
[INFO] [stdout]    |
[INFO] [stdout] help: there is a crate or module with a similar name
[INFO] [stdout]    |
[INFO] [stdout] 38 -     use rstest::rstest;
[INFO] [stdout] 38 +     use test::rstest;
[INFO] [stdout]    |
[INFO] [stdout] 
[INFO] [stdout] 
[INFO] [stdout] error[E0432]: unresolved import `rstest`
[INFO] [stdout]    --> src/fs/entities.rs:719:9
[INFO] [stdout]     |
[INFO] [stdout] 719 |     use rstest::rstest;
[INFO] [stdout]     |         ^^^^^^ use of unresolved module or unlinked crate `rstest`
[INFO] [stdout]     |
[INFO] [stdout] help: there is a crate or module with a similar name
[INFO] [stdout]     |
[INFO] [stdout] 719 -     use rstest::rstest;
[INFO] [stdout] 719 +     use test::rstest;
[INFO] [stdout]     |
[INFO] [stdout] 
[INFO] [stdout] 
[INFO] [stdout] error[E0432]: unresolved import `rstest`
[INFO] [stdout]   --> src/network/actions.rs:27:9
[INFO] [stdout]    |
[INFO] [stdout] 27 |     use rstest::rstest;
[INFO] [stdout]    |         ^^^^^^ use of unresolved module or unlinked crate `rstest`
[INFO] [stdout]    |
[INFO] [stdout] help: there is a crate or module with a similar name
[INFO] [stdout]    |
[INFO] [stdout] 27 -     use rstest::rstest;
[INFO] [stdout] 27 +     use test::rstest;
[INFO] [stdout]    |
[INFO] [stdout] 
[INFO] [stdout] 
[INFO] [stdout] error[E0432]: unresolved import `rstest`
[INFO] [stdout]   --> src/network/types.rs:23:9
[INFO] [stdout]    |
[INFO] [stdout] 23 |     use rstest::rstest;
[INFO] [stdout]    |         ^^^^^^ use of unresolved module or unlinked crate `rstest`
[INFO] [stdout]    |
[INFO] [stdout] help: there is a crate or module with a similar name
[INFO] [stdout]    |
[INFO] [stdout] 23 -     use rstest::rstest;
[INFO] [stdout] 23 +     use test::rstest;
[INFO] [stdout]    |
[INFO] [stdout] 
[INFO] [stdout] 
[INFO] [stdout] error[E0432]: unresolved import `rstest`
[INFO] [stdout]   --> src/process/actions.rs:29:9
[INFO] [stdout]    |
[INFO] [stdout] 29 |     use rstest::rstest;
[INFO] [stdout]    |         ^^^^^^ use of unresolved module or unlinked crate `rstest`
[INFO] [stdout]    |
[INFO] [stdout] help: there is a crate or module with a similar name
[INFO] [stdout]    |
[INFO] [stdout] 29 -     use rstest::rstest;
[INFO] [stdout] 29 +     use test::rstest;
[INFO] [stdout]    |
[INFO] [stdout] 
[INFO] [stdout] 
[INFO] [stdout] error[E0432]: unresolved import `rstest`
[INFO] [stdout]   --> src/process/types.rs:23:9
[INFO] [stdout]    |
[INFO] [stdout] 23 |     use rstest::rstest;
[INFO] [stdout]    |         ^^^^^^ use of unresolved module or unlinked crate `rstest`
[INFO] [stdout]    |
[INFO] [stdout] help: there is a crate or module with a similar name
[INFO] [stdout]    |
[INFO] [stdout] 23 -     use rstest::rstest;
[INFO] [stdout] 23 +     use test::rstest;
[INFO] [stdout]    |
[INFO] [stdout] 
[INFO] [stdout] 
[INFO] [stdout] error[E0432]: unresolved import `rstest`
[INFO] [stdout]   --> src/sysctl/actions.rs:23:9
[INFO] [stdout]    |
[INFO] [stdout] 23 |     use rstest::rstest;
[INFO] [stdout]    |         ^^^^^^ use of unresolved module or unlinked crate `rstest`
[INFO] [stdout]    |
[INFO] [stdout] help: there is a crate or module with a similar name
[INFO] [stdout]    |
[INFO] [stdout] 23 -     use rstest::rstest;
[INFO] [stdout] 23 +     use test::rstest;
[INFO] [stdout]    |
[INFO] [stdout] 
[INFO] [stdout] 
[INFO] [stdout] error[E0432]: unresolved import `rstest`
[INFO] [stdout]   --> src/sysctl/types.rs:23:9
[INFO] [stdout]    |
[INFO] [stdout] 23 |     use rstest::rstest;
[INFO] [stdout]    |         ^^^^^^ use of unresolved module or unlinked crate `rstest`
[INFO] [stdout]    |
[INFO] [stdout] help: there is a crate or module with a similar name
[INFO] [stdout]    |
[INFO] [stdout] 23 -     use rstest::rstest;
[INFO] [stdout] 23 +     use test::rstest;
[INFO] [stdout]    |
[INFO] [stdout] 
[INFO] [stdout] 
[INFO] [stdout] error[E0432]: unresolved import `rstest`
[INFO] [stdout]   --> src/sysinfo/actions.rs:24:9
[INFO] [stdout]    |
[INFO] [stdout] 24 |     use rstest::rstest;
[INFO] [stdout]    |         ^^^^^^ use of unresolved module or unlinked crate `rstest`
[INFO] [stdout]    |
[INFO] [stdout] help: there is a crate or module with a similar name
[INFO] [stdout]    |
[INFO] [stdout] 24 -     use rstest::rstest;
[INFO] [stdout] 24 +     use test::rstest;
[INFO] [stdout]    |
[INFO] [stdout] 
[INFO] [stdout] 
[INFO] [stdout] error[E0432]: unresolved import `rstest`
[INFO] [stdout]   --> src/sysinfo/types.rs:25:9
[INFO] [stdout]    |
[INFO] [stdout] 25 |     use rstest::rstest;
[INFO] [stdout]    |         ^^^^^^ use of unresolved module or unlinked crate `rstest`
[INFO] [stdout]    |
[INFO] [stdout] help: there is a crate or module with a similar name
[INFO] [stdout]    |
[INFO] [stdout] 25 -     use rstest::rstest;
[INFO] [stdout] 25 +     use test::rstest;
[INFO] [stdout]    |
[INFO] [stdout] 
[INFO] [stdout] 
[INFO] [stdout] error[E0432]: unresolved import `rstest`
[INFO] [stdout]   --> src/systemd/actions.rs:28:9
[INFO] [stdout]    |
[INFO] [stdout] 28 |     use rstest::rstest;
[INFO] [stdout]    |         ^^^^^^ use of unresolved module or unlinked crate `rstest`
[INFO] [stdout]    |
[INFO] [stdout] help: there is a crate or module with a similar name
[INFO] [stdout]    |
[INFO] [stdout] 28 -     use rstest::rstest;
[INFO] [stdout] 28 +     use test::rstest;
[INFO] [stdout]    |
[INFO] [stdout] 
[INFO] [stdout] 
[INFO] [stdout] error[E0432]: unresolved import `rstest`
[INFO] [stdout]   --> src/systemd/types.rs:25:9
[INFO] [stdout]    |
[INFO] [stdout] 25 |     use rstest::rstest;
[INFO] [stdout]    |         ^^^^^^ use of unresolved module or unlinked crate `rstest`
[INFO] [stdout]    |
[INFO] [stdout] help: there is a crate or module with a similar name
[INFO] [stdout]    |
[INFO] [stdout] 25 -     use rstest::rstest;
[INFO] [stdout] 25 +     use test::rstest;
[INFO] [stdout]    |
[INFO] [stdout] 
[INFO] [stdout] 
[INFO] [stdout] error[E0433]: cannot find module or crate `rstest` in this scope
[INFO] [stdout]    --> src/entities.rs:367:7
[INFO] [stdout]     |
[INFO] [stdout] 367 |     #[rstest::rstest]
[INFO] [stdout]     |       ^^^^^^ use of unresolved module or unlinked crate `rstest`
[INFO] [stdout] 
[INFO] [stdout] 
[INFO] [stdout] error[E0433]: cannot find module or crate `case` in this scope
[INFO] [stdout]    --> src/entities.rs:368:7
[INFO] [stdout]     |
[INFO] [stdout] 368 |     #[case::string_tags(vec![("key1", "value1"), ("key2", "value2")])]
[INFO] [stdout]     |       ^^^^ use of unresolved module or unlinked crate `case`
[INFO] [stdout] 
[INFO] [stdout] 
[INFO] [stdout] error[E0433]: cannot find module or crate `case` in this scope
[INFO] [stdout]    --> src/entities.rs:369:7
[INFO] [stdout]     |
[INFO] [stdout] 369 |     #[case::number_tags(vec![("count", "42"), ("size", "1024")])]
[INFO] [stdout]     |       ^^^^ use of unresolved module or unlinked crate `case`
[INFO] [stdout] 
[INFO] [stdout] 
[INFO] [stdout] error[E0433]: cannot find module or crate `case` in this scope
[INFO] [stdout]    --> src/entities.rs:370:7
[INFO] [stdout]     |
[INFO] [stdout] 370 |     #[case::bool_tags(vec![("enabled", "true"), ("verbose", "false")])]
[INFO] [stdout]     |       ^^^^ use of unresolved module or unlinked crate `case`
[INFO] [stdout] 
[INFO] [stdout] 
[INFO] [stdout] error[E0433]: cannot find module or crate `case` in this scope
[INFO] [stdout]   --> src/fs/actions.rs:44:7
[INFO] [stdout]    |
[INFO] [stdout] 44 |     #[case::read(FilesystemAction::Read, r#"file_system::Action::"read""#)]
[INFO] [stdout]    |       ^^^^ use of unresolved module or unlinked crate `case`
[INFO] [stdout] 
[INFO] [stdout] 
[INFO] [stdout] error[E0433]: cannot find module or crate `case` in this scope
[INFO] [stdout]   --> src/fs/actions.rs:45:7
[INFO] [stdout]    |
[INFO] [stdout] 45 |     #[case::write(FilesystemAction::Write, r#"file_system::Action::"write""#)]
[INFO] [stdout]    |       ^^^^ use of unresolved module or unlinked crate `case`
[INFO] [stdout] 
[INFO] [stdout] 
[INFO] [stdout] error[E0433]: cannot find module or crate `case` in this scope
[INFO] [stdout]   --> src/fs/actions.rs:46:7
[INFO] [stdout]    |
[INFO] [stdout] 46 |     #[case::delete(FilesystemAction::Delete, r#"file_system::Action::"delete""#)]
[INFO] [stdout]    |       ^^^^ use of unresolved module or unlinked crate `case`
[INFO] [stdout] 
[INFO] [stdout] 
[INFO] [stdout] error[E0433]: cannot find module or crate `case` in this scope
[INFO] [stdout]   --> src/fs/actions.rs:47:7
[INFO] [stdout]    |
[INFO] [stdout] 47 |     #[case::open(FilesystemAction::Open, r#"file_system::Action::"open""#)]
[INFO] [stdout]    |       ^^^^ use of unresolved module or unlinked crate `case`
[INFO] [stdout] 
[INFO] [stdout] 
[INFO] [stdout] error[E0433]: cannot find module or crate `case` in this scope
[INFO] [stdout]   --> src/fs/actions.rs:48:7
[INFO] [stdout]    |
[INFO] [stdout] 48 |     #[case::create(FilesystemAction::Create, r#"file_system::Action::"create""#)]
[INFO] [stdout]    |       ^^^^ use of unresolved module or unlinked crate `case`
[INFO] [stdout] 
[INFO] [stdout] 
[INFO] [stdout] error[E0433]: cannot find module or crate `case` in this scope
[INFO] [stdout]   --> src/fs/actions.rs:49:7
[INFO] [stdout]    |
[INFO] [stdout] 49 |     #[case::chmod(FilesystemAction::Chmod, r#"file_system::Action::"chmod""#)]
[INFO] [stdout]    |       ^^^^ use of unresolved module or unlinked crate `case`
[INFO] [stdout] 
[INFO] [stdout] 
[INFO] [stdout] error[E0433]: cannot find module or crate `case` in this scope
[INFO] [stdout]   --> src/fs/actions.rs:50:7
[INFO] [stdout]    |
[INFO] [stdout] 50 |     #[case::chown(FilesystemAction::Chown, r#"file_system::Action::"chown""#)]
[INFO] [stdout]    |       ^^^^ use of unresolved module or unlinked crate `case`
[INFO] [stdout] 
[INFO] [stdout] 
[INFO] [stdout] error[E0433]: cannot find module or crate `case` in this scope
[INFO] [stdout]   --> src/fs/actions.rs:51:7
[INFO] [stdout]    |
[INFO] [stdout] 51 |     #[case::stat(FilesystemAction::Stat, r#"file_system::Action::"stat""#)]
[INFO] [stdout]    |       ^^^^ use of unresolved module or unlinked crate `case`
[INFO] [stdout] 
[INFO] [stdout] 
[INFO] [stdout] error[E0433]: cannot find module or crate `case` in this scope
[INFO] [stdout]   --> src/fs/actions.rs:52:7
[INFO] [stdout]    |
[INFO] [stdout] 52 |     #[case::move_action(FilesystemAction::Move, r#"file_system::Action::"move""#)]
[INFO] [stdout]    |       ^^^^ use of unresolved module or unlinked crate `case`
[INFO] [stdout] 
[INFO] [stdout] 
[INFO] [stdout] error[E0433]: cannot find module or crate `case` in this scope
[INFO] [stdout]   --> src/fs/actions.rs:53:7
[INFO] [stdout]    |
[INFO] [stdout] 53 |     #[case::execute(FilesystemAction::Execute, r#"file_system::Action::"execute""#)]
[INFO] [stdout]    |       ^^^^ use of unresolved module or unlinked crate `case`
[INFO] [stdout] 
[INFO] [stdout] 
[INFO] [stdout] error[E0433]: cannot find module or crate `case` in this scope
[INFO] [stdout]   --> src/fs/actions.rs:54:7
[INFO] [stdout]    |
[INFO] [stdout] 54 |     #[case::redacted_read(
[INFO] [stdout]    |       ^^^^ use of unresolved module or unlinked crate `case`
[INFO] [stdout] 
[INFO] [stdout] 
[INFO] [stdout] error[E0433]: cannot find module or crate `case` in this scope
[INFO] [stdout]   --> src/fs/actions.rs:58:7
[INFO] [stdout]    |
[INFO] [stdout] 58 |     #[case::network_namespace(
[INFO] [stdout]    |       ^^^^ use of unresolved module or unlinked crate `case`
[INFO] [stdout] 
[INFO] [stdout] 
[INFO] [stdout] error[E0433]: cannot find module or crate `case` in this scope
[INFO] [stdout]   --> src/fs/actions.rs:62:7
[INFO] [stdout]    |
[INFO] [stdout] 62 |     #[case::unmount(FilesystemAction::Unmount, r#"file_system::Action::"unmount""#)]
[INFO] [stdout]    |       ^^^^ use of unresolved module or unlinked crate `case`
[INFO] [stdout] 
[INFO] [stdout] 
[INFO] [stdout] error[E0433]: cannot find module or crate `case` in this scope
[INFO] [stdout]   --> src/fs/actions.rs:63:7
[INFO] [stdout]    |
[INFO] [stdout] 63 |     #[case::set_x_attr(FilesystemAction::SetXAttr, r#"file_system::Action::"set_x_attr""#)]
[INFO] [stdout]    |       ^^^^ use of unresolved module or unlinked crate `case`
[INFO] [stdout] 
[INFO] [stdout] 
[INFO] [stdout] error[E0433]: cannot find module or crate `case` in this scope
[INFO] [stdout]   --> src/network/actions.rs:35:7
[INFO] [stdout]    |
[INFO] [stdout] 35 |     #[case::list(NetworkAction::Get, r#"network::Action::"GET""#)]
[INFO] [stdout]    |       ^^^^ use of unresolved module or unlinked crate `case`
[INFO] [stdout] 
[INFO] [stdout] 
[INFO] [stdout] error[E0433]: cannot find module or crate `case` in this scope
[INFO] [stdout]   --> src/network/actions.rs:36:7
[INFO] [stdout]    |
[INFO] [stdout] 36 |     #[case::list(NetworkAction::Connect, r#"network::Action::"connect""#)]
[INFO] [stdout]    |       ^^^^ use of unresolved module or unlinked crate `case`
[INFO] [stdout] 
[INFO] [stdout] 
[INFO] [stdout] error[E0433]: cannot find module or crate `case` in this scope
[INFO] [stdout]   --> src/network/types.rs:29:7
[INFO] [stdout]    |
[INFO] [stdout] 29 |     #[case::process(EntityType::Url, "network::url")]
[INFO] [stdout]    |       ^^^^ use of unresolved module or unlinked crate `case`
[INFO] [stdout] 
[INFO] [stdout] 
[INFO] [stdout] error[E0433]: cannot find module or crate `case` in this scope
[INFO] [stdout]   --> src/process/actions.rs:35:7
[INFO] [stdout]    |
[INFO] [stdout] 35 |     #[case::list(ProcessAction::List, r#"process_system::Action::"list""#)]
[INFO] [stdout]    |       ^^^^ use of unresolved module or unlinked crate `case`
[INFO] [stdout] 
[INFO] [stdout] 
[INFO] [stdout] error[E0433]: cannot find module or crate `case` in this scope
[INFO] [stdout]   --> src/process/actions.rs:36:7
[INFO] [stdout]    |
[INFO] [stdout] 36 |     #[case::mount_namespace(
[INFO] [stdout]    |       ^^^^ use of unresolved module or unlinked crate `case`
[INFO] [stdout] 
[INFO] [stdout] 
[INFO] [stdout] error[E0433]: cannot find module or crate `case` in this scope
[INFO] [stdout]   --> src/process/actions.rs:40:7
[INFO] [stdout]    |
[INFO] [stdout] 40 |     #[case::network_namespace(
[INFO] [stdout]    |       ^^^^ use of unresolved module or unlinked crate `case`
[INFO] [stdout] 
[INFO] [stdout] 
[INFO] [stdout] error[E0433]: cannot find module or crate `case` in this scope
[INFO] [stdout]   --> src/process/actions.rs:44:7
[INFO] [stdout]    |
[INFO] [stdout] 44 |     #[case::list_fds(ProcessAction::ListFds, r#"process_system::Action::"list_fds""#)]
[INFO] [stdout]    |       ^^^^ use of unresolved module or unlinked crate `case`
[INFO] [stdout] 
[INFO] [stdout] 
[INFO] [stdout] error[E0433]: cannot find module or crate `case` in this scope
[INFO] [stdout]   --> src/process/actions.rs:45:7
[INFO] [stdout]    |
[INFO] [stdout] 45 |     #[case::kill(ProcessAction::Kill, r#"process_system::Action::"kill""#)]
[INFO] [stdout]    |       ^^^^ use of unresolved module or unlinked crate `case`
[INFO] [stdout] 
[INFO] [stdout] 
[INFO] [stdout] error[E0433]: cannot find module or crate `case` in this scope
[INFO] [stdout]   --> src/process/actions.rs:46:7
[INFO] [stdout]    |
[INFO] [stdout] 46 |     #[case::interrupt(ProcessAction::Interrupt, r#"process_system::Action::"interrupt""#)]
[INFO] [stdout]    |       ^^^^ use of unresolved module or unlinked crate `case`
[INFO] [stdout] 
[INFO] [stdout] 
[INFO] [stdout] error[E0433]: cannot find module or crate `case` in this scope
[INFO] [stdout]   --> src/process/actions.rs:47:7
[INFO] [stdout]    |
[INFO] [stdout] 47 |     #[case::trace(ProcessAction::Trace, r#"process_system::Action::"trace""#)]
[INFO] [stdout]    |       ^^^^ use of unresolved module or unlinked crate `case`
[INFO] [stdout] 
[INFO] [stdout] 
[INFO] [stdout] error[E0433]: cannot find module or crate `case` in this scope
[INFO] [stdout]   --> src/process/types.rs:29:7
[INFO] [stdout]    |
[INFO] [stdout] 29 |     #[case::process(EntityType::Process, "process_system::Process")]
[INFO] [stdout]    |       ^^^^ use of unresolved module or unlinked crate `case`
[INFO] [stdout] 
[INFO] [stdout] 
[INFO] [stdout] error[E0433]: cannot find module or crate `case` in this scope
[INFO] [stdout]   --> src/sysctl/actions.rs:29:7
[INFO] [stdout]    |
[INFO] [stdout] 29 |     #[case::load(SysctlAction::Load, r#"sysctl::Action::"load""#)]
[INFO] [stdout]    |       ^^^^ use of unresolved module or unlinked crate `case`
[INFO] [stdout] 
[INFO] [stdout] 
[INFO] [stdout] error[E0433]: cannot find module or crate `case` in this scope
[INFO] [stdout]   --> src/sysctl/types.rs:29:7
[INFO] [stdout]    |
[INFO] [stdout] 29 |     #[case::sysctl(EntityType::Sysctl, "sysctl::Sysctl")]
[INFO] [stdout]    |       ^^^^ use of unresolved module or unlinked crate `case`
[INFO] [stdout] 
[INFO] [stdout] 
[INFO] [stdout] error[E0433]: cannot find module or crate `case` in this scope
[INFO] [stdout]   --> src/sysinfo/actions.rs:30:7
[INFO] [stdout]    |
[INFO] [stdout] 30 |     #[case::list(SysinfoAction::List, r#"sysinfo::Action::"list""#)]
[INFO] [stdout]    |       ^^^^ use of unresolved module or unlinked crate `case`
[INFO] [stdout] 
[INFO] [stdout] 
[INFO] [stdout] error[E0433]: cannot find module or crate `case` in this scope
[INFO] [stdout]   --> src/sysinfo/actions.rs:31:7
[INFO] [stdout]    |
[INFO] [stdout] 31 |     #[case::resolve_hostname(
[INFO] [stdout]    |       ^^^^ use of unresolved module or unlinked crate `case`
[INFO] [stdout] 
[INFO] [stdout] 
[INFO] [stdout] error[E0433]: cannot find module or crate `case` in this scope
[INFO] [stdout]   --> src/sysinfo/types.rs:31:7
[INFO] [stdout]    |
[INFO] [stdout] 31 |     #[case::process(EntityType::Sysinfo, "sysinfo::Sysinfo")]
[INFO] [stdout]    |       ^^^^ use of unresolved module or unlinked crate `case`
[INFO] [stdout] 
[INFO] [stdout] 
[INFO] [stdout] error[E0433]: cannot find module or crate `case` in this scope
[INFO] [stdout]   --> src/sysinfo/types.rs:32:7
[INFO] [stdout]    |
[INFO] [stdout] 32 |     #[case::process(EntityType::Hostname, "sysinfo::Hostname")]
[INFO] [stdout]    |       ^^^^ use of unresolved module or unlinked crate `case`
[INFO] [stdout] 
[INFO] [stdout] 
[INFO] [stdout] error[E0433]: cannot find module or crate `case` in this scope
[INFO] [stdout]   --> src/systemd/actions.rs:34:7
[INFO] [stdout]    |
[INFO] [stdout] 34 |     #[case::start(SystemdAction::Start, r#"systemd::Action::"start""#)]
[INFO] [stdout]    |       ^^^^ use of unresolved module or unlinked crate `case`
[INFO] [stdout] 
[INFO] [stdout] 
[INFO] [stdout] error[E0433]: cannot find module or crate `case` in this scope
[INFO] [stdout]   --> src/systemd/actions.rs:35:7
[INFO] [stdout]    |
[INFO] [stdout] 35 |     #[case::stop(SystemdAction::Stop, r#"systemd::Action::"stop""#)]
[INFO] [stdout]    |       ^^^^ use of unresolved module or unlinked crate `case`
[INFO] [stdout] 
[INFO] [stdout] 
[INFO] [stdout] error[E0433]: cannot find module or crate `case` in this scope
[INFO] [stdout]   --> src/systemd/actions.rs:36:7
[INFO] [stdout]    |
[INFO] [stdout] 36 |     #[case::restart(SystemdAction::Restart, r#"systemd::Action::"restart""#)]
[INFO] [stdout]    |       ^^^^ use of unresolved module or unlinked crate `case`
[INFO] [stdout] 
[INFO] [stdout] 
[INFO] [stdout] error[E0433]: cannot find module or crate `case` in this scope
[INFO] [stdout]   --> src/systemd/actions.rs:37:7
[INFO] [stdout]    |
[INFO] [stdout] 37 |     #[case::status(SystemdAction::Status, r#"systemd::Action::"status""#)]
[INFO] [stdout]    |       ^^^^ use of unresolved module or unlinked crate `case`
[INFO] [stdout] 
[INFO] [stdout] 
[INFO] [stdout] error[E0433]: cannot find module or crate `case` in this scope
[INFO] [stdout]   --> src/systemd/actions.rs:38:7
[INFO] [stdout]    |
[INFO] [stdout] 38 |     #[case::daemon_reload(SystemdAction::DaemonReload, r#"systemd::Action::"daemon_reload""#)]
[INFO] [stdout]    |       ^^^^ use of unresolved module or unlinked crate `case`
[INFO] [stdout] 
[INFO] [stdout] 
[INFO] [stdout] error[E0433]: cannot find module or crate `case` in this scope
[INFO] [stdout]   --> src/systemd/types.rs:31:7
[INFO] [stdout]    |
[INFO] [stdout] 31 |     #[case::service(EntityType::Service, "systemd::Service")]
[INFO] [stdout]    |       ^^^^ use of unresolved module or unlinked crate `case`
[INFO] [stdout] 
[INFO] [stdout] 
[INFO] [stdout] error[E0433]: cannot find module or crate `case` in this scope
[INFO] [stdout]   --> src/systemd/types.rs:32:7
[INFO] [stdout]    |
[INFO] [stdout] 32 |     #[case::systemd(EntityType::Systemd, "systemd::Systemd")]
[INFO] [stdout]    |       ^^^^ use of unresolved module or unlinked crate `case`
[INFO] [stdout] 
[INFO] [stdout] 
[INFO] [stdout] error: cannot find attribute `case` in this scope
[INFO] [stdout]    --> src/entities.rs:371:41
[INFO] [stdout]     |
[INFO] [stdout] 371 |     fn test_entity_creation_with_tags(#[case] tags: Vec<(&str, &str)>) -> Result<()> {
[INFO] [stdout]     |                                         ^^^^
[INFO] [stdout] 
[INFO] [stdout] 
[INFO] [stdout] error: cannot find attribute `case` in this scope
[INFO] [stdout]   --> src/fs/actions.rs:65:11
[INFO] [stdout]    |
[INFO] [stdout] 65 |         #[case] action: FilesystemAction,
[INFO] [stdout]    |           ^^^^
[INFO] [stdout] 
[INFO] [stdout] 
[INFO] [stdout] error: cannot find attribute `case` in this scope
[INFO] [stdout]   --> src/fs/actions.rs:66:11
[INFO] [stdout]    |
[INFO] [stdout] 66 |         #[case] action_str: String,
[INFO] [stdout]    |           ^^^^
[INFO] [stdout] 
[INFO] [stdout] 
[INFO] [stdout] error: cannot find attribute `case` in this scope
[INFO] [stdout]    --> src/fs/entities.rs:735:7
[INFO] [stdout]     |
[INFO] [stdout] 735 |     #[case("/absolute/path")]
[INFO] [stdout]     |       ^^^^
[INFO] [stdout] 
[INFO] [stdout] 
[INFO] [stdout] error: cannot find attribute `case` in this scope
[INFO] [stdout]    --> src/fs/entities.rs:736:7
[INFO] [stdout]     |
[INFO] [stdout] 736 |     #[case("/")]
[INFO] [stdout]     |       ^^^^
[INFO] [stdout] 
[INFO] [stdout] 
[INFO] [stdout] error: cannot find attribute `case` in this scope
[INFO] [stdout]    --> src/fs/entities.rs:737:7
[INFO] [stdout]     |
[INFO] [stdout] 737 |     #[case("/absolute/path/with/numbers123")]
[INFO] [stdout]     |       ^^^^
[INFO] [stdout] 
[INFO] [stdout] 
[INFO] [stdout] error: cannot find attribute `case` in this scope
[INFO] [stdout]    --> src/fs/entities.rs:738:7
[INFO] [stdout]     |
[INFO] [stdout] 738 |     #[case("/absolute/path/with/symbols-_.")]
[INFO] [stdout]     |       ^^^^
[INFO] [stdout] 
[INFO] [stdout] 
[INFO] [stdout] error: cannot find attribute `case` in this scope
[INFO] [stdout]    --> src/fs/entities.rs:739:7
[INFO] [stdout]     |
[INFO] [stdout] 739 |     #[case("/sys/dev/block/259:0")]
[INFO] [stdout]     |       ^^^^
[INFO] [stdout] 
[INFO] [stdout] 
[INFO] [stdout] error: cannot find attribute `case` in this scope
[INFO] [stdout]    --> src/fs/entities.rs:740:45
[INFO] [stdout]     |
[INFO] [stdout] 740 |     fn test_validate_path_with_valid_path(#[case] path: &str) {
[INFO] [stdout]     |                                             ^^^^
[INFO] [stdout] 
[INFO] [stdout] 
[INFO] [stdout] error: cannot find attribute `case` in this scope
[INFO] [stdout]    --> src/fs/entities.rs:754:7
[INFO] [stdout]     |
[INFO] [stdout] 754 |     #[case("relative/path", "not absolute")]
[INFO] [stdout]     |       ^^^^
[INFO] [stdout] 
[INFO] [stdout] 
[INFO] [stdout] error: cannot find attribute `case` in this scope
[INFO] [stdout]    --> src/fs/entities.rs:755:7
[INFO] [stdout]     |
[INFO] [stdout] 755 |     #[case("..", "not absolute")]
[INFO] [stdout]     |       ^^^^
[INFO] [stdout] 
[INFO] [stdout] 
[INFO] [stdout] error: cannot find attribute `case` in this scope
[INFO] [stdout]    --> src/fs/entities.rs:756:7
[INFO] [stdout]     |
[INFO] [stdout] 756 |     #[case("/path/../with/traversal", "traversal detected")]
[INFO] [stdout]     |       ^^^^
[INFO] [stdout] 
[INFO] [stdout] 
[INFO] [stdout] error: cannot find attribute `case` in this scope
[INFO] [stdout]    --> src/fs/entities.rs:757:7
[INFO] [stdout]     |
[INFO] [stdout] 757 |     #[case("/path/with/invalid\0char", "invalid characters")]
[INFO] [stdout]     |       ^^^^
[INFO] [stdout] 
[INFO] [stdout] 
[INFO] [stdout] error: cannot find attribute `case` in this scope
[INFO] [stdout]    --> src/fs/entities.rs:758:7
[INFO] [stdout]     |
[INFO] [stdout] 758 |     #[case("/path/with/invalid<char", "invalid characters")]
[INFO] [stdout]     |       ^^^^
[INFO] [stdout] 
[INFO] [stdout] 
[INFO] [stdout] error: cannot find attribute `case` in this scope
[INFO] [stdout]    --> src/fs/entities.rs:759:7
[INFO] [stdout]     |
[INFO] [stdout] 759 |     #[case("/path/with/invalid>char", "invalid characters")]
[INFO] [stdout]     |       ^^^^
[INFO] [stdout] 
[INFO] [stdout] 
[INFO] [stdout] error: cannot find attribute `case` in this scope
[INFO] [stdout]    --> src/fs/entities.rs:760:7
[INFO] [stdout]     |
[INFO] [stdout] 760 |     #[case("/path/with/invalid\"char", "invalid characters")]
[INFO] [stdout]     |       ^^^^
[INFO] [stdout] 
[INFO] [stdout] 
[INFO] [stdout] error: cannot find attribute `case` in this scope
[INFO] [stdout]    --> src/fs/entities.rs:761:7
[INFO] [stdout]     |
[INFO] [stdout] 761 |     #[case("/path/with/invalid|char", "invalid characters")]
[INFO] [stdout]     |       ^^^^
[INFO] [stdout] 
[INFO] [stdout] 
[INFO] [stdout] error: cannot find attribute `case` in this scope
[INFO] [stdout]    --> src/fs/entities.rs:762:7
[INFO] [stdout]     |
[INFO] [stdout] 762 |     #[case("/path/with/invalid?char", "invalid characters")]
[INFO] [stdout]     |       ^^^^
[INFO] [stdout] 
[INFO] [stdout] 
[INFO] [stdout] error: cannot find attribute `case` in this scope
[INFO] [stdout]    --> src/fs/entities.rs:763:7
[INFO] [stdout]     |
[INFO] [stdout] 763 |     #[case("/path/with/invalid*char", "invalid characters")]
[INFO] [stdout]     |       ^^^^
[INFO] [stdout] 
[INFO] [stdout] 
[INFO] [stdout] error: cannot find attribute `case` in this scope
[INFO] [stdout]    --> src/fs/entities.rs:764:7
[INFO] [stdout]     |
[INFO] [stdout] 764 |     #[case("/path/with/invalid\u{1F}control", "invalid characters")]
[INFO] [stdout]     |       ^^^^
[INFO] [stdout] 
[INFO] [stdout] 
[INFO] [stdout] error: cannot find attribute `case` in this scope
[INFO] [stdout]    --> src/fs/entities.rs:765:47
[INFO] [stdout]     |
[INFO] [stdout] 765 |     fn test_validate_path_with_invalid_path(#[case] path: &str, #[case] error_msg: &str) {
[INFO] [stdout]     |                                               ^^^^
[INFO] [stdout] 
[INFO] [stdout] 
[INFO] [stdout] error: cannot find attribute `case` in this scope
[INFO] [stdout]    --> src/fs/entities.rs:765:67
[INFO] [stdout]     |
[INFO] [stdout] 765 |     fn test_validate_path_with_invalid_path(#[case] path: &str, #[case] error_msg: &str) {
[INFO] [stdout]     |                                                                   ^^^^
[INFO] [stdout] 
[INFO] [stdout] 
[INFO] [stdout] error: cannot find attribute `case` in this scope
[INFO] [stdout]   --> src/network/actions.rs:38:11
[INFO] [stdout]    |
[INFO] [stdout] 38 |         #[case] action: NetworkAction,
[INFO] [stdout]    |           ^^^^
[INFO] [stdout] 
[INFO] [stdout] 
[INFO] [stdout] error: cannot find attribute `case` in this scope
[INFO] [stdout]   --> src/network/actions.rs:39:11
[INFO] [stdout]    |
[INFO] [stdout] 39 |         #[case] action_str: String,
[INFO] [stdout]    |           ^^^^
[INFO] [stdout] 
[INFO] [stdout] 
[INFO] [stdout] error: cannot find attribute `case` in this scope
[INFO] [stdout]   --> src/network/types.rs:31:11
[INFO] [stdout]    |
[INFO] [stdout] 31 |         #[case] entity_type: EntityType,
[INFO] [stdout]    |           ^^^^
[INFO] [stdout] 
[INFO] [stdout] 
[INFO] [stdout] error: cannot find attribute `case` in this scope
[INFO] [stdout]   --> src/network/types.rs:32:11
[INFO] [stdout]    |
[INFO] [stdout] 32 |         #[case] type_str: String,
[INFO] [stdout]    |           ^^^^
[INFO] [stdout] 
[INFO] [stdout] 
[INFO] [stdout] error: cannot find attribute `case` in this scope
[INFO] [stdout]   --> src/process/actions.rs:49:11
[INFO] [stdout]    |
[INFO] [stdout] 49 |         #[case] action: ProcessAction,
[INFO] [stdout]    |           ^^^^
[INFO] [stdout] 
[INFO] [stdout] 
[INFO] [stdout] error: cannot find attribute `case` in this scope
[INFO] [stdout]   --> src/process/actions.rs:50:11
[INFO] [stdout]    |
[INFO] [stdout] 50 |         #[case] action_str: String,
[INFO] [stdout]    |           ^^^^
[INFO] [stdout] 
[INFO] [stdout] 
[INFO] [stdout] error: cannot find attribute `case` in this scope
[INFO] [stdout]   --> src/process/types.rs:31:11
[INFO] [stdout]    |
[INFO] [stdout] 31 |         #[case] entity_type: EntityType,
[INFO] [stdout]    |           ^^^^
[INFO] [stdout] 
[INFO] [stdout] 
[INFO] [stdout] error: cannot find attribute `case` in this scope
[INFO] [stdout]   --> src/process/types.rs:32:11
[INFO] [stdout]    |
[INFO] [stdout] 32 |         #[case] type_str: String,
[INFO] [stdout]    |           ^^^^
[INFO] [stdout] 
[INFO] [stdout] 
[INFO] [stdout] error: cannot find attribute `case` in this scope
[INFO] [stdout]   --> src/sysctl/actions.rs:30:30
[INFO] [stdout]    |
[INFO] [stdout] 30 |     fn test_action_formats(#[case] action: SysctlAction, #[case] action_str: String) -> Result<()> {
[INFO] [stdout]    |                              ^^^^
[INFO] [stdout] 
[INFO] [stdout] 
[INFO] [stdout] error: cannot find attribute `case` in this scope
[INFO] [stdout]   --> src/sysctl/actions.rs:30:60
[INFO] [stdout]    |
[INFO] [stdout] 30 |     fn test_action_formats(#[case] action: SysctlAction, #[case] action_str: String) -> Result<()> {
[INFO] [stdout]    |                                                            ^^^^
[INFO] [stdout] 
[INFO] [stdout] 
[INFO] [stdout] error: cannot find attribute `case` in this scope
[INFO] [stdout]   --> src/sysctl/types.rs:31:11
[INFO] [stdout]    |
[INFO] [stdout] 31 |         #[case] entity_type: EntityType,
[INFO] [stdout]    |           ^^^^
[INFO] [stdout] 
[INFO] [stdout] 
[INFO] [stdout] error: cannot find attribute `case` in this scope
[INFO] [stdout]   --> src/sysctl/types.rs:32:11
[INFO] [stdout]    |
[INFO] [stdout] 32 |         #[case] type_str: String,
[INFO] [stdout]    |           ^^^^
[INFO] [stdout] 
[INFO] [stdout] 
[INFO] [stdout] error: cannot find attribute `case` in this scope
[INFO] [stdout]   --> src/sysinfo/actions.rs:36:11
[INFO] [stdout]    |
[INFO] [stdout] 36 |         #[case] action: SysinfoAction,
[INFO] [stdout]    |           ^^^^
[INFO] [stdout] 
[INFO] [stdout] 
[INFO] [stdout] error: cannot find attribute `case` in this scope
[INFO] [stdout]   --> src/sysinfo/actions.rs:37:11
[INFO] [stdout]    |
[INFO] [stdout] 37 |         #[case] action_str: String,
[INFO] [stdout]    |           ^^^^
[INFO] [stdout] 
[INFO] [stdout] 
[INFO] [stdout] error: cannot find attribute `case` in this scope
[INFO] [stdout]   --> src/sysinfo/types.rs:34:11
[INFO] [stdout]    |
[INFO] [stdout] 34 |         #[case] entity_type: EntityType,
[INFO] [stdout]    |           ^^^^
[INFO] [stdout] 
[INFO] [stdout] 
[INFO] [stdout] error: cannot find attribute `case` in this scope
[INFO] [stdout]   --> src/sysinfo/types.rs:35:11
[INFO] [stdout]    |
[INFO] [stdout] 35 |         #[case] type_str: String,
[INFO] [stdout]    |           ^^^^
[INFO] [stdout] 
[INFO] [stdout] 
[INFO] [stdout] error: cannot find attribute `case` in this scope
[INFO] [stdout]   --> src/systemd/actions.rs:40:11
[INFO] [stdout]    |
[INFO] [stdout] 40 |         #[case] action: SystemdAction,
[INFO] [stdout]    |           ^^^^
[INFO] [stdout] 
[INFO] [stdout] 
[INFO] [stdout] error: cannot find attribute `case` in this scope
[INFO] [stdout]   --> src/systemd/actions.rs:41:11
[INFO] [stdout]    |
[INFO] [stdout] 41 |         #[case] action_str: String,
[INFO] [stdout]    |           ^^^^
[INFO] [stdout] 
[INFO] [stdout] 
[INFO] [stdout] error: cannot find attribute `case` in this scope
[INFO] [stdout]   --> src/systemd/types.rs:34:11
[INFO] [stdout]    |
[INFO] [stdout] 34 |         #[case] entity_type: EntityType,
[INFO] [stdout]    |           ^^^^
[INFO] [stdout] 
[INFO] [stdout] 
[INFO] [stdout] error: cannot find attribute `case` in this scope
[INFO] [stdout]   --> src/systemd/types.rs:35:11
[INFO] [stdout]    |
[INFO] [stdout] 35 |         #[case] type_str: String,
[INFO] [stdout]    |           ^^^^
[INFO] [stdout] 
[INFO] [stdout] 
[INFO] [stdout] warning: unused import: `SysinfoEntity`
[INFO] [stdout]    --> src/cedar_auth.rs:389:45
[INFO] [stdout]     |
[INFO] [stdout] 389 |         sysinfo::entities::{HostnameEntity, SysinfoEntity},
[INFO] [stdout]     |                                             ^^^^^^^^^^^^^
[INFO] [stdout]     |
[INFO] [stdout]     = note: `#[warn(unused_imports)]` (part of `#[warn(unused)]`) on by default
[INFO] [stdout] 
[INFO] [stdout] 
[INFO] [stdout] Some errors have detailed explanations: E0432, E0433.
[INFO] [stdout] 
[INFO] [stdout] For more information about an error, try `rustc --explain E0432`.
[INFO] [stdout] 
[INFO] [stderr] error: could not compile `rex-cedar-auth` (lib test) due to 99 previous errors; 1 warning emitted
[INFO] running `Command { std: "docker" "inspect" "747f8bbc13a416c8e7a099663d8281192cc99f82a78bc72b0ba69ec559368ab1", kill_on_drop: false }`
[INFO] running `Command { std: "docker" "rm" "-f" "747f8bbc13a416c8e7a099663d8281192cc99f82a78bc72b0ba69ec559368ab1", kill_on_drop: false }`
[INFO] [stdout] 747f8bbc13a416c8e7a099663d8281192cc99f82a78bc72b0ba69ec559368ab1
