[INFO] fetching crate revolt-permissions 0.15.1...
[INFO] testing revolt-permissions-0.15.1 against 1.99.0-beta.8 for beta-1.100-2
[INFO] extracting crate revolt-permissions 0.15.1 into /workspace/builds/worker-2-tc1/source
[INFO] started tweaking crates.io crate revolt-permissions 0.15.1
[INFO] finished tweaking crates.io crate revolt-permissions 0.15.1
[INFO] tweaked toml for crates.io crate revolt-permissions 0.15.1 written to /workspace/builds/worker-2-tc1/source/Cargo.toml
[INFO] validating manifest of crates.io crate revolt-permissions 0.15.1 on toolchain 1.99.0-beta.8
[INFO] running `Command { std: CARGO_HOME="/workspace/cargo-home" RUSTUP_HOME="/workspace/rustup-home" "/workspace/cargo-home/bin/cargo" "+1.99.0-beta.8" "metadata" "--manifest-path" "Cargo.toml" "--no-deps", kill_on_drop: false }`
[INFO] crate crates.io crate revolt-permissions 0.15.1 already has a lockfile, it will not be regenerated
[INFO] running `Command { std: CARGO_HOME="/workspace/cargo-home" RUSTUP_HOME="/workspace/rustup-home" "/workspace/cargo-home/bin/cargo" "+1.99.0-beta.8" "fetch" "--manifest-path" "Cargo.toml", kill_on_drop: false }`
[INFO] [stderr]     Updating crates.io index
[INFO] [stderr]  Downloading crates ...
[INFO] [stderr]   Downloaded sentry-tracing v0.31.8
[INFO] [stderr]   Downloaded revolt-result v0.15.1
[INFO] [stderr]   Downloaded sentry v0.31.8
[INFO] [stderr]   Downloaded sentry-core v0.31.8
[INFO] [stderr]   Downloaded uname v0.1.1
[INFO] [stderr]   Downloaded debugid v0.8.0
[INFO] [stderr]   Downloaded sentry-panic v0.31.8
[INFO] [stderr]   Downloaded sentry-backtrace v0.31.8
[INFO] [stderr]   Downloaded os_info v3.15.0
[INFO] [stderr]   Downloaded sentry-debug-images v0.31.8
[INFO] [stderr]   Downloaded sentry-contexts v0.31.8
[INFO] [stderr]   Downloaded sentry-types v0.31.8
[INFO] [stderr]   Downloaded time-macros v0.2.30
[INFO] [stderr]   Downloaded findshlibs v0.10.2
[INFO] [stderr]   Downloaded time v0.3.51
[INFO] [stderr]   Downloaded auto_ops v0.3.0
[INFO] running `Command { std: "docker" "create" "-v" "/var/lib/crater-agent-workspace/builds/worker-2-tc1/source:/opt/rustwide/workdir:ro,Z" "-v" "/var/lib/crater-agent-workspace/builds/worker-2-tc1/target:/opt/rustwide/target:rw,Z" "-v" "/var/lib/crater-agent-workspace/cargo-home:/opt/rustwide/cargo-home:ro,Z" "-v" "/var/lib/crater-agent-workspace/rustup-home:/opt/rustwide/rustup-home:ro,Z" "-m" "1610612736" "--network" "none" "ghcr.io/rust-lang/crates-build-env/linux@sha256:3111399a4047eeb3a02b7a90e478d715f38a8c6669b5c4b49d30a17385265909" "sleep" "infinity", kill_on_drop: false }`
[INFO] [stdout] eb10d2ec72298bb12e6b7e6d06598343829e53909fac822db4f59c707eb81ce3
[INFO] running `Command { std: "docker" "start" "eb10d2ec72298bb12e6b7e6d06598343829e53909fac822db4f59c707eb81ce3", kill_on_drop: false }`
[INFO] running `Command { std: "docker" "inspect" "eb10d2ec72298bb12e6b7e6d06598343829e53909fac822db4f59c707eb81ce3", kill_on_drop: false }`
[INFO] running `Command { std: "docker" "exec" "-e" "SOURCE_DIR=/opt/rustwide/workdir" "-e" "CARGO_HOME=/opt/rustwide/cargo-home" "-e" "RUSTUP_HOME=/opt/rustwide/rustup-home" "-e" "CARGO_TARGET_DIR=/opt/rustwide/target" "-w" "/opt/rustwide/workdir" "--user" "0:0" "eb10d2ec72298bb12e6b7e6d06598343829e53909fac822db4f59c707eb81ce3" "/opt/rustwide/cargo-home/bin/cargo" "+1.99.0-beta.8" "metadata" "--no-deps" "--format-version=1", kill_on_drop: false }`
[INFO] running `Command { std: "docker" "inspect" "eb10d2ec72298bb12e6b7e6d06598343829e53909fac822db4f59c707eb81ce3", kill_on_drop: false }`
[INFO] running `Command { std: "docker" "exec" "-e" "SOURCE_DIR=/opt/rustwide/workdir" "-e" "CARGO_HOME=/opt/rustwide/cargo-home" "-e" "RUSTUP_HOME=/opt/rustwide/rustup-home" "-e" "CARGO_TARGET_DIR=/opt/rustwide/target" "-e" "CARGO_INCREMENTAL=0" "-e" "RUST_BACKTRACE=full" "-e" "RUSTFLAGS=--cap-lints=warn" "-e" "RUSTDOCFLAGS=--cap-lints=warn" "-w" "/opt/rustwide/workdir" "--user" "0:0" "eb10d2ec72298bb12e6b7e6d06598343829e53909fac822db4f59c707eb81ce3" "/opt/rustwide/cargo-home/bin/cargo" "+1.99.0-beta.8" "build" "--frozen" "--message-format=json", kill_on_drop: false }`
[INFO] [stderr]    Compiling quote v1.0.46
[INFO] [stderr]    Compiling memchr v2.8.2
[INFO] [stderr]    Compiling libc v0.2.186
[INFO] [stderr]    Compiling cc v1.2.65
[INFO] [stderr]    Compiling zerocopy v0.8.52
[INFO] [stderr]    Compiling smallvec v1.15.2
[INFO] [stderr]    Compiling bytes v1.12.0
[INFO] [stderr]    Compiling time-core v0.1.9
[INFO] [stderr]    Compiling uuid v1.23.3
[INFO] [stderr]    Compiling num-conv v0.2.2
[INFO] [stderr]    Compiling deranged v0.5.8
[INFO] [stderr]    Compiling object v0.37.3
[INFO] [stderr]    Compiling bitflags v2.13.0
[INFO] [stderr]    Compiling regex-syntax v0.8.11
[INFO] [stderr]    Compiling gimli v0.32.3
[INFO] [stderr]    Compiling miniz_oxide v0.8.9
[INFO] [stderr]    Compiling futures-channel v0.3.32
[INFO] [stderr]    Compiling rustc-demangle v0.1.27
[INFO] [stderr]    Compiling sentry-contexts v0.31.8
[INFO] [stderr]    Compiling match_cfg v0.1.0
[INFO] [stderr]    Compiling auto_ops v0.3.0
[INFO] [stderr]    Compiling serde_json v1.0.150
[INFO] [stderr]    Compiling futures-util v0.3.32
[INFO] [stderr]    Compiling http v0.2.12
[INFO] [stderr]    Compiling syn v2.0.118
[INFO] [stderr]    Compiling regex-automata v0.4.14
[INFO] [stderr]    Compiling time v0.3.51
[INFO] [stderr]    Compiling openssl-sys v0.9.117
[INFO] [stderr]    Compiling findshlibs v0.10.2
[INFO] [stderr]    Compiling http-body v0.4.6
[INFO] [stderr]    Compiling getrandom v0.2.17
[INFO] [stderr]    Compiling socket2 v0.6.4
[INFO] [stderr]    Compiling mio v1.2.1
[INFO] [stderr]    Compiling socket2 v0.5.10
[INFO] [stderr]    Compiling hostname v0.3.1
[INFO] [stderr]    Compiling openssl v0.10.81
[INFO] [stderr]    Compiling rand_core v0.6.4
[INFO] [stderr]    Compiling tokio v1.52.3
[INFO] [stderr]    Compiling native-tls v0.2.18
[INFO] [stderr]    Compiling uname v0.1.1
[INFO] [stderr]    Compiling addr2line v0.25.1
[INFO] [stderr]    Compiling regex v1.12.4
[INFO] [stderr]    Compiling backtrace v0.3.76
[INFO] [stderr]    Compiling synstructure v0.13.2
[INFO] [stderr]    Compiling ppv-lite86 v0.2.21
[INFO] [stderr]    Compiling rand_chacha v0.3.1
[INFO] [stderr]    Compiling rand v0.8.6
[INFO] [stderr]    Compiling zerofrom-derive v0.1.7
[INFO] [stderr]    Compiling yoke-derive v0.8.2
[INFO] [stderr]    Compiling zerovec-derive v0.11.3
[INFO] [stderr]    Compiling displaydoc v0.2.6
[INFO] [stderr]    Compiling serde_derive v1.0.228
[INFO] [stderr]    Compiling thiserror-impl v1.0.69
[INFO] [stderr]    Compiling openssl-macros v0.1.1
[INFO] [stderr]    Compiling async-trait v0.1.89
[INFO] [stderr]    Compiling tokio-util v0.7.18
[INFO] [stderr]    Compiling thiserror v1.0.69
[INFO] [stderr]    Compiling zerofrom v0.1.8
[INFO] [stderr]    Compiling yoke v0.8.3
[INFO] [stderr]    Compiling zerovec v0.11.6
[INFO] [stderr]    Compiling zerotrie v0.2.4
[INFO] [stderr]    Compiling h2 v0.3.27
[INFO] [stderr]    Compiling serde v1.0.228
[INFO] [stderr]    Compiling tinystr v0.8.3
[INFO] [stderr]    Compiling potential_utf v0.1.5
[INFO] [stderr]    Compiling icu_collections v2.2.0
[INFO] [stderr]    Compiling icu_locale_core v2.2.0
[INFO] [stderr]    Compiling debugid v0.8.0
[INFO] [stderr]    Compiling serde_urlencoded v0.7.1
[INFO] [stderr]    Compiling tokio-native-tls v0.3.1
[INFO] [stderr]    Compiling icu_provider v2.2.0
[INFO] [stderr]    Compiling icu_normalizer v2.2.0
[INFO] [stderr]    Compiling icu_properties v2.2.0
[INFO] [stderr]    Compiling hyper v0.14.32
[INFO] [stderr]    Compiling idna_adapter v1.2.2
[INFO] [stderr]    Compiling idna v1.1.0
[INFO] [stderr]    Compiling url v2.5.8
[INFO] [stderr]    Compiling hyper-tls v0.5.0
[INFO] [stderr]    Compiling sentry-types v0.31.8
[INFO] [stderr]    Compiling reqwest v0.11.27
[INFO] [stderr]    Compiling sentry-core v0.31.8
[INFO] [stderr]    Compiling sentry-backtrace v0.31.8
[INFO] [stderr]    Compiling sentry-debug-images v0.31.8
[INFO] [stderr]    Compiling sentry-panic v0.31.8
[INFO] [stderr]    Compiling sentry v0.31.8
[INFO] [stderr]    Compiling revolt-result v0.15.1
[INFO] [stderr]    Compiling revolt-permissions v0.15.1 (/opt/rustwide/workdir)
[INFO] [stderr]     Finished `dev` profile [unoptimized + debuginfo] target(s) in 51.42s
[INFO] running `Command { std: "docker" "inspect" "eb10d2ec72298bb12e6b7e6d06598343829e53909fac822db4f59c707eb81ce3", kill_on_drop: false }`
[INFO] running `Command { std: "docker" "exec" "-e" "SOURCE_DIR=/opt/rustwide/workdir" "-e" "CARGO_HOME=/opt/rustwide/cargo-home" "-e" "RUSTUP_HOME=/opt/rustwide/rustup-home" "-e" "CARGO_TARGET_DIR=/opt/rustwide/target" "-e" "CARGO_INCREMENTAL=0" "-e" "RUST_BACKTRACE=full" "-e" "RUSTFLAGS=--cap-lints=warn" "-e" "RUSTDOCFLAGS=--cap-lints=warn" "-w" "/opt/rustwide/workdir" "--user" "0:0" "eb10d2ec72298bb12e6b7e6d06598343829e53909fac822db4f59c707eb81ce3" "/opt/rustwide/cargo-home/bin/cargo" "+1.99.0-beta.8" "test" "--frozen" "--no-run" "--message-format=json", kill_on_drop: false }`
[INFO] [stderr]    Compiling revolt-permissions v0.15.1 (/opt/rustwide/workdir)
[INFO] [stdout] error[E0433]: cannot find `test` in `tokio`
[INFO] [stdout]  --> src/test.rs:7:10
[INFO] [stdout]   |
[INFO] [stdout] 7 | #[tokio::test]
[INFO] [stdout]   |          ^^^^ could not find `test` in `tokio`
[INFO] [stdout] 
[INFO] [stdout] 
[INFO] [stdout] error[E0433]: cannot find `test` in `tokio`
[INFO] [stdout]    --> src/test.rs:105:10
[INFO] [stdout]     |
[INFO] [stdout] 105 | #[tokio::test]
[INFO] [stdout]     |          ^^^^ could not find `test` in `tokio`
[INFO] [stdout] 
[INFO] [stdout] 
[INFO] [stdout] error[E0433]: cannot find `test` in `tokio`
[INFO] [stdout]    --> src/test.rs:205:10
[INFO] [stdout]     |
[INFO] [stdout] 205 | #[tokio::test]
[INFO] [stdout]     |          ^^^^ could not find `test` in `tokio`
[INFO] [stdout] 
[INFO] [stdout] 
[INFO] [stdout] error[E0433]: cannot find `test` in `tokio`
[INFO] [stdout]    --> src/test.rs:317:10
[INFO] [stdout]     |
[INFO] [stdout] 317 | #[tokio::test]
[INFO] [stdout]     |          ^^^^ could not find `test` in `tokio`
[INFO] [stdout] 
[INFO] [stdout] 
[INFO] [stdout] For more information about this error, try `rustc --explain E0433`.
[INFO] [stdout] 
[INFO] [stderr] error: could not compile `revolt-permissions` (lib test) due to 4 previous errors
[INFO] running `Command { std: "docker" "inspect" "eb10d2ec72298bb12e6b7e6d06598343829e53909fac822db4f59c707eb81ce3", kill_on_drop: false }`
[INFO] running `Command { std: "docker" "rm" "-f" "eb10d2ec72298bb12e6b7e6d06598343829e53909fac822db4f59c707eb81ce3", kill_on_drop: false }`
[INFO] [stdout] eb10d2ec72298bb12e6b7e6d06598343829e53909fac822db4f59c707eb81ce3
