[INFO] fetching crate resharp 0.7.5...
[INFO] testing resharp-0.7.5 against 1.99.0-beta.8 for beta-1.100-2
[INFO] extracting crate resharp 0.7.5 into /workspace/builds/worker-3-tc1/source
[INFO] started tweaking crates.io crate resharp 0.7.5
[INFO] removed 0 missing examples
[INFO] removed 0 missing tests
[INFO] finished tweaking crates.io crate resharp 0.7.5
[INFO] tweaked toml for crates.io crate resharp 0.7.5 written to /workspace/builds/worker-3-tc1/source/Cargo.toml
[INFO] validating manifest of crates.io crate resharp 0.7.5 on toolchain 1.99.0-beta.8
[INFO] running `Command { std: CARGO_HOME="/workspace/cargo-home" RUSTUP_HOME="/workspace/rustup-home" "/workspace/cargo-home/bin/cargo" "+1.99.0-beta.8" "metadata" "--manifest-path" "Cargo.toml" "--no-deps", kill_on_drop: false }`
[INFO] crate crates.io crate resharp 0.7.5 already has a lockfile, it will not be regenerated
[INFO] running `Command { std: CARGO_HOME="/workspace/cargo-home" RUSTUP_HOME="/workspace/rustup-home" "/workspace/cargo-home/bin/cargo" "+1.99.0-beta.8" "fetch" "--manifest-path" "Cargo.toml", kill_on_drop: false }`
[INFO] [stderr]     Updating crates.io index
[INFO] [stderr]  Downloading crates ...
[INFO] [stderr]   Downloaded pcre2 v0.2.11
[INFO] [stderr]   Downloaded resharp-parser v0.7.5
[INFO] [stderr]   Downloaded resharp-algebra v0.7.5
[INFO] [stderr]   Downloaded wasm-bindgen-macro v0.2.118
[INFO] [stderr]   Downloaded wasm-bindgen-shared v0.2.118
[INFO] [stderr]   Downloaded wasm-bindgen-macro-support v0.2.118
[INFO] [stderr]   Downloaded wasm-bindgen v0.2.118
[INFO] [stderr]   Downloaded js-sys v0.3.95
[INFO] [stderr]   Downloaded fancy-regex v0.14.0
[INFO] [stderr]   Downloaded web-sys v0.3.95
[INFO] [stderr]   Downloaded pcre2-sys v0.2.10
[INFO] [stderr]   Downloaded libc v0.2.185
[INFO] running `Command { std: "docker" "create" "-v" "/var/lib/crater-agent-workspace/builds/worker-3-tc1/source:/opt/rustwide/workdir:ro,Z" "-v" "/var/lib/crater-agent-workspace/builds/worker-3-tc1/target:/opt/rustwide/target:rw,Z" "-v" "/var/lib/crater-agent-workspace/cargo-home:/opt/rustwide/cargo-home:ro,Z" "-v" "/var/lib/crater-agent-workspace/rustup-home:/opt/rustwide/rustup-home:ro,Z" "-m" "1610612736" "--network" "none" "ghcr.io/rust-lang/crates-build-env/linux@sha256:3111399a4047eeb3a02b7a90e478d715f38a8c6669b5c4b49d30a17385265909" "sleep" "infinity", kill_on_drop: false }`
[INFO] [stdout] 5b525df51d30a05d31e15ccffcc9ef6bcdfd347cf892a0f03df84c214a323462
[INFO] running `Command { std: "docker" "start" "5b525df51d30a05d31e15ccffcc9ef6bcdfd347cf892a0f03df84c214a323462", kill_on_drop: false }`
[INFO] running `Command { std: "docker" "inspect" "5b525df51d30a05d31e15ccffcc9ef6bcdfd347cf892a0f03df84c214a323462", kill_on_drop: false }`
[INFO] running `Command { std: "docker" "exec" "-e" "SOURCE_DIR=/opt/rustwide/workdir" "-e" "CARGO_HOME=/opt/rustwide/cargo-home" "-e" "RUSTUP_HOME=/opt/rustwide/rustup-home" "-e" "CARGO_TARGET_DIR=/opt/rustwide/target" "-w" "/opt/rustwide/workdir" "--user" "0:0" "5b525df51d30a05d31e15ccffcc9ef6bcdfd347cf892a0f03df84c214a323462" "/opt/rustwide/cargo-home/bin/cargo" "+1.99.0-beta.8" "metadata" "--no-deps" "--format-version=1", kill_on_drop: false }`
[INFO] running `Command { std: "docker" "inspect" "5b525df51d30a05d31e15ccffcc9ef6bcdfd347cf892a0f03df84c214a323462", kill_on_drop: false }`
[INFO] running `Command { std: "docker" "exec" "-e" "SOURCE_DIR=/opt/rustwide/workdir" "-e" "CARGO_HOME=/opt/rustwide/cargo-home" "-e" "RUSTUP_HOME=/opt/rustwide/rustup-home" "-e" "CARGO_TARGET_DIR=/opt/rustwide/target" "-e" "CARGO_INCREMENTAL=0" "-e" "RUST_BACKTRACE=full" "-e" "RUSTFLAGS=--cap-lints=warn" "-e" "RUSTDOCFLAGS=--cap-lints=warn" "-w" "/opt/rustwide/workdir" "--user" "0:0" "5b525df51d30a05d31e15ccffcc9ef6bcdfd347cf892a0f03df84c214a323462" "/opt/rustwide/cargo-home/bin/cargo" "+1.99.0-beta.8" "build" "--frozen" "--message-format=json", kill_on_drop: false }`
[INFO] [stderr]    Compiling rustc-hash v2.1.2
[INFO] [stderr]    Compiling resharp-algebra v0.7.5
[INFO] [stderr]    Compiling resharp-parser v0.7.5
[INFO] [stderr]    Compiling resharp v0.7.5 (/opt/rustwide/workdir)
[INFO] [stderr]     Finished `dev` profile [unoptimized + debuginfo] target(s) in 7.18s
[INFO] running `Command { std: "docker" "inspect" "5b525df51d30a05d31e15ccffcc9ef6bcdfd347cf892a0f03df84c214a323462", kill_on_drop: false }`
[INFO] running `Command { std: "docker" "exec" "-e" "SOURCE_DIR=/opt/rustwide/workdir" "-e" "CARGO_HOME=/opt/rustwide/cargo-home" "-e" "RUSTUP_HOME=/opt/rustwide/rustup-home" "-e" "CARGO_TARGET_DIR=/opt/rustwide/target" "-e" "CARGO_INCREMENTAL=0" "-e" "RUST_BACKTRACE=full" "-e" "RUSTFLAGS=--cap-lints=warn" "-e" "RUSTDOCFLAGS=--cap-lints=warn" "-w" "/opt/rustwide/workdir" "--user" "0:0" "5b525df51d30a05d31e15ccffcc9ef6bcdfd347cf892a0f03df84c214a323462" "/opt/rustwide/cargo-home/bin/cargo" "+1.99.0-beta.8" "test" "--frozen" "--no-run" "--message-format=json", kill_on_drop: false }`
[INFO] [stderr]    Compiling zerocopy v0.8.48
[INFO] [stderr]    Compiling syn v2.0.117
[INFO] [stderr]    Compiling libc v0.2.185
[INFO] [stderr]    Compiling aho-corasick v1.1.4
[INFO] [stderr]    Compiling serde_json v1.0.149
[INFO] [stderr]    Compiling clap_lex v1.1.0
[INFO] [stderr]    Compiling hashbrown v0.17.0
[INFO] [stderr]    Compiling schemars v0.8.22
[INFO] [stderr]    Compiling clap_builder v4.6.0
[INFO] [stderr]    Compiling bit-vec v0.8.0
[INFO] [stderr]    Compiling rayon v1.12.0
[INFO] [stderr]    Compiling bit-set v0.8.0
[INFO] [stderr]    Compiling indexmap v2.14.0
[INFO] [stderr]    Compiling regex-automata v0.4.14
[INFO] [stderr]    Compiling is-terminal v0.4.17
[INFO] [stderr]    Compiling memmap2 v0.9.10
[INFO] [stderr]    Compiling clap v4.6.1
[INFO] [stderr]    Compiling serde_derive_internals v0.29.1
[INFO] [stderr]    Compiling serde_derive v1.0.228
[INFO] [stderr]    Compiling zerocopy-derive v0.8.48
[INFO] [stderr]    Compiling regex v1.12.3
[INFO] [stderr]    Compiling fancy-regex v0.14.0
[INFO] [stderr]    Compiling schemars_derive v0.8.22
[INFO] [stderr]    Compiling serde v1.0.228
[INFO] [stderr]    Compiling toml_datetime v0.6.11
[INFO] [stderr]    Compiling serde_spanned v0.6.9
[INFO] [stderr]    Compiling tinytemplate v1.2.1
[INFO] [stderr]    Compiling toml_edit v0.22.27
[INFO] [stderr]    Compiling half v2.7.1
[INFO] [stderr]    Compiling ciborium-ll v0.2.2
[INFO] [stderr]    Compiling ciborium v0.2.2
[INFO] [stderr]    Compiling toml v0.8.23
[INFO] [stderr]    Compiling criterion v0.5.1
[INFO] [stderr]    Compiling resharp v0.7.5 (/opt/rustwide/workdir)
[INFO] [stdout] error[E0432]: unresolved import `resharp::RegexSet`
[INFO] [stdout]   --> tests/regex_set.rs:1:22
[INFO] [stdout]    |
[INFO] [stdout]  1 | use resharp::{Error, RegexSet};
[INFO] [stdout]    |                      ^^^^^^^^ no `RegexSet` in the root
[INFO] [stdout]    |
[INFO] [stdout] note: found an item that was configured out
[INFO] [stdout]   --> src/lib.rs:65:15
[INFO] [stdout]    |
[INFO] [stdout] 64 | #[cfg(feature = "regex_set")]
[INFO] [stdout]    |       --------------------- the item is gated behind the `regex_set` feature
[INFO] [stdout] 65 | pub use set::{RegexSet, TaggedMatch};
[INFO] [stdout]    |               ^^^^^^^^
[INFO] [stdout] 
[INFO] [stdout] 
[INFO] [stdout] error[E0432]: unresolved import `resharp::RegexSet`
[INFO] [stdout]   --> tests/ner.rs:1:5
[INFO] [stdout]    |
[INFO] [stdout]  1 | use resharp::RegexSet;
[INFO] [stdout]    |     ^^^^^^^^^--------
[INFO] [stdout]    |              |
[INFO] [stdout]    |              no `RegexSet` in the root
[INFO] [stdout]    |
[INFO] [stdout] note: found an item that was configured out
[INFO] [stdout]   --> src/lib.rs:65:15
[INFO] [stdout]    |
[INFO] [stdout] 64 | #[cfg(feature = "regex_set")]
[INFO] [stdout]    |       --------------------- the item is gated behind the `regex_set` feature
[INFO] [stdout] 65 | pub use set::{RegexSet, TaggedMatch};
[INFO] [stdout]    |               ^^^^^^^^
[INFO] [stdout] 
[INFO] [stdout] 
[INFO] [stdout] For more information about this error, try `rustc --explain E0432`.
[INFO] [stdout] 
[INFO] [stderr] error: could not compile `resharp` (test "ner") due to 1 previous error
[INFO] [stderr] warning: build failed, waiting for other jobs to finish...
[INFO] [stdout] error[E0599]: no variant, associated function, or constant named `SetMember` found for enum `resharp::Error` in the current scope
[INFO] [stdout]   --> tests/regex_set.rs:81:63
[INFO] [stdout]    |
[INFO] [stdout] 81 |     assert!(matches!(RegexSet::new(["\\bc", "c"]), Err(Error::SetMember(0, _))));
[INFO] [stdout]    |                                                               ^^^^^^^^^ variant, associated function, or constant not found in `resharp::Error`
[INFO] [stdout] 
[INFO] [stdout] 
[INFO] [stdout] error[E0599]: no variant, associated function, or constant named `SetMember` found for enum `resharp::Error` in the current scope
[INFO] [stdout]   --> tests/regex_set.rs:82:66
[INFO] [stdout]    |
[INFO] [stdout] 82 |     assert!(matches!(RegexSet::new(["c", "(?<=a)c"]), Err(Error::SetMember(1, _))));
[INFO] [stdout]    |                                                                  ^^^^^^^^^ variant, associated function, or constant not found in `resharp::Error`
[INFO] [stdout] 
[INFO] [stdout] 
[INFO] [stdout] error[E0599]: no variant, associated function, or constant named `SetMember` found for enum `resharp::Error` in the current scope
[INFO] [stdout]   --> tests/regex_set.rs:83:61
[INFO] [stdout]    |
[INFO] [stdout] 83 |     assert!(matches!(RegexSet::new(["(?<g>c)"]), Err(Error::SetMember(0, _))));
[INFO] [stdout]    |                                                             ^^^^^^^^^ variant, associated function, or constant not found in `resharp::Error`
[INFO] [stdout] 
[INFO] [stdout] 
[INFO] [stdout] error[E0599]: no variant, associated function, or constant named `SetMember` found for enum `resharp::Error` in the current scope
[INFO] [stdout]   --> tests/regex_set.rs:84:56
[INFO] [stdout]    |
[INFO] [stdout] 84 |     assert!(matches!(RegexSet::new(["^c"]), Err(Error::SetMember(0, _))));
[INFO] [stdout]    |                                                        ^^^^^^^^^ variant, associated function, or constant not found in `resharp::Error`
[INFO] [stdout] 
[INFO] [stdout] 
[INFO] [stdout] warning: method call on a diverging inference variable
[INFO] [stdout]    --> tests/regex_set.rs:140:27
[INFO] [stdout]     |
[INFO] [stdout] 140 |             let got = set.categorize_all(input.as_bytes()).unwrap();
[INFO] [stdout]     |                           ^^^^^^^^^^^^^^
[INFO] [stdout]     |
[INFO] [stdout]     = help: consider providing a type annotation
[INFO] [stdout]     = warning: this was previously accepted by the compiler but is being phased out; it will become a hard error in a future release!
[INFO] [stdout]     = note: for more information, see issue #156047 <https://github.com/rust-lang/rust/issues/156047>
[INFO] [stdout]     = note: `#[warn(method_call_on_diverging_infer_var)]` (part of `#[warn(future_incompatible)]`) on by default
[INFO] [stdout] 
[INFO] [stdout] 
[INFO] [stdout] error[E0599]: no method named `categorize_all` found for type `!` in the current scope
[INFO] [stdout]    --> tests/regex_set.rs:140:27
[INFO] [stdout]     |
[INFO] [stdout] 140 |             let got = set.categorize_all(input.as_bytes()).unwrap();
[INFO] [stdout]     |                           ^^^^^^^^^^^^^^ method not found in `!`
[INFO] [stdout] 
[INFO] [stdout] 
[INFO] [stdout] error[E0282]: type annotations needed
[INFO] [stdout]    --> tests/regex_set.rs:165:5
[INFO] [stdout]     |
[INFO] [stdout] 165 |     assert_eq!(matched(&["x", "y"], "ab"), vec![]);
[INFO] [stdout]     |     ^^^^^^^^^^^^^^^^^^^^^^^^^^^^^^^^^^^^^^^^^^^^^^ cannot infer type
[INFO] [stdout] 
[INFO] [stdout] 
[INFO] [stdout] error[E0283]: type annotations needed
[INFO] [stdout]    --> tests/regex_set.rs:165:5
[INFO] [stdout]     |
[INFO] [stdout] 165 |     assert_eq!(matched(&["x", "y"], "ab"), vec![]);
[INFO] [stdout]     |     ^^^^^^^^^^^^^^^^^^^^^^^^^^^^^^^^^^^^^^^^^^^^^^ cannot infer type
[INFO] [stdout]     |
[INFO] [stdout]     = note: multiple `impl`s satisfying `usize: PartialEq<_>` found in the following crates: `core`, `serde_json`:
[INFO] [stdout]             - impl PartialEq for usize;
[INFO] [stdout]             - impl PartialEq<serde_json::Value> for usize;
[INFO] [stdout]     = note: required for `Vec<usize>` to implement `PartialEq<Vec<_>>`
[INFO] [stdout] 
[INFO] [stdout] 
[INFO] [stdout] Some errors have detailed explanations: E0282, E0283, E0432, E0599.
[INFO] [stdout] 
[INFO] [stdout] For more information about an error, try `rustc --explain E0282`.
[INFO] [stdout] 
[INFO] [stderr] error: could not compile `resharp` (test "regex_set") due to 8 previous errors; 2 warnings emitted
[INFO] running `Command { std: "docker" "inspect" "5b525df51d30a05d31e15ccffcc9ef6bcdfd347cf892a0f03df84c214a323462", kill_on_drop: false }`
[INFO] running `Command { std: "docker" "rm" "-f" "5b525df51d30a05d31e15ccffcc9ef6bcdfd347cf892a0f03df84c214a323462", kill_on_drop: false }`
[INFO] [stdout] 5b525df51d30a05d31e15ccffcc9ef6bcdfd347cf892a0f03df84c214a323462
