[INFO] fetching crate reqwest-tor 0.12.20...
[INFO] testing reqwest-tor-0.12.20 against 1.99.0-beta.8 for beta-1.100-2
[INFO] extracting crate reqwest-tor 0.12.20 into /workspace/builds/worker-5-tc1/source
[INFO] started tweaking crates.io crate reqwest-tor 0.12.20
[INFO] removed 0 missing examples
[INFO] removed 0 missing tests
[INFO] finished tweaking crates.io crate reqwest-tor 0.12.20
[INFO] tweaked toml for crates.io crate reqwest-tor 0.12.20 written to /workspace/builds/worker-5-tc1/source/Cargo.toml
[INFO] validating manifest of crates.io crate reqwest-tor 0.12.20 on toolchain 1.99.0-beta.8
[INFO] running `Command { std: CARGO_HOME="/workspace/cargo-home" RUSTUP_HOME="/workspace/rustup-home" "/workspace/cargo-home/bin/cargo" "+1.99.0-beta.8" "metadata" "--manifest-path" "Cargo.toml" "--no-deps", kill_on_drop: false }`
[INFO] crate crates.io crate reqwest-tor 0.12.20 already has a lockfile, it will not be regenerated
[INFO] running `Command { std: CARGO_HOME="/workspace/cargo-home" RUSTUP_HOME="/workspace/rustup-home" "/workspace/cargo-home/bin/cargo" "+1.99.0-beta.8" "fetch" "--manifest-path" "Cargo.toml", kill_on_drop: false }`
[INFO] [stderr]     Updating crates.io index
[INFO] [stderr]  Downloading crates ...
[INFO] [stderr]   Downloaded tor-general-addr v0.31.0
[INFO] [stderr]   Downloaded retry-error v0.6.4
[INFO] [stderr]   Downloaded tor-error v0.31.0
[INFO] [stderr]   Downloaded tracing-attributes v0.1.29
[INFO] [stderr]   Downloaded coarsetime v0.1.36
[INFO] [stderr]   Downloaded enum-ordinalize v3.1.15
[INFO] [stderr]   Downloaded asynchronous-codec v0.7.0
[INFO] [stderr]   Downloaded errno v0.3.12
[INFO] [stderr]   Downloaded blanket v0.3.0
[INFO] [stderr]   Downloaded educe v0.4.23
[INFO] [stderr]   Downloaded async_executors v0.7.0
[INFO] [stderr]   Downloaded tor-rtcompat v0.31.0
[INFO] [stderr]   Downloaded async-native-tls v0.5.0
[INFO] [stderr]   Downloaded quinn-udp v0.5.12
[INFO] [stderr]   Downloaded windows-registry v0.5.2
[INFO] [stderr]   Downloaded openssl-sys v0.9.109
[INFO] [stderr]   Downloaded zerocopy-derive v0.8.25
[INFO] [stderr]   Downloaded webpki-roots v1.0.0
[INFO] [stderr]   Downloaded iri-string v0.7.8
[INFO] [stderr]   Downloaded wasix v0.12.21
[INFO] [stderr]   Downloaded syn v2.0.103
[INFO] [stderr]   Downloaded openssl v0.10.73
[INFO] [stderr]   Downloaded zerocopy v0.8.25
[INFO] [stderr]   Downloaded rustls v0.23.27
[INFO] [stderr]   Downloaded libc v0.2.173
[INFO] [stderr]   Downloaded humantime v2.2.0
[INFO] [stderr]   Downloaded document-features v0.2.11
[INFO] [stderr]   Downloaded publicsuffix v2.3.0
[INFO] [stderr]   Downloaded psl-types v2.0.11
[INFO] [stderr]   Downloaded litrs v0.4.1
[INFO] [stderr]   Downloaded async-compression v0.4.24
[INFO] [stderr]   Downloaded liblzma v0.4.1
[INFO] [stderr]   Downloaded tor-bytes v0.31.0
[INFO] [stderr]   Downloaded weak-table v0.3.2
[INFO] [stderr]   Downloaded arti-client v0.31.0
[INFO] [stderr]   Downloaded tor-protover v0.31.0
[INFO] [stderr]   Downloaded tor-basic-utils v0.31.0
[INFO] [stderr]   Downloaded tor-llcrypto v0.31.0
[INFO] [stderr]   Downloaded tor-config v0.31.0
[INFO] [stderr]   Downloaded tor-log-ratelim v0.31.0
[INFO] [stderr]   Downloaded notify v8.0.0
[INFO] [stderr]   Downloaded notify-types v2.0.0
[INFO] [stderr]   Downloaded tor-memquota v0.31.0
[INFO] [stderr]   Downloaded serde_ignored v0.1.12
[INFO] [stderr]   Downloaded atomic v0.5.3
[INFO] [stderr]   Downloaded kqueue-sys v1.0.4
[INFO] [stderr]   Downloaded postage v0.5.0
[INFO] [stderr]   Downloaded inotify v0.11.0
[INFO] [stderr]   Downloaded fs-mistrust v0.9.3
[INFO] [stderr]   Downloaded pwd-grp v1.0.0
[INFO] [stderr]   Downloaded derive-deftly v0.14.6
[INFO] [stderr]   Downloaded derive-deftly-macros v0.14.6
[INFO] [stderr]   Downloaded derive_builder_fork_arti v0.11.2
[INFO] [stderr]   Downloaded derive_builder_macro_fork_arti v0.11.2
[INFO] [stderr]   Downloaded liblzma-sys v0.4.4
[INFO] [stderr]   Downloaded derive_builder_core_fork_arti v0.11.2
[INFO] [stderr]   Downloaded figment v0.10.19
[INFO] [stderr]   Downloaded openssl-src v300.5.0+3.5.0
[INFO] [stderr]   Downloaded derive-deftly v1.0.1
[INFO] [stderr]   Downloaded derive-deftly-macros v1.0.1
[INFO] [stderr]   Downloaded tor-async-utils v0.31.0
[INFO] [stderr]   Downloaded oneshot-fused-workaround v0.2.2
[INFO] [stderr]   Downloaded slotmap-careful v0.2.4
[INFO] [stderr]   Downloaded safelog v0.4.6
[INFO] [stderr]   Downloaded fluid-let v1.0.0
[INFO] [stderr]   Downloaded rdrand v0.8.3
[INFO] [stderr]   Downloaded cookie-factory v0.3.3
[INFO] [stderr]   Downloaded caret v0.5.2
[INFO] [stderr]   Downloaded tracing-test v0.2.5
[INFO] [stderr]   Downloaded tracing-test-macro v0.2.5
[INFO] [stderr]   Downloaded rand_jitter v0.5.0
[INFO] [stderr]   Downloaded tor-proto v0.31.0
[INFO] [stderr]   Downloaded tor-units v0.31.0
[INFO] [stderr]   Downloaded tor-rtmock v0.31.0
[INFO] [stderr]   Downloaded priority-queue v2.5.0
[INFO] [stderr]   Downloaded assert_matches v1.5.0
[INFO] [stderr]   Downloaded tor-cell v0.31.0
[INFO] [stderr]   Downloaded tor-linkspec v0.31.0
[INFO] [stderr]   Downloaded tor-checkable v0.31.0
[INFO] [stderr]   Downloaded tor-cert v0.31.0
[INFO] [stderr]   Downloaded tor-persist v0.31.0
[INFO] [stderr]   Downloaded sanitize-filename v0.6.0
[INFO] [stderr]   Downloaded tor-netdoc v0.31.0
[INFO] [stderr]   Downloaded tor-keymgr v0.31.0
[INFO] [stderr]   Downloaded tor-key-forge v0.31.0
[INFO] [stderr]   Downloaded downcast-rs v2.0.1
[INFO] [stderr]   Downloaded typed-index-collections v3.1.0
[INFO] [stderr]   Downloaded inventory v0.3.20
[INFO] [stderr]   Downloaded tor-netdir v0.31.0
[INFO] [stderr]   Downloaded tor-hscrypto v0.31.0
[INFO] [stderr]   Downloaded tor-config-path v0.31.0
[INFO] [stderr]   Downloaded shellexpand v3.1.1
[INFO] [stderr]   Downloaded tor-dirclient v0.31.0
[INFO] [stderr]   Downloaded tor-circmgr v0.31.0
[INFO] [stderr]   Downloaded tor-consdiff v0.31.0
[INFO] [stderr]   Downloaded humantime-serde v1.1.1
[INFO] [stderr]   Downloaded tor-socksproto v0.31.0
[INFO] [stderr]   Downloaded tor-guardmgr v0.31.0
[INFO] [stderr]   Downloaded tor-chanmgr v0.31.0
[INFO] [stderr]   Downloaded tor-relay-selection v0.31.0
[INFO] [stderr]   Downloaded bounded-vec-deque v0.1.1
[INFO] [stderr]   Downloaded event-listener v5.4.0
[INFO] [stderr]   Downloaded hostname-validator v1.1.1
[INFO] [stderr]   Downloaded tor-dirmgr v0.31.0
[INFO] running `Command { std: "docker" "create" "-v" "/var/lib/crater-agent-workspace/builds/worker-5-tc1/source:/opt/rustwide/workdir:ro,Z" "-v" "/var/lib/crater-agent-workspace/builds/worker-5-tc1/target:/opt/rustwide/target:rw,Z" "-v" "/var/lib/crater-agent-workspace/cargo-home:/opt/rustwide/cargo-home:ro,Z" "-v" "/var/lib/crater-agent-workspace/rustup-home:/opt/rustwide/rustup-home:ro,Z" "-m" "1610612736" "--network" "none" "ghcr.io/rust-lang/crates-build-env/linux@sha256:3111399a4047eeb3a02b7a90e478d715f38a8c6669b5c4b49d30a17385265909" "sleep" "infinity", kill_on_drop: false }`
[INFO] [stdout] 35be3ce10a1462e1b70c7fd032919823671d9727264cc514c4309d11c54d25f5
[INFO] running `Command { std: "docker" "start" "35be3ce10a1462e1b70c7fd032919823671d9727264cc514c4309d11c54d25f5", kill_on_drop: false }`
[INFO] running `Command { std: "docker" "inspect" "35be3ce10a1462e1b70c7fd032919823671d9727264cc514c4309d11c54d25f5", kill_on_drop: false }`
[INFO] running `Command { std: "docker" "exec" "-e" "SOURCE_DIR=/opt/rustwide/workdir" "-e" "CARGO_HOME=/opt/rustwide/cargo-home" "-e" "RUSTUP_HOME=/opt/rustwide/rustup-home" "-e" "CARGO_TARGET_DIR=/opt/rustwide/target" "-w" "/opt/rustwide/workdir" "--user" "0:0" "35be3ce10a1462e1b70c7fd032919823671d9727264cc514c4309d11c54d25f5" "/opt/rustwide/cargo-home/bin/cargo" "+1.99.0-beta.8" "metadata" "--no-deps" "--format-version=1", kill_on_drop: false }`
[INFO] running `Command { std: "docker" "inspect" "35be3ce10a1462e1b70c7fd032919823671d9727264cc514c4309d11c54d25f5", kill_on_drop: false }`
[INFO] running `Command { std: "docker" "exec" "-e" "SOURCE_DIR=/opt/rustwide/workdir" "-e" "CARGO_HOME=/opt/rustwide/cargo-home" "-e" "RUSTUP_HOME=/opt/rustwide/rustup-home" "-e" "CARGO_TARGET_DIR=/opt/rustwide/target" "-e" "CARGO_INCREMENTAL=0" "-e" "RUST_BACKTRACE=full" "-e" "RUSTFLAGS=--cap-lints=warn" "-e" "RUSTDOCFLAGS=--cap-lints=warn" "-w" "/opt/rustwide/workdir" "--user" "0:0" "35be3ce10a1462e1b70c7fd032919823671d9727264cc514c4309d11c54d25f5" "/opt/rustwide/cargo-home/bin/cargo" "+1.99.0-beta.8" "build" "--frozen" "--message-format=json", kill_on_drop: false }`
[INFO] [stderr]    Compiling syn v2.0.103
[INFO] [stderr]    Compiling libc v0.2.173
[INFO] [stderr]    Compiling pkg-config v0.3.32
[INFO] [stderr]    Compiling futures-task v0.3.31
[INFO] [stderr]    Compiling cc v1.2.27
[INFO] [stderr]    Compiling tracing-core v0.1.34
[INFO] [stderr]    Compiling openssl v0.10.73
[INFO] [stderr]    Compiling bitflags v2.9.1
[INFO] [stderr]    Compiling indexmap v2.9.0
[INFO] [stderr]    Compiling slab v0.4.10
[INFO] [stderr]    Compiling futures-channel v0.3.31
[INFO] [stderr]    Compiling log v0.4.27
[INFO] [stderr]    Compiling sync_wrapper v1.0.2
[INFO] [stderr]    Compiling zeroize v1.8.1
[INFO] [stderr]    Compiling iri-string v0.7.8
[INFO] [stderr]    Compiling serde_urlencoded v0.7.1
[INFO] [stderr]    Compiling encoding_rs v0.8.35
[INFO] [stderr]    Compiling futures-util v0.3.31
[INFO] [stderr]    Compiling rustls-pki-types v1.12.0
[INFO] [stderr]    Compiling tracing v0.1.41
[INFO] [stderr]    Compiling socket2 v0.5.10
[INFO] [stderr]    Compiling mio v1.0.4
[INFO] [stderr]    Compiling openssl-sys v0.9.109
[INFO] [stderr]    Compiling tokio v1.45.1
[INFO] [stderr]    Compiling native-tls v0.2.14
[INFO] [stderr]    Compiling synstructure v0.13.2
[INFO] [stderr]    Compiling zerovec-derive v0.11.1
[INFO] [stderr]    Compiling displaydoc v0.2.5
[INFO] [stderr]    Compiling openssl-macros v0.1.1
[INFO] [stderr]    Compiling zerofrom-derive v0.1.6
[INFO] [stderr]    Compiling yoke-derive v0.8.0
[INFO] [stderr]    Compiling tokio-util v0.7.15
[INFO] [stderr]    Compiling tower v0.5.2
[INFO] [stderr]    Compiling zerofrom v0.1.6
[INFO] [stderr]    Compiling yoke v0.8.0
[INFO] [stderr]    Compiling zerovec v0.11.2
[INFO] [stderr]    Compiling zerotrie v0.2.2
[INFO] [stderr]    Compiling tower-http v0.6.6
[INFO] [stderr]    Compiling h2 v0.4.10
[INFO] [stderr]    Compiling tinystr v0.8.1
[INFO] [stderr]    Compiling potential_utf v0.1.2
[INFO] [stderr]    Compiling icu_collections v2.0.0
[INFO] [stderr]    Compiling icu_locale_core v2.0.0
[INFO] [stderr]    Compiling icu_provider v2.0.0
[INFO] [stderr]    Compiling icu_normalizer v2.0.0
[INFO] [stderr]    Compiling icu_properties v2.0.1
[INFO] [stderr]    Compiling hyper v1.6.0
[INFO] [stderr]    Compiling tokio-native-tls v0.3.1
[INFO] [stderr]    Compiling idna_adapter v1.2.1
[INFO] [stderr]    Compiling idna v1.0.3
[INFO] [stderr]    Compiling hyper-util v0.1.14
[INFO] [stderr]    Compiling url v2.5.4
[INFO] [stderr]    Compiling hyper-tls v0.6.0
[INFO] [stderr]    Compiling reqwest-tor v0.12.20 (/opt/rustwide/workdir)
[INFO] [stderr]     Finished `dev` profile [unoptimized + debuginfo] target(s) in 31.44s
[INFO] running `Command { std: "docker" "inspect" "35be3ce10a1462e1b70c7fd032919823671d9727264cc514c4309d11c54d25f5", kill_on_drop: false }`
[INFO] running `Command { std: "docker" "exec" "-e" "SOURCE_DIR=/opt/rustwide/workdir" "-e" "CARGO_HOME=/opt/rustwide/cargo-home" "-e" "RUSTUP_HOME=/opt/rustwide/rustup-home" "-e" "CARGO_TARGET_DIR=/opt/rustwide/target" "-e" "CARGO_INCREMENTAL=0" "-e" "RUST_BACKTRACE=full" "-e" "RUSTFLAGS=--cap-lints=warn" "-e" "RUSTDOCFLAGS=--cap-lints=warn" "-w" "/opt/rustwide/workdir" "--user" "0:0" "35be3ce10a1462e1b70c7fd032919823671d9727264cc514c4309d11c54d25f5" "/opt/rustwide/cargo-home/bin/cargo" "+1.99.0-beta.8" "test" "--frozen" "--no-run" "--message-format=json", kill_on_drop: false }`
[INFO] [stderr]    Compiling futures-util v0.3.31
[INFO] [stderr]    Compiling jobserver v0.1.33
[INFO] [stderr]    Compiling tokio-macros v2.5.0
[INFO] [stderr]    Compiling serde_derive v1.0.219
[INFO] [stderr]    Compiling alloc-no-stdlib v2.0.4
[INFO] [stderr]    Compiling zstd-safe v7.2.4
[INFO] [stderr]    Compiling regex-automata v0.4.9
[INFO] [stderr]    Compiling doc-comment v0.3.3
[INFO] [stderr]    Compiling miniz_oxide v0.8.9
[INFO] [stderr]    Compiling is-terminal v0.4.16
[INFO] [stderr]    Compiling crc32fast v1.4.2
[INFO] [stderr]    Compiling humantime v2.2.0
[INFO] [stderr]    Compiling termcolor v1.4.1
[INFO] [stderr]    Compiling num_cpus v1.17.0
[INFO] [stderr]    Compiling alloc-stdlib v0.2.2
[INFO] [stderr]    Compiling brotli-decompressor v4.0.3
[INFO] [stderr]    Compiling cc v1.2.27
[INFO] [stderr]    Compiling flate2 v1.1.2
[INFO] [stderr]    Compiling tokio v1.45.1
[INFO] [stderr]    Compiling brotli v7.0.0
[INFO] [stderr]    Compiling openssl-sys v0.9.109
[INFO] [stderr]    Compiling zstd-sys v2.0.15+zstd.1.5.7
[INFO] [stderr]    Compiling openssl v0.10.73
[INFO] [stderr]    Compiling native-tls v0.2.14
[INFO] [stderr]    Compiling regex v1.11.1
[INFO] [stderr]    Compiling env_logger v0.10.2
[INFO] [stderr]    Compiling serde v1.0.219
[INFO] [stderr]    Compiling tokio-util v0.7.15
[INFO] [stderr]    Compiling tokio-native-tls v0.3.1
[INFO] [stderr]    Compiling h2 v0.4.10
[INFO] [stderr]    Compiling tower v0.5.2
[INFO] [stderr]    Compiling zstd v0.13.3
[INFO] [stderr]    Compiling tower-http v0.6.6
[INFO] [stderr]    Compiling serde_urlencoded v0.7.1
[INFO] [stderr]    Compiling hyper v1.6.0
[INFO] [stderr]    Compiling hyper-util v0.1.14
[INFO] [stderr]    Compiling hyper-tls v0.6.0
[INFO] [stderr]    Compiling reqwest-tor v0.12.20 (/opt/rustwide/workdir)
[INFO] [stdout] error[E0432]: unresolved import `reqwest`
[INFO] [stdout]  --> tests/redirect.rs:5:5
[INFO] [stdout]   |
[INFO] [stdout] 5 | use reqwest::Body;
[INFO] [stdout]   |     ^^^^^^^ use of unresolved module or unlinked crate `reqwest`
[INFO] [stdout]   |
[INFO] [stdout]   = help: if you wanted to use a crate named `reqwest`, use `cargo add reqwest` to add it to your `Cargo.toml`
[INFO] [stdout] 
[INFO] [stdout] 
[INFO] [stdout] error[E0433]: cannot find module or crate `reqwest` in this scope
[INFO] [stdout]  --> tests/badssl.rs:7:16
[INFO] [stdout]   |
[INFO] [stdout] 7 |     let text = reqwest::Client::builder()
[INFO] [stdout]   |                ^^^^^^^ use of unresolved module or unlinked crate `reqwest`
[INFO] [stdout]   |
[INFO] [stdout]   = help: if you wanted to use a crate named `reqwest`, use `cargo add reqwest` to add it to your `Cargo.toml`
[INFO] [stdout] 
[INFO] [stdout] 
[INFO] [stdout] error[E0432]: unresolved import `reqwest`
[INFO] [stdout]   --> tests/client.rs:11:5
[INFO] [stdout]    |
[INFO] [stdout] 11 | use reqwest::Client;
[INFO] [stdout]    |     ^^^^^^^ use of unresolved module or unlinked crate `reqwest`
[INFO] [stdout]    |
[INFO] [stdout]    = help: if you wanted to use a crate named `reqwest`, use `cargo add reqwest` to add it to your `Cargo.toml`
[INFO] [stdout] 
[INFO] [stdout] 
[INFO] [stdout] error[E0433]: cannot find module or crate `reqwest` in this scope
[INFO] [stdout]   --> tests/badssl.rs:47:16
[INFO] [stdout]    |
[INFO] [stdout] 47 |     let text = reqwest::Client::builder()
[INFO] [stdout]    |                ^^^^^^^ use of unresolved module or unlinked crate `reqwest`
[INFO] [stdout]    |
[INFO] [stdout]    = help: if you wanted to use a crate named `reqwest`, use `cargo add reqwest` to add it to your `Cargo.toml`
[INFO] [stdout] 
[INFO] [stdout] 
[INFO] [stdout] error[E0433]: cannot find module or crate `reqwest` in this scope
[INFO] [stdout]   --> examples/connect_via_lower_priority_tokio_runtime.rs:25:18
[INFO] [stdout]    |
[INFO] [stdout] 25 |     let client = reqwest::Client::builder()
[INFO] [stdout]    |                  ^^^^^^^ use of unresolved module or unlinked crate `reqwest`
[INFO] [stdout]    |
[INFO] [stdout]    = help: if you wanted to use a crate named `reqwest`, use `cargo add reqwest` to add it to your `Cargo.toml`
[INFO] [stdout] 
[INFO] [stdout] 
[INFO] [stdout] error[E0433]: cannot find module or crate `reqwest` in this scope
[INFO] [stdout]   --> examples/simple.rs:23:15
[INFO] [stdout]    |
[INFO] [stdout] 23 |     let res = reqwest::get(url).await?;
[INFO] [stdout]    |               ^^^^^^^ use of unresolved module or unlinked crate `reqwest`
[INFO] [stdout]    |
[INFO] [stdout]    = help: if you wanted to use a crate named `reqwest`, use `cargo add reqwest` to add it to your `Cargo.toml`
[INFO] [stdout] 
[INFO] [stdout] 
[INFO] [stdout] warning: method call on a diverging inference variable
[INFO] [stdout]   --> examples/simple.rs:25:40
[INFO] [stdout]    |
[INFO] [stdout] 25 |     eprintln!("Response: {:?} {}", res.version(), res.status());
[INFO] [stdout]    |                                        ^^^^^^^
[INFO] [stdout]    |
[INFO] [stdout]    = help: consider providing a type annotation
[INFO] [stdout]    = warning: this was previously accepted by the compiler but is being phased out; it will become a hard error in a future release!
[INFO] [stdout]    = note: for more information, see issue #156047 <https://github.com/rust-lang/rust/issues/156047>
[INFO] [stdout] note: the lint level is defined here
[INFO] [stdout]   --> examples/simple.rs:1:9
[INFO] [stdout]    |
[INFO] [stdout]  1 | #![deny(warnings)]
[INFO] [stdout]    |         ^^^^^^^^
[INFO] [stdout]    = note: `#[warn(method_call_on_diverging_infer_var)]` implied by `#[warn(warnings)]`
[INFO] [stdout] 
[INFO] [stdout] 
[INFO] [stdout] error[E0433]: cannot find module or crate `reqwest` in this scope
[INFO] [stdout]   --> tests/badssl.rs:66:18
[INFO] [stdout]    |
[INFO] [stdout] 66 |     let result = reqwest::Client::builder()
[INFO] [stdout]    |                  ^^^^^^^ use of unresolved module or unlinked crate `reqwest`
[INFO] [stdout]    |
[INFO] [stdout]    = help: if you wanted to use a crate named `reqwest`, use `cargo add reqwest` to add it to your `Cargo.toml`
[INFO] [stdout] 
[INFO] [stdout] 
[INFO] [stdout] warning: method call on a diverging inference variable
[INFO] [stdout]   --> examples/connect_via_lower_priority_tokio_runtime.rs:41:40
[INFO] [stdout]    |
[INFO] [stdout] 41 |     eprintln!("Response: {:?} {}", res.version(), res.status());
[INFO] [stdout]    |                                        ^^^^^^^
[INFO] [stdout]    |
[INFO] [stdout]    = help: consider providing a type annotation
[INFO] [stdout]    = warning: this was previously accepted by the compiler but is being phased out; it will become a hard error in a future release!
[INFO] [stdout]    = note: for more information, see issue #156047 <https://github.com/rust-lang/rust/issues/156047>
[INFO] [stdout] note: the lint level is defined here
[INFO] [stdout]   --> examples/connect_via_lower_priority_tokio_runtime.rs:1:9
[INFO] [stdout]    |
[INFO] [stdout]  1 | #![deny(warnings)]
[INFO] [stdout]    |         ^^^^^^^^
[INFO] [stdout]    = note: `#[warn(method_call_on_diverging_infer_var)]` implied by `#[warn(warnings)]`
[INFO] [stdout] 
[INFO] [stdout] 
[INFO] [stdout] For more information about this error, try `rustc --explain E0433`.
[INFO] [stdout] 
[INFO] [stderr] error: could not compile `reqwest-tor` (test "badssl") due to 3 previous errors
[INFO] [stderr] warning: build failed, waiting for other jobs to finish...
[INFO] [stdout] error[E0599]: no method named `version` found for type `!` in the current scope
[INFO] [stdout]   --> examples/connect_via_lower_priority_tokio_runtime.rs:41:40
[INFO] [stdout]    |
[INFO] [stdout] 41 |     eprintln!("Response: {:?} {}", res.version(), res.status());
[INFO] [stdout]    |                                        ^^^^^^^ method not found in `!`
[INFO] [stdout] 
[INFO] [stdout] 
[INFO] [stdout] error[E0599]: no method named `version` found for type `!` in the current scope
[INFO] [stdout]   --> examples/simple.rs:25:40
[INFO] [stdout]    |
[INFO] [stdout] 25 |     eprintln!("Response: {:?} {}", res.version(), res.status());
[INFO] [stdout]    |                                        ^^^^^^^ method not found in `!`
[INFO] [stdout] 
[INFO] [stdout] 
[INFO] [stdout] error[E0433]: cannot find module or crate `reqwest` in this scope
[INFO] [stdout]  --> examples/form.rs:9:20
[INFO] [stdout]   |
[INFO] [stdout] 9 |     let response = reqwest::Client::new()
[INFO] [stdout]   |                    ^^^^^^^ use of unresolved module or unlinked crate `reqwest`
[INFO] [stdout]   |
[INFO] [stdout]   = help: if you wanted to use a crate named `reqwest`, use `cargo add reqwest` to add it to your `Cargo.toml`
[INFO] [stdout] 
[INFO] [stdout] 
[INFO] [stdout] error[E0599]: no method named `status` found for type `!` in the current scope
[INFO] [stdout]   --> examples/connect_via_lower_priority_tokio_runtime.rs:41:55
[INFO] [stdout]    |
[INFO] [stdout] 41 |     eprintln!("Response: {:?} {}", res.version(), res.status());
[INFO] [stdout]    |                                                       ^^^^^^ method not found in `!`
[INFO] [stdout] 
[INFO] [stdout] 
[INFO] [stdout] warning: unreachable call
[INFO] [stdout]   --> examples/connect_via_lower_priority_tokio_runtime.rs:41:55
[INFO] [stdout]    |
[INFO] [stdout] 41 |     eprintln!("Response: {:?} {}", res.version(), res.status());
[INFO] [stdout]    |                                                   --- ^^^^^^ unreachable call
[INFO] [stdout]    |                                                   |
[INFO] [stdout]    |                                                   any code following this expression is unreachable
[INFO] [stdout]    |
[INFO] [stdout]    = note: `#[warn(unreachable_code)]` implied by `#[warn(warnings)]`
[INFO] [stdout] 
[INFO] [stdout] 
[INFO] [stdout] error[E0599]: no method named `status` found for type `!` in the current scope
[INFO] [stdout]   --> examples/simple.rs:25:55
[INFO] [stdout]    |
[INFO] [stdout] 25 |     eprintln!("Response: {:?} {}", res.version(), res.status());
[INFO] [stdout]    |                                                       ^^^^^^ method not found in `!`
[INFO] [stdout] 
[INFO] [stdout] 
[INFO] [stdout] warning: unreachable call
[INFO] [stdout]   --> examples/simple.rs:25:55
[INFO] [stdout]    |
[INFO] [stdout] 25 |     eprintln!("Response: {:?} {}", res.version(), res.status());
[INFO] [stdout]    |                                                   --- ^^^^^^ unreachable call
[INFO] [stdout]    |                                                   |
[INFO] [stdout]    |                                                   any code following this expression is unreachable
[INFO] [stdout]    |
[INFO] [stdout]    = note: `#[warn(unreachable_code)]` implied by `#[warn(warnings)]`
[INFO] [stdout] 
[INFO] [stdout] 
[INFO] [stdout] For more information about this error, try `rustc --explain E0433`.
[INFO] [stdout] 
[INFO] [stdout] error[E0599]: no method named `headers` found for type `!` in the current scope
[INFO] [stdout]   --> examples/connect_via_lower_priority_tokio_runtime.rs:42:39
[INFO] [stdout]    |
[INFO] [stdout] 42 |     eprintln!("Headers: {:#?}\n", res.headers());
[INFO] [stdout]    |                                       ^^^^^^^ method not found in `!`
[INFO] [stdout] 
[INFO] [stdout] 
[INFO] [stdout] warning: unreachable call
[INFO] [stdout]   --> examples/connect_via_lower_priority_tokio_runtime.rs:42:39
[INFO] [stdout]    |
[INFO] [stdout] 42 |     eprintln!("Headers: {:#?}\n", res.headers());
[INFO] [stdout]    |                                   --- ^^^^^^^ unreachable call
[INFO] [stdout]    |                                   |
[INFO] [stdout]    |                                   any code following this expression is unreachable
[INFO] [stdout] 
[INFO] [stdout] 
[INFO] [stderr] error: could not compile `reqwest-tor` (example "form") due to 1 previous error
[INFO] [stdout] error[E0599]: no method named `headers` found for type `!` in the current scope
[INFO] [stdout]   --> examples/simple.rs:26:39
[INFO] [stdout]    |
[INFO] [stdout] 26 |     eprintln!("Headers: {:#?}\n", res.headers());
[INFO] [stdout]    |                                       ^^^^^^^ method not found in `!`
[INFO] [stdout] 
[INFO] [stdout] 
[INFO] [stdout] error[E0433]: cannot find module or crate `reqwest` in this scope
[INFO] [stdout]   --> tests/redirect.rs:10:18
[INFO] [stdout]    |
[INFO] [stdout] 10 |     let client = reqwest::Client::new();
[INFO] [stdout]    |                  ^^^^^^^ use of unresolved module or unlinked crate `reqwest`
[INFO] [stdout]    |
[INFO] [stdout]    = help: if you wanted to use a crate named `reqwest`, use `cargo add reqwest` to add it to your `Cargo.toml`
[INFO] [stdout] 
[INFO] [stdout] 
[INFO] [stdout] error[E0433]: cannot find module or crate `reqwest` in this scope
[INFO] [stdout]   --> tests/timeouts.rs:20:18
[INFO] [stdout]    |
[INFO] [stdout] 20 |     let client = reqwest::Client::builder()
[INFO] [stdout]    |                  ^^^^^^^ use of unresolved module or unlinked crate `reqwest`
[INFO] [stdout]    |
[INFO] [stdout]    = help: if you wanted to use a crate named `reqwest`, use `cargo add reqwest` to add it to your `Cargo.toml`
[INFO] [stdout] 
[INFO] [stdout] 
[INFO] [stdout] warning: unreachable call
[INFO] [stdout]   --> examples/simple.rs:26:39
[INFO] [stdout]    |
[INFO] [stdout] 26 |     eprintln!("Headers: {:#?}\n", res.headers());
[INFO] [stdout]    |                                   --- ^^^^^^^ unreachable call
[INFO] [stdout]    |                                   |
[INFO] [stdout]    |                                   any code following this expression is unreachable
[INFO] [stdout] 
[INFO] [stdout] 
[INFO] [stdout] error[E0433]: cannot find module or crate `reqwest` in this scope
[INFO] [stdout]   --> tests/proxy.rs:27:15
[INFO] [stdout]    |
[INFO] [stdout] 27 |     let res = reqwest::Client::builder()
[INFO] [stdout]    |               ^^^^^^^ use of unresolved module or unlinked crate `reqwest`
[INFO] [stdout]    |
[INFO] [stdout]    = help: if you wanted to use a crate named `reqwest`, use `cargo add reqwest` to add it to your `Cargo.toml`
[INFO] [stdout] 
[INFO] [stdout] 
[INFO] [stdout] error[E0599]: no method named `text` found for type `!` in the current scope
[INFO] [stdout]   --> examples/connect_via_lower_priority_tokio_runtime.rs:44:20
[INFO] [stdout]    |
[INFO] [stdout] 44 |     let body = res.text().await?;
[INFO] [stdout]    |                    ^^^^ method not found in `!`
[INFO] [stdout] 
[INFO] [stdout] 
[INFO] [stdout] warning: unreachable call
[INFO] [stdout]   --> examples/connect_via_lower_priority_tokio_runtime.rs:44:20
[INFO] [stdout]    |
[INFO] [stdout] 44 |     let body = res.text().await?;
[INFO] [stdout]    |                --- ^^^^ unreachable call
[INFO] [stdout]    |                |
[INFO] [stdout]    |                any code following this expression is unreachable
[INFO] [stdout] 
[INFO] [stdout] 
[INFO] [stdout] error[E0599]: no method named `text` found for type `!` in the current scope
[INFO] [stdout]   --> examples/simple.rs:28:20
[INFO] [stdout]    |
[INFO] [stdout] 28 |     let body = res.text().await?;
[INFO] [stdout]    |                    ^^^^ method not found in `!`
[INFO] [stdout] 
[INFO] [stdout] 
[INFO] [stdout] warning: unreachable call
[INFO] [stdout]   --> examples/simple.rs:28:20
[INFO] [stdout]    |
[INFO] [stdout] 28 |     let body = res.text().await?;
[INFO] [stdout]    |                --- ^^^^ unreachable call
[INFO] [stdout]    |                |
[INFO] [stdout]    |                any code following this expression is unreachable
[INFO] [stdout] 
[INFO] [stdout] 
[INFO] [stdout] error[E0433]: cannot find module or crate `reqwest` in this scope
[INFO] [stdout]  --> examples/simple.rs:8:31
[INFO] [stdout]   |
[INFO] [stdout] 8 | async fn main() -> Result<(), reqwest::Error> {
[INFO] [stdout]   |                               ^^^^^^^ use of unresolved module or unlinked crate `reqwest`
[INFO] [stdout]   |
[INFO] [stdout]   = help: if you wanted to use a crate named `reqwest`, use `cargo add reqwest` to add it to your `Cargo.toml`
[INFO] [stdout] 
[INFO] [stdout] 
[INFO] [stdout] error[E0433]: cannot find module or crate `reqwest` in this scope
[INFO] [stdout]   --> tests/client.rs:50:15
[INFO] [stdout]    |
[INFO] [stdout] 50 |     let res = reqwest::Client::builder()
[INFO] [stdout]    |               ^^^^^^^ use of unresolved module or unlinked crate `reqwest`
[INFO] [stdout]    |
[INFO] [stdout]    = help: if you wanted to use a crate named `reqwest`, use `cargo add reqwest` to add it to your `Cargo.toml`
[INFO] [stdout] 
[INFO] [stdout] 
[INFO] [stdout] Some errors have detailed explanations: E0433, E0599.
[INFO] [stdout] 
[INFO] [stdout] For more information about an error, try `rustc --explain E0433`.
[INFO] [stdout] 
[INFO] [stderr] error: could not compile `reqwest-tor` (example "simple") due to 6 previous errors; 5 warnings emitted
[INFO] [stdout] error[E0433]: cannot find module or crate `reqwest` in this scope
[INFO] [stdout]   --> tests/proxy.rs:28:16
[INFO] [stdout]    |
[INFO] [stdout] 28 |         .proxy(reqwest::Proxy::http(&proxy).unwrap())
[INFO] [stdout]    |                ^^^^^^^ use of unresolved module or unlinked crate `reqwest`
[INFO] [stdout]    |
[INFO] [stdout]    = help: if you wanted to use a crate named `reqwest`, use `cargo add reqwest` to add it to your `Cargo.toml`
[INFO] [stdout] 
[INFO] [stdout] 
[INFO] [stdout] error[E0433]: cannot find module or crate `reqwest` in this scope
[INFO] [stdout]   --> tests/redirect.rs:37:34
[INFO] [stdout]    |
[INFO] [stdout] 37 |         assert_eq!(res.status(), reqwest::StatusCode::OK);
[INFO] [stdout]    |                                  ^^^^^^^ use of unresolved module or unlinked crate `reqwest`
[INFO] [stdout]    |
[INFO] [stdout]    = help: if you wanted to use a crate named `reqwest`, use `cargo add reqwest` to add it to your `Cargo.toml`
[INFO] [stdout] 
[INFO] [stdout] 
[INFO] [stdout] error[E0433]: cannot find module or crate `reqwest` in this scope
[INFO] [stdout]   --> tests/timeouts.rs:48:18
[INFO] [stdout]    |
[INFO] [stdout] 48 |     let client = reqwest::Client::builder().no_proxy().build().unwrap();
[INFO] [stdout]    |                  ^^^^^^^ use of unresolved module or unlinked crate `reqwest`
[INFO] [stdout]    |
[INFO] [stdout]    = help: if you wanted to use a crate named `reqwest`, use `cargo add reqwest` to add it to your `Cargo.toml`
[INFO] [stdout] 
[INFO] [stdout] 
[INFO] [stdout] error[E0433]: cannot find module or crate `reqwest` in this scope
[INFO] [stdout]   --> tests/client.rs:60:30
[INFO] [stdout]    |
[INFO] [stdout] 60 |     assert_eq!(res.status(), reqwest::StatusCode::OK);
[INFO] [stdout]    |                              ^^^^^^^ use of unresolved module or unlinked crate `reqwest`
[INFO] [stdout]    |
[INFO] [stdout]    = help: if you wanted to use a crate named `reqwest`, use `cargo add reqwest` to add it to your `Cargo.toml`
[INFO] [stdout] 
[INFO] [stdout] 
[INFO] [stdout] error[E0433]: cannot find module or crate `reqwest` in this scope
[INFO] [stdout]   --> tests/proxy.rs:37:30
[INFO] [stdout]    |
[INFO] [stdout] 37 |     assert_eq!(res.status(), reqwest::StatusCode::OK);
[INFO] [stdout]    |                              ^^^^^^^ use of unresolved module or unlinked crate `reqwest`
[INFO] [stdout]    |
[INFO] [stdout]    = help: if you wanted to use a crate named `reqwest`, use `cargo add reqwest` to add it to your `Cargo.toml`
[INFO] [stdout] 
[INFO] [stdout] 
[INFO] [stdout] error[E0433]: cannot find module or crate `reqwest` in this scope
[INFO] [stdout]   --> tests/redirect.rs:39:31
[INFO] [stdout]    |
[INFO] [stdout] 39 |             res.headers().get(reqwest::header::SERVER).unwrap(),
[INFO] [stdout]    |                               ^^^^^^^ use of unresolved module or unlinked crate `reqwest`
[INFO] [stdout]    |
[INFO] [stdout]    = help: if you wanted to use a crate named `reqwest`, use `cargo add reqwest` to add it to your `Cargo.toml`
[INFO] [stdout] 
[INFO] [stdout] 
[INFO] [stdout] error[E0433]: cannot find module or crate `reqwest` in this scope
[INFO] [stdout]   --> tests/upgrade.rs:29:23
[INFO] [stdout]    |
[INFO] [stdout] 29 |                 .body(reqwest::Body::default())
[INFO] [stdout]    |                       ^^^^^^^ use of unresolved module or unlinked crate `reqwest`
[INFO] [stdout]    |
[INFO] [stdout]    = help: if you wanted to use a crate named `reqwest`, use `cargo add reqwest` to add it to your `Cargo.toml`
[INFO] [stdout] 
[INFO] [stdout] 
[INFO] [stdout] error[E0433]: cannot find module or crate `reqwest` in this scope
[INFO] [stdout]   --> tests/timeouts.rs:72:18
[INFO] [stdout]    |
[INFO] [stdout] 72 |     let client = reqwest::Client::builder()
[INFO] [stdout]    |                  ^^^^^^^ use of unresolved module or unlinked crate `reqwest`
[INFO] [stdout]    |
[INFO] [stdout]    = help: if you wanted to use a crate named `reqwest`, use `cargo add reqwest` to add it to your `Cargo.toml`
[INFO] [stdout] 
[INFO] [stdout] 
[INFO] [stdout] error[E0433]: cannot find module or crate `reqwest` in this scope
[INFO] [stdout]   --> tests/ci.rs:13:13
[INFO] [stdout]    |
[INFO] [stdout] 13 |     let _ = reqwest::get(format!("http://{}/ci", server.addr())).await;
[INFO] [stdout]    |             ^^^^^^^ use of unresolved module or unlinked crate `reqwest`
[INFO] [stdout]    |
[INFO] [stdout]    = help: if you wanted to use a crate named `reqwest`, use `cargo add reqwest` to add it to your `Cargo.toml`
[INFO] [stdout] 
[INFO] [stdout] 
[INFO] [stdout] error[E0433]: cannot find module or crate `reqwest` in this scope
[INFO] [stdout]   --> tests/connector_layers.rs:23:18
[INFO] [stdout]    |
[INFO] [stdout] 23 |     let client = reqwest::Client::builder()
[INFO] [stdout]    |                  ^^^^^^^ use of unresolved module or unlinked crate `reqwest`
[INFO] [stdout]    |
[INFO] [stdout]    = help: if you wanted to use a crate named `reqwest`, use `cargo add reqwest` to add it to your `Cargo.toml`
[INFO] [stdout] 
[INFO] [stdout] 
[INFO] [stdout] error[E0433]: cannot find module or crate `reqwest` in this scope
[INFO] [stdout]   --> tests/connector_layers.rs:39:18
[INFO] [stdout]    |
[INFO] [stdout] 39 |     let client = reqwest::Client::builder()
[INFO] [stdout]    |                  ^^^^^^^ use of unresolved module or unlinked crate `reqwest`
[INFO] [stdout]    |
[INFO] [stdout]    = help: if you wanted to use a crate named `reqwest`, use `cargo add reqwest` to add it to your `Cargo.toml`
[INFO] [stdout] 
[INFO] [stdout] 
[INFO] [stdout] error[E0433]: cannot find module or crate `reqwest` in this scope
[INFO] [stdout]   --> tests/client.rs:76:15
[INFO] [stdout]    |
[INFO] [stdout] 76 |     let res = reqwest::Client::builder()
[INFO] [stdout]    |               ^^^^^^^ use of unresolved module or unlinked crate `reqwest`
[INFO] [stdout]    |
[INFO] [stdout]    = help: if you wanted to use a crate named `reqwest`, use `cargo add reqwest` to add it to your `Cargo.toml`
[INFO] [stdout] 
[INFO] [stdout] 
[INFO] [stdout] error[E0433]: cannot find module or crate `reqwest` in this scope
[INFO] [stdout]   --> tests/connector_layers.rs:61:18
[INFO] [stdout]    |
[INFO] [stdout] 61 |     let client = reqwest::Client::builder()
[INFO] [stdout]    |                  ^^^^^^^ use of unresolved module or unlinked crate `reqwest`
[INFO] [stdout]    |
[INFO] [stdout]    = help: if you wanted to use a crate named `reqwest`, use `cargo add reqwest` to add it to your `Cargo.toml`
[INFO] [stdout] 
[INFO] [stdout] 
[INFO] [stdout] error[E0433]: cannot find module or crate `reqwest` in this scope
[INFO] [stdout]   --> tests/connector_layers.rs:86:18
[INFO] [stdout]    |
[INFO] [stdout] 86 |     let client = reqwest::Client::builder()
[INFO] [stdout]    |                  ^^^^^^^ use of unresolved module or unlinked crate `reqwest`
[INFO] [stdout]    |
[INFO] [stdout]    = help: if you wanted to use a crate named `reqwest`, use `cargo add reqwest` to add it to your `Cargo.toml`
[INFO] [stdout] 
[INFO] [stdout] 
[INFO] [stdout] error[E0433]: cannot find module or crate `reqwest` in this scope
[INFO] [stdout]   --> tests/upgrade.rs:34:15
[INFO] [stdout]    |
[INFO] [stdout] 34 |     let res = reqwest::Client::builder()
[INFO] [stdout]    |               ^^^^^^^ use of unresolved module or unlinked crate `reqwest`
[INFO] [stdout]    |
[INFO] [stdout]    = help: if you wanted to use a crate named `reqwest`, use `cargo add reqwest` to add it to your `Cargo.toml`
[INFO] [stdout] 
[INFO] [stdout] 
[INFO] [stdout] error[E0433]: cannot find module or crate `reqwest` in this scope
[INFO] [stdout]    --> tests/connector_layers.rs:109:18
[INFO] [stdout]     |
[INFO] [stdout] 109 |     let client = reqwest::Client::builder()
[INFO] [stdout]     |                  ^^^^^^^ use of unresolved module or unlinked crate `reqwest`
[INFO] [stdout]     |
[INFO] [stdout]     = help: if you wanted to use a crate named `reqwest`, use `cargo add reqwest` to add it to your `Cargo.toml`
[INFO] [stdout] 
[INFO] [stdout] 
[INFO] [stdout] error[E0433]: cannot find module or crate `reqwest` in this scope
[INFO] [stdout]   --> tests/redirect.rs:47:18
[INFO] [stdout]    |
[INFO] [stdout] 47 |     let client = reqwest::Client::new();
[INFO] [stdout]    |                  ^^^^^^^ use of unresolved module or unlinked crate `reqwest`
[INFO] [stdout]    |
[INFO] [stdout]    = help: if you wanted to use a crate named `reqwest`, use `cargo add reqwest` to add it to your `Cargo.toml`
[INFO] [stdout] 
[INFO] [stdout] 
[INFO] [stdout] error[E0433]: cannot find module or crate `reqwest` in this scope
[INFO] [stdout]   --> tests/support/delay_server.rs:37:39
[INFO] [stdout]    |
[INFO] [stdout] 37 |         Fut: Future<Output = Response<reqwest::Body>> + Send + 'static,
[INFO] [stdout]    |                                       ^^^^^^^ use of unresolved module or unlinked crate `reqwest`
[INFO] [stdout]    |
[INFO] [stdout]    = help: if you wanted to use a crate named `reqwest`, use `cargo add reqwest` to add it to your `Cargo.toml`
[INFO] [stdout] help: a struct with a similar name exists
[INFO] [stdout]    |
[INFO] [stdout] 37 -         Fut: Future<Output = Response<reqwest::Body>> + Send + 'static,
[INFO] [stdout] 37 +         Fut: Future<Output = Response<Request::Body>> + Send + 'static,
[INFO] [stdout]    |
[INFO] [stdout] 
[INFO] [stdout] 
[INFO] [stdout] error[E0433]: cannot find module or crate `reqwest` in this scope
[INFO] [stdout]   --> tests/timeouts.rs:99:18
[INFO] [stdout]    |
[INFO] [stdout] 99 |     let client = reqwest::Client::builder()
[INFO] [stdout]    |                  ^^^^^^^ use of unresolved module or unlinked crate `reqwest`
[INFO] [stdout]    |
[INFO] [stdout]    = help: if you wanted to use a crate named `reqwest`, use `cargo add reqwest` to add it to your `Cargo.toml`
[INFO] [stdout] 
[INFO] [stdout] 
[INFO] [stdout] error[E0433]: cannot find module or crate `reqwest` in this scope
[INFO] [stdout]   --> tests/support/server.rs:57:41
[INFO] [stdout]    |
[INFO] [stdout] 57 |     Fut: Future<Output = http::Response<reqwest::Body>> + Send + 'static,
[INFO] [stdout]    |                                         ^^^^^^^ use of unresolved module or unlinked crate `reqwest`
[INFO] [stdout]    |
[INFO] [stdout]    = help: if you wanted to use a crate named `reqwest`, use `cargo add reqwest` to add it to your `Cargo.toml`
[INFO] [stdout] 
[INFO] [stdout] 
[INFO] [stdout] error[E0433]: cannot find module or crate `reqwest` in this scope
[INFO] [stdout]   --> tests/support/server.rs:67:41
[INFO] [stdout]    |
[INFO] [stdout] 67 |     Fut: Future<Output = http::Response<reqwest::Body>> + Send + 'static,
[INFO] [stdout]    |                                         ^^^^^^^ use of unresolved module or unlinked crate `reqwest`
[INFO] [stdout]    |
[INFO] [stdout]    = help: if you wanted to use a crate named `reqwest`, use `cargo add reqwest` to add it to your `Cargo.toml`
[INFO] [stdout] 
[INFO] [stdout] 
[INFO] [stdout] For more information about this error, try `rustc --explain E0433`.
[INFO] [stdout] 
[INFO] [stdout] error[E0433]: cannot find module or crate `reqwest` in this scope
[INFO] [stdout]   --> tests/client.rs:85:30
[INFO] [stdout]    |
[INFO] [stdout] 85 |     assert_eq!(res.status(), reqwest::StatusCode::OK);
[INFO] [stdout]    |                              ^^^^^^^ use of unresolved module or unlinked crate `reqwest`
[INFO] [stdout]    |
[INFO] [stdout]    = help: if you wanted to use a crate named `reqwest`, use `cargo add reqwest` to add it to your `Cargo.toml`
[INFO] [stdout] 
[INFO] [stdout] 
[INFO] [stdout] error[E0433]: cannot find module or crate `reqwest` in this scope
[INFO] [stdout]   --> tests/proxy.rs:57:15
[INFO] [stdout]    |
[INFO] [stdout] 57 |     let res = reqwest::Client::builder()
[INFO] [stdout]    |               ^^^^^^^ use of unresolved module or unlinked crate `reqwest`
[INFO] [stdout]    |
[INFO] [stdout]    = help: if you wanted to use a crate named `reqwest`, use `cargo add reqwest` to add it to your `Cargo.toml`
[INFO] [stdout] 
[INFO] [stdout] 
[INFO] [stderr] error: could not compile `reqwest-tor` (test "ci") due to 4 previous errors
[INFO] [stdout] error[E0433]: cannot find module or crate `reqwest` in this scope
[INFO] [stdout]   --> examples/connect_via_lower_priority_tokio_runtime.rs:21:31
[INFO] [stdout]    |
[INFO] [stdout] 21 | async fn main() -> Result<(), reqwest::Error> {
[INFO] [stdout]    |                               ^^^^^^^ use of unresolved module or unlinked crate `reqwest`
[INFO] [stdout]    |
[INFO] [stdout]    = help: if you wanted to use a crate named `reqwest`, use `cargo add reqwest` to add it to your `Cargo.toml`
[INFO] [stdout] 
[INFO] [stdout] 
[INFO] [stdout] Some errors have detailed explanations: E0433, E0599.
[INFO] [stdout] 
[INFO] [stdout] For more information about an error, try `rustc --explain E0433`.
[INFO] [stdout] 
[INFO] [stderr] error: could not compile `reqwest-tor` (example "connect_via_lower_priority_tokio_runtime") due to 6 previous errors; 5 warnings emitted
[INFO] [stdout] error[E0433]: cannot find module or crate `reqwest` in this scope
[INFO] [stdout]   --> tests/client.rs:96:15
[INFO] [stdout]    |
[INFO] [stdout] 96 |     let res = reqwest::Client::builder()
[INFO] [stdout]    |               ^^^^^^^ use of unresolved module or unlinked crate `reqwest`
[INFO] [stdout]    |
[INFO] [stdout]    = help: if you wanted to use a crate named `reqwest`, use `cargo add reqwest` to add it to your `Cargo.toml`
[INFO] [stdout] 
[INFO] [stdout] 
[INFO] [stdout] error[E0433]: cannot find module or crate `reqwest` in this scope
[INFO] [stdout]    --> tests/connector_layers.rs:133:18
[INFO] [stdout]     |
[INFO] [stdout] 133 |     let client = reqwest::Client::builder()
[INFO] [stdout]     |                  ^^^^^^^ use of unresolved module or unlinked crate `reqwest`
[INFO] [stdout]     |
[INFO] [stdout]     = help: if you wanted to use a crate named `reqwest`, use `cargo add reqwest` to add it to your `Cargo.toml`
[INFO] [stdout] 
[INFO] [stdout] 
[INFO] [stdout] error[E0433]: cannot find module or crate `reqwest` in this scope
[INFO] [stdout]    --> tests/timeouts.rs:124:18
[INFO] [stdout]     |
[INFO] [stdout] 124 |     let client = reqwest::Client::builder()
[INFO] [stdout]     |                  ^^^^^^^ use of unresolved module or unlinked crate `reqwest`
[INFO] [stdout]     |
[INFO] [stdout]     = help: if you wanted to use a crate named `reqwest`, use `cargo add reqwest` to add it to your `Cargo.toml`
[INFO] [stdout] 
[INFO] [stdout] 
[INFO] [stdout] error[E0433]: cannot find module or crate `reqwest` in this scope
[INFO] [stdout]   --> tests/proxy.rs:59:13
[INFO] [stdout]    |
[INFO] [stdout] 59 |             reqwest::Proxy::http(&proxy)
[INFO] [stdout]    |             ^^^^^^^ use of unresolved module or unlinked crate `reqwest`
[INFO] [stdout]    |
[INFO] [stdout]    = help: if you wanted to use a crate named `reqwest`, use `cargo add reqwest` to add it to your `Cargo.toml`
[INFO] [stdout] 
[INFO] [stdout] 
[INFO] [stdout] error[E0433]: cannot find module or crate `reqwest` in this scope
[INFO] [stdout]   --> tests/redirect.rs:73:34
[INFO] [stdout]    |
[INFO] [stdout] 73 |         assert_eq!(res.status(), reqwest::StatusCode::OK);
[INFO] [stdout]    |                                  ^^^^^^^ use of unresolved module or unlinked crate `reqwest`
[INFO] [stdout]    |
[INFO] [stdout]    = help: if you wanted to use a crate named `reqwest`, use `cargo add reqwest` to add it to your `Cargo.toml`
[INFO] [stdout] 
[INFO] [stdout] 
[INFO] [stdout] error[E0433]: cannot find module or crate `reqwest` in this scope
[INFO] [stdout]    --> tests/client.rs:105:30
[INFO] [stdout]     |
[INFO] [stdout] 105 |     assert_eq!(res.status(), reqwest::StatusCode::OK);
[INFO] [stdout]     |                              ^^^^^^^ use of unresolved module or unlinked crate `reqwest`
[INFO] [stdout]     |
[INFO] [stdout]     = help: if you wanted to use a crate named `reqwest`, use `cargo add reqwest` to add it to your `Cargo.toml`
[INFO] [stdout] 
[INFO] [stdout] 
[INFO] [stdout] error[E0433]: cannot find module or crate `reqwest` in this scope
[INFO] [stdout]   --> tests/proxy.rs:71:30
[INFO] [stdout]    |
[INFO] [stdout] 71 |     assert_eq!(res.status(), reqwest::StatusCode::OK);
[INFO] [stdout]    |                              ^^^^^^^ use of unresolved module or unlinked crate `reqwest`
[INFO] [stdout]    |
[INFO] [stdout]    = help: if you wanted to use a crate named `reqwest`, use `cargo add reqwest` to add it to your `Cargo.toml`
[INFO] [stdout] 
[INFO] [stdout] 
[INFO] [stdout] error[E0433]: cannot find module or crate `reqwest` in this scope
[INFO] [stdout]    --> tests/connector_layers.rs:159:18
[INFO] [stdout]     |
[INFO] [stdout] 159 |     let client = reqwest::Client::builder()
[INFO] [stdout]     |                  ^^^^^^^ use of unresolved module or unlinked crate `reqwest`
[INFO] [stdout]     |
[INFO] [stdout]     = help: if you wanted to use a crate named `reqwest`, use `cargo add reqwest` to add it to your `Cargo.toml`
[INFO] [stdout] 
[INFO] [stdout] 
[INFO] [stdout] error[E0433]: cannot find module or crate `reqwest` in this scope
[INFO] [stdout]    --> tests/timeouts.rs:194:18
[INFO] [stdout]     |
[INFO] [stdout] 194 |     let client = reqwest::Client::builder()
[INFO] [stdout]     |                  ^^^^^^^ use of unresolved module or unlinked crate `reqwest`
[INFO] [stdout]     |
[INFO] [stdout]     = help: if you wanted to use a crate named `reqwest`, use `cargo add reqwest` to add it to your `Cargo.toml`
[INFO] [stdout] 
[INFO] [stdout] 
[INFO] [stdout] error[E0433]: cannot find module or crate `reqwest` in this scope
[INFO] [stdout]   --> tests/redirect.rs:75:31
[INFO] [stdout]    |
[INFO] [stdout] 75 |             res.headers().get(reqwest::header::SERVER).unwrap(),
[INFO] [stdout]    |                               ^^^^^^^ use of unresolved module or unlinked crate `reqwest`
[INFO] [stdout]    |
[INFO] [stdout]    = help: if you wanted to use a crate named `reqwest`, use `cargo add reqwest` to add it to your `Cargo.toml`
[INFO] [stdout] 
[INFO] [stdout] 
[INFO] [stdout] error[E0433]: cannot find module or crate `reqwest` in this scope
[INFO] [stdout]    --> tests/client.rs:196:31
[INFO] [stdout]     |
[INFO] [stdout] 196 |     assert_eq!(res1.status(), reqwest::StatusCode::OK);
[INFO] [stdout]     |                               ^^^^^^^ use of unresolved module or unlinked crate `reqwest`
[INFO] [stdout]     |
[INFO] [stdout]     = help: if you wanted to use a crate named `reqwest`, use `cargo add reqwest` to add it to your `Cargo.toml`
[INFO] [stdout] 
[INFO] [stdout] 
[INFO] [stdout] error[E0433]: cannot find module or crate `reqwest` in this scope
[INFO] [stdout]   --> tests/proxy.rs:91:15
[INFO] [stdout]    |
[INFO] [stdout] 91 |     let res = reqwest::Client::builder()
[INFO] [stdout]    |               ^^^^^^^ use of unresolved module or unlinked crate `reqwest`
[INFO] [stdout]    |
[INFO] [stdout]    = help: if you wanted to use a crate named `reqwest`, use `cargo add reqwest` to add it to your `Cargo.toml`
[INFO] [stdout] 
[INFO] [stdout] 
[INFO] [stdout] error[E0433]: cannot find module or crate `reqwest` in this scope
[INFO] [stdout]    --> tests/timeouts.rs:435:18
[INFO] [stdout]     |
[INFO] [stdout] 435 |     let client = reqwest::Client::builder().no_proxy().build().unwrap();
[INFO] [stdout]     |                  ^^^^^^^ use of unresolved module or unlinked crate `reqwest`
[INFO] [stdout]     |
[INFO] [stdout]     = help: if you wanted to use a crate named `reqwest`, use `cargo add reqwest` to add it to your `Cargo.toml`
[INFO] [stdout] 
[INFO] [stdout] 
[INFO] [stdout] error[E0433]: cannot find module or crate `reqwest` in this scope
[INFO] [stdout]   --> tests/redirect.rs:84:18
[INFO] [stdout]    |
[INFO] [stdout] 84 |     let client = reqwest::Client::new();
[INFO] [stdout]    |                  ^^^^^^^ use of unresolved module or unlinked crate `reqwest`
[INFO] [stdout]    |
[INFO] [stdout]    = help: if you wanted to use a crate named `reqwest`, use `cargo add reqwest` to add it to your `Cargo.toml`
[INFO] [stdout] 
[INFO] [stdout] 
[INFO] [stdout] error[E0433]: cannot find module or crate `reqwest` in this scope
[INFO] [stdout]   --> tests/proxy.rs:92:16
[INFO] [stdout]    |
[INFO] [stdout] 92 |         .proxy(reqwest::Proxy::http(&proxy).unwrap())
[INFO] [stdout]    |                ^^^^^^^ use of unresolved module or unlinked crate `reqwest`
[INFO] [stdout]    |
[INFO] [stdout]    = help: if you wanted to use a crate named `reqwest`, use `cargo add reqwest` to add it to your `Cargo.toml`
[INFO] [stdout] 
[INFO] [stdout] 
[INFO] [stdout] error[E0433]: cannot find module or crate `reqwest` in this scope
[INFO] [stdout]    --> tests/client.rs:207:31
[INFO] [stdout]     |
[INFO] [stdout] 207 |     assert_eq!(res2.status(), reqwest::StatusCode::OK);
[INFO] [stdout]     |                               ^^^^^^^ use of unresolved module or unlinked crate `reqwest`
[INFO] [stdout]     |
[INFO] [stdout]     = help: if you wanted to use a crate named `reqwest`, use `cargo add reqwest` to add it to your `Cargo.toml`
[INFO] [stdout] 
[INFO] [stdout] 
[INFO] [stdout] error[E0433]: cannot find module or crate `reqwest` in this scope
[INFO] [stdout]    --> tests/connector_layers.rs:196:18
[INFO] [stdout]     |
[INFO] [stdout] 196 |     let client = reqwest::Client::builder()
[INFO] [stdout]     |                  ^^^^^^^ use of unresolved module or unlinked crate `reqwest`
[INFO] [stdout]     |
[INFO] [stdout]     = help: if you wanted to use a crate named `reqwest`, use `cargo add reqwest` to add it to your `Cargo.toml`
[INFO] [stdout] 
[INFO] [stdout] 
[INFO] [stdout] error[E0433]: cannot find module or crate `reqwest` in this scope
[INFO] [stdout]    --> tests/redirect.rs:122:34
[INFO] [stdout]     |
[INFO] [stdout] 122 |         assert_eq!(res.status(), reqwest::StatusCode::OK);
[INFO] [stdout]     |                                  ^^^^^^^ use of unresolved module or unlinked crate `reqwest`
[INFO] [stdout]     |
[INFO] [stdout]     = help: if you wanted to use a crate named `reqwest`, use `cargo add reqwest` to add it to your `Cargo.toml`
[INFO] [stdout] 
[INFO] [stdout] 
[INFO] [stdout] error[E0433]: cannot find module or crate `reqwest` in this scope
[INFO] [stdout]    --> tests/proxy.rs:101:30
[INFO] [stdout]     |
[INFO] [stdout] 101 |     assert_eq!(res.status(), reqwest::StatusCode::OK);
[INFO] [stdout]     |                              ^^^^^^^ use of unresolved module or unlinked crate `reqwest`
[INFO] [stdout]     |
[INFO] [stdout]     = help: if you wanted to use a crate named `reqwest`, use `cargo add reqwest` to add it to your `Cargo.toml`
[INFO] [stdout] 
[INFO] [stdout] 
[INFO] [stdout] error[E0433]: cannot find module or crate `reqwest` in this scope
[INFO] [stdout]    --> tests/redirect.rs:124:31
[INFO] [stdout]     |
[INFO] [stdout] 124 |             res.headers().get(reqwest::header::SERVER).unwrap(),
[INFO] [stdout]     |                               ^^^^^^^ use of unresolved module or unlinked crate `reqwest`
[INFO] [stdout]     |
[INFO] [stdout]     = help: if you wanted to use a crate named `reqwest`, use `cargo add reqwest` to add it to your `Cargo.toml`
[INFO] [stdout] 
[INFO] [stdout] 
[INFO] [stdout] error[E0433]: cannot find module or crate `reqwest` in this scope
[INFO] [stdout]    --> tests/client.rs:220:18
[INFO] [stdout]     |
[INFO] [stdout] 220 |     let client = reqwest::Client::builder()
[INFO] [stdout]     |                  ^^^^^^^ use of unresolved module or unlinked crate `reqwest`
[INFO] [stdout]     |
[INFO] [stdout]     = help: if you wanted to use a crate named `reqwest`, use `cargo add reqwest` to add it to your `Cargo.toml`
[INFO] [stdout] 
[INFO] [stdout] 
[INFO] [stdout] error[E0433]: cannot find module or crate `reqwest` in this scope
[INFO] [stdout]    --> tests/proxy.rs:131:15
[INFO] [stdout]     |
[INFO] [stdout] 131 |     let res = reqwest::Client::builder()
[INFO] [stdout]     |               ^^^^^^^ use of unresolved module or unlinked crate `reqwest`
[INFO] [stdout]     |
[INFO] [stdout]     = help: if you wanted to use a crate named `reqwest`, use `cargo add reqwest` to add it to your `Cargo.toml`
[INFO] [stdout] 
[INFO] [stdout] 
[INFO] [stdout] error[E0433]: cannot find module or crate `reqwest` in this scope
[INFO] [stdout]    --> tests/connector_layers.rs:355:18
[INFO] [stdout]     |
[INFO] [stdout] 355 |     let client = reqwest::Client::new();
[INFO] [stdout]     |                  ^^^^^^^ use of unresolved module or unlinked crate `reqwest`
[INFO] [stdout]     |
[INFO] [stdout]     = help: if you wanted to use a crate named `reqwest`, use `cargo add reqwest` to add it to your `Cargo.toml`
[INFO] [stdout] 
[INFO] [stdout] 
[INFO] [stdout] error[E0433]: cannot find module or crate `reqwest` in this scope
[INFO] [stdout]    --> tests/redirect.rs:204:5
[INFO] [stdout]     |
[INFO] [stdout] 204 |     reqwest::Client::builder()
[INFO] [stdout]     |     ^^^^^^^ use of unresolved module or unlinked crate `reqwest`
[INFO] [stdout]     |
[INFO] [stdout]     = help: if you wanted to use a crate named `reqwest`, use `cargo add reqwest` to add it to your `Cargo.toml`
[INFO] [stdout] 
[INFO] [stdout] 
[INFO] [stdout] error[E0433]: cannot find module or crate `reqwest` in this scope
[INFO] [stdout]    --> tests/client.rs:228:30
[INFO] [stdout]     |
[INFO] [stdout] 228 |     assert_eq!(res.status(), reqwest::StatusCode::OK);
[INFO] [stdout]     |                              ^^^^^^^ use of unresolved module or unlinked crate `reqwest`
[INFO] [stdout]     |
[INFO] [stdout]     = help: if you wanted to use a crate named `reqwest`, use `cargo add reqwest` to add it to your `Cargo.toml`
[INFO] [stdout] 
[INFO] [stdout] 
[INFO] [stdout] error[E0433]: cannot find module or crate `reqwest` in this scope
[INFO] [stdout]    --> tests/proxy.rs:140:30
[INFO] [stdout]     |
[INFO] [stdout] 140 |     assert_eq!(res.status(), reqwest::StatusCode::OK);
[INFO] [stdout]     |                              ^^^^^^^ use of unresolved module or unlinked crate `reqwest`
[INFO] [stdout]     |
[INFO] [stdout]     = help: if you wanted to use a crate named `reqwest`, use `cargo add reqwest` to add it to your `Cargo.toml`
[INFO] [stdout] 
[INFO] [stdout] 
[INFO] [stdout] error[E0433]: cannot find module or crate `reqwest` in this scope
[INFO] [stdout]    --> tests/redirect.rs:209:13
[INFO] [stdout]     |
[INFO] [stdout] 209 |             reqwest::header::COOKIE,
[INFO] [stdout]     |             ^^^^^^^ use of unresolved module or unlinked crate `reqwest`
[INFO] [stdout]     |
[INFO] [stdout]     = help: if you wanted to use a crate named `reqwest`, use `cargo add reqwest` to add it to your `Cargo.toml`
[INFO] [stdout] 
[INFO] [stdout] 
[INFO] [stdout] error[E0433]: cannot find module or crate `reqwest` in this scope
[INFO] [stdout]    --> tests/client.rs:245:18
[INFO] [stdout]     |
[INFO] [stdout] 245 |     let client = reqwest::Client::builder()
[INFO] [stdout]     |                  ^^^^^^^ use of unresolved module or unlinked crate `reqwest`
[INFO] [stdout]     |
[INFO] [stdout]     = help: if you wanted to use a crate named `reqwest`, use `cargo add reqwest` to add it to your `Cargo.toml`
[INFO] [stdout] 
[INFO] [stdout] 
[INFO] [stdout] error[E0433]: cannot find module or crate `reqwest` in this scope
[INFO] [stdout]    --> tests/client.rs:262:30
[INFO] [stdout]     |
[INFO] [stdout] 262 |     assert_eq!(res.status(), reqwest::StatusCode::OK);
[INFO] [stdout]     |                              ^^^^^^^ use of unresolved module or unlinked crate `reqwest`
[INFO] [stdout]     |
[INFO] [stdout]     = help: if you wanted to use a crate named `reqwest`, use `cargo add reqwest` to add it to your `Cargo.toml`
[INFO] [stdout] 
[INFO] [stdout] 
[INFO] [stdout] error[E0433]: cannot find module or crate `reqwest` in this scope
[INFO] [stdout]    --> tests/proxy.rs:161:15
[INFO] [stdout]     |
[INFO] [stdout] 161 |     let res = reqwest::Client::builder()
[INFO] [stdout]     |               ^^^^^^^ use of unresolved module or unlinked crate `reqwest`
[INFO] [stdout]     |
[INFO] [stdout]     = help: if you wanted to use a crate named `reqwest`, use `cargo add reqwest` to add it to your `Cargo.toml`
[INFO] [stdout] 
[INFO] [stdout] 
[INFO] [stdout] error[E0433]: cannot find module or crate `reqwest` in this scope
[INFO] [stdout]    --> tests/client.rs:395:16
[INFO] [stdout]     |
[INFO] [stdout] 395 |     let resp = reqwest::Client::builder()
[INFO] [stdout]     |                ^^^^^^^ use of unresolved module or unlinked crate `reqwest`
[INFO] [stdout]     |
[INFO] [stdout]     = help: if you wanted to use a crate named `reqwest`, use `cargo add reqwest` to add it to your `Cargo.toml`
[INFO] [stdout] 
[INFO] [stdout] 
[INFO] [stdout] error[E0433]: cannot find module or crate `reqwest` in this scope
[INFO] [stdout]    --> tests/redirect.rs:210:13
[INFO] [stdout]     |
[INFO] [stdout] 210 |             reqwest::header::HeaderValue::from_static("foo=bar"),
[INFO] [stdout]     |             ^^^^^^^ use of unresolved module or unlinked crate `reqwest`
[INFO] [stdout]     |
[INFO] [stdout]     = help: if you wanted to use a crate named `reqwest`, use `cargo add reqwest` to add it to your `Cargo.toml`
[INFO] [stdout] 
[INFO] [stdout] 
[INFO] [stdout] error[E0433]: cannot find module or crate `reqwest` in this scope
[INFO] [stdout]    --> tests/proxy.rs:162:16
[INFO] [stdout]     |
[INFO] [stdout] 162 |         .proxy(reqwest::Proxy::http(&proxy).unwrap())
[INFO] [stdout]     |                ^^^^^^^ use of unresolved module or unlinked crate `reqwest`
[INFO] [stdout]     |
[INFO] [stdout]     = help: if you wanted to use a crate named `reqwest`, use `cargo add reqwest` to add it to your `Cargo.toml`
[INFO] [stdout] 
[INFO] [stdout] 
[INFO] [stdout] error[E0433]: cannot find module or crate `reqwest` in this scope
[INFO] [stdout]    --> tests/client.rs:405:16
[INFO] [stdout]     |
[INFO] [stdout] 405 |     let resp = reqwest::Client::builder()
[INFO] [stdout]     |                ^^^^^^^ use of unresolved module or unlinked crate `reqwest`
[INFO] [stdout]     |
[INFO] [stdout]     = help: if you wanted to use a crate named `reqwest`, use `cargo add reqwest` to add it to your `Cargo.toml`
[INFO] [stdout] 
[INFO] [stdout] 
[INFO] [stdout] error[E0433]: cannot find module or crate `reqwest` in this scope
[INFO] [stdout]   --> tests/support/delay_server.rs:37:39
[INFO] [stdout]    |
[INFO] [stdout] 37 |         Fut: Future<Output = Response<reqwest::Body>> + Send + 'static,
[INFO] [stdout]    |                                       ^^^^^^^ use of unresolved module or unlinked crate `reqwest`
[INFO] [stdout]    |
[INFO] [stdout]    = help: if you wanted to use a crate named `reqwest`, use `cargo add reqwest` to add it to your `Cargo.toml`
[INFO] [stdout] help: a struct with a similar name exists
[INFO] [stdout]    |
[INFO] [stdout] 37 -         Fut: Future<Output = Response<reqwest::Body>> + Send + 'static,
[INFO] [stdout] 37 +         Fut: Future<Output = Response<Request::Body>> + Send + 'static,
[INFO] [stdout]    |
[INFO] [stdout] 
[INFO] [stdout] 
[INFO] [stdout] error[E0433]: cannot find module or crate `reqwest` in this scope
[INFO] [stdout]   --> tests/support/server.rs:57:41
[INFO] [stdout]    |
[INFO] [stdout] 57 |     Fut: Future<Output = http::Response<reqwest::Body>> + Send + 'static,
[INFO] [stdout]    |                                         ^^^^^^^ use of unresolved module or unlinked crate `reqwest`
[INFO] [stdout]    |
[INFO] [stdout]    = help: if you wanted to use a crate named `reqwest`, use `cargo add reqwest` to add it to your `Cargo.toml`
[INFO] [stdout] 
[INFO] [stdout] 
[INFO] [stdout] error[E0433]: cannot find module or crate `reqwest` in this scope
[INFO] [stdout]   --> tests/support/server.rs:67:41
[INFO] [stdout]    |
[INFO] [stdout] 67 |     Fut: Future<Output = http::Response<reqwest::Body>> + Send + 'static,
[INFO] [stdout]    |                                         ^^^^^^^ use of unresolved module or unlinked crate `reqwest`
[INFO] [stdout]    |
[INFO] [stdout]    = help: if you wanted to use a crate named `reqwest`, use `cargo add reqwest` to add it to your `Cargo.toml`
[INFO] [stdout] 
[INFO] [stdout] 
[INFO] [stdout] For more information about this error, try `rustc --explain E0433`.
[INFO] [stdout] 
[INFO] [stdout] error[E0433]: cannot find module or crate `reqwest` in this scope
[INFO] [stdout]    --> tests/proxy.rs:172:30
[INFO] [stdout]     |
[INFO] [stdout] 172 |     assert_eq!(res.status(), reqwest::StatusCode::OK);
[INFO] [stdout]     |                              ^^^^^^^ use of unresolved module or unlinked crate `reqwest`
[INFO] [stdout]     |
[INFO] [stdout]     = help: if you wanted to use a crate named `reqwest`, use `cargo add reqwest` to add it to your `Cargo.toml`
[INFO] [stdout] 
[INFO] [stdout] 
[INFO] [stderr] error: could not compile `reqwest-tor` (test "timeouts") due to 10 previous errors
[INFO] [stdout] error[E0433]: cannot find module or crate `reqwest` in this scope
[INFO] [stdout]    --> tests/client.rs:449:16
[INFO] [stdout]     |
[INFO] [stdout] 449 |     let resp = reqwest::Client::builder()
[INFO] [stdout]     |                ^^^^^^^ use of unresolved module or unlinked crate `reqwest`
[INFO] [stdout]     |
[INFO] [stdout]     = help: if you wanted to use a crate named `reqwest`, use `cargo add reqwest` to add it to your `Cargo.toml`
[INFO] [stdout] 
[INFO] [stdout] 
[INFO] [stdout] error[E0433]: cannot find module or crate `reqwest` in this scope
[INFO] [stdout]    --> tests/redirect.rs:246:15
[INFO] [stdout]     |
[INFO] [stdout] 246 |     let res = reqwest::Client::builder()
[INFO] [stdout]     |               ^^^^^^^ use of unresolved module or unlinked crate `reqwest`
[INFO] [stdout]     |
[INFO] [stdout]     = help: if you wanted to use a crate named `reqwest`, use `cargo add reqwest` to add it to your `Cargo.toml`
[INFO] [stdout] 
[INFO] [stdout] 
[INFO] [stdout] error[E0433]: cannot find module or crate `reqwest` in this scope
[INFO] [stdout]    --> tests/proxy.rs:190:23
[INFO] [stdout]     |
[INFO] [stdout] 190 |     let mut headers = reqwest::header::HeaderMap::new();
[INFO] [stdout]     |                       ^^^^^^^ use of unresolved module or unlinked crate `reqwest`
[INFO] [stdout]     |
[INFO] [stdout]     = help: if you wanted to use a crate named `reqwest`, use `cargo add reqwest` to add it to your `Cargo.toml`
[INFO] [stdout] 
[INFO] [stdout] 
[INFO] [stdout] error[E0433]: cannot find module or crate `reqwest` in this scope
[INFO] [stdout]   --> tests/support/delay_server.rs:37:39
[INFO] [stdout]    |
[INFO] [stdout] 37 |         Fut: Future<Output = Response<reqwest::Body>> + Send + 'static,
[INFO] [stdout]    |                                       ^^^^^^^ use of unresolved module or unlinked crate `reqwest`
[INFO] [stdout]    |
[INFO] [stdout]    = help: if you wanted to use a crate named `reqwest`, use `cargo add reqwest` to add it to your `Cargo.toml`
[INFO] [stdout] help: a struct with a similar name exists
[INFO] [stdout]    |
[INFO] [stdout] 37 -         Fut: Future<Output = Response<reqwest::Body>> + Send + 'static,
[INFO] [stdout] 37 +         Fut: Future<Output = Response<Request::Body>> + Send + 'static,
[INFO] [stdout]    |
[INFO] [stdout] 
[INFO] [stdout] 
[INFO] [stdout] error[E0433]: cannot find module or crate `reqwest` in this scope
[INFO] [stdout]   --> tests/support/server.rs:57:41
[INFO] [stdout]    |
[INFO] [stdout] 57 |     Fut: Future<Output = http::Response<reqwest::Body>> + Send + 'static,
[INFO] [stdout]    |                                         ^^^^^^^ use of unresolved module or unlinked crate `reqwest`
[INFO] [stdout]    |
[INFO] [stdout]    = help: if you wanted to use a crate named `reqwest`, use `cargo add reqwest` to add it to your `Cargo.toml`
[INFO] [stdout] 
[INFO] [stdout] 
[INFO] [stderr] error: could not compile `reqwest-tor` (test "upgrade") due to 5 previous errors
[INFO] [stdout] error[E0433]: cannot find module or crate `reqwest` in this scope
[INFO] [stdout]   --> tests/support/server.rs:67:41
[INFO] [stdout]    |
[INFO] [stdout] 67 |     Fut: Future<Output = http::Response<reqwest::Body>> + Send + 'static,
[INFO] [stdout]    |                                         ^^^^^^^ use of unresolved module or unlinked crate `reqwest`
[INFO] [stdout]    |
[INFO] [stdout]    = help: if you wanted to use a crate named `reqwest`, use `cargo add reqwest` to add it to your `Cargo.toml`
[INFO] [stdout] 
[INFO] [stdout] 
[INFO] [stdout] For more information about this error, try `rustc --explain E0433`.
[INFO] [stdout] 
[INFO] [stdout] error[E0433]: cannot find module or crate `reqwest` in this scope
[INFO] [stdout]    --> tests/client.rs:457:44
[INFO] [stdout]     |
[INFO] [stdout] 457 |     let tls_info = resp.extensions().get::<reqwest::tls::TlsInfo>();
[INFO] [stdout]     |                                            ^^^^^^^ use of unresolved module or unlinked crate `reqwest`
[INFO] [stdout]     |
[INFO] [stdout]     = help: if you wanted to use a crate named `reqwest`, use `cargo add reqwest` to add it to your `Cargo.toml`
[INFO] [stdout] 
[INFO] [stdout] 
[INFO] [stdout] error[E0433]: cannot find module or crate `reqwest` in this scope
[INFO] [stdout]    --> tests/client.rs:465:16
[INFO] [stdout]     |
[INFO] [stdout] 465 |     let resp = reqwest::Client::builder()
[INFO] [stdout]     |                ^^^^^^^ use of unresolved module or unlinked crate `reqwest`
[INFO] [stdout]     |
[INFO] [stdout]     = help: if you wanted to use a crate named `reqwest`, use `cargo add reqwest` to add it to your `Cargo.toml`
[INFO] [stdout] 
[INFO] [stdout] 
[INFO] [stdout] error[E0433]: cannot find module or crate `reqwest` in this scope
[INFO] [stdout]    --> tests/redirect.rs:247:19
[INFO] [stdout]     |
[INFO] [stdout] 247 |         .redirect(reqwest::redirect::Policy::none())
[INFO] [stdout]     |                   ^^^^^^^ use of unresolved module or unlinked crate `reqwest`
[INFO] [stdout]     |
[INFO] [stdout]     = help: if you wanted to use a crate named `reqwest`, use `cargo add reqwest` to add it to your `Cargo.toml`
[INFO] [stdout] 
[INFO] [stdout] 
[INFO] [stdout] error[E0433]: cannot find module or crate `reqwest` in this scope
[INFO] [stdout]    --> tests/proxy.rs:193:9
[INFO] [stdout]     |
[INFO] [stdout] 193 |         reqwest::header::PROXY_AUTHORIZATION,
[INFO] [stdout]     |         ^^^^^^^ use of unresolved module or unlinked crate `reqwest`
[INFO] [stdout]     |
[INFO] [stdout]     = help: if you wanted to use a crate named `reqwest`, use `cargo add reqwest` to add it to your `Cargo.toml`
[INFO] [stdout] 
[INFO] [stdout] 
[INFO] [stdout] error[E0433]: cannot find module or crate `reqwest` in this scope
[INFO] [stdout]    --> tests/client.rs:472:44
[INFO] [stdout]     |
[INFO] [stdout] 472 |     let tls_info = resp.extensions().get::<reqwest::tls::TlsInfo>();
[INFO] [stdout]     |                                            ^^^^^^^ use of unresolved module or unlinked crate `reqwest`
[INFO] [stdout]     |
[INFO] [stdout]     = help: if you wanted to use a crate named `reqwest`, use `cargo add reqwest` to add it to your `Cargo.toml`
[INFO] [stdout] 
[INFO] [stdout] 
[INFO] [stdout] error[E0433]: cannot find module or crate `reqwest` in this scope
[INFO] [stdout]    --> tests/client.rs:483:18
[INFO] [stdout]     |
[INFO] [stdout] 483 |     let client = reqwest::Client::builder()
[INFO] [stdout]     |                  ^^^^^^^ use of unresolved module or unlinked crate `reqwest`
[INFO] [stdout]     |
[INFO] [stdout]     = help: if you wanted to use a crate named `reqwest`, use `cargo add reqwest` to add it to your `Cargo.toml`
[INFO] [stdout] 
[INFO] [stdout] 
[INFO] [stdout] error[E0433]: cannot find module or crate `reqwest` in this scope
[INFO] [stdout]    --> tests/client.rs:505:38
[INFO] [stdout]     |
[INFO] [stdout] 505 |             assert_eq!(res.status(), reqwest::StatusCode::OK);
[INFO] [stdout]     |                                      ^^^^^^^ use of unresolved module or unlinked crate `reqwest`
[INFO] [stdout]     |
[INFO] [stdout]     = help: if you wanted to use a crate named `reqwest`, use `cargo add reqwest` to add it to your `Cargo.toml`
[INFO] [stdout] 
[INFO] [stdout] 
[INFO] [stdout] error[E0433]: cannot find module or crate `reqwest` in this scope
[INFO] [stdout]    --> tests/redirect.rs:256:30
[INFO] [stdout]     |
[INFO] [stdout] 256 |     assert_eq!(res.status(), reqwest::StatusCode::FOUND);
[INFO] [stdout]     |                              ^^^^^^^ use of unresolved module or unlinked crate `reqwest`
[INFO] [stdout]     |
[INFO] [stdout]     = help: if you wanted to use a crate named `reqwest`, use `cargo add reqwest` to add it to your `Cargo.toml`
[INFO] [stdout] 
[INFO] [stdout] 
[INFO] [stdout] error[E0433]: cannot find module or crate `reqwest` in this scope
[INFO] [stdout]    --> tests/proxy.rs:197:15
[INFO] [stdout]     |
[INFO] [stdout] 197 |     let res = reqwest::Client::builder()
[INFO] [stdout]     |               ^^^^^^^ use of unresolved module or unlinked crate `reqwest`
[INFO] [stdout]     |
[INFO] [stdout]     = help: if you wanted to use a crate named `reqwest`, use `cargo add reqwest` to add it to your `Cargo.toml`
[INFO] [stdout] 
[INFO] [stdout] 
[INFO] [stdout] error[E0433]: cannot find module or crate `reqwest` in this scope
[INFO] [stdout]    --> tests/client.rs:516:18
[INFO] [stdout]     |
[INFO] [stdout] 516 |     let client = reqwest::Client::builder()
[INFO] [stdout]     |                  ^^^^^^^ use of unresolved module or unlinked crate `reqwest`
[INFO] [stdout]     |
[INFO] [stdout]     = help: if you wanted to use a crate named `reqwest`, use `cargo add reqwest` to add it to your `Cargo.toml`
[INFO] [stdout] 
[INFO] [stdout] 
[INFO] [stdout] error[E0433]: cannot find module or crate `reqwest` in this scope
[INFO] [stdout]    --> tests/client.rs:540:38
[INFO] [stdout]     |
[INFO] [stdout] 540 |             assert_eq!(res.status(), reqwest::StatusCode::OK);
[INFO] [stdout]     |                                      ^^^^^^^ use of unresolved module or unlinked crate `reqwest`
[INFO] [stdout]     |
[INFO] [stdout]     = help: if you wanted to use a crate named `reqwest`, use `cargo add reqwest` to add it to your `Cargo.toml`
[INFO] [stdout] 
[INFO] [stdout] 
[INFO] [stdout] error[E0433]: cannot find module or crate `reqwest` in this scope
[INFO] [stdout]    --> tests/client.rs:552:18
[INFO] [stdout]     |
[INFO] [stdout] 552 |     let client = reqwest::Client::builder()
[INFO] [stdout]     |                  ^^^^^^^ use of unresolved module or unlinked crate `reqwest`
[INFO] [stdout]     |
[INFO] [stdout]     = help: if you wanted to use a crate named `reqwest`, use `cargo add reqwest` to add it to your `Cargo.toml`
[INFO] [stdout] 
[INFO] [stdout] 
[INFO] [stdout] error[E0433]: cannot find module or crate `reqwest` in this scope
[INFO] [stdout]    --> tests/proxy.rs:198:16
[INFO] [stdout]     |
[INFO] [stdout] 198 |         .proxy(reqwest::Proxy::http(&proxy).unwrap().headers(headers))
[INFO] [stdout]     |                ^^^^^^^ use of unresolved module or unlinked crate `reqwest`
[INFO] [stdout]     |
[INFO] [stdout]     = help: if you wanted to use a crate named `reqwest`, use `cargo add reqwest` to add it to your `Cargo.toml`
[INFO] [stdout] 
[INFO] [stdout] 
[INFO] [stdout] error[E0433]: cannot find module or crate `reqwest` in this scope
[INFO] [stdout]    --> tests/redirect.rs:276:5
[INFO] [stdout]     |
[INFO] [stdout] 276 |     reqwest::Client::builder()
[INFO] [stdout]     |     ^^^^^^^ use of unresolved module or unlinked crate `reqwest`
[INFO] [stdout]     |
[INFO] [stdout]     = help: if you wanted to use a crate named `reqwest`, use `cargo add reqwest` to add it to your `Cargo.toml`
[INFO] [stdout] 
[INFO] [stdout] 
[INFO] [stdout] error[E0433]: cannot find module or crate `reqwest` in this scope
[INFO] [stdout]    --> tests/proxy.rs:207:30
[INFO] [stdout]     |
[INFO] [stdout] 207 |     assert_eq!(res.status(), reqwest::StatusCode::OK);
[INFO] [stdout]     |                              ^^^^^^^ use of unresolved module or unlinked crate `reqwest`
[INFO] [stdout]     |
[INFO] [stdout]     = help: if you wanted to use a crate named `reqwest`, use `cargo add reqwest` to add it to your `Cargo.toml`
[INFO] [stdout] 
[INFO] [stdout] 
[INFO] [stdout] error[E0433]: cannot find module or crate `reqwest` in this scope
[INFO] [stdout]    --> tests/redirect.rs:301:30
[INFO] [stdout]     |
[INFO] [stdout] 301 |     assert_eq!(res.status(), reqwest::StatusCode::FOUND);
[INFO] [stdout]     |                              ^^^^^^^ use of unresolved module or unlinked crate `reqwest`
[INFO] [stdout]     |
[INFO] [stdout]     = help: if you wanted to use a crate named `reqwest`, use `cargo add reqwest` to add it to your `Cargo.toml`
[INFO] [stdout] 
[INFO] [stdout] 
[INFO] [stdout] error[E0433]: cannot find module or crate `reqwest` in this scope
[INFO] [stdout]    --> tests/proxy.rs:233:30
[INFO] [stdout]     |
[INFO] [stdout] 233 |     assert_eq!(res.status(), reqwest::StatusCode::OK);
[INFO] [stdout]     |                              ^^^^^^^ use of unresolved module or unlinked crate `reqwest`
[INFO] [stdout]     |
[INFO] [stdout]     = help: if you wanted to use a crate named `reqwest`, use `cargo add reqwest` to add it to your `Cargo.toml`
[INFO] [stdout] 
[INFO] [stdout] 
[INFO] [stdout] error[E0433]: cannot find module or crate `reqwest` in this scope
[INFO] [stdout]   --> tests/support/delay_server.rs:37:39
[INFO] [stdout]    |
[INFO] [stdout] 37 |         Fut: Future<Output = Response<reqwest::Body>> + Send + 'static,
[INFO] [stdout]    |                                       ^^^^^^^ use of unresolved module or unlinked crate `reqwest`
[INFO] [stdout]    |
[INFO] [stdout]    = help: if you wanted to use a crate named `reqwest`, use `cargo add reqwest` to add it to your `Cargo.toml`
[INFO] [stdout] help: a struct with a similar name exists
[INFO] [stdout]    |
[INFO] [stdout] 37 -         Fut: Future<Output = Response<reqwest::Body>> + Send + 'static,
[INFO] [stdout] 37 +         Fut: Future<Output = Response<Request::Body>> + Send + 'static,
[INFO] [stdout]    |
[INFO] [stdout] 
[INFO] [stdout] 
[INFO] [stdout] error[E0433]: cannot find module or crate `reqwest` in this scope
[INFO] [stdout]   --> tests/support/server.rs:57:41
[INFO] [stdout]    |
[INFO] [stdout] 57 |     Fut: Future<Output = http::Response<reqwest::Body>> + Send + 'static,
[INFO] [stdout]    |                                         ^^^^^^^ use of unresolved module or unlinked crate `reqwest`
[INFO] [stdout]    |
[INFO] [stdout]    = help: if you wanted to use a crate named `reqwest`, use `cargo add reqwest` to add it to your `Cargo.toml`
[INFO] [stdout] 
[INFO] [stdout] 
[INFO] [stdout] error[E0433]: cannot find module or crate `reqwest` in this scope
[INFO] [stdout]   --> tests/support/server.rs:67:41
[INFO] [stdout]    |
[INFO] [stdout] 67 |     Fut: Future<Output = http::Response<reqwest::Body>> + Send + 'static,
[INFO] [stdout]    |                                         ^^^^^^^ use of unresolved module or unlinked crate `reqwest`
[INFO] [stdout]    |
[INFO] [stdout]    = help: if you wanted to use a crate named `reqwest`, use `cargo add reqwest` to add it to your `Cargo.toml`
[INFO] [stdout] 
[INFO] [stdout] 
[INFO] [stdout] Some errors have detailed explanations: E0432, E0433.
[INFO] [stdout] 
[INFO] [stdout] For more information about an error, try `rustc --explain E0432`.
[INFO] [stdout] 
[INFO] [stderr] error: could not compile `reqwest-tor` (test "client") due to 27 previous errors
[INFO] [stdout] error[E0433]: cannot find module or crate `reqwest` in this scope
[INFO] [stdout]    --> tests/proxy.rs:256:15
[INFO] [stdout]     |
[INFO] [stdout] 256 |     let res = reqwest::Client::builder()
[INFO] [stdout]     |               ^^^^^^^ use of unresolved module or unlinked crate `reqwest`
[INFO] [stdout]     |
[INFO] [stdout]     = help: if you wanted to use a crate named `reqwest`, use `cargo add reqwest` to add it to your `Cargo.toml`
[INFO] [stdout] 
[INFO] [stdout] 
[INFO] [stdout] error[E0433]: cannot find module or crate `reqwest` in this scope
[INFO] [stdout]    --> tests/proxy.rs:257:16
[INFO] [stdout]     |
[INFO] [stdout] 257 |         .proxy(reqwest::Proxy::http(&proxy).unwrap())
[INFO] [stdout]     |                ^^^^^^^ use of unresolved module or unlinked crate `reqwest`
[INFO] [stdout]     |
[INFO] [stdout]     = help: if you wanted to use a crate named `reqwest`, use `cargo add reqwest` to add it to your `Cargo.toml`
[INFO] [stdout] 
[INFO] [stdout] 
[INFO] [stdout] error[E0433]: cannot find module or crate `reqwest` in this scope
[INFO] [stdout]    --> tests/redirect.rs:401:18
[INFO] [stdout]     |
[INFO] [stdout] 401 |     let client = reqwest::Client::builder()
[INFO] [stdout]     |                  ^^^^^^^ use of unresolved module or unlinked crate `reqwest`
[INFO] [stdout]     |
[INFO] [stdout]     = help: if you wanted to use a crate named `reqwest`, use `cargo add reqwest` to add it to your `Cargo.toml`
[INFO] [stdout] 
[INFO] [stdout] 
[INFO] [stdout] error[E0433]: cannot find module or crate `reqwest` in this scope
[INFO] [stdout]    --> tests/proxy.rs:266:30
[INFO] [stdout]     |
[INFO] [stdout] 266 |     assert_eq!(res.status(), reqwest::StatusCode::OK);
[INFO] [stdout]     |                              ^^^^^^^ use of unresolved module or unlinked crate `reqwest`
[INFO] [stdout]     |
[INFO] [stdout]     = help: if you wanted to use a crate named `reqwest`, use `cargo add reqwest` to add it to your `Cargo.toml`
[INFO] [stdout] 
[INFO] [stdout] 
[INFO] [stdout] error[E0433]: cannot find module or crate `reqwest` in this scope
[INFO] [stdout]    --> tests/redirect.rs:402:19
[INFO] [stdout]     |
[INFO] [stdout] 402 |         .redirect(reqwest::redirect::Policy::limited(1))
[INFO] [stdout]     |                   ^^^^^^^ use of unresolved module or unlinked crate `reqwest`
[INFO] [stdout]     |
[INFO] [stdout]     = help: if you wanted to use a crate named `reqwest`, use `cargo add reqwest` to add it to your `Cargo.toml`
[INFO] [stdout] 
[INFO] [stdout] 
[INFO] [stdout] error[E0433]: cannot find module or crate `reqwest` in this scope
[INFO] [stdout]    --> tests/redirect.rs:427:15
[INFO] [stdout]     |
[INFO] [stdout] 427 |     let res = reqwest::Client::builder()
[INFO] [stdout]     |               ^^^^^^^ use of unresolved module or unlinked crate `reqwest`
[INFO] [stdout]     |
[INFO] [stdout]     = help: if you wanted to use a crate named `reqwest`, use `cargo add reqwest` to add it to your `Cargo.toml`
[INFO] [stdout] 
[INFO] [stdout] 
[INFO] [stdout] error[E0433]: cannot find module or crate `reqwest` in this scope
[INFO] [stdout]    --> tests/proxy.rs:290:15
[INFO] [stdout]     |
[INFO] [stdout] 290 |     let err = reqwest::Client::builder()
[INFO] [stdout]     |               ^^^^^^^ use of unresolved module or unlinked crate `reqwest`
[INFO] [stdout]     |
[INFO] [stdout]     = help: if you wanted to use a crate named `reqwest`, use `cargo add reqwest` to add it to your `Cargo.toml`
[INFO] [stdout] 
[INFO] [stdout] 
[INFO] [stdout] error[E0433]: cannot find module or crate `reqwest` in this scope
[INFO] [stdout]   --> tests/support/delay_server.rs:37:39
[INFO] [stdout]    |
[INFO] [stdout] 37 |         Fut: Future<Output = Response<reqwest::Body>> + Send + 'static,
[INFO] [stdout]    |                                       ^^^^^^^ use of unresolved module or unlinked crate `reqwest`
[INFO] [stdout]    |
[INFO] [stdout]    = help: if you wanted to use a crate named `reqwest`, use `cargo add reqwest` to add it to your `Cargo.toml`
[INFO] [stdout] help: a struct with a similar name exists
[INFO] [stdout]    |
[INFO] [stdout] 37 -         Fut: Future<Output = Response<reqwest::Body>> + Send + 'static,
[INFO] [stdout] 37 +         Fut: Future<Output = Response<Request::Body>> + Send + 'static,
[INFO] [stdout]    |
[INFO] [stdout] 
[INFO] [stdout] 
[INFO] [stdout] error[E0433]: cannot find module or crate `reqwest` in this scope
[INFO] [stdout]   --> tests/support/server.rs:57:41
[INFO] [stdout]    |
[INFO] [stdout] 57 |     Fut: Future<Output = http::Response<reqwest::Body>> + Send + 'static,
[INFO] [stdout]    |                                         ^^^^^^^ use of unresolved module or unlinked crate `reqwest`
[INFO] [stdout]    |
[INFO] [stdout]    = help: if you wanted to use a crate named `reqwest`, use `cargo add reqwest` to add it to your `Cargo.toml`
[INFO] [stdout] 
[INFO] [stdout] 
[INFO] [stdout] error[E0433]: cannot find module or crate `reqwest` in this scope
[INFO] [stdout]   --> tests/support/server.rs:67:41
[INFO] [stdout]    |
[INFO] [stdout] 67 |     Fut: Future<Output = http::Response<reqwest::Body>> + Send + 'static,
[INFO] [stdout]    |                                         ^^^^^^^ use of unresolved module or unlinked crate `reqwest`
[INFO] [stdout]    |
[INFO] [stdout]    = help: if you wanted to use a crate named `reqwest`, use `cargo add reqwest` to add it to your `Cargo.toml`
[INFO] [stdout] 
[INFO] [stdout] 
[INFO] [stdout] For more information about this error, try `rustc --explain E0433`.
[INFO] [stdout] 
[INFO] [stdout] error[E0433]: cannot find module or crate `reqwest` in this scope
[INFO] [stdout]    --> tests/redirect.rs:428:19
[INFO] [stdout]     |
[INFO] [stdout] 428 |         .redirect(reqwest::redirect::Policy::custom(|attempt| {
[INFO] [stdout]     |                   ^^^^^^^ use of unresolved module or unlinked crate `reqwest`
[INFO] [stdout]     |
[INFO] [stdout]     = help: if you wanted to use a crate named `reqwest`, use `cargo add reqwest` to add it to your `Cargo.toml`
[INFO] [stdout] 
[INFO] [stdout] 
[INFO] [stderr] error: could not compile `reqwest-tor` (test "connector_layers") due to 12 previous errors
[INFO] [stdout] error[E0433]: cannot find module or crate `reqwest` in this scope
[INFO] [stdout]    --> tests/proxy.rs:291:16
[INFO] [stdout]     |
[INFO] [stdout] 291 |         .proxy(reqwest::Proxy::https(&proxy).unwrap())
[INFO] [stdout]     |                ^^^^^^^ use of unresolved module or unlinked crate `reqwest`
[INFO] [stdout]     |
[INFO] [stdout]     = help: if you wanted to use a crate named `reqwest`, use `cargo add reqwest` to add it to your `Cargo.toml`
[INFO] [stdout] 
[INFO] [stdout] 
[INFO] [stdout] error[E0433]: cannot find module or crate `reqwest` in this scope
[INFO] [stdout]    --> tests/redirect.rs:443:30
[INFO] [stdout]     |
[INFO] [stdout] 443 |     assert_eq!(res.status(), reqwest::StatusCode::FOUND);
[INFO] [stdout]     |                              ^^^^^^^ use of unresolved module or unlinked crate `reqwest`
[INFO] [stdout]     |
[INFO] [stdout]     = help: if you wanted to use a crate named `reqwest`, use `cargo add reqwest` to add it to your `Cargo.toml`
[INFO] [stdout] 
[INFO] [stdout] 
[INFO] [stdout] error[E0433]: cannot find module or crate `reqwest` in this scope
[INFO] [stdout]    --> tests/redirect.rs:457:15
[INFO] [stdout]     |
[INFO] [stdout] 457 |     let res = reqwest::Client::builder()
[INFO] [stdout]     |               ^^^^^^^ use of unresolved module or unlinked crate `reqwest`
[INFO] [stdout]     |
[INFO] [stdout]     = help: if you wanted to use a crate named `reqwest`, use `cargo add reqwest` to add it to your `Cargo.toml`
[INFO] [stdout] 
[INFO] [stdout] 
[INFO] [stdout] error[E0433]: cannot find module or crate `reqwest` in this scope
[INFO] [stdout]    --> tests/redirect.rs:458:19
[INFO] [stdout]     |
[INFO] [stdout] 458 |         .redirect(reqwest::redirect::Policy::custom(|attempt| attempt.stop()))
[INFO] [stdout]     |                   ^^^^^^^ use of unresolved module or unlinked crate `reqwest`
[INFO] [stdout]     |
[INFO] [stdout]     = help: if you wanted to use a crate named `reqwest`, use `cargo add reqwest` to add it to your `Cargo.toml`
[INFO] [stdout] 
[INFO] [stdout] 
[INFO] [stdout] error[E0433]: cannot find module or crate `reqwest` in this scope
[INFO] [stdout]    --> tests/redirect.rs:466:39
[INFO] [stdout]     |
[INFO] [stdout] 466 |     assert_eq!(res.unwrap().status(), reqwest::StatusCode::FOUND);
[INFO] [stdout]     |                                       ^^^^^^^ use of unresolved module or unlinked crate `reqwest`
[INFO] [stdout]     |
[INFO] [stdout]     = help: if you wanted to use a crate named `reqwest`, use `cargo add reqwest` to add it to your `Cargo.toml`
[INFO] [stdout] 
[INFO] [stdout] 
[INFO] [stdout] error[E0433]: cannot find module or crate `reqwest` in this scope
[INFO] [stdout]    --> tests/proxy.rs:330:15
[INFO] [stdout]     |
[INFO] [stdout] 330 |     let err = reqwest::Client::builder()
[INFO] [stdout]     |               ^^^^^^^ use of unresolved module or unlinked crate `reqwest`
[INFO] [stdout]     |
[INFO] [stdout]     = help: if you wanted to use a crate named `reqwest`, use `cargo add reqwest` to add it to your `Cargo.toml`
[INFO] [stdout] 
[INFO] [stdout] 
[INFO] [stdout] error[E0433]: cannot find module or crate `reqwest` in this scope
[INFO] [stdout]    --> tests/redirect.rs:468:15
[INFO] [stdout]     |
[INFO] [stdout] 468 |     let res = reqwest::Client::builder()
[INFO] [stdout]     |               ^^^^^^^ use of unresolved module or unlinked crate `reqwest`
[INFO] [stdout]     |
[INFO] [stdout]     = help: if you wanted to use a crate named `reqwest`, use `cargo add reqwest` to add it to your `Cargo.toml`
[INFO] [stdout] 
[INFO] [stdout] 
[INFO] [stdout] error[E0433]: cannot find module or crate `reqwest` in this scope
[INFO] [stdout]    --> tests/redirect.rs:469:19
[INFO] [stdout]     |
[INFO] [stdout] 469 |         .redirect(reqwest::redirect::Policy::custom(|attempt| {
[INFO] [stdout]     |                   ^^^^^^^ use of unresolved module or unlinked crate `reqwest`
[INFO] [stdout]     |
[INFO] [stdout]     = help: if you wanted to use a crate named `reqwest`, use `cargo add reqwest` to add it to your `Cargo.toml`
[INFO] [stdout] 
[INFO] [stdout] 
[INFO] [stdout] error[E0433]: cannot find module or crate `reqwest` in this scope
[INFO] [stdout]    --> tests/redirect.rs:484:18
[INFO] [stdout]     |
[INFO] [stdout] 484 |     let client = reqwest::Client::new();
[INFO] [stdout]     |                  ^^^^^^^ use of unresolved module or unlinked crate `reqwest`
[INFO] [stdout]     |
[INFO] [stdout]     = help: if you wanted to use a crate named `reqwest`, use `cargo add reqwest` to add it to your `Cargo.toml`
[INFO] [stdout] 
[INFO] [stdout] 
[INFO] [stdout] error[E0433]: cannot find module or crate `reqwest` in this scope
[INFO] [stdout]    --> tests/proxy.rs:331:16
[INFO] [stdout]     |
[INFO] [stdout] 331 |         .proxy(reqwest::Proxy::https(&proxy).unwrap())
[INFO] [stdout]     |                ^^^^^^^ use of unresolved module or unlinked crate `reqwest`
[INFO] [stdout]     |
[INFO] [stdout]     = help: if you wanted to use a crate named `reqwest`, use `cargo add reqwest` to add it to your `Cargo.toml`
[INFO] [stdout] 
[INFO] [stdout] 
[INFO] [stdout] error[E0433]: cannot find module or crate `reqwest` in this scope
[INFO] [stdout]    --> tests/redirect.rs:499:38
[INFO] [stdout]     |
[INFO] [stdout] 499 |                 if req.headers().get(reqwest::header::CONTENT_LENGTH).is_some() {
[INFO] [stdout]     |                                      ^^^^^^^ use of unresolved module or unlinked crate `reqwest`
[INFO] [stdout]     |
[INFO] [stdout]     = help: if you wanted to use a crate named `reqwest`, use `cargo add reqwest` to add it to your `Cargo.toml`
[INFO] [stdout] 
[INFO] [stdout] 
[INFO] [stdout] error[E0433]: cannot find module or crate `reqwest` in this scope
[INFO] [stdout]    --> tests/redirect.rs:500:46
[INFO] [stdout]     |
[INFO] [stdout] 500 |                     assert_eq!(req.headers()[reqwest::header::CONTENT_LENGTH], "5");
[INFO] [stdout]     |                                              ^^^^^^^ use of unresolved module or unlinked crate `reqwest`
[INFO] [stdout]     |
[INFO] [stdout]     = help: if you wanted to use a crate named `reqwest`, use `cargo add reqwest` to add it to your `Cargo.toml`
[INFO] [stdout] 
[INFO] [stdout] 
[INFO] [stdout] error[E0433]: cannot find module or crate `reqwest` in this scope
[INFO] [stdout]    --> tests/proxy.rs:367:15
[INFO] [stdout]     |
[INFO] [stdout] 367 |     let err = reqwest::Client::builder()
[INFO] [stdout]     |               ^^^^^^^ use of unresolved module or unlinked crate `reqwest`
[INFO] [stdout]     |
[INFO] [stdout]     = help: if you wanted to use a crate named `reqwest`, use `cargo add reqwest` to add it to your `Cargo.toml`
[INFO] [stdout] 
[INFO] [stdout] 
[INFO] [stdout] error[E0433]: cannot find module or crate `reqwest` in this scope
[INFO] [stdout]    --> tests/redirect.rs:512:43
[INFO] [stdout]     |
[INFO] [stdout] 512 |                 assert!(req.headers().get(reqwest::header::CONTENT_TYPE).is_none());
[INFO] [stdout]     |                                           ^^^^^^^ use of unresolved module or unlinked crate `reqwest`
[INFO] [stdout]     |
[INFO] [stdout]     = help: if you wanted to use a crate named `reqwest`, use `cargo add reqwest` to add it to your `Cargo.toml`
[INFO] [stdout] 
[INFO] [stdout] 
[INFO] [stdout] error[E0433]: cannot find module or crate `reqwest` in this scope
[INFO] [stdout]    --> tests/proxy.rs:368:16
[INFO] [stdout]     |
[INFO] [stdout] 368 |         .proxy(reqwest::Proxy::https(&proxy).unwrap())
[INFO] [stdout]     |                ^^^^^^^ use of unresolved module or unlinked crate `reqwest`
[INFO] [stdout]     |
[INFO] [stdout]     = help: if you wanted to use a crate named `reqwest`, use `cargo add reqwest` to add it to your `Cargo.toml`
[INFO] [stdout] 
[INFO] [stdout] 
[INFO] [stdout] error[E0433]: cannot find module or crate `reqwest` in this scope
[INFO] [stdout]    --> tests/redirect.rs:513:43
[INFO] [stdout]     |
[INFO] [stdout] 513 |                 assert!(req.headers().get(reqwest::header::CONTENT_LENGTH).is_none());
[INFO] [stdout]     |                                           ^^^^^^^ use of unresolved module or unlinked crate `reqwest`
[INFO] [stdout]     |
[INFO] [stdout]     = help: if you wanted to use a crate named `reqwest`, use `cargo add reqwest` to add it to your `Cargo.toml`
[INFO] [stdout] 
[INFO] [stdout] 
[INFO] [stdout] error[E0433]: cannot find module or crate `reqwest` in this scope
[INFO] [stdout]    --> tests/proxy.rs:402:24
[INFO] [stdout]     |
[INFO] [stdout] 402 |     let mut headers1 = reqwest::header::HeaderMap::new();
[INFO] [stdout]     |                        ^^^^^^^ use of unresolved module or unlinked crate `reqwest`
[INFO] [stdout]     |
[INFO] [stdout]     = help: if you wanted to use a crate named `reqwest`, use `cargo add reqwest` to add it to your `Cargo.toml`
[INFO] [stdout] 
[INFO] [stdout] 
[INFO] [stdout] error[E0433]: cannot find module or crate `reqwest` in this scope
[INFO] [stdout]    --> tests/redirect.rs:516:26
[INFO] [stdout]     |
[INFO] [stdout] 516 |                     .get(reqwest::header::CONTENT_ENCODING)
[INFO] [stdout]     |                          ^^^^^^^ use of unresolved module or unlinked crate `reqwest`
[INFO] [stdout]     |
[INFO] [stdout]     = help: if you wanted to use a crate named `reqwest`, use `cargo add reqwest` to add it to your `Cargo.toml`
[INFO] [stdout] 
[INFO] [stdout] 
[INFO] [stdout] error[E0433]: cannot find module or crate `reqwest` in this scope
[INFO] [stdout]    --> tests/redirect.rs:530:21
[INFO] [stdout]     |
[INFO] [stdout] 530 |             .header(reqwest::header::CONTENT_TYPE, "text/plain")
[INFO] [stdout]     |                     ^^^^^^^ use of unresolved module or unlinked crate `reqwest`
[INFO] [stdout]     |
[INFO] [stdout]     = help: if you wanted to use a crate named `reqwest`, use `cargo add reqwest` to add it to your `Cargo.toml`
[INFO] [stdout] 
[INFO] [stdout] 
[INFO] [stdout] error[E0433]: cannot find module or crate `reqwest` in this scope
[INFO] [stdout]    --> tests/proxy.rs:405:24
[INFO] [stdout]     |
[INFO] [stdout] 405 |     let mut headers2 = reqwest::header::HeaderMap::new();
[INFO] [stdout]     |                        ^^^^^^^ use of unresolved module or unlinked crate `reqwest`
[INFO] [stdout]     |
[INFO] [stdout]     = help: if you wanted to use a crate named `reqwest`, use `cargo add reqwest` to add it to your `Cargo.toml`
[INFO] [stdout] 
[INFO] [stdout] 
[INFO] [stdout] error[E0433]: cannot find module or crate `reqwest` in this scope
[INFO] [stdout]    --> tests/redirect.rs:531:21
[INFO] [stdout]     |
[INFO] [stdout] 531 |             .header(reqwest::header::CONTENT_LENGTH, "5")
[INFO] [stdout]     |                     ^^^^^^^ use of unresolved module or unlinked crate `reqwest`
[INFO] [stdout]     |
[INFO] [stdout]     = help: if you wanted to use a crate named `reqwest`, use `cargo add reqwest` to add it to your `Cargo.toml`
[INFO] [stdout] 
[INFO] [stdout] 
[INFO] [stdout] error[E0433]: cannot find module or crate `reqwest` in this scope
[INFO] [stdout]    --> tests/redirect.rs:532:21
[INFO] [stdout]     |
[INFO] [stdout] 532 |             .header(reqwest::header::CONTENT_ENCODING, "identity")
[INFO] [stdout]     |                     ^^^^^^^ use of unresolved module or unlinked crate `reqwest`
[INFO] [stdout]     |
[INFO] [stdout]     = help: if you wanted to use a crate named `reqwest`, use `cargo add reqwest` to add it to your `Cargo.toml`
[INFO] [stdout] 
[INFO] [stdout] 
[INFO] [stdout] error[E0433]: cannot find module or crate `reqwest` in this scope
[INFO] [stdout]    --> tests/proxy.rs:408:18
[INFO] [stdout]     |
[INFO] [stdout] 408 |     let client = reqwest::Client::builder()
[INFO] [stdout]     |                  ^^^^^^^ use of unresolved module or unlinked crate `reqwest`
[INFO] [stdout]     |
[INFO] [stdout]     = help: if you wanted to use a crate named `reqwest`, use `cargo add reqwest` to add it to your `Cargo.toml`
[INFO] [stdout] 
[INFO] [stdout] 
[INFO] [stdout] error[E0433]: cannot find module or crate `reqwest` in this scope
[INFO] [stdout]    --> tests/redirect.rs:539:31
[INFO] [stdout]     |
[INFO] [stdout] 539 |             res.headers().get(reqwest::header::SERVER).unwrap(),
[INFO] [stdout]     |                               ^^^^^^^ use of unresolved module or unlinked crate `reqwest`
[INFO] [stdout]     |
[INFO] [stdout]     = help: if you wanted to use a crate named `reqwest`, use `cargo add reqwest` to add it to your `Cargo.toml`
[INFO] [stdout] 
[INFO] [stdout] 
[INFO] [stdout] error[E0433]: cannot find module or crate `reqwest` in this scope
[INFO] [stdout]    --> tests/proxy.rs:412:13
[INFO] [stdout]     |
[INFO] [stdout] 412 |             reqwest::Proxy::https(&proxy_url)
[INFO] [stdout]     |             ^^^^^^^ use of unresolved module or unlinked crate `reqwest`
[INFO] [stdout]     |
[INFO] [stdout]     = help: if you wanted to use a crate named `reqwest`, use `cargo add reqwest` to add it to your `Cargo.toml`
[INFO] [stdout] 
[INFO] [stdout] 
[INFO] [stdout] error[E0433]: cannot find module or crate `reqwest` in this scope
[INFO] [stdout]    --> tests/proxy.rs:419:13
[INFO] [stdout]     |
[INFO] [stdout] 419 |             reqwest::Proxy::http(&proxy_url)
[INFO] [stdout]     |             ^^^^^^^ use of unresolved module or unlinked crate `reqwest`
[INFO] [stdout]     |
[INFO] [stdout]     = help: if you wanted to use a crate named `reqwest`, use `cargo add reqwest` to add it to your `Cargo.toml`
[INFO] [stdout] 
[INFO] [stdout] 
[INFO] [stdout] error[E0433]: cannot find module or crate `reqwest` in this scope
[INFO] [stdout]    --> tests/proxy.rs:429:30
[INFO] [stdout]     |
[INFO] [stdout] 429 |     assert_eq!(res.status(), reqwest::StatusCode::OK);
[INFO] [stdout]     |                              ^^^^^^^ use of unresolved module or unlinked crate `reqwest`
[INFO] [stdout]     |
[INFO] [stdout]     = help: if you wanted to use a crate named `reqwest`, use `cargo add reqwest` to add it to your `Cargo.toml`
[INFO] [stdout] 
[INFO] [stdout] 
[INFO] [stdout] error[E0433]: cannot find module or crate `reqwest` in this scope
[INFO] [stdout]    --> tests/proxy.rs:431:18
[INFO] [stdout]     |
[INFO] [stdout] 431 |     let client = reqwest::Client::builder()
[INFO] [stdout]     |                  ^^^^^^^ use of unresolved module or unlinked crate `reqwest`
[INFO] [stdout]     |
[INFO] [stdout]     = help: if you wanted to use a crate named `reqwest`, use `cargo add reqwest` to add it to your `Cargo.toml`
[INFO] [stdout] 
[INFO] [stdout] 
[INFO] [stdout] error[E0433]: cannot find module or crate `reqwest` in this scope
[INFO] [stdout]    --> tests/proxy.rs:434:16
[INFO] [stdout]     |
[INFO] [stdout] 434 |         .proxy(reqwest::Proxy::http(&proxy_url).unwrap().headers(headers2))
[INFO] [stdout]     |                ^^^^^^^ use of unresolved module or unlinked crate `reqwest`
[INFO] [stdout]     |
[INFO] [stdout]     = help: if you wanted to use a crate named `reqwest`, use `cargo add reqwest` to add it to your `Cargo.toml`
[INFO] [stdout] 
[INFO] [stdout] 
[INFO] [stdout] error[E0433]: cannot find module or crate `reqwest` in this scope
[INFO] [stdout]    --> tests/proxy.rs:437:16
[INFO] [stdout]     |
[INFO] [stdout] 437 |         .proxy(reqwest::Proxy::https(&proxy_url).unwrap().headers(headers1))
[INFO] [stdout]     |                ^^^^^^^ use of unresolved module or unlinked crate `reqwest`
[INFO] [stdout]     |
[INFO] [stdout]     = help: if you wanted to use a crate named `reqwest`, use `cargo add reqwest` to add it to your `Cargo.toml`
[INFO] [stdout] 
[INFO] [stdout] 
[INFO] [stdout] error[E0433]: cannot find module or crate `reqwest` in this scope
[INFO] [stdout]    --> tests/redirect.rs:229:15
[INFO] [stdout]     |
[INFO] [stdout] 229 |     let err = reqwest::get(&url).await.unwrap_err();
[INFO] [stdout]     |               ^^^^^^^ use of unresolved module or unlinked crate `reqwest`
[INFO] [stdout]     |
[INFO] [stdout]     = help: if you wanted to use a crate named `reqwest`, use `cargo add reqwest` to add it to your `Cargo.toml`
[INFO] [stdout] 
[INFO] [stdout] 
[INFO] [stdout] error[E0433]: cannot find module or crate `reqwest` in this scope
[INFO] [stdout]    --> tests/proxy.rs:444:30
[INFO] [stdout]     |
[INFO] [stdout] 444 |     assert_eq!(res.status(), reqwest::StatusCode::OK);
[INFO] [stdout]     |                              ^^^^^^^ use of unresolved module or unlinked crate `reqwest`
[INFO] [stdout]     |
[INFO] [stdout]     = help: if you wanted to use a crate named `reqwest`, use `cargo add reqwest` to add it to your `Cargo.toml`
[INFO] [stdout] 
[INFO] [stdout] 
[INFO] [stdout] error[E0433]: cannot find module or crate `reqwest` in this scope
[INFO] [stdout]    --> tests/redirect.rs:298:15
[INFO] [stdout]     |
[INFO] [stdout] 298 |     let res = reqwest::get(&url).await.unwrap();
[INFO] [stdout]     |               ^^^^^^^ use of unresolved module or unlinked crate `reqwest`
[INFO] [stdout]     |
[INFO] [stdout]     = help: if you wanted to use a crate named `reqwest`, use `cargo add reqwest` to add it to your `Cargo.toml`
[INFO] [stdout] 
[INFO] [stdout] 
[INFO] [stdout] error[E0433]: cannot find module or crate `reqwest` in this scope
[INFO] [stdout]    --> tests/redirect.rs:316:15
[INFO] [stdout]     |
[INFO] [stdout] 316 |     let err = reqwest::get(&url).await.unwrap_err();
[INFO] [stdout]     |               ^^^^^^^ use of unresolved module or unlinked crate `reqwest`
[INFO] [stdout]     |
[INFO] [stdout]     = help: if you wanted to use a crate named `reqwest`, use `cargo add reqwest` to add it to your `Cargo.toml`
[INFO] [stdout] 
[INFO] [stdout] 
[INFO] [stdout] error[E0433]: cannot find module or crate `reqwest` in this scope
[INFO] [stdout]   --> tests/support/delay_server.rs:37:39
[INFO] [stdout]    |
[INFO] [stdout] 37 |         Fut: Future<Output = Response<reqwest::Body>> + Send + 'static,
[INFO] [stdout]    |                                       ^^^^^^^ use of unresolved module or unlinked crate `reqwest`
[INFO] [stdout]    |
[INFO] [stdout]    = help: if you wanted to use a crate named `reqwest`, use `cargo add reqwest` to add it to your `Cargo.toml`
[INFO] [stdout] help: a struct with a similar name exists
[INFO] [stdout]    |
[INFO] [stdout] 37 -         Fut: Future<Output = Response<reqwest::Body>> + Send + 'static,
[INFO] [stdout] 37 +         Fut: Future<Output = Response<Request::Body>> + Send + 'static,
[INFO] [stdout]    |
[INFO] [stdout] 
[INFO] [stdout] 
[INFO] [stdout] error[E0433]: cannot find module or crate `reqwest` in this scope
[INFO] [stdout]   --> tests/support/server.rs:57:41
[INFO] [stdout]    |
[INFO] [stdout] 57 |     Fut: Future<Output = http::Response<reqwest::Body>> + Send + 'static,
[INFO] [stdout]    |                                         ^^^^^^^ use of unresolved module or unlinked crate `reqwest`
[INFO] [stdout]    |
[INFO] [stdout]    = help: if you wanted to use a crate named `reqwest`, use `cargo add reqwest` to add it to your `Cargo.toml`
[INFO] [stdout] 
[INFO] [stdout] 
[INFO] [stdout] error[E0433]: cannot find module or crate `reqwest` in this scope
[INFO] [stdout]   --> tests/support/server.rs:67:41
[INFO] [stdout]    |
[INFO] [stdout] 67 |     Fut: Future<Output = http::Response<reqwest::Body>> + Send + 'static,
[INFO] [stdout]    |                                         ^^^^^^^ use of unresolved module or unlinked crate `reqwest`
[INFO] [stdout]    |
[INFO] [stdout]    = help: if you wanted to use a crate named `reqwest`, use `cargo add reqwest` to add it to your `Cargo.toml`
[INFO] [stdout] 
[INFO] [stdout] 
[INFO] [stdout] Some errors have detailed explanations: E0432, E0433.
[INFO] [stdout] 
[INFO] [stdout] For more information about an error, try `rustc --explain E0432`.
[INFO] [stdout] 
[INFO] [stderr] error: could not compile `reqwest-tor` (test "redirect") due to 44 previous errors
[INFO] [stdout] error[E0433]: cannot find module or crate `reqwest` in this scope
[INFO] [stdout]    --> tests/proxy.rs:230:15
[INFO] [stdout]     |
[INFO] [stdout] 230 |     let res = reqwest::get(url).await.unwrap();
[INFO] [stdout]     |               ^^^^^^^ use of unresolved module or unlinked crate `reqwest`
[INFO] [stdout]     |
[INFO] [stdout]     = help: if you wanted to use a crate named `reqwest`, use `cargo add reqwest` to add it to your `Cargo.toml`
[INFO] [stdout] 
[INFO] [stdout] 
[INFO] [stdout] error[E0433]: cannot find module or crate `reqwest` in this scope
[INFO] [stdout]   --> tests/support/delay_server.rs:37:39
[INFO] [stdout]    |
[INFO] [stdout] 37 |         Fut: Future<Output = Response<reqwest::Body>> + Send + 'static,
[INFO] [stdout]    |                                       ^^^^^^^ use of unresolved module or unlinked crate `reqwest`
[INFO] [stdout]    |
[INFO] [stdout]    = help: if you wanted to use a crate named `reqwest`, use `cargo add reqwest` to add it to your `Cargo.toml`
[INFO] [stdout] help: a struct with a similar name exists
[INFO] [stdout]    |
[INFO] [stdout] 37 -         Fut: Future<Output = Response<reqwest::Body>> + Send + 'static,
[INFO] [stdout] 37 +         Fut: Future<Output = Response<Request::Body>> + Send + 'static,
[INFO] [stdout]    |
[INFO] [stdout] 
[INFO] [stdout] 
[INFO] [stdout] error[E0433]: cannot find module or crate `reqwest` in this scope
[INFO] [stdout]   --> tests/support/server.rs:57:41
[INFO] [stdout]    |
[INFO] [stdout] 57 |     Fut: Future<Output = http::Response<reqwest::Body>> + Send + 'static,
[INFO] [stdout]    |                                         ^^^^^^^ use of unresolved module or unlinked crate `reqwest`
[INFO] [stdout]    |
[INFO] [stdout]    = help: if you wanted to use a crate named `reqwest`, use `cargo add reqwest` to add it to your `Cargo.toml`
[INFO] [stdout] 
[INFO] [stdout] 
[INFO] [stdout] error[E0433]: cannot find module or crate `reqwest` in this scope
[INFO] [stdout]   --> tests/support/server.rs:67:41
[INFO] [stdout]    |
[INFO] [stdout] 67 |     Fut: Future<Output = http::Response<reqwest::Body>> + Send + 'static,
[INFO] [stdout]    |                                         ^^^^^^^ use of unresolved module or unlinked crate `reqwest`
[INFO] [stdout]    |
[INFO] [stdout]    = help: if you wanted to use a crate named `reqwest`, use `cargo add reqwest` to add it to your `Cargo.toml`
[INFO] [stdout] 
[INFO] [stdout] 
[INFO] [stdout] For more information about this error, try `rustc --explain E0433`.
[INFO] [stdout] 
[INFO] [stderr] error: could not compile `reqwest-tor` (test "proxy") due to 43 previous errors
[INFO] running `Command { std: "docker" "inspect" "35be3ce10a1462e1b70c7fd032919823671d9727264cc514c4309d11c54d25f5", kill_on_drop: false }`
[INFO] running `Command { std: "docker" "rm" "-f" "35be3ce10a1462e1b70c7fd032919823671d9727264cc514c4309d11c54d25f5", kill_on_drop: false }`
[INFO] [stdout] 35be3ce10a1462e1b70c7fd032919823671d9727264cc514c4309d11c54d25f5
