[INFO] fetching crate releasaurus 1.2.2...
[INFO] testing releasaurus-1.2.2 against 1.100.0-beta.1 for beta-1.100-2
[INFO] extracting crate releasaurus 1.2.2 into /workspace/builds/worker-7-tc2/source
[INFO] started tweaking crates.io crate releasaurus 1.2.2
[INFO] finished tweaking crates.io crate releasaurus 1.2.2
[INFO] tweaked toml for crates.io crate releasaurus 1.2.2 written to /workspace/builds/worker-7-tc2/source/Cargo.toml
[INFO] validating manifest of crates.io crate releasaurus 1.2.2 on toolchain 1.100.0-beta.1
[INFO] running `Command { std: CARGO_HOME="/workspace/cargo-home" RUSTUP_HOME="/workspace/rustup-home" "/workspace/cargo-home/bin/cargo" "+1.100.0-beta.1" "metadata" "--manifest-path" "Cargo.toml" "--no-deps", kill_on_drop: false }`
[INFO] crate crates.io crate releasaurus 1.2.2 already has a lockfile, it will not be regenerated
[INFO] running `Command { std: CARGO_HOME="/workspace/cargo-home" RUSTUP_HOME="/workspace/rustup-home" "/workspace/cargo-home/bin/cargo" "+1.100.0-beta.1" "fetch" "--manifest-path" "Cargo.toml", kill_on_drop: false }`
[INFO] running `Command { std: "docker" "create" "-v" "/var/lib/crater-agent-workspace/builds/worker-7-tc2/source:/opt/rustwide/workdir:ro,Z" "-v" "/var/lib/crater-agent-workspace/builds/worker-7-tc2/target:/opt/rustwide/target:rw,Z" "-v" "/var/lib/crater-agent-workspace/cargo-home:/opt/rustwide/cargo-home:ro,Z" "-v" "/var/lib/crater-agent-workspace/rustup-home:/opt/rustwide/rustup-home:ro,Z" "-m" "1610612736" "--network" "none" "ghcr.io/rust-lang/crates-build-env/linux@sha256:3111399a4047eeb3a02b7a90e478d715f38a8c6669b5c4b49d30a17385265909" "sleep" "infinity", kill_on_drop: false }`
[INFO] [stdout] 340fd98950faaadc6be0b098245432dbdd500632eb0ad4f0dadc22cbcb6290ec
[INFO] running `Command { std: "docker" "start" "340fd98950faaadc6be0b098245432dbdd500632eb0ad4f0dadc22cbcb6290ec", kill_on_drop: false }`
[INFO] running `Command { std: "docker" "inspect" "340fd98950faaadc6be0b098245432dbdd500632eb0ad4f0dadc22cbcb6290ec", kill_on_drop: false }`
[INFO] running `Command { std: "docker" "exec" "-e" "SOURCE_DIR=/opt/rustwide/workdir" "-e" "CARGO_HOME=/opt/rustwide/cargo-home" "-e" "RUSTUP_HOME=/opt/rustwide/rustup-home" "-e" "CARGO_TARGET_DIR=/opt/rustwide/target" "-w" "/opt/rustwide/workdir" "--user" "0:0" "340fd98950faaadc6be0b098245432dbdd500632eb0ad4f0dadc22cbcb6290ec" "/opt/rustwide/cargo-home/bin/cargo" "+1.100.0-beta.1" "metadata" "--no-deps" "--format-version=1", kill_on_drop: false }`
[INFO] running `Command { std: "docker" "inspect" "340fd98950faaadc6be0b098245432dbdd500632eb0ad4f0dadc22cbcb6290ec", kill_on_drop: false }`
[INFO] running `Command { std: "docker" "exec" "-e" "SOURCE_DIR=/opt/rustwide/workdir" "-e" "CARGO_HOME=/opt/rustwide/cargo-home" "-e" "RUSTUP_HOME=/opt/rustwide/rustup-home" "-e" "CARGO_TARGET_DIR=/opt/rustwide/target" "-e" "CARGO_INCREMENTAL=0" "-e" "RUST_BACKTRACE=full" "-e" "RUSTFLAGS=--cap-lints=warn" "-e" "RUSTDOCFLAGS=--cap-lints=warn" "-w" "/opt/rustwide/workdir" "--user" "0:0" "340fd98950faaadc6be0b098245432dbdd500632eb0ad4f0dadc22cbcb6290ec" "/opt/rustwide/cargo-home/bin/cargo" "+1.100.0-beta.1" "build" "--frozen" "--message-format=json", kill_on_drop: false }`
[INFO] [stderr]    Compiling serde_core v1.0.229
[INFO] [stderr]    Compiling log v0.4.33
[INFO] [stderr]    Compiling bytes v1.12.0
[INFO] [stderr]    Compiling generic-array v0.14.7
[INFO] [stderr]    Compiling syn v3.0.3
[INFO] [stderr]    Compiling jobserver v0.1.34
[INFO] [stderr]    Compiling getrandom v0.2.17
[INFO] [stderr]    Compiling pem-rfc7468 v0.7.0
[INFO] [stderr]    Compiling dunce v1.0.5
[INFO] [stderr]    Compiling zeroize_derive v1.5.0
[INFO] [stderr]    Compiling tracing-attributes v0.1.31
[INFO] [stderr]    Compiling futures-channel v0.3.34
[INFO] [stderr]    Compiling aws-lc-rs v1.17.0
[INFO] [stderr]    Compiling spin v0.9.8
[INFO] [stderr]    Compiling serde v1.0.229
[INFO] [stderr]    Compiling pkg-config v0.3.33
[INFO] [stderr]    Compiling rand_core v0.6.4
[INFO] [stderr]    Compiling serde_json v1.0.151
[INFO] [stderr]    Compiling lazy_static v1.5.0
[INFO] [stderr]    Compiling strsim v0.11.1
[INFO] [stderr]    Compiling phf_shared v0.11.3
[INFO] [stderr]    Compiling aho-corasick v1.1.4
[INFO] [stderr]    Compiling regex-syntax v0.8.11
[INFO] [stderr]    Compiling rustls v0.23.40
[INFO] [stderr]    Compiling cc v1.2.65
[INFO] [stderr]    Compiling ff v0.13.1
[INFO] [stderr]    Compiling base16ct v0.2.0
[INFO] [stderr]    Compiling rand v0.8.6
[INFO] [stderr]    Compiling num-integer v0.1.46
[INFO] [stderr]    Compiling group v0.13.0
[INFO] [stderr]    Compiling crossbeam-utils v0.8.22
[INFO] [stderr]    Compiling ident_case v1.0.1
[INFO] [stderr]    Compiling zeroize v1.9.0
[INFO] [stderr]    Compiling thiserror v1.0.69
[INFO] [stderr]    Compiling darling_core v0.20.11
[INFO] [stderr]    Compiling der v0.7.10
[INFO] [stderr]    Compiling rustls-pki-types v1.14.1
[INFO] [stderr]    Compiling rand_chacha v0.3.1
[INFO] [stderr]    Compiling thiserror-impl v1.0.69
[INFO] [stderr]    Compiling tokio v1.53.1
[INFO] [stderr]    Compiling http v1.4.2
[INFO] [stderr]    Compiling regex-automata v0.4.16
[INFO] [stderr]    Compiling phf_generator v0.11.3
[INFO] [stderr]    Compiling num-conv v0.2.2
[INFO] [stderr]    Compiling time-core v0.1.9
[INFO] [stderr]    Compiling crypto-common v0.1.7
[INFO] [stderr]    Compiling block-buffer v0.10.4
[INFO] [stderr]    Compiling crypto-bigint v0.5.5
[INFO] [stderr]    Compiling digest v0.10.7
[INFO] [stderr]    Compiling camino v1.2.3
[INFO] [stderr]    Compiling tracing v0.1.44
[INFO] [stderr]    Compiling syn v1.0.109
[INFO] [stderr]    Compiling cmake v0.1.58
[INFO] [stderr]    Compiling hmac v0.12.1
[INFO] [stderr]    Compiling spki v0.7.3
[INFO] [stderr]    Compiling pkcs8 v0.10.2
[INFO] [stderr]    Compiling http-body v1.0.1
[INFO] [stderr]    Compiling signature v2.2.0
[INFO] [stderr]    Compiling sec1 v0.7.3
[INFO] [stderr]    Compiling hkdf v0.12.4
[INFO] [stderr]    Compiling openssl-src v300.6.1+3.6.3
[INFO] [stderr]    Compiling rustls-native-certs v0.8.4
[INFO] [stderr]    Compiling rfc6979 v0.4.0
[INFO] [stderr]    Compiling sha2 v0.10.9
[INFO] [stderr]    Compiling semver v1.0.28
[INFO] [stderr]    Compiling aws-lc-sys v0.41.0
[INFO] [stderr]    Compiling ring v0.17.14
[INFO] [stderr]    Compiling libz-sys v1.1.29
[INFO] [stderr]    Compiling openssl-sys v0.9.117
[INFO] [stderr]    Compiling rustc_version v0.4.1
[INFO] [stderr]    Compiling elliptic-curve v0.13.8
[INFO] [stderr]    Compiling time-macros v0.2.29
[INFO] [stderr]    Compiling phf_codegen v0.11.3
[INFO] [stderr]    Compiling curve25519-dalek v4.1.3
[INFO] [stderr]    Compiling combine v4.6.7
[INFO] [stderr]    Compiling phf v0.11.3
[INFO] [stderr]    Compiling sync_wrapper v1.0.2
[INFO] [stderr]    Compiling num_threads v0.1.7
[INFO] [stderr]    Compiling powerfmt v0.2.0
[INFO] [stderr]    Compiling num-bigint-dig v0.8.6
[INFO] [stderr]    Compiling ucd-trie v0.1.7
[INFO] [stderr]    Compiling winnow v1.0.3
[INFO] [stderr]    Compiling deranged v0.5.8
[INFO] [stderr]    Compiling pest v2.8.8
[INFO] [stderr]    Compiling regex v1.13.1
[INFO] [stderr]    Compiling crossbeam-epoch v0.9.20
[INFO] [stderr]    Compiling primeorder v0.13.6
[INFO] [stderr]    Compiling indexmap v2.14.0
[INFO] [stderr]    Compiling parse-zoneinfo v0.3.1
[INFO] [stderr]    Compiling ecdsa v0.16.9
[INFO] [stderr]    Compiling darling_macro v0.20.11
[INFO] [stderr]    Compiling darling v0.20.11
[INFO] [stderr]    Compiling chrono-tz-build v0.3.0
[INFO] [stderr]    Compiling time v0.3.49
[INFO] [stderr]    Compiling cargo-platform v0.3.3
[INFO] [stderr]    Compiling num-iter v0.1.45
[INFO] [stderr]    Compiling sharded-slab v0.1.7
[INFO] [stderr]    Compiling curve25519-dalek-derive v0.1.1
[INFO] [stderr]    Compiling bstr v1.13.0
[INFO] [stderr]    Compiling thread_local v1.1.9
[INFO] [stderr]    Compiling owo-colors v4.3.0
[INFO] [stderr]    Compiling rustversion v1.0.22
[INFO] [stderr]    Compiling miniz_oxide v0.8.9
[INFO] [stderr]    Compiling pest_meta v2.8.8
[INFO] [stderr]    Compiling globset v0.4.19
[INFO] [stderr]    Compiling chrono-tz v0.9.0
[INFO] [stderr]    Compiling derive_builder_core v0.20.2
[INFO] [stderr]    Compiling tracing-subscriber v0.3.23
[INFO] [stderr]    Compiling object v0.37.3
[INFO] [stderr]    Compiling serde_derive v1.0.229
[INFO] [stderr]    Compiling futures-macro v0.3.34
[INFO] [stderr]    Compiling thiserror-impl v2.0.20
[INFO] [stderr]    Compiling crossbeam-deque v0.8.7
[INFO] [stderr]    Compiling futures-util v0.3.34
[INFO] [stderr]    Compiling tokio-util v0.7.18
[INFO] [stderr]    Compiling libgit2-sys v0.18.5+1.9.4
[INFO] [stderr]    Compiling ed25519 v2.2.3
[INFO] [stderr]    Compiling graphql-parser v0.4.1
[INFO] [stderr]    Compiling http-body-util v0.1.3
[INFO] [stderr]    Compiling pkcs1 v0.7.5
[INFO] [stderr]    Compiling num-bigint v0.4.6
[INFO] [stderr]    Compiling proc-macro-error-attr2 v2.0.0
[INFO] [stderr]    Compiling eyre v0.6.12
[INFO] [stderr]    Compiling ref-cast v1.0.25
[INFO] [stderr]    Compiling thiserror v2.0.20
[INFO] [stderr]    Compiling h2 v0.4.15
[INFO] [stderr]    Compiling color-spantrace v0.3.0
[INFO] [stderr]    Compiling utf8parse v0.2.2
[INFO] [stderr]    Compiling rustc-demangle v0.1.27
[INFO] [stderr]    Compiling proc-macro-error2 v2.0.1
[INFO] [stderr]    Compiling anstyle-parse v1.0.0
[INFO] [stderr]    Compiling rsa v0.9.10
[INFO] [stderr]    Compiling ed25519-dalek v2.2.0
[INFO] [stderr]    Compiling tracing-error v0.2.1
[INFO] [stderr]    Compiling ignore v0.4.31
[INFO] [stderr]    Compiling derive_builder_macro v0.20.2
[INFO] [stderr]    Compiling pest_generator v2.8.8
[INFO] [stderr]    Compiling simple_asn1 v0.6.4
[INFO] [stderr]    Compiling async-trait v0.1.92
[INFO] [stderr]    Compiling toml_parser v1.1.3+spec-1.1.0
[INFO] [stderr]    Compiling p384 v0.13.1
[INFO] [stderr]    Compiling p256 v0.13.2
[INFO] [stderr]    Compiling tower v0.5.3
[INFO] [stderr]    Compiling futures-executor v0.3.32
[INFO] [stderr]    Compiling graphql-introspection-query v0.2.0
[INFO] [stderr]    Compiling cargo_metadata v0.23.1
[INFO] [stderr]    Compiling backtrace v0.3.76
[INFO] [stderr]    Compiling serde_derive_internals v0.30.0
[INFO] [stderr]    Compiling graphql_client_codegen v0.14.0
[INFO] [stderr]    Compiling toml_datetime v1.1.1+spec-1.1.0
[INFO] [stderr]    Compiling url v2.5.8
[INFO] [stderr]    Compiling chrono v0.4.45
[INFO] [stderr]    Compiling serde_urlencoded v0.7.1
[INFO] [stderr]    Compiling snafu-derive v0.8.9
[INFO] [stderr]    Compiling pem v3.0.6
[INFO] [stderr]    Compiling pin-project-internal v1.1.13
[INFO] [stderr]    Compiling ref-cast-impl v1.0.25
[INFO] [stderr]    Compiling encoding_rs v0.8.35
[INFO] [stderr]    Compiling is_terminal_polyfill v1.70.2
[INFO] [stderr]    Compiling anstyle v1.0.14
[INFO] [stderr]    Compiling toml_writer v1.1.2+spec-1.1.0
[INFO] [stderr]    Compiling anstyle-query v1.1.5
[INFO] [stderr]    Compiling deunicode v1.6.2
[INFO] [stderr]    Compiling colorchoice v1.0.5
[INFO] [stderr]    Compiling winnow v0.6.26
[INFO] [stderr]    Compiling either v1.16.0
[INFO] [stderr]    Compiling schemars_derive v1.2.2
[INFO] [stderr]    Compiling itertools v0.14.0
[INFO] [stderr]    Compiling tower-http v0.6.11
[INFO] [stderr]    Compiling pin-project v1.1.13
[INFO] [stderr]    Compiling slug v0.1.6
[INFO] [stderr]    Compiling anstream v1.0.0
[INFO] [stderr]    Compiling git-conventional v1.1.0
[INFO] [stderr]    Compiling octocrab v0.54.1
[INFO] [stderr]    Compiling jsonwebtoken v10.4.0
[INFO] [stderr]    Compiling hyper v1.10.1
[INFO] [stderr]    Compiling http-serde v2.1.1
[INFO] [stderr]    Compiling globwalk v0.9.1
[INFO] [stderr]    Compiling snafu v0.8.9
[INFO] [stderr]    Compiling futures v0.3.32
[INFO] [stderr]    Compiling pest_derive v2.8.8
[INFO] [stderr]    Compiling arc-swap v1.9.1
[INFO] [stderr]    Compiling derive_builder v0.20.2
[INFO] [stderr]    Compiling merge_derive v0.2.0
[INFO] [stderr]    Compiling strum_macros v0.28.0
[INFO] [stderr]    Compiling serde_spanned v1.1.1
[INFO] [stderr]    Compiling serde_path_to_error v0.1.20
[INFO] [stderr]    Compiling secrecy v0.10.3
[INFO] [stderr]    Compiling humansize v2.1.3
[INFO] [stderr]    Compiling dyn-clone v1.0.20
[INFO] [stderr]    Compiling openssl-probe v0.1.6
[INFO] [stderr]    Compiling clap_lex v1.1.0
[INFO] [stderr]    Compiling web-time v1.1.0
[INFO] [stderr]    Compiling merge v0.2.0
[INFO] [stderr]    Compiling schemars v1.2.2
[INFO] [stderr]    Compiling toml v1.1.4+spec-1.1.0
[INFO] [stderr]    Compiling color-eyre v0.6.5
[INFO] [stderr]    Compiling hyper-util v0.1.20
[INFO] [stderr]    Compiling next_version v0.3.2
[INFO] [stderr]    Compiling cron v0.15.0
[INFO] [stderr]    Compiling clap_builder v4.6.6
[INFO] [stderr]    Compiling toml_edit v0.25.13+spec-1.1.0
[INFO] [stderr]    Compiling serde_regex v1.2.0
[INFO] [stderr]    Compiling clap_derive v4.6.4
[INFO] [stderr]    Compiling getset v0.1.7
[INFO] [stderr]    Compiling quick-xml v0.41.0
[INFO] [stderr]    Compiling md5 v0.8.1
[INFO] [stderr]    Compiling tl v0.7.8
[INFO] [stderr]    Compiling termcolor v1.4.1
[INFO] [stderr]    Compiling git-url-parse v0.6.0
[INFO] [stdout] error[E0038]: the trait `Parser` is not dyn compatible
[INFO] [stdout]    --> /opt/rustwide/cargo-home/registry/src/index.crates.io-1949cf8c6b5b557f/git-url-parse-0.6.0/src/types/spec.rs:374:10
[INFO] [stdout]     |
[INFO] [stdout] 374 |       ) -> impl Parser<
[INFO] [stdout]     |  __________^
[INFO] [stdout] 375 | |         &'url str,
[INFO] [stdout] 376 | |         Output = <dyn Parser<&'url str, Output = &'url str, Error = nom::error::Error<&'url str>> as Parser<
[INFO] [stdout] 377 | |             &'url str,
[INFO] [stdout] 378 | |         >>::Output,
[INFO] [stdout] 379 | |         Error = nom::error::Error<&'url str>,
[INFO] [stdout] 380 | |     >{
[INFO] [stdout]     | |_____^ `Parser` is not dyn compatible
[INFO] [stdout]     |
[INFO] [stdout] note: for a trait to be dyn compatible it needs to allow building a vtable
[INFO] [stdout]       for more information, visit <https://doc.rust-lang.org/reference/items/traits.html#dyn-compatibility>
[INFO] [stdout]    --> /opt/rustwide/cargo-home/registry/src/index.crates.io-1949cf8c6b5b557f/nom-8.0.0/src/internal.rs:425:6
[INFO] [stdout]     |
[INFO] [stdout] 425 |   fn process<OM: OutputMode>(
[INFO] [stdout]     |      ^^^^^^^ the trait is not dyn compatible because method `process` has generic type parameters
[INFO] [stdout] 
[INFO] [stdout] 
[INFO] [stdout] error[E0038]: the trait `Parser` is not dyn compatible
[INFO] [stdout]    --> /opt/rustwide/cargo-home/registry/src/index.crates.io-1949cf8c6b5b557f/git-url-parse-0.6.0/src/types/spec.rs:398:10
[INFO] [stdout]     |
[INFO] [stdout] 398 |       ) -> impl Parser<
[INFO] [stdout]     |  __________^
[INFO] [stdout] 399 | |         &'url str,
[INFO] [stdout] 400 | |         Output = <dyn Parser<&'url str, Output = &'url str, Error = nom::error::Error<&'url str>> as Parser<
[INFO] [stdout] 401 | |             &'url str,
[INFO] [stdout] 402 | |         >>::Output,
[INFO] [stdout] 403 | |         Error = nom::error::Error<&'url str>,
[INFO] [stdout] 404 | |     >{
[INFO] [stdout]     | |_____^ `Parser` is not dyn compatible
[INFO] [stdout]     |
[INFO] [stdout] note: for a trait to be dyn compatible it needs to allow building a vtable
[INFO] [stdout]       for more information, visit <https://doc.rust-lang.org/reference/items/traits.html#dyn-compatibility>
[INFO] [stdout]    --> /opt/rustwide/cargo-home/registry/src/index.crates.io-1949cf8c6b5b557f/nom-8.0.0/src/internal.rs:425:6
[INFO] [stdout]     |
[INFO] [stdout] 425 |   fn process<OM: OutputMode>(
[INFO] [stdout]     |      ^^^^^^^ the trait is not dyn compatible because method `process` has generic type parameters
[INFO] [stdout] 
[INFO] [stdout] 
[INFO] [stdout] error[E0038]: the trait `Parser` is not dyn compatible
[INFO] [stdout]    --> /opt/rustwide/cargo-home/registry/src/index.crates.io-1949cf8c6b5b557f/git-url-parse-0.6.0/src/types/spec.rs:422:10
[INFO] [stdout]     |
[INFO] [stdout] 422 |       ) -> impl Parser<
[INFO] [stdout]     |  __________^
[INFO] [stdout] 423 | |         &'url str,
[INFO] [stdout] 424 | |         Output = <dyn Parser<&'url str, Output = &'url str, Error = nom::error::Error<&'url str>> as Parser<
[INFO] [stdout] 425 | |             &'url str,
[INFO] [stdout] 426 | |         >>::Output,
[INFO] [stdout] 427 | |         Error = nom::error::Error<&'url str>,
[INFO] [stdout] 428 | |     >{
[INFO] [stdout]     | |_____^ `Parser` is not dyn compatible
[INFO] [stdout]     |
[INFO] [stdout] note: for a trait to be dyn compatible it needs to allow building a vtable
[INFO] [stdout]       for more information, visit <https://doc.rust-lang.org/reference/items/traits.html#dyn-compatibility>
[INFO] [stdout]    --> /opt/rustwide/cargo-home/registry/src/index.crates.io-1949cf8c6b5b557f/nom-8.0.0/src/internal.rs:425:6
[INFO] [stdout]     |
[INFO] [stdout] 425 |   fn process<OM: OutputMode>(
[INFO] [stdout]     |      ^^^^^^^ the trait is not dyn compatible because method `process` has generic type parameters
[INFO] [stdout] 
[INFO] [stdout] 
[INFO] [stdout] error[E0038]: the trait `Parser` is not dyn compatible
[INFO] [stdout]    --> /opt/rustwide/cargo-home/registry/src/index.crates.io-1949cf8c6b5b557f/git-url-parse-0.6.0/src/types/spec.rs:444:43
[INFO] [stdout]     |
[INFO] [stdout] 444 |       fn short_git_scheme_parser<'url>() -> impl Parser<
[INFO] [stdout]     |  ___________________________________________^
[INFO] [stdout] 445 | |         &'url str,
[INFO] [stdout] 446 | |         Output = <dyn Parser<
[INFO] [stdout] 447 | |             &'url str,
[INFO] [stdout] ...   |
[INFO] [stdout] 451 | |         Error = nom::error::Error<&'url str>,
[INFO] [stdout] 452 | |     > {
[INFO] [stdout]     | |_____^ `Parser` is not dyn compatible
[INFO] [stdout]     |
[INFO] [stdout] note: for a trait to be dyn compatible it needs to allow building a vtable
[INFO] [stdout]       for more information, visit <https://doc.rust-lang.org/reference/items/traits.html#dyn-compatibility>
[INFO] [stdout]    --> /opt/rustwide/cargo-home/registry/src/index.crates.io-1949cf8c6b5b557f/nom-8.0.0/src/internal.rs:425:6
[INFO] [stdout]     |
[INFO] [stdout] 425 |   fn process<OM: OutputMode>(
[INFO] [stdout]     |      ^^^^^^^ the trait is not dyn compatible because method `process` has generic type parameters
[INFO] [stdout] 
[INFO] [stdout] 
[INFO] [stdout] error[E0038]: the trait `Parser` is not dyn compatible
[INFO] [stdout]    --> /opt/rustwide/cargo-home/registry/src/index.crates.io-1949cf8c6b5b557f/git-url-parse-0.6.0/src/types/spec.rs:78:74
[INFO] [stdout]     |
[INFO] [stdout]  78 |             if let Ok((input, scheme)) = Self::short_git_scheme_parser().parse(input) {
[INFO] [stdout]     |                                                                          ^^^^^ `Parser` is not dyn compatible
[INFO] [stdout]     |
[INFO] [stdout] note: for a trait to be dyn compatible it needs to allow building a vtable
[INFO] [stdout]       for more information, visit <https://doc.rust-lang.org/reference/items/traits.html#dyn-compatibility>
[INFO] [stdout]    --> /opt/rustwide/cargo-home/registry/src/index.crates.io-1949cf8c6b5b557f/nom-8.0.0/src/internal.rs:425:6
[INFO] [stdout]     |
[INFO] [stdout] 425 |   fn process<OM: OutputMode>(
[INFO] [stdout]     |      ^^^^^^^ the trait is not dyn compatible because method `process` has generic type parameters
[INFO] [stdout] 
[INFO] [stdout] 
[INFO] [stdout] error[E0038]: the trait `Parser` is not dyn compatible
[INFO] [stdout]    --> /opt/rustwide/cargo-home/registry/src/index.crates.io-1949cf8c6b5b557f/git-url-parse-0.6.0/src/types/spec.rs:143:13
[INFO] [stdout]     |
[INFO] [stdout] 143 | /             verify(
[INFO] [stdout] 144 | |                 alt((
[INFO] [stdout] 145 | |                     //preceded(tag("//"), Self::path_abempty_parser()),
[INFO] [stdout] 146 | |                     Self::path_abempty_parser(),
[INFO] [stdout] ...   |
[INFO] [stdout] 150 | |                 |s: &str| !s.is_empty(),
[INFO] [stdout] 151 | |             ),
[INFO] [stdout]     | |_____________^ `Parser` is not dyn compatible
[INFO] [stdout]     |
[INFO] [stdout] note: for a trait to be dyn compatible it needs to allow building a vtable
[INFO] [stdout]       for more information, visit <https://doc.rust-lang.org/reference/items/traits.html#dyn-compatibility>
[INFO] [stdout]    --> /opt/rustwide/cargo-home/registry/src/index.crates.io-1949cf8c6b5b557f/nom-8.0.0/src/internal.rs:425:6
[INFO] [stdout]     |
[INFO] [stdout] 425 |   fn process<OM: OutputMode>(
[INFO] [stdout]     |      ^^^^^^^ the trait is not dyn compatible because method `process` has generic type parameters
[INFO] [stdout] 
[INFO] [stdout] 
[INFO] [stderr]    Compiling simplelog v0.12.2
[INFO] [stdout] For more information about this error, try `rustc --explain E0038`.
[INFO] [stdout] 
[INFO] [stderr] error: could not compile `git-url-parse` (lib) due to 6 previous errors
[INFO] [stderr] warning: build failed, waiting for other jobs to finish...
[INFO] running `Command { std: "docker" "inspect" "340fd98950faaadc6be0b098245432dbdd500632eb0ad4f0dadc22cbcb6290ec", kill_on_drop: false }`
[INFO] running `Command { std: "docker" "rm" "-f" "340fd98950faaadc6be0b098245432dbdd500632eb0ad4f0dadc22cbcb6290ec", kill_on_drop: false }`
[INFO] [stdout] 340fd98950faaadc6be0b098245432dbdd500632eb0ad4f0dadc22cbcb6290ec
