[INFO] fetching crate reifydb-sqlite 0.9.3...
[INFO] testing reifydb-sqlite-0.9.3 against 1.100.0-beta.1 for beta-1.100-2
[INFO] extracting crate reifydb-sqlite 0.9.3 into /workspace/builds/worker-0-tc2/source
[INFO] started tweaking crates.io crate reifydb-sqlite 0.9.3
[INFO] finished tweaking crates.io crate reifydb-sqlite 0.9.3
[INFO] tweaked toml for crates.io crate reifydb-sqlite 0.9.3 written to /workspace/builds/worker-0-tc2/source/Cargo.toml
[INFO] validating manifest of crates.io crate reifydb-sqlite 0.9.3 on toolchain 1.100.0-beta.1
[INFO] running `Command { std: CARGO_HOME="/workspace/cargo-home" RUSTUP_HOME="/workspace/rustup-home" "/workspace/cargo-home/bin/cargo" "+1.100.0-beta.1" "metadata" "--manifest-path" "Cargo.toml" "--no-deps", kill_on_drop: false }`
[INFO] crate crates.io crate reifydb-sqlite 0.9.3 already has a lockfile, it will not be regenerated
[INFO] running `Command { std: CARGO_HOME="/workspace/cargo-home" RUSTUP_HOME="/workspace/rustup-home" "/workspace/cargo-home/bin/cargo" "+1.100.0-beta.1" "fetch" "--manifest-path" "Cargo.toml", kill_on_drop: false }`
[INFO] running `Command { std: "docker" "create" "-v" "/var/lib/crater-agent-workspace/builds/worker-0-tc2/source:/opt/rustwide/workdir:ro,Z" "-v" "/var/lib/crater-agent-workspace/builds/worker-0-tc2/target:/opt/rustwide/target:rw,Z" "-v" "/var/lib/crater-agent-workspace/cargo-home:/opt/rustwide/cargo-home:ro,Z" "-v" "/var/lib/crater-agent-workspace/rustup-home:/opt/rustwide/rustup-home:ro,Z" "-m" "1610612736" "--network" "none" "ghcr.io/rust-lang/crates-build-env/linux@sha256:3111399a4047eeb3a02b7a90e478d715f38a8c6669b5c4b49d30a17385265909" "sleep" "infinity", kill_on_drop: false }`
[INFO] [stdout] 23e5ccc61f0803fcdbf7bcc24109c07ad6686682ea90345d4110e6fcdf5fe1f6
[INFO] running `Command { std: "docker" "start" "23e5ccc61f0803fcdbf7bcc24109c07ad6686682ea90345d4110e6fcdf5fe1f6", kill_on_drop: false }`
[INFO] running `Command { std: "docker" "inspect" "23e5ccc61f0803fcdbf7bcc24109c07ad6686682ea90345d4110e6fcdf5fe1f6", kill_on_drop: false }`
[INFO] running `Command { std: "docker" "exec" "-e" "SOURCE_DIR=/opt/rustwide/workdir" "-e" "CARGO_HOME=/opt/rustwide/cargo-home" "-e" "RUSTUP_HOME=/opt/rustwide/rustup-home" "-e" "CARGO_TARGET_DIR=/opt/rustwide/target" "-w" "/opt/rustwide/workdir" "--user" "0:0" "23e5ccc61f0803fcdbf7bcc24109c07ad6686682ea90345d4110e6fcdf5fe1f6" "/opt/rustwide/cargo-home/bin/cargo" "+1.100.0-beta.1" "metadata" "--no-deps" "--format-version=1", kill_on_drop: false }`
[INFO] running `Command { std: "docker" "inspect" "23e5ccc61f0803fcdbf7bcc24109c07ad6686682ea90345d4110e6fcdf5fe1f6", kill_on_drop: false }`
[INFO] running `Command { std: "docker" "exec" "-e" "SOURCE_DIR=/opt/rustwide/workdir" "-e" "CARGO_HOME=/opt/rustwide/cargo-home" "-e" "RUSTUP_HOME=/opt/rustwide/rustup-home" "-e" "CARGO_TARGET_DIR=/opt/rustwide/target" "-e" "CARGO_INCREMENTAL=0" "-e" "RUST_BACKTRACE=full" "-e" "RUSTFLAGS=--cap-lints=warn" "-e" "RUSTDOCFLAGS=--cap-lints=warn" "-w" "/opt/rustwide/workdir" "--user" "0:0" "23e5ccc61f0803fcdbf7bcc24109c07ad6686682ea90345d4110e6fcdf5fe1f6" "/opt/rustwide/cargo-home/bin/cargo" "+1.100.0-beta.1" "build" "--frozen" "--message-format=json", kill_on_drop: false }`
[INFO] [stderr]    Compiling serde_core v1.0.228
[INFO] [stderr]    Compiling serde v1.0.228
[INFO] [stderr]    Compiling reifydb-build v0.9.3
[INFO] [stderr]    Compiling cc v1.2.63
[INFO] [stderr]    Compiling heapless v0.7.17
[INFO] [stderr]    Compiling libm v0.2.16
[INFO] [stderr]    Compiling serde_derive v1.0.228
[INFO] [stderr]    Compiling thiserror-impl v2.0.18
[INFO] [stderr]    Compiling vcpkg v0.2.15
[INFO] [stderr]    Compiling pkg-config v0.3.33
[INFO] [stderr]    Compiling hash32 v0.2.1
[INFO] [stderr]    Compiling num-integer v0.1.46
[INFO] [stderr]    Compiling bigdecimal v0.4.10
[INFO] [stderr]    Compiling serde_json v1.0.150
[INFO] [stderr]    Compiling hashbrown v0.16.1
[INFO] [stderr]    Compiling reifydb-value v0.9.3
[INFO] [stderr]    Compiling memchr v2.8.1
[INFO] [stderr]    Compiling reifydb-sqlite v0.9.3 (/opt/rustwide/workdir)
[INFO] [stderr]    Compiling xxhash-rust v0.8.15
[INFO] [stderr]    Compiling hashlink v0.11.1
[INFO] [stderr]    Compiling fallible-iterator v0.3.0
[INFO] [stderr]    Compiling thiserror v2.0.18
[INFO] [stderr]    Compiling cobs v0.3.0
[INFO] [stderr]    Compiling bitflags v2.13.0
[INFO] [stderr]    Compiling fallible-streaming-iterator v0.1.9
[INFO] [stderr]    Compiling smallvec v1.15.1
[INFO] [stderr]    Compiling libsqlite3-sys v0.37.0
[INFO] [stderr]    Compiling serde_bytes v0.11.19
[INFO] [stderr]    Compiling uuid v1.23.2
[INFO] [stderr]    Compiling num-bigint v0.4.6
[INFO] [stderr]    Compiling postcard v1.1.3
[INFO] [stderr]    Compiling rusqlite v0.39.0
[INFO] [stdout] error[E0599]: no associated function or constant named `new_v4` found for struct `uuid::Uuid` in the current scope
[INFO] [stdout]    --> src/lib.rs:132:74
[INFO] [stdout]     |
[INFO] [stdout] 132 |             path: DbPath::Tmpfs(PathBuf::from(format!("/tmp/reifydb_{}.db", Uuid::new_v4()))),
[INFO] [stdout]     |                                                                                   ^^^^^^ associated function or constant not found in `uuid::Uuid`
[INFO] [stdout]     |
[INFO] [stdout] note: if you're trying to build a new `uuid::Uuid` consider using one of the following associated functions:
[INFO] [stdout]       uuid::builder::<impl uuid::Uuid>::nil
[INFO] [stdout]       uuid::builder::<impl uuid::Uuid>::max
[INFO] [stdout]       uuid::builder::<impl uuid::Uuid>::from_fields
[INFO] [stdout]       uuid::builder::<impl uuid::Uuid>::from_fields_le
[INFO] [stdout]       and 10 others
[INFO] [stdout]    --> /opt/rustwide/cargo-home/registry/src/index.crates.io-1949cf8c6b5b557f/uuid-1.23.2/src/builder.rs:72:5
[INFO] [stdout]     |
[INFO] [stdout]  72 |     pub const fn nil() -> Self {
[INFO] [stdout]     |     ^^^^^^^^^^^^^^^^^^^^^^^^^^
[INFO] [stdout] ...
[INFO] [stdout]  98 |     pub const fn max() -> Self {
[INFO] [stdout]     |     ^^^^^^^^^^^^^^^^^^^^^^^^^^
[INFO] [stdout] ...
[INFO] [stdout] 122 |     pub const fn from_fields(d1: u32, d2: u16, d3: u16, d4: &[u8; 8]) -> Uuid {
[INFO] [stdout]     |     ^^^^^^^^^^^^^^^^^^^^^^^^^^^^^^^^^^^^^^^^^^^^^^^^^^^^^^^^^^^^^^^^^^^^^^^^^
[INFO] [stdout] ...
[INFO] [stdout] 168 |     pub const fn from_fields_le(d1: u32, d2: u16, d3: u16, d4: &[u8; 8]) -> Uuid {
[INFO] [stdout]     |     ^^^^^^^^^^^^^^^^^^^^^^^^^^^^^^^^^^^^^^^^^^^^^^^^^^^^^^^^^^^^^^^^^^^^^^^^^^^^
[INFO] [stdout] 
[INFO] [stdout] 
[INFO] [stdout] error[E0599]: no associated function or constant named `new_v4` found for struct `uuid::Uuid` in the current scope
[INFO] [stdout]    --> src/lib.rs:147:78
[INFO] [stdout]     |
[INFO] [stdout] 147 |         let path = DbPath::Memory(memory_dir().join(format!("reifydb_{}.db", Uuid::new_v4())));
[INFO] [stdout]     |                                                                                    ^^^^^^ associated function or constant not found in `uuid::Uuid`
[INFO] [stdout]     |
[INFO] [stdout] note: if you're trying to build a new `uuid::Uuid` consider using one of the following associated functions:
[INFO] [stdout]       uuid::builder::<impl uuid::Uuid>::nil
[INFO] [stdout]       uuid::builder::<impl uuid::Uuid>::max
[INFO] [stdout]       uuid::builder::<impl uuid::Uuid>::from_fields
[INFO] [stdout]       uuid::builder::<impl uuid::Uuid>::from_fields_le
[INFO] [stdout]       and 10 others
[INFO] [stdout]    --> /opt/rustwide/cargo-home/registry/src/index.crates.io-1949cf8c6b5b557f/uuid-1.23.2/src/builder.rs:72:5
[INFO] [stdout]     |
[INFO] [stdout]  72 |     pub const fn nil() -> Self {
[INFO] [stdout]     |     ^^^^^^^^^^^^^^^^^^^^^^^^^^
[INFO] [stdout] ...
[INFO] [stdout]  98 |     pub const fn max() -> Self {
[INFO] [stdout]     |     ^^^^^^^^^^^^^^^^^^^^^^^^^^
[INFO] [stdout] ...
[INFO] [stdout] 122 |     pub const fn from_fields(d1: u32, d2: u16, d3: u16, d4: &[u8; 8]) -> Uuid {
[INFO] [stdout]     |     ^^^^^^^^^^^^^^^^^^^^^^^^^^^^^^^^^^^^^^^^^^^^^^^^^^^^^^^^^^^^^^^^^^^^^^^^^
[INFO] [stdout] ...
[INFO] [stdout] 168 |     pub const fn from_fields_le(d1: u32, d2: u16, d3: u16, d4: &[u8; 8]) -> Uuid {
[INFO] [stdout]     |     ^^^^^^^^^^^^^^^^^^^^^^^^^^^^^^^^^^^^^^^^^^^^^^^^^^^^^^^^^^^^^^^^^^^^^^^^^^^^
[INFO] [stdout] 
[INFO] [stdout] 
[INFO] [stdout] error[E0599]: no associated function or constant named `new_v4` found for struct `uuid::Uuid` in the current scope
[INFO] [stdout]    --> src/lib.rs:168:78
[INFO] [stdout]     |
[INFO] [stdout] 168 |         let path = DbPath::Memory(memory_dir().join(format!("reifydb_{}.db", Uuid::new_v4())));
[INFO] [stdout]     |                                                                                    ^^^^^^ associated function or constant not found in `uuid::Uuid`
[INFO] [stdout]     |
[INFO] [stdout] note: if you're trying to build a new `uuid::Uuid` consider using one of the following associated functions:
[INFO] [stdout]       uuid::builder::<impl uuid::Uuid>::nil
[INFO] [stdout]       uuid::builder::<impl uuid::Uuid>::max
[INFO] [stdout]       uuid::builder::<impl uuid::Uuid>::from_fields
[INFO] [stdout]       uuid::builder::<impl uuid::Uuid>::from_fields_le
[INFO] [stdout]       and 10 others
[INFO] [stdout]    --> /opt/rustwide/cargo-home/registry/src/index.crates.io-1949cf8c6b5b557f/uuid-1.23.2/src/builder.rs:72:5
[INFO] [stdout]     |
[INFO] [stdout]  72 |     pub const fn nil() -> Self {
[INFO] [stdout]     |     ^^^^^^^^^^^^^^^^^^^^^^^^^^
[INFO] [stdout] ...
[INFO] [stdout]  98 |     pub const fn max() -> Self {
[INFO] [stdout]     |     ^^^^^^^^^^^^^^^^^^^^^^^^^^
[INFO] [stdout] ...
[INFO] [stdout] 122 |     pub const fn from_fields(d1: u32, d2: u16, d3: u16, d4: &[u8; 8]) -> Uuid {
[INFO] [stdout]     |     ^^^^^^^^^^^^^^^^^^^^^^^^^^^^^^^^^^^^^^^^^^^^^^^^^^^^^^^^^^^^^^^^^^^^^^^^^
[INFO] [stdout] ...
[INFO] [stdout] 168 |     pub const fn from_fields_le(d1: u32, d2: u16, d3: u16, d4: &[u8; 8]) -> Uuid {
[INFO] [stdout]     |     ^^^^^^^^^^^^^^^^^^^^^^^^^^^^^^^^^^^^^^^^^^^^^^^^^^^^^^^^^^^^^^^^^^^^^^^^^^^^
[INFO] [stdout] 
[INFO] [stdout] 
[INFO] [stdout] For more information about this error, try `rustc --explain E0599`.
[INFO] [stdout] 
[INFO] [stderr] error: could not compile `reifydb-sqlite` (lib) due to 3 previous errors
[INFO] [stderr] warning: build failed, waiting for other jobs to finish...
[INFO] running `Command { std: "docker" "inspect" "23e5ccc61f0803fcdbf7bcc24109c07ad6686682ea90345d4110e6fcdf5fe1f6", kill_on_drop: false }`
[INFO] running `Command { std: "docker" "rm" "-f" "23e5ccc61f0803fcdbf7bcc24109c07ad6686682ea90345d4110e6fcdf5fe1f6", kill_on_drop: false }`
[INFO] [stdout] 23e5ccc61f0803fcdbf7bcc24109c07ad6686682ea90345d4110e6fcdf5fe1f6
