[INFO] fetching crate reifydb-routine 0.9.3...
[INFO] testing reifydb-routine-0.9.3 against 1.99.0-beta.8 for beta-1.100-2
[INFO] extracting crate reifydb-routine 0.9.3 into /workspace/builds/worker-0-tc1/source
[INFO] started tweaking crates.io crate reifydb-routine 0.9.3
[INFO] removed 0 missing tests
[INFO] finished tweaking crates.io crate reifydb-routine 0.9.3
[INFO] tweaked toml for crates.io crate reifydb-routine 0.9.3 written to /workspace/builds/worker-0-tc1/source/Cargo.toml
[INFO] validating manifest of crates.io crate reifydb-routine 0.9.3 on toolchain 1.99.0-beta.8
[INFO] running `Command { std: CARGO_HOME="/workspace/cargo-home" RUSTUP_HOME="/workspace/rustup-home" "/workspace/cargo-home/bin/cargo" "+1.99.0-beta.8" "metadata" "--manifest-path" "Cargo.toml" "--no-deps", kill_on_drop: false }`
[INFO] crate crates.io crate reifydb-routine 0.9.3 already has a lockfile, it will not be regenerated
[INFO] running `Command { std: CARGO_HOME="/workspace/cargo-home" RUSTUP_HOME="/workspace/rustup-home" "/workspace/cargo-home/bin/cargo" "+1.99.0-beta.8" "fetch" "--manifest-path" "Cargo.toml", kill_on_drop: false }`
[INFO] [stderr]     Updating crates.io index
[INFO] [stderr]  Downloading crates ...
[INFO] [stderr]   Downloaded rustc-hash v2.1.2
[INFO] [stderr]   Downloaded reifydb-sqlite v0.9.3
[INFO] [stderr]   Downloaded rusqlite v0.39.0
[INFO] [stderr]   Downloaded reifydb-store-single v0.9.3
[INFO] [stderr]   Downloaded rsqlite-vfs v0.1.1
[INFO] [stderr]   Downloaded reifydb-filter v0.9.3
[INFO] [stderr]   Downloaded reifydb-rql-graphql v0.9.3
[INFO] [stderr]   Downloaded reifydb-routine-abi v0.9.3
[INFO] [stderr]   Downloaded reifydb-store-commit v0.9.3
[INFO] [stderr]   Downloaded hashlink v0.11.1
[INFO] [stderr]   Downloaded reifydb-store v0.9.3
[INFO] [stderr]   Downloaded reifydb-transaction v0.9.3
[INFO] [stderr]   Downloaded reifydb-store-multi v0.9.3
[INFO] [stderr]   Downloaded reifydb-rql v0.9.3
[INFO] [stderr]   Downloaded reifydb-catalog v0.9.3
[INFO] [stderr]   Downloaded reifydb-core v0.9.3
[INFO] [stderr]   Downloaded sqlite-wasm-rs v0.5.5
[INFO] [stderr]   Downloaded libsqlite3-sys v0.37.0
[INFO] running `Command { std: "docker" "create" "-v" "/var/lib/crater-agent-workspace/builds/worker-0-tc1/source:/opt/rustwide/workdir:ro,Z" "-v" "/var/lib/crater-agent-workspace/builds/worker-0-tc1/target:/opt/rustwide/target:rw,Z" "-v" "/var/lib/crater-agent-workspace/cargo-home:/opt/rustwide/cargo-home:ro,Z" "-v" "/var/lib/crater-agent-workspace/rustup-home:/opt/rustwide/rustup-home:ro,Z" "-m" "1610612736" "--network" "none" "ghcr.io/rust-lang/crates-build-env/linux@sha256:3111399a4047eeb3a02b7a90e478d715f38a8c6669b5c4b49d30a17385265909" "sleep" "infinity", kill_on_drop: false }`
[INFO] [stdout] cca3ad2be8ccb15fab671bc013e008e0d26827373e408d0de1594f9e585e7812
[INFO] running `Command { std: "docker" "start" "cca3ad2be8ccb15fab671bc013e008e0d26827373e408d0de1594f9e585e7812", kill_on_drop: false }`
[INFO] running `Command { std: "docker" "inspect" "cca3ad2be8ccb15fab671bc013e008e0d26827373e408d0de1594f9e585e7812", kill_on_drop: false }`
[INFO] running `Command { std: "docker" "exec" "-e" "SOURCE_DIR=/opt/rustwide/workdir" "-e" "CARGO_HOME=/opt/rustwide/cargo-home" "-e" "RUSTUP_HOME=/opt/rustwide/rustup-home" "-e" "CARGO_TARGET_DIR=/opt/rustwide/target" "-w" "/opt/rustwide/workdir" "--user" "0:0" "cca3ad2be8ccb15fab671bc013e008e0d26827373e408d0de1594f9e585e7812" "/opt/rustwide/cargo-home/bin/cargo" "+1.99.0-beta.8" "metadata" "--no-deps" "--format-version=1", kill_on_drop: false }`
[INFO] running `Command { std: "docker" "inspect" "cca3ad2be8ccb15fab671bc013e008e0d26827373e408d0de1594f9e585e7812", kill_on_drop: false }`
[INFO] running `Command { std: "docker" "exec" "-e" "SOURCE_DIR=/opt/rustwide/workdir" "-e" "CARGO_HOME=/opt/rustwide/cargo-home" "-e" "RUSTUP_HOME=/opt/rustwide/rustup-home" "-e" "CARGO_TARGET_DIR=/opt/rustwide/target" "-e" "CARGO_INCREMENTAL=0" "-e" "RUST_BACKTRACE=full" "-e" "RUSTFLAGS=--cap-lints=warn" "-e" "RUSTDOCFLAGS=--cap-lints=warn" "-w" "/opt/rustwide/workdir" "--user" "0:0" "cca3ad2be8ccb15fab671bc013e008e0d26827373e408d0de1594f9e585e7812" "/opt/rustwide/cargo-home/bin/cargo" "+1.99.0-beta.8" "build" "--frozen" "--message-format=json", kill_on_drop: false }`
[INFO] [stderr]    Compiling reifydb-build v0.9.3
[INFO] [stderr]    Compiling quote v1.0.45
[INFO] [stderr]    Compiling libc v0.2.186
[INFO] [stderr]    Compiling serde_core v1.0.228
[INFO] [stderr]    Compiling serde v1.0.228
[INFO] [stderr]    Compiling shlex v2.0.1
[INFO] [stderr]    Compiling cfg-if v1.0.4
[INFO] [stderr]    Compiling find-msvc-tools v0.1.9
[INFO] [stderr]    Compiling pkg-config v0.3.33
[INFO] [stderr]    Compiling autocfg v1.5.1
[INFO] [stderr]    Compiling scopeguard v1.2.0
[INFO] [stderr]    Compiling crossbeam-utils v0.8.21
[INFO] [stderr]    Compiling getrandom v0.4.2
[INFO] [stderr]    Compiling rand_core v0.10.1
[INFO] [stderr]    Compiling semver v1.0.28
[INFO] [stderr]    Compiling byteorder v1.5.0
[INFO] [stderr]    Compiling libm v0.2.16
[INFO] [stderr]    Compiling zmij v1.0.21
[INFO] [stderr]    Compiling lock_api v0.4.14
[INFO] [stderr]    Compiling parking_lot_core v0.9.12
[INFO] [stderr]    Compiling stable_deref_trait v1.2.1
[INFO] [stderr]    Compiling hash32 v0.2.1
[INFO] [stderr]    Compiling serde_json v1.0.150
[INFO] [stderr]    Compiling reifydb-value v0.9.3
[INFO] [stderr]    Compiling equivalent v1.0.2
[INFO] [stderr]    Compiling memchr v2.8.1
[INFO] [stderr]    Compiling pin-project-lite v0.2.17
[INFO] [stderr]    Compiling num-traits v0.2.19
[INFO] [stderr]    Compiling bigdecimal v0.4.10
[INFO] [stderr]    Compiling rayon-core v1.13.0
[INFO] [stderr]    Compiling xxhash-rust v0.8.15
[INFO] [stderr]    Compiling once_cell v1.21.4
[INFO] [stderr]    Compiling zstd-safe v7.2.4
[INFO] [stderr]    Compiling rustc_version v0.4.1
[INFO] [stderr]    Compiling syn v2.0.117
[INFO] [stderr]    Compiling spin v0.9.8
[INFO] [stderr]    Compiling portable-atomic v1.13.1
[INFO] [stderr]    Compiling cpufeatures v0.3.0
[INFO] [stderr]    Compiling vcpkg v0.2.15
[INFO] [stderr]    Compiling crc32fast v1.5.0
[INFO] [stderr]    Compiling foldhash v0.1.5
[INFO] [stderr]    Compiling tracing-core v0.1.36
[INFO] [stderr]    Compiling heapless v0.7.17
[INFO] [stderr]    Compiling allocator-api2 v0.2.21
[INFO] [stderr]    Compiling chacha20 v0.10.0
[INFO] [stderr]    Compiling reifydb-codec v0.9.3
[INFO] [stderr]    Compiling reifydb-runtime v0.9.3
[INFO] [stderr]    Compiling futures-core v0.3.32
[INFO] [stderr]    Compiling either v1.16.0
[INFO] [stderr]    Compiling slab v0.4.12
[INFO] [stderr]    Compiling foldhash v0.2.0
[INFO] [stderr]    Compiling futures-sink v0.3.32
[INFO] [stderr]    Compiling paste v1.0.15
[INFO] [stderr]    Compiling tagptr v0.2.0
[INFO] [stderr]    Compiling hashbrown v0.15.5
[INFO] [stderr]    Compiling futures-task v0.3.32
[INFO] [stderr]    Compiling hashbrown v0.16.1
[INFO] [stderr]    Compiling reifydb-core v0.9.3
[INFO] [stderr]    Compiling crossbeam-epoch v0.9.18
[INFO] [stderr]    Compiling crossbeam-channel v0.5.15
[INFO] [stderr]    Compiling hashbrown v0.17.1
[INFO] [stderr]    Compiling reifydb-filter v0.9.3
[INFO] [stderr]    Compiling reifydb-sqlite v0.9.3
[INFO] [stderr]    Compiling crossbeam-deque v0.8.6
[INFO] [stderr]    Compiling crossbeam-skiplist v0.1.3
[INFO] [stderr]    Compiling bitflags v2.13.0
[INFO] [stderr]    Compiling fallible-streaming-iterator v0.1.9
[INFO] [stderr]    Compiling fallible-iterator v0.3.0
[INFO] [stderr]    Compiling reifydb-store v0.9.3
[INFO] [stderr]    Compiling reifydb-store-commit v0.9.3
[INFO] [stderr]    Compiling reifydb-store-single v0.9.3
[INFO] [stderr]    Compiling reifydb-store-multi v0.9.3
[INFO] [stderr]    Compiling num-integer v0.1.46
[INFO] [stderr]    Compiling hashlink v0.11.1
[INFO] [stderr]    Compiling reifydb-transaction v0.9.3
[INFO] [stderr]    Compiling reifydb-catalog v0.9.3
[INFO] [stderr]    Compiling rustc-hash v2.1.2
[INFO] [stderr]    Compiling reifydb-routine-abi v0.9.3
[INFO] [stderr]    Compiling jobserver v0.1.34
[INFO] [stderr]    Compiling mio v1.2.1
[INFO] [stderr]    Compiling socket2 v0.6.4
[INFO] [stderr]    Compiling rayon v1.12.0
[INFO] [stderr]    Compiling subtle v2.6.1
[INFO] [stderr]    Compiling reifydb-rql v0.9.3
[INFO] [stderr]    Compiling bumpalo v3.20.3
[INFO] [stderr]    Compiling reifydb-routine v0.9.3 (/opt/rustwide/workdir)
[INFO] [stderr]    Compiling rand v0.10.1
[INFO] [stderr]    Compiling cc v1.2.63
[INFO] [stderr]    Compiling zstd-sys v2.0.16+zstd.1.5.7
[INFO] [stderr]    Compiling libsqlite3-sys v0.37.0
[INFO] [stderr]    Compiling uuid v1.23.2
[INFO] [stderr]    Compiling serde_bytes v0.11.19
[INFO] [stderr]    Compiling indexmap v2.14.0
[INFO] [stderr]    Compiling reifydb-macro-impl v0.9.3
[INFO] [stderr]    Compiling serde_derive v1.0.228
[INFO] [stderr]    Compiling thiserror-impl v2.0.18
[INFO] [stderr]    Compiling tracing-attributes v0.1.31
[INFO] [stderr]    Compiling futures-macro v0.3.32
[INFO] [stderr]    Compiling tokio-macros v2.7.0
[INFO] [stderr]    Compiling reifydb-macro v0.9.3
[INFO] [stderr]    Compiling tokio v1.52.3
[INFO] [stderr]    Compiling futures-util v0.3.32
[INFO] [stderr]    Compiling tracing v0.1.44
[INFO] [stderr]    Compiling thiserror v2.0.18
[INFO] [stderr]    Compiling cobs v0.3.0
[INFO] [stderr]    Compiling zstd v0.13.3
[INFO] [stderr]    Compiling smallvec v1.15.1
[INFO] [stderr]    Compiling num-bigint v0.4.6
[INFO] [stderr]    Compiling parking_lot v0.12.5
[INFO] [stderr]    Compiling dashmap v7.0.0-rc2
[INFO] [stderr]    Compiling moka v0.12.15
[INFO] [stderr]    Compiling postcard v1.1.3
[INFO] [stderr]    Compiling rusqlite v0.39.0
[INFO] [stderr]    Compiling reifydb-rql-graphql v0.9.3
[INFO] [stderr]     Finished `dev` profile [unoptimized + debuginfo] target(s) in 1m 47s
[INFO] running `Command { std: "docker" "inspect" "cca3ad2be8ccb15fab671bc013e008e0d26827373e408d0de1594f9e585e7812", kill_on_drop: false }`
[INFO] running `Command { std: "docker" "exec" "-e" "SOURCE_DIR=/opt/rustwide/workdir" "-e" "CARGO_HOME=/opt/rustwide/cargo-home" "-e" "RUSTUP_HOME=/opt/rustwide/rustup-home" "-e" "CARGO_TARGET_DIR=/opt/rustwide/target" "-e" "CARGO_INCREMENTAL=0" "-e" "RUST_BACKTRACE=full" "-e" "RUSTFLAGS=--cap-lints=warn" "-e" "RUSTDOCFLAGS=--cap-lints=warn" "-w" "/opt/rustwide/workdir" "--user" "0:0" "cca3ad2be8ccb15fab671bc013e008e0d26827373e408d0de1594f9e585e7812" "/opt/rustwide/cargo-home/bin/cargo" "+1.99.0-beta.8" "test" "--frozen" "--no-run" "--message-format=json", kill_on_drop: false }`
[INFO] [stderr]    Compiling reifydb-routine v0.9.3 (/opt/rustwide/workdir)
[INFO] [stdout] error[E0433]: cannot find module or crate `reifydb_test_harness` in this scope
[INFO] [stdout]   --> tests/queue/fifo/concurrency.rs:13:5
[INFO] [stdout]    |
[INFO] [stdout] 13 | use reifydb_test_harness::engine::TestEngine;
[INFO] [stdout]    |     ^^^^^^^^^^^^^^^^^^^^ use of unresolved module or unlinked crate `reifydb_test_harness`
[INFO] [stdout]    |
[INFO] [stdout]    = help: if you wanted to use a crate named `reifydb_test_harness`, use `cargo add reifydb_test_harness` to add it to your `Cargo.toml`
[INFO] [stdout] 
[INFO] [stdout] 
[INFO] [stdout] error[E0433]: cannot find module or crate `reifydb_test_harness` in this scope
[INFO] [stdout]   --> tests/storage_advance.rs:10:5
[INFO] [stdout]    |
[INFO] [stdout] 10 | use reifydb_test_harness::engine::TestEngine;
[INFO] [stdout]    |     ^^^^^^^^^^^^^^^^^^^^ use of unresolved module or unlinked crate `reifydb_test_harness`
[INFO] [stdout]    |
[INFO] [stdout]    = help: if you wanted to use a crate named `reifydb_test_harness`, use `cargo add reifydb_test_harness` to add it to your `Cargo.toml`
[INFO] [stdout] 
[INFO] [stdout] 
[INFO] [stdout] error[E0433]: cannot find module or crate `reifydb_test_harness` in this scope
[INFO] [stdout]  --> tests/identity_attribute_procedures.rs:9:5
[INFO] [stdout]   |
[INFO] [stdout] 9 | use reifydb_test_harness::engine::TestEngine;
[INFO] [stdout]   |     ^^^^^^^^^^^^^^^^^^^^ use of unresolved module or unlinked crate `reifydb_test_harness`
[INFO] [stdout]   |
[INFO] [stdout]   = help: if you wanted to use a crate named `reifydb_test_harness`, use `cargo add reifydb_test_harness` to add it to your `Cargo.toml`
[INFO] [stdout] 
[INFO] [stdout] 
[INFO] [stdout] For more information about this error, try `rustc --explain E0433`.
[INFO] [stdout] 
[INFO] [stderr] error: could not compile `reifydb-routine` (test "queue") due to 1 previous error
[INFO] [stderr] warning: build failed, waiting for other jobs to finish...
[INFO] [stdout] For more information about this error, try `rustc --explain E0433`.
[INFO] [stdout] 
[INFO] [stderr] error: could not compile `reifydb-routine` (test "storage_advance") due to 1 previous error
[INFO] [stdout] For more information about this error, try `rustc --explain E0433`.
[INFO] [stdout] 
[INFO] [stderr] error: could not compile `reifydb-routine` (test "identity_attribute_procedures") due to 1 previous error
[INFO] running `Command { std: "docker" "inspect" "cca3ad2be8ccb15fab671bc013e008e0d26827373e408d0de1594f9e585e7812", kill_on_drop: false }`
[INFO] running `Command { std: "docker" "rm" "-f" "cca3ad2be8ccb15fab671bc013e008e0d26827373e408d0de1594f9e585e7812", kill_on_drop: false }`
[INFO] [stdout] cca3ad2be8ccb15fab671bc013e008e0d26827373e408d0de1594f9e585e7812
