[INFO] fetching crate reifydb-macro 0.9.3...
[INFO] testing reifydb-macro-0.9.3 against 1.100.0-beta.1 for beta-1.100-2
[INFO] extracting crate reifydb-macro 0.9.3 into /workspace/builds/worker-4-tc2/source
[INFO] started tweaking crates.io crate reifydb-macro 0.9.3
[INFO] removed 0 missing tests
[INFO] finished tweaking crates.io crate reifydb-macro 0.9.3
[INFO] tweaked toml for crates.io crate reifydb-macro 0.9.3 written to /workspace/builds/worker-4-tc2/source/Cargo.toml
[INFO] validating manifest of crates.io crate reifydb-macro 0.9.3 on toolchain 1.100.0-beta.1
[INFO] running `Command { std: CARGO_HOME="/workspace/cargo-home" RUSTUP_HOME="/workspace/rustup-home" "/workspace/cargo-home/bin/cargo" "+1.100.0-beta.1" "metadata" "--manifest-path" "Cargo.toml" "--no-deps", kill_on_drop: false }`
[INFO] crate crates.io crate reifydb-macro 0.9.3 already has a lockfile, it will not be regenerated
[INFO] running `Command { std: CARGO_HOME="/workspace/cargo-home" RUSTUP_HOME="/workspace/rustup-home" "/workspace/cargo-home/bin/cargo" "+1.100.0-beta.1" "fetch" "--manifest-path" "Cargo.toml", kill_on_drop: false }`
[INFO] running `Command { std: "docker" "create" "-v" "/var/lib/crater-agent-workspace/builds/worker-4-tc2/source:/opt/rustwide/workdir:ro,Z" "-v" "/var/lib/crater-agent-workspace/builds/worker-4-tc2/target:/opt/rustwide/target:rw,Z" "-v" "/var/lib/crater-agent-workspace/cargo-home:/opt/rustwide/cargo-home:ro,Z" "-v" "/var/lib/crater-agent-workspace/rustup-home:/opt/rustwide/rustup-home:ro,Z" "-m" "1610612736" "--network" "none" "ghcr.io/rust-lang/crates-build-env/linux@sha256:3111399a4047eeb3a02b7a90e478d715f38a8c6669b5c4b49d30a17385265909" "sleep" "infinity", kill_on_drop: false }`
[INFO] [stdout] 07d88988db15af05a0831bb7d9b2e03f54fdd38f46315dff90d48501ec6dd2fc
[INFO] running `Command { std: "docker" "start" "07d88988db15af05a0831bb7d9b2e03f54fdd38f46315dff90d48501ec6dd2fc", kill_on_drop: false }`
[INFO] running `Command { std: "docker" "inspect" "07d88988db15af05a0831bb7d9b2e03f54fdd38f46315dff90d48501ec6dd2fc", kill_on_drop: false }`
[INFO] running `Command { std: "docker" "exec" "-e" "SOURCE_DIR=/opt/rustwide/workdir" "-e" "CARGO_HOME=/opt/rustwide/cargo-home" "-e" "RUSTUP_HOME=/opt/rustwide/rustup-home" "-e" "CARGO_TARGET_DIR=/opt/rustwide/target" "-w" "/opt/rustwide/workdir" "--user" "0:0" "07d88988db15af05a0831bb7d9b2e03f54fdd38f46315dff90d48501ec6dd2fc" "/opt/rustwide/cargo-home/bin/cargo" "+1.100.0-beta.1" "metadata" "--no-deps" "--format-version=1", kill_on_drop: false }`
[INFO] running `Command { std: "docker" "inspect" "07d88988db15af05a0831bb7d9b2e03f54fdd38f46315dff90d48501ec6dd2fc", kill_on_drop: false }`
[INFO] running `Command { std: "docker" "exec" "-e" "SOURCE_DIR=/opt/rustwide/workdir" "-e" "CARGO_HOME=/opt/rustwide/cargo-home" "-e" "RUSTUP_HOME=/opt/rustwide/rustup-home" "-e" "CARGO_TARGET_DIR=/opt/rustwide/target" "-e" "CARGO_INCREMENTAL=0" "-e" "RUST_BACKTRACE=full" "-e" "RUSTFLAGS=--cap-lints=warn" "-e" "RUSTDOCFLAGS=--cap-lints=warn" "-w" "/opt/rustwide/workdir" "--user" "0:0" "07d88988db15af05a0831bb7d9b2e03f54fdd38f46315dff90d48501ec6dd2fc" "/opt/rustwide/cargo-home/bin/cargo" "+1.100.0-beta.1" "build" "--frozen" "--message-format=json", kill_on_drop: false }`
[INFO] [stderr]    Compiling reifydb-macro-impl v0.9.3
[INFO] [stderr]    Compiling reifydb-macro v0.9.3 (/opt/rustwide/workdir)
[INFO] [stderr]     Finished `dev` profile [unoptimized + debuginfo] target(s) in 1.34s
[INFO] running `Command { std: "docker" "inspect" "07d88988db15af05a0831bb7d9b2e03f54fdd38f46315dff90d48501ec6dd2fc", kill_on_drop: false }`
[INFO] running `Command { std: "docker" "exec" "-e" "SOURCE_DIR=/opt/rustwide/workdir" "-e" "CARGO_HOME=/opt/rustwide/cargo-home" "-e" "RUSTUP_HOME=/opt/rustwide/rustup-home" "-e" "CARGO_TARGET_DIR=/opt/rustwide/target" "-e" "CARGO_INCREMENTAL=0" "-e" "RUST_BACKTRACE=full" "-e" "RUSTFLAGS=--cap-lints=warn" "-e" "RUSTDOCFLAGS=--cap-lints=warn" "-w" "/opt/rustwide/workdir" "--user" "0:0" "07d88988db15af05a0831bb7d9b2e03f54fdd38f46315dff90d48501ec6dd2fc" "/opt/rustwide/cargo-home/bin/cargo" "+1.100.0-beta.1" "test" "--frozen" "--no-run" "--message-format=json", kill_on_drop: false }`
[INFO] [stderr]    Compiling proc-macro2 v1.0.106
[INFO] [stderr]    Compiling quote v1.0.45
[INFO] [stderr]    Compiling syn v2.0.117
[INFO] [stderr]    Compiling reifydb-macro-impl v0.9.3
[INFO] [stderr]    Compiling reifydb-macro v0.9.3 (/opt/rustwide/workdir)
[INFO] [stdout] error[E0433]: cannot find module or crate `reifydb_codec` in this scope
[INFO] [stdout]  --> tests/operator_state.rs:6:5
[INFO] [stdout]   |
[INFO] [stdout] 6 | use reifydb_codec::row::operator::state::OperatorState;
[INFO] [stdout]   |     ^^^^^^^^^^^^^ use of unresolved module or unlinked crate `reifydb_codec`
[INFO] [stdout]   |
[INFO] [stdout]   = help: if you wanted to use a crate named `reifydb_codec`, use `cargo add reifydb_codec` to add it to your `Cargo.toml`
[INFO] [stdout] 
[INFO] [stdout] 
[INFO] [stdout] error[E0433]: cannot find `reifydb_codec` in the list of imported crates
[INFO] [stdout]  --> tests/operator_state.rs:9:1
[INFO] [stdout]   |
[INFO] [stdout] 9 | #[operator_state]
[INFO] [stdout]   | ^^^^^^^^^^^^^^^^^ could not find `reifydb_codec` in the list of imported crates
[INFO] [stdout]   |
[INFO] [stdout]   = note: this error originates in the attribute macro `operator_state` (in Nightly builds, run with -Z macro-backtrace for more info)
[INFO] [stdout] 
[INFO] [stdout] 
[INFO] [stdout] error[E0433]: cannot find `reifydb_codec` in the list of imported crates
[INFO] [stdout]   --> tests/operator_state.rs:16:1
[INFO] [stdout]    |
[INFO] [stdout] 16 | #[operator_state]
[INFO] [stdout]    | ^^^^^^^^^^^^^^^^^ could not find `reifydb_codec` in the list of imported crates
[INFO] [stdout]    |
[INFO] [stdout]    = note: this error originates in the attribute macro `operator_state` (in Nightly builds, run with -Z macro-backtrace for more info)
[INFO] [stdout] 
[INFO] [stdout] 
[INFO] [stdout] error[E0433]: cannot find `reifydb_codec` in the list of imported crates
[INFO] [stdout]   --> tests/operator_state.rs:23:1
[INFO] [stdout]    |
[INFO] [stdout] 23 | #[operator_state]
[INFO] [stdout]    | ^^^^^^^^^^^^^^^^^ could not find `reifydb_codec` in the list of imported crates
[INFO] [stdout]    |
[INFO] [stdout]    = note: this error originates in the attribute macro `operator_state` (in Nightly builds, run with -Z macro-backtrace for more info)
[INFO] [stdout] 
[INFO] [stdout] 
[INFO] [stdout] error: cannot find attribute `serde` in this scope
[INFO] [stdout]  --> tests/operator_state.rs:9:1
[INFO] [stdout]   |
[INFO] [stdout] 9 | #[operator_state]
[INFO] [stdout]   | ^^^^^^^^^^^^^^^^^
[INFO] [stdout]   |
[INFO] [stdout]   = note: this error originates in the attribute macro `operator_state` (in Nightly builds, run with -Z macro-backtrace for more info)
[INFO] [stdout] 
[INFO] [stdout] 
[INFO] [stdout] error: cannot find attribute `serde` in this scope
[INFO] [stdout]   --> tests/operator_state.rs:16:1
[INFO] [stdout]    |
[INFO] [stdout] 16 | #[operator_state]
[INFO] [stdout]    | ^^^^^^^^^^^^^^^^^
[INFO] [stdout]    |
[INFO] [stdout]    = note: this error originates in the attribute macro `operator_state` (in Nightly builds, run with -Z macro-backtrace for more info)
[INFO] [stdout] 
[INFO] [stdout] 
[INFO] [stdout] error[E0433]: cannot find module or crate `reifydb_value` in this scope
[INFO] [stdout]  --> tests/common/mod.rs:4:5
[INFO] [stdout]   |
[INFO] [stdout] 4 | use reifydb_value::{
[INFO] [stdout]   |     ^^^^^^^^^^^^^ use of unresolved module or unlinked crate `reifydb_value`
[INFO] [stdout]   |
[INFO] [stdout] help: there is a crate or module with a similar name
[INFO] [stdout]   |
[INFO] [stdout] 4 - use reifydb_value::{
[INFO] [stdout] 4 + use reifydb_macro::{
[INFO] [stdout]   |
[INFO] [stdout] 
[INFO] [stdout] 
[INFO] [stdout] error[E0433]: cannot find module or crate `reifydb_runtime` in this scope
[INFO] [stdout]   --> tests/from_frame.rs:10:5
[INFO] [stdout]    |
[INFO] [stdout] 10 | use reifydb_runtime::context::{
[INFO] [stdout]    |     ^^^^^^^^^^^^^^^ use of unresolved module or unlinked crate `reifydb_runtime`
[INFO] [stdout]    |
[INFO] [stdout]    = help: if you wanted to use a crate named `reifydb_runtime`, use `cargo add reifydb_runtime` to add it to your `Cargo.toml`
[INFO] [stdout] 
[INFO] [stdout] 
[INFO] [stdout] error[E0433]: cannot find module or crate `reifydb_value` in this scope
[INFO] [stdout]   --> tests/from_frame.rs:14:5
[INFO] [stdout]    |
[INFO] [stdout] 14 | use reifydb_value::value::{
[INFO] [stdout]    |     ^^^^^^^^^^^^^ use of unresolved module or unlinked crate `reifydb_value`
[INFO] [stdout]    |
[INFO] [stdout] help: there is a crate or module with a similar name
[INFO] [stdout]    |
[INFO] [stdout] 14 - use reifydb_value::value::{
[INFO] [stdout] 14 + use reifydb_macro::value::{
[INFO] [stdout]    |
[INFO] [stdout] 
[INFO] [stdout] 
[INFO] [stdout] error: cannot find attribute `serde` in this scope
[INFO] [stdout]   --> tests/operator_state.rs:23:1
[INFO] [stdout]    |
[INFO] [stdout] 23 | #[operator_state]
[INFO] [stdout]    | ^^^^^^^^^^^^^^^^^
[INFO] [stdout]    |
[INFO] [stdout]    = note: this error originates in the attribute macro `operator_state` (in Nightly builds, run with -Z macro-backtrace for more info)
[INFO] [stdout] 
[INFO] [stdout] 
[INFO] [stdout] error[E0433]: cannot find `reifydb_value` in the list of imported crates
[INFO] [stdout]   --> tests/from_frame.rs:22:10
[INFO] [stdout]    |
[INFO] [stdout] 22 | #[derive(FromFrame, Debug, PartialEq, Clone)]
[INFO] [stdout]    |          ^^^^^^^^^ could not find `reifydb_value` in the list of imported crates
[INFO] [stdout]    |
[INFO] [stdout]    = note: this error originates in the derive macro `FromFrame` (in Nightly builds, run with -Z macro-backtrace for more info)
[INFO] [stdout] 
[INFO] [stdout] 
[INFO] [stdout] error[E0433]: cannot find `reifydb_value` in the list of imported crates
[INFO] [stdout]   --> tests/from_frame.rs:83:10
[INFO] [stdout]    |
[INFO] [stdout] 83 | #[derive(FromFrame, Debug, PartialEq, Clone)]
[INFO] [stdout]    |          ^^^^^^^^^ could not find `reifydb_value` in the list of imported crates
[INFO] [stdout]    |
[INFO] [stdout]    = note: this error originates in the derive macro `FromFrame` (in Nightly builds, run with -Z macro-backtrace for more info)
[INFO] [stdout] 
[INFO] [stdout] 
[INFO] [stdout] For more information about this error, try `rustc --explain E0433`.
[INFO] [stdout] 
[INFO] [stderr] error: could not compile `reifydb-macro` (test "operator_state") due to 7 previous errors
[INFO] [stderr] warning: build failed, waiting for other jobs to finish...
[INFO] [stdout] error[E0433]: cannot find `reifydb_value` in the list of imported crates
[INFO] [stdout]    --> tests/from_frame.rs:123:10
[INFO] [stdout]     |
[INFO] [stdout] 123 | #[derive(FromFrame, Debug, PartialEq, Clone)]
[INFO] [stdout]     |          ^^^^^^^^^ could not find `reifydb_value` in the list of imported crates
[INFO] [stdout]     |
[INFO] [stdout]     = note: this error originates in the derive macro `FromFrame` (in Nightly builds, run with -Z macro-backtrace for more info)
[INFO] [stdout] 
[INFO] [stdout] 
[INFO] [stdout] error[E0433]: cannot find `reifydb_value` in the list of imported crates
[INFO] [stdout]    --> tests/from_frame.rs:147:10
[INFO] [stdout]     |
[INFO] [stdout] 147 | #[derive(FromFrame, Debug, PartialEq, Clone)]
[INFO] [stdout]     |          ^^^^^^^^^ could not find `reifydb_value` in the list of imported crates
[INFO] [stdout]     |
[INFO] [stdout]     = note: this error originates in the derive macro `FromFrame` (in Nightly builds, run with -Z macro-backtrace for more info)
[INFO] [stdout] 
[INFO] [stdout] 
[INFO] [stdout] error[E0433]: cannot find `reifydb_value` in the list of imported crates
[INFO] [stdout]    --> tests/from_frame.rs:187:10
[INFO] [stdout]     |
[INFO] [stdout] 187 | #[derive(FromFrame, Debug, PartialEq, Clone)]
[INFO] [stdout]     |          ^^^^^^^^^ could not find `reifydb_value` in the list of imported crates
[INFO] [stdout]     |
[INFO] [stdout]     = note: this error originates in the derive macro `FromFrame` (in Nightly builds, run with -Z macro-backtrace for more info)
[INFO] [stdout] 
[INFO] [stdout] 
[INFO] [stdout] error[E0433]: cannot find `reifydb_value` in the list of imported crates
[INFO] [stdout]    --> tests/from_frame.rs:209:10
[INFO] [stdout]     |
[INFO] [stdout] 209 | #[derive(FromFrame, Debug, PartialEq, Clone)]
[INFO] [stdout]     |          ^^^^^^^^^ could not find `reifydb_value` in the list of imported crates
[INFO] [stdout]     |
[INFO] [stdout]     = note: this error originates in the derive macro `FromFrame` (in Nightly builds, run with -Z macro-backtrace for more info)
[INFO] [stdout] 
[INFO] [stdout] 
[INFO] [stdout] error[E0433]: cannot find `reifydb_value` in the list of imported crates
[INFO] [stdout]    --> tests/from_frame.rs:270:10
[INFO] [stdout]     |
[INFO] [stdout] 270 | #[derive(FromFrame, Debug, PartialEq, Clone)]
[INFO] [stdout]     |          ^^^^^^^^^ could not find `reifydb_value` in the list of imported crates
[INFO] [stdout]     |
[INFO] [stdout]     = note: this error originates in the derive macro `FromFrame` (in Nightly builds, run with -Z macro-backtrace for more info)
[INFO] [stdout] 
[INFO] [stdout] 
[INFO] [stdout] error[E0433]: cannot find `reifydb_value` in the list of imported crates
[INFO] [stdout]    --> tests/from_frame.rs:311:10
[INFO] [stdout]     |
[INFO] [stdout] 311 | #[derive(FromFrame, Debug, PartialEq, Clone)]
[INFO] [stdout]     |          ^^^^^^^^^ could not find `reifydb_value` in the list of imported crates
[INFO] [stdout]     |
[INFO] [stdout]     = note: this error originates in the derive macro `FromFrame` (in Nightly builds, run with -Z macro-backtrace for more info)
[INFO] [stdout] 
[INFO] [stdout] 
[INFO] [stdout] error[E0433]: cannot find `reifydb_value` in the list of imported crates
[INFO] [stdout]    --> tests/from_frame.rs:351:10
[INFO] [stdout]     |
[INFO] [stdout] 351 | #[derive(FromFrame, Debug, PartialEq, Clone)]
[INFO] [stdout]     |          ^^^^^^^^^ could not find `reifydb_value` in the list of imported crates
[INFO] [stdout]     |
[INFO] [stdout]     = note: this error originates in the derive macro `FromFrame` (in Nightly builds, run with -Z macro-backtrace for more info)
[INFO] [stdout] 
[INFO] [stdout] 
[INFO] [stdout] error[E0433]: cannot find `reifydb_value` in the list of imported crates
[INFO] [stdout]    --> tests/from_frame.rs:369:10
[INFO] [stdout]     |
[INFO] [stdout] 369 | #[derive(FromFrame, Debug, PartialEq, Clone)]
[INFO] [stdout]     |          ^^^^^^^^^ could not find `reifydb_value` in the list of imported crates
[INFO] [stdout]     |
[INFO] [stdout]     = note: this error originates in the derive macro `FromFrame` (in Nightly builds, run with -Z macro-backtrace for more info)
[INFO] [stdout] 
[INFO] [stdout] 
[INFO] [stdout] error[E0433]: cannot find `reifydb_value` in the list of imported crates
[INFO] [stdout]    --> tests/from_frame.rs:389:10
[INFO] [stdout]     |
[INFO] [stdout] 389 | #[derive(FromFrame, Debug, PartialEq, Clone)]
[INFO] [stdout]     |          ^^^^^^^^^ could not find `reifydb_value` in the list of imported crates
[INFO] [stdout]     |
[INFO] [stdout]     = note: this error originates in the derive macro `FromFrame` (in Nightly builds, run with -Z macro-backtrace for more info)
[INFO] [stdout] 
[INFO] [stdout] 
[INFO] [stdout] error[E0433]: cannot find `reifydb_value` in the list of imported crates
[INFO] [stdout]    --> tests/from_frame.rs:407:10
[INFO] [stdout]     |
[INFO] [stdout] 407 | #[derive(FromFrame, Debug, PartialEq, Clone)]
[INFO] [stdout]     |          ^^^^^^^^^ could not find `reifydb_value` in the list of imported crates
[INFO] [stdout]     |
[INFO] [stdout]     = note: this error originates in the derive macro `FromFrame` (in Nightly builds, run with -Z macro-backtrace for more info)
[INFO] [stdout] 
[INFO] [stdout] 
[INFO] [stdout] error[E0433]: cannot find `reifydb_value` in the list of imported crates
[INFO] [stdout]    --> tests/from_frame.rs:448:10
[INFO] [stdout]     |
[INFO] [stdout] 448 | #[derive(FromFrame, Debug, PartialEq, Clone)]
[INFO] [stdout]     |          ^^^^^^^^^ could not find `reifydb_value` in the list of imported crates
[INFO] [stdout]     |
[INFO] [stdout]     = note: this error originates in the derive macro `FromFrame` (in Nightly builds, run with -Z macro-backtrace for more info)
[INFO] [stdout] 
[INFO] [stdout] 
[INFO] [stdout] error[E0433]: cannot find `reifydb_value` in the list of imported crates
[INFO] [stdout]    --> tests/from_frame.rs:474:10
[INFO] [stdout]     |
[INFO] [stdout] 474 | #[derive(FromFrame, Debug, Clone)]
[INFO] [stdout]     |          ^^^^^^^^^ could not find `reifydb_value` in the list of imported crates
[INFO] [stdout]     |
[INFO] [stdout]     = note: this error originates in the derive macro `FromFrame` (in Nightly builds, run with -Z macro-backtrace for more info)
[INFO] [stdout] 
[INFO] [stdout] 
[INFO] [stdout] error[E0433]: cannot find `reifydb_value` in the list of imported crates
[INFO] [stdout]    --> tests/from_frame.rs:518:10
[INFO] [stdout]     |
[INFO] [stdout] 518 | #[derive(FromFrame, Debug, Clone)]
[INFO] [stdout]     |          ^^^^^^^^^ could not find `reifydb_value` in the list of imported crates
[INFO] [stdout]     |
[INFO] [stdout]     = note: this error originates in the derive macro `FromFrame` (in Nightly builds, run with -Z macro-backtrace for more info)
[INFO] [stdout] 
[INFO] [stdout] 
[INFO] [stdout] error[E0433]: cannot find `reifydb_value` in the list of imported crates
[INFO] [stdout]    --> tests/from_frame.rs:535:10
[INFO] [stdout]     |
[INFO] [stdout] 535 | #[derive(FromFrame, Debug, PartialEq, Clone)]
[INFO] [stdout]     |          ^^^^^^^^^ could not find `reifydb_value` in the list of imported crates
[INFO] [stdout]     |
[INFO] [stdout]     = note: this error originates in the derive macro `FromFrame` (in Nightly builds, run with -Z macro-backtrace for more info)
[INFO] [stdout] 
[INFO] [stdout] 
[INFO] [stdout] error[E0433]: cannot find `reifydb_value` in the list of imported crates
[INFO] [stdout]    --> tests/from_frame.rs:553:10
[INFO] [stdout]     |
[INFO] [stdout] 553 | #[derive(FromFrame, Debug, PartialEq, Clone)]
[INFO] [stdout]     |          ^^^^^^^^^ could not find `reifydb_value` in the list of imported crates
[INFO] [stdout]     |
[INFO] [stdout]     = note: this error originates in the derive macro `FromFrame` (in Nightly builds, run with -Z macro-backtrace for more info)
[INFO] [stdout] 
[INFO] [stdout] 
[INFO] [stdout] error[E0433]: cannot find `reifydb_value` in the list of imported crates
[INFO] [stdout]    --> tests/from_frame.rs:571:10
[INFO] [stdout]     |
[INFO] [stdout] 571 | #[derive(FromFrame, Debug, PartialEq, Clone)]
[INFO] [stdout]     |          ^^^^^^^^^ could not find `reifydb_value` in the list of imported crates
[INFO] [stdout]     |
[INFO] [stdout]     = note: this error originates in the derive macro `FromFrame` (in Nightly builds, run with -Z macro-backtrace for more info)
[INFO] [stdout] 
[INFO] [stdout] 
[INFO] [stdout] error[E0433]: cannot find `reifydb_value` in the list of imported crates
[INFO] [stdout]    --> tests/from_frame.rs:589:10
[INFO] [stdout]     |
[INFO] [stdout] 589 | #[derive(FromFrame, Debug, Clone)]
[INFO] [stdout]     |          ^^^^^^^^^ could not find `reifydb_value` in the list of imported crates
[INFO] [stdout]     |
[INFO] [stdout]     = note: this error originates in the derive macro `FromFrame` (in Nightly builds, run with -Z macro-backtrace for more info)
[INFO] [stdout] 
[INFO] [stdout] 
[INFO] [stdout] error[E0433]: cannot find `reifydb_value` in the list of imported crates
[INFO] [stdout]    --> tests/from_frame.rs:607:10
[INFO] [stdout]     |
[INFO] [stdout] 607 | #[derive(FromFrame, Debug, Clone)]
[INFO] [stdout]     |          ^^^^^^^^^ could not find `reifydb_value` in the list of imported crates
[INFO] [stdout]     |
[INFO] [stdout]     = note: this error originates in the derive macro `FromFrame` (in Nightly builds, run with -Z macro-backtrace for more info)
[INFO] [stdout] 
[INFO] [stdout] 
[INFO] [stdout] error[E0433]: cannot find `reifydb_value` in the list of imported crates
[INFO] [stdout]    --> tests/from_frame.rs:628:10
[INFO] [stdout]     |
[INFO] [stdout] 628 | #[derive(FromFrame, Debug, Clone, PartialEq)]
[INFO] [stdout]     |          ^^^^^^^^^ could not find `reifydb_value` in the list of imported crates
[INFO] [stdout]     |
[INFO] [stdout]     = note: this error originates in the derive macro `FromFrame` (in Nightly builds, run with -Z macro-backtrace for more info)
[INFO] [stdout] 
[INFO] [stdout] 
[INFO] [stdout] For more information about this error, try `rustc --explain E0433`.
[INFO] [stdout] 
[INFO] [stderr] error: could not compile `reifydb-macro` (test "from_frame") due to 24 previous errors
[INFO] running `Command { std: "docker" "inspect" "07d88988db15af05a0831bb7d9b2e03f54fdd38f46315dff90d48501ec6dd2fc", kill_on_drop: false }`
[INFO] running `Command { std: "docker" "rm" "-f" "07d88988db15af05a0831bb7d9b2e03f54fdd38f46315dff90d48501ec6dd2fc", kill_on_drop: false }`
[INFO] [stdout] 07d88988db15af05a0831bb7d9b2e03f54fdd38f46315dff90d48501ec6dd2fc
