[INFO] fetching crate region_local 1.0.40...
[INFO] testing region_local-1.0.40 against 1.100.0-beta.1 for beta-1.100-2
[INFO] extracting crate region_local 1.0.40 into /workspace/builds/worker-5-tc2/source
[INFO] started tweaking crates.io crate region_local 1.0.40
[INFO] finished tweaking crates.io crate region_local 1.0.40
[INFO] tweaked toml for crates.io crate region_local 1.0.40 written to /workspace/builds/worker-5-tc2/source/Cargo.toml
[INFO] validating manifest of crates.io crate region_local 1.0.40 on toolchain 1.100.0-beta.1
[INFO] running `Command { std: CARGO_HOME="/workspace/cargo-home" RUSTUP_HOME="/workspace/rustup-home" "/workspace/cargo-home/bin/cargo" "+1.100.0-beta.1" "metadata" "--manifest-path" "Cargo.toml" "--no-deps", kill_on_drop: false }`
[INFO] crate crates.io crate region_local 1.0.40 already has a lockfile, it will not be regenerated
[INFO] running `Command { std: CARGO_HOME="/workspace/cargo-home" RUSTUP_HOME="/workspace/rustup-home" "/workspace/cargo-home/bin/cargo" "+1.100.0-beta.1" "fetch" "--manifest-path" "Cargo.toml", kill_on_drop: false }`
[INFO] running `Command { std: "docker" "create" "-v" "/var/lib/crater-agent-workspace/builds/worker-5-tc2/source:/opt/rustwide/workdir:ro,Z" "-v" "/var/lib/crater-agent-workspace/builds/worker-5-tc2/target:/opt/rustwide/target:rw,Z" "-v" "/var/lib/crater-agent-workspace/cargo-home:/opt/rustwide/cargo-home:ro,Z" "-v" "/var/lib/crater-agent-workspace/rustup-home:/opt/rustwide/rustup-home:ro,Z" "-m" "1610612736" "--network" "none" "ghcr.io/rust-lang/crates-build-env/linux@sha256:3111399a4047eeb3a02b7a90e478d715f38a8c6669b5c4b49d30a17385265909" "sleep" "infinity", kill_on_drop: false }`
[INFO] [stdout] 10eb706484efb84502f88e7b401a3d7ed0bdfe9d72240a895c818fa7d4187b65
[INFO] running `Command { std: "docker" "start" "10eb706484efb84502f88e7b401a3d7ed0bdfe9d72240a895c818fa7d4187b65", kill_on_drop: false }`
[INFO] running `Command { std: "docker" "inspect" "10eb706484efb84502f88e7b401a3d7ed0bdfe9d72240a895c818fa7d4187b65", kill_on_drop: false }`
[INFO] running `Command { std: "docker" "exec" "-e" "SOURCE_DIR=/opt/rustwide/workdir" "-e" "CARGO_HOME=/opt/rustwide/cargo-home" "-e" "RUSTUP_HOME=/opt/rustwide/rustup-home" "-e" "CARGO_TARGET_DIR=/opt/rustwide/target" "-w" "/opt/rustwide/workdir" "--user" "0:0" "10eb706484efb84502f88e7b401a3d7ed0bdfe9d72240a895c818fa7d4187b65" "/opt/rustwide/cargo-home/bin/cargo" "+1.100.0-beta.1" "metadata" "--no-deps" "--format-version=1", kill_on_drop: false }`
[INFO] running `Command { std: "docker" "inspect" "10eb706484efb84502f88e7b401a3d7ed0bdfe9d72240a895c818fa7d4187b65", kill_on_drop: false }`
[INFO] running `Command { std: "docker" "exec" "-e" "SOURCE_DIR=/opt/rustwide/workdir" "-e" "CARGO_HOME=/opt/rustwide/cargo-home" "-e" "RUSTUP_HOME=/opt/rustwide/rustup-home" "-e" "CARGO_TARGET_DIR=/opt/rustwide/target" "-e" "CARGO_INCREMENTAL=0" "-e" "RUST_BACKTRACE=full" "-e" "RUSTFLAGS=--cap-lints=warn" "-e" "RUSTDOCFLAGS=--cap-lints=warn" "-w" "/opt/rustwide/workdir" "--user" "0:0" "10eb706484efb84502f88e7b401a3d7ed0bdfe9d72240a895c818fa7d4187b65" "/opt/rustwide/cargo-home/bin/cargo" "+1.100.0-beta.1" "build" "--frozen" "--message-format=json", kill_on_drop: false }`
[INFO] [stderr]    Compiling syn v3.0.5
[INFO] [stderr]    Compiling typeid v1.0.3
[INFO] [stderr]    Compiling unicode-segmentation v1.13.3
[INFO] [stderr]    Compiling syn v2.0.119
[INFO] [stderr]    Compiling smallvec v1.16.0
[INFO] [stderr]    Compiling chacha20 v0.10.2
[INFO] [stderr]    Compiling itertools v0.15.0
[INFO] [stderr]    Compiling new_zealand v1.0.11
[INFO] [stderr]    Compiling foldhash v0.2.0
[INFO] [stderr]    Compiling nonempty v0.12.0
[INFO] [stderr]    Compiling rand v0.10.2
[INFO] [stderr]    Compiling parking_lot_core v0.9.12
[INFO] [stderr]    Compiling simple-mermaid v0.2.0
[INFO] [stderr]    Compiling pastey v0.2.3
[INFO] [stderr]    Compiling arc-swap v1.9.2
[INFO] [stderr]    Compiling convert_case v0.10.0
[INFO] [stderr]    Compiling rsevents v0.3.1
[INFO] [stderr]    Compiling derive_more-impl v2.1.1
[INFO] [stderr]    Compiling ohno_macros_impl v0.5.1
[INFO] [stderr]    Compiling linked_macros_impl v1.0.26
[INFO] [stderr]    Compiling linked_macros v1.0.26
[INFO] [stderr]    Compiling ohno_macros v0.5.0
[INFO] [stderr]    Compiling linked v1.0.26
[INFO] [stderr]    Compiling ohno v0.5.0
[INFO] [stderr]    Compiling derive_more v2.1.1
[INFO] [stderr]    Compiling cpulist v1.1.11
[INFO] [stderr]    Compiling many_cpus_impl v2.4.23
[INFO] [stderr]    Compiling many_cpus v2.4.23
[INFO] [stderr]    Compiling region_local v1.0.40 (/opt/rustwide/workdir)
[INFO] [stderr]     Finished `dev` profile [unoptimized + debuginfo] target(s) in 18.52s
[INFO] running `Command { std: "docker" "inspect" "10eb706484efb84502f88e7b401a3d7ed0bdfe9d72240a895c818fa7d4187b65", kill_on_drop: false }`
[INFO] running `Command { std: "docker" "exec" "-e" "SOURCE_DIR=/opt/rustwide/workdir" "-e" "CARGO_HOME=/opt/rustwide/cargo-home" "-e" "RUSTUP_HOME=/opt/rustwide/rustup-home" "-e" "CARGO_TARGET_DIR=/opt/rustwide/target" "-e" "CARGO_INCREMENTAL=0" "-e" "RUST_BACKTRACE=full" "-e" "RUSTFLAGS=--cap-lints=warn" "-e" "RUSTDOCFLAGS=--cap-lints=warn" "-w" "/opt/rustwide/workdir" "--user" "0:0" "10eb706484efb84502f88e7b401a3d7ed0bdfe9d72240a895c818fa7d4187b65" "/opt/rustwide/cargo-home/bin/cargo" "+1.100.0-beta.1" "test" "--frozen" "--no-run" "--message-format=json", kill_on_drop: false }`
[INFO] [stderr]    Compiling syn v3.0.5
[INFO] [stderr]    Compiling syn v2.0.119
[INFO] [stderr]    Compiling serde_core v1.0.229
[INFO] [stderr]    Compiling serde v1.0.229
[INFO] [stderr]    Compiling smallvec v1.16.0
[INFO] [stderr]    Compiling zerocopy v0.8.57
[INFO] [stderr]    Compiling mio v1.2.3
[INFO] [stderr]    Compiling find-msvc-tools v0.1.12
[INFO] [stderr]    Compiling num-traits v0.2.19
[INFO] [stderr]    Compiling gungraun-macros v0.9.1
[INFO] [stderr]    Compiling futures-channel v0.3.34
[INFO] [stderr]    Compiling proc-macro-error-attr3 v3.1.1
[INFO] [stderr]    Compiling cc v1.4.5
[INFO] [stderr]    Compiling ciborium-io v0.2.2
[INFO] [stderr]    Compiling slab v0.4.12
[INFO] [stderr]    Compiling bincode-next v3.1.1
[INFO] [stderr]    Compiling futures-task v0.3.34
[INFO] [stderr]    Compiling memchr v2.8.3
[INFO] [stderr]    Compiling futures-util v0.3.34
[INFO] [stderr]    Compiling clap_builder v4.6.6
[INFO] [stderr]    Compiling regex-automata v0.4.18
[INFO] [stderr]    Compiling alloca v0.4.0
[INFO] [stderr]    Compiling parking_lot_core v0.9.12
[INFO] [stderr]    Compiling rapidhash v4.5.1
[INFO] [stderr]    Compiling itertools v0.13.0
[INFO] [stderr]    Compiling serde_json v1.0.151
[INFO] [stderr]    Compiling cast v0.3.0
[INFO] [stderr]    Compiling gungraun v0.19.4
[INFO] [stderr]    Compiling unty-next v0.1.2
[INFO] [stderr]    Compiling ohno_macros_impl v0.5.1
[INFO] [stderr]    Compiling linked_macros_impl v1.0.26
[INFO] [stderr]    Compiling proc-macro-error3 v3.1.1
[INFO] [stderr]    Compiling criterion-plot v0.8.2
[INFO] [stderr]    Compiling axum-core v0.5.6
[INFO] [stderr]    Compiling regex v1.13.1
[INFO] [stderr]    Compiling clap v4.6.6
[INFO] [stderr]    Compiling rsevents v0.3.1
[INFO] [stderr]    Compiling page_size v0.6.0
[INFO] [stderr]    Compiling anes v0.1.6
[INFO] [stderr]    Compiling oorandom v11.1.5
[INFO] [stderr]    Compiling matchit v0.8.4
[INFO] [stderr]    Compiling mutants v0.0.4
[INFO] [stderr]    Compiling serde_derive v1.0.229
[INFO] [stderr]    Compiling ohno_macros v0.5.0
[INFO] [stderr]    Compiling tokio-macros v2.7.2
[INFO] [stderr]    Compiling linked_macros v1.0.26
[INFO] [stderr]    Compiling ohno v0.5.0
[INFO] [stderr]    Compiling linked v1.0.26
[INFO] [stderr]    Compiling derive_more-impl v2.1.1
[INFO] [stderr]    Compiling zerocopy-derive v0.8.57
[INFO] [stderr]    Compiling cpulist v1.1.11
[INFO] [stderr]    Compiling tokio v1.53.1
[INFO] [stderr]    Compiling derive_more v2.1.1
[INFO] [stderr]    Compiling many_cpus_impl v2.4.23
[INFO] [stderr]    Compiling many_cpus v2.4.23
[INFO] [stderr]    Compiling region_local v1.0.40 (/opt/rustwide/workdir)
[INFO] [stderr]    Compiling either-or-both v0.3.1
[INFO] [stderr]    Compiling tinytemplate v1.2.1
[INFO] [stderr]    Compiling gungraun-runner v0.19.4
[INFO] [stderr]    Compiling hyper v1.11.1
[INFO] [stderr]    Compiling tower v0.5.3
[INFO] [stderr]    Compiling hyper-util v0.1.20
[INFO] [stderr]    Compiling axum v0.8.9
[INFO] [stderr]    Compiling half v2.7.1
[INFO] [stderr]    Compiling ciborium-ll v0.2.2
[INFO] [stderr]    Compiling ciborium v0.2.2
[INFO] [stderr]    Compiling criterion v0.8.2
[INFO] [stdout] error[E0432]: unresolved import `many_cpus::fake`
[INFO] [stdout]    --> src/region_local.rs:461:20
[INFO] [stdout]     |
[INFO] [stdout] 461 |     use many_cpus::fake::{HardwareBuilder, ProcessorBuilder};
[INFO] [stdout]     |                    ^^^^ could not find `fake` in `many_cpus`
[INFO] [stdout]     |
[INFO] [stdout] note: found an item that was configured out
[INFO] [stdout]    --> /opt/rustwide/cargo-home/registry/src/index.crates.io-1949cf8c6b5b557f/many_cpus-2.4.23/src/lib.rs:338:25
[INFO] [stdout]     |
[INFO] [stdout] 337 | #[cfg(any(test, feature = "test-util"))]
[INFO] [stdout]     |          ----------------------------- the item is gated here
[INFO] [stdout] 338 | pub use many_cpus_impl::fake;
[INFO] [stdout]     |                         ^^^^
[INFO] [stdout] 
[INFO] [stdout] 
[INFO] [stdout] error[E0432]: unresolved import `testing`
[INFO] [stdout]    --> src/region_local.rs:463:9
[INFO] [stdout]     |
[INFO] [stdout] 463 |     use testing::{assert_panics, with_watchdog};
[INFO] [stdout]     |         ^^^^^^^ use of unresolved module or unlinked crate `testing`
[INFO] [stdout]     |
[INFO] [stdout]     = help: if you wanted to use a crate named `testing`, use `cargo add testing` to add it to your `Cargo.toml`
[INFO] [stdout] 
[INFO] [stdout] 
[INFO] [stdout] error[E0433]: cannot find `testing` in the list of imported crates
[INFO] [stdout]    --> src/lib.rs:192:3
[INFO] [stdout]     |
[INFO] [stdout] 192 | ::testing::set_allocator!();
[INFO] [stdout]     |   ^^^^^^^ could not find `testing` in the list of imported crates
[INFO] [stdout] 
[INFO] [stdout] 
[INFO] [stdout] error[E0599]: no associated function or constant named `fake` found for struct `many_cpus::SystemHardware` in the current scope
[INFO] [stdout]    --> src/region_local.rs:473:25
[INFO] [stdout]     |
[INFO] [stdout] 473 |         SystemHardware::fake(
[INFO] [stdout]     |                         ^^^^ associated function or constant not found in `many_cpus::SystemHardware`
[INFO] [stdout] 
[INFO] [stdout] 
[INFO] [stdout] error[E0599]: no associated function or constant named `fake` found for struct `many_cpus::SystemHardware` in the current scope
[INFO] [stdout]    --> src/region_local.rs:720:44
[INFO] [stdout]     |
[INFO] [stdout] 720 |             let hardware = SystemHardware::fake(
[INFO] [stdout]     |                                            ^^^^ associated function or constant not found in `many_cpus::SystemHardware`
[INFO] [stdout] 
[INFO] [stdout] 
[INFO] [stdout] Some errors have detailed explanations: E0432, E0433, E0599.
[INFO] [stdout] 
[INFO] [stdout] For more information about an error, try `rustc --explain E0432`.
[INFO] [stdout] 
[INFO] [stderr] error: could not compile `region_local` (lib test) due to 5 previous errors
[INFO] running `Command { std: "docker" "inspect" "10eb706484efb84502f88e7b401a3d7ed0bdfe9d72240a895c818fa7d4187b65", kill_on_drop: false }`
[INFO] running `Command { std: "docker" "rm" "-f" "10eb706484efb84502f88e7b401a3d7ed0bdfe9d72240a895c818fa7d4187b65", kill_on_drop: false }`
[INFO] [stdout] 10eb706484efb84502f88e7b401a3d7ed0bdfe9d72240a895c818fa7d4187b65
