[INFO] fetching crate redisctl 0.12.1...
[INFO] testing redisctl-0.12.1 against 1.99.0-beta.8 for beta-1.100-2
[INFO] extracting crate redisctl 0.12.1 into /workspace/builds/worker-7-tc1/source
[INFO] started tweaking crates.io crate redisctl 0.12.1
[INFO] removed 0 missing tests
[INFO] finished tweaking crates.io crate redisctl 0.12.1
[INFO] tweaked toml for crates.io crate redisctl 0.12.1 written to /workspace/builds/worker-7-tc1/source/Cargo.toml
[INFO] validating manifest of crates.io crate redisctl 0.12.1 on toolchain 1.99.0-beta.8
[INFO] running `Command { std: CARGO_HOME="/workspace/cargo-home" RUSTUP_HOME="/workspace/rustup-home" "/workspace/cargo-home/bin/cargo" "+1.99.0-beta.8" "metadata" "--manifest-path" "Cargo.toml" "--no-deps", kill_on_drop: false }`
[INFO] crate crates.io crate redisctl 0.12.1 already has a lockfile, it will not be regenerated
[INFO] running `Command { std: CARGO_HOME="/workspace/cargo-home" RUSTUP_HOME="/workspace/rustup-home" "/workspace/cargo-home/bin/cargo" "+1.99.0-beta.8" "fetch" "--manifest-path" "Cargo.toml", kill_on_drop: false }`
[INFO] [stderr]     Updating crates.io index
[INFO] [stderr]  Downloading crates ...
[INFO] [stderr]   Downloaded wasm-bindgen-shared v0.2.104
[INFO] [stderr]   Downloaded wasm-bindgen v0.2.104
[INFO] [stderr]   Downloaded wasm-bindgen-macro v0.2.104
[INFO] [stderr]   Downloaded ulid v1.2.1
[INFO] [stderr]   Downloaded cfg-if v1.0.3
[INFO] [stderr]   Downloaded crc v3.4.0
[INFO] [stderr]   Downloaded rtoolbox v0.0.3
[INFO] [stderr]   Downloaded wasm-bindgen-futures v0.4.54
[INFO] [stderr]   Downloaded tower-resilience-core v0.2.1
[INFO] [stderr]   Downloaded libredox v0.1.10
[INFO] [stderr]   Downloaded pbkdf2 v0.12.2
[INFO] [stderr]   Downloaded deflate64 v0.1.10
[INFO] [stderr]   Downloaded potential_utf v0.1.3
[INFO] [stderr]   Downloaded deadpool-runtime v0.1.4
[INFO] [stderr]   Downloaded urlencoding v2.1.3
[INFO] [stderr]   Downloaded tower-resilience v0.1.1
[INFO] [stderr]   Downloaded terminal_size v0.4.3
[INFO] [stderr]   Downloaded testing_table v0.3.0
[INFO] [stderr]   Downloaded anstyle-query v1.1.4
[INFO] [stderr]   Downloaded predicates v3.1.3
[INFO] [stderr]   Downloaded predicates-core v1.0.9
[INFO] [stderr]   Downloaded crc-catalog v2.4.0
[INFO] [stderr]   Downloaded tracing-serde v0.2.0
[INFO] [stderr]   Downloaded crc16 v0.4.0
[INFO] [stderr]   Downloaded serde_spanned v1.0.2
[INFO] [stderr]   Downloaded anstyle-wincon v3.0.10
[INFO] [stderr]   Downloaded stop-words v0.9.0
[INFO] [stderr]   Downloaded unit-prefix v0.5.2
[INFO] [stderr]   Downloaded derive_arbitrary v1.4.2
[INFO] [stderr]   Downloaded env_home v0.1.0
[INFO] [stderr]   Downloaded tower-resilience-retry v0.2.1
[INFO] [stderr]   Downloaded tower-resilience-ratelimiter v0.2.1
[INFO] [stderr]   Downloaded tabled_derive v0.11.0
[INFO] [stderr]   Downloaded serial_test v3.5.0
[INFO] [stderr]   Downloaded cast v0.3.0
[INFO] [stderr]   Downloaded serial_test_derive v3.5.0
[INFO] [stderr]   Downloaded typed-builder-macro v0.20.1
[INFO] [stderr]   Downloaded normalize-line-endings v0.3.0
[INFO] [stderr]   Downloaded errno v0.2.8
[INFO] [stderr]   Downloaded logos-derive v0.15.1
[INFO] [stderr]   Downloaded beef v0.5.2
[INFO] [stderr]   Downloaded plotters-backend v0.3.7
[INFO] [stderr]   Downloaded wasm-bindgen-backend v0.2.104
[INFO] [stderr]   Downloaded wasi v0.14.7+wasi-0.2.4
[INFO] [stderr]   Downloaded bzip2 v0.6.1
[INFO] [stderr]   Downloaded tracing-attributes v0.1.30
[INFO] [stderr]   Downloaded which v7.0.3
[INFO] [stderr]   Downloaded tower-resilience-circuitbreaker v0.2.1
[INFO] [stderr]   Downloaded tokio-stream v0.1.17
[INFO] [stderr]   Downloaded filetime v0.2.26
[INFO] [stderr]   Downloaded ansitok v0.3.0
[INFO] [stderr]   Downloaded ansi-str v0.9.0
[INFO] [stderr]   Downloaded toml_writer v1.0.6+spec-1.1.0
[INFO] [stderr]   Downloaded toml_datetime v0.7.2
[INFO] [stderr]   Downloaded shellexpand v3.1.1
[INFO] [stderr]   Downloaded redox_users v0.5.2
[INFO] [stderr]   Downloaded typed-builder v0.20.1
[INFO] [stderr]   Downloaded linux-keyutils v0.2.4
[INFO] [stderr]   Downloaded directories v6.0.0
[INFO] [stderr]   Downloaded anstream v0.6.21
[INFO] [stderr]   Downloaded rustls-pemfile v2.2.0
[INFO] [stderr]   Downloaded rustls-native-certs v0.7.3
[INFO] [stderr]   Downloaded difflib v0.4.0
[INFO] [stderr]   Downloaded md-5 v0.10.6
[INFO] [stderr]   Downloaded geoutils v0.5.1
[INFO] [stderr]   Downloaded shell-words v1.1.0
[INFO] [stderr]   Downloaded plotters-svg v0.3.7
[INFO] [stderr]   Downloaded is-terminal v0.4.16
[INFO] [stderr]   Downloaded ciborium-ll v0.2.2
[INFO] [stderr]   Downloaded ciborium-io v0.2.2
[INFO] [stderr]   Downloaded anes v0.1.6
[INFO] [stderr]   Downloaded rust-ini v0.21.3
[INFO] [stderr]   Downloaded clap_complete v4.5.58
[INFO] [stderr]   Downloaded predicates-tree v1.0.12
[INFO] [stderr]   Downloaded doc-comment v0.3.3
[INFO] [stderr]   Downloaded wasm-bindgen-macro-support v0.2.104
[INFO] [stderr]   Downloaded ppmd-rust v1.3.0
[INFO] [stderr]   Downloaded libz-rs-sys v0.5.4
[INFO] [stderr]   Downloaded libbz2-rs-sys v0.2.2
[INFO] [stderr]   Downloaded arbitrary v1.4.2
[INFO] [stderr]   Downloaded wiremock v0.6.5
[INFO] [stderr]   Downloaded deadpool v0.12.3
[INFO] [stderr]   Downloaded tempfile v3.23.0
[INFO] [stderr]   Downloaded vte v0.14.1
[INFO] [stderr]   Downloaded papergrid v0.18.0
[INFO] [stderr]   Downloaded toml_parser v1.0.3
[INFO] [stderr]   Downloaded wasm-streams v0.4.2
[INFO] [stderr]   Downloaded clap_derive v4.5.47
[INFO] [stderr]   Downloaded backon v1.6.0
[INFO] [stderr]   Downloaded nanoid v0.4.0
[INFO] [stderr]   Downloaded interim v0.2.1
[INFO] [stderr]   Downloaded dateparser v0.2.1
[INFO] [stderr]   Downloaded phf_shared v0.12.1
[INFO] [stderr]   Downloaded dialoguer v0.11.0
[INFO] [stderr]   Downloaded tinytemplate v1.2.1
[INFO] [stderr]   Downloaded is_executable v1.0.5
[INFO] [stderr]   Downloaded wait-timeout v0.2.1
[INFO] [stderr]   Downloaded termtree v0.5.1
[INFO] [stderr]   Downloaded zopfli v0.8.3
[INFO] [stderr]   Downloaded bitflags v2.9.4
[INFO] [stderr]   Downloaded keyring v3.6.3
[INFO] [stderr]   Downloaded clap v4.5.48
[INFO] [stderr]   Downloaded pager v0.16.1
[INFO] [stderr]   Downloaded document-features v0.2.11
[INFO] [stderr]   Downloaded approx v0.5.1
[INFO] [stderr]   Downloaded csv-core v0.1.13
[INFO] [stderr]   Downloaded console v0.15.11
[INFO] [stderr]   Downloaded js-sys v0.3.81
[INFO] [stderr]   Downloaded socket2 v0.6.0
[INFO] [stderr]   Downloaded toml v0.9.7
[INFO] [stderr]   Downloaded oauth2 v5.0.0
[INFO] [stderr]   Downloaded ipnetwork v0.21.1
[INFO] [stderr]   Downloaded zip v6.0.0
[INFO] [stderr]   Downloaded indexmap v2.11.4
[INFO] [stderr]   Downloaded flate2 v1.1.4
[INFO] [stderr]   Downloaded rand v0.9.4
[INFO] [stderr]   Downloaded json-patch v4.1.0
[INFO] [stderr]   Downloaded geo-types v0.7.18
[INFO] [stderr]   Downloaded phf v0.12.1
[INFO] [stderr]   Downloaded indicatif v0.18.3
[INFO] [stderr]   Downloaded crossbeam-epoch v0.9.20
[INFO] [stderr]   Downloaded oorandom v11.1.5
[INFO] [stderr]   Downloaded criterion-plot v0.5.0
[INFO] [stderr]   Downloaded ciborium v0.2.2
[INFO] [stderr]   Downloaded erased-serde v0.4.8
[INFO] [stderr]   Downloaded pest_derive v2.8.3
[INFO] [stderr]   Downloaded assert_cmd v2.0.17
[INFO] [stderr]   Downloaded zerovec v0.11.4
[INFO] [stderr]   Downloaded hyper-util v0.1.17
[INFO] [stderr]   Downloaded rpassword v7.4.0
[INFO] [stderr]   Downloaded redisctl-core v0.12.1
[INFO] [stderr]   Downloaded webpki-root-certs v1.0.6
[INFO] [stderr]   Downloaded reqwest v0.12.23
[INFO] [stderr]   Downloaded console v0.16.1
[INFO] [stderr]   Downloaded pest_generator v2.8.3
[INFO] [stderr]   Downloaded hyper v1.7.0
[INFO] [stderr]   Downloaded h2 v0.4.19
[INFO] [stderr]   Downloaded reqwest v0.13.1
[INFO] [stderr]   Downloaded clap_builder v4.5.48
[INFO] [stderr]   Downloaded unicode-normalization v0.1.25
[INFO] [stderr]   Downloaded litrs v0.4.2
[INFO] [stderr]   Downloaded yaml-rust2 v0.10.4
[INFO] [stderr]   Downloaded pest_meta v2.8.3
[INFO] [stderr]   Downloaded zlib-rs v0.5.4
[INFO] [stderr]   Downloaded uuid v1.19.0
[INFO] [stderr]   Downloaded jsonptr v0.7.1
[INFO] [stderr]   Downloaded logos-codegen v0.15.1
[INFO] [stderr]   Downloaded half v2.6.0
[INFO] [stderr]   Downloaded config v0.15.18
[INFO] [stderr]   Downloaded tracing-subscriber v0.3.20
[INFO] [stderr]   Downloaded time v0.3.47
[INFO] [stderr]   Downloaded tabled v0.21.0
[INFO] [stderr]   Downloaded quinn-proto v0.11.15
[INFO] [stderr]   Downloaded webpki-roots v1.0.2
[INFO] [stderr]   Downloaded redis-cloud v0.11.0
[INFO] [stderr]   Downloaded lzma-rust2 v0.13.0
[INFO] [stderr]   Downloaded redis v0.27.6
[INFO] [stderr]   Downloaded whatlang v0.18.0
[INFO] [stderr]   Downloaded redis-enterprise v0.10.0
[INFO] [stderr]   Downloaded geohash v0.13.1
[INFO] [stderr]   Downloaded criterion v0.5.1
[INFO] [stderr]   Downloaded rphonetic v3.0.4
[INFO] [stderr]   Downloaded files-sdk v0.4.1
[INFO] [stderr]   Downloaded pest v2.8.3
[INFO] [stderr]   Downloaded plotters v0.3.7
[INFO] [stderr]   Downloaded regex-syntax v0.8.6
[INFO] [stderr]   Downloaded portable-atomic v1.11.1
[INFO] [stderr]   Downloaded jpx-core v0.2.1
[INFO] [stderr]   Downloaded bstr v1.12.0
[INFO] [stderr]   Downloaded web-sys v0.3.81
[INFO] [stderr]   Downloaded libc v0.2.176
[INFO] [stderr]   Downloaded chrono-tz v0.10.4
[INFO] [stderr]   Downloaded csv v1.4.0
[INFO] [stderr]   Downloaded logos v0.15.1
[INFO] [stderr]   Downloaded rust-stemmers v1.2.0
[INFO] running `Command { std: "docker" "create" "-v" "/var/lib/crater-agent-workspace/builds/worker-7-tc1/source:/opt/rustwide/workdir:ro,Z" "-v" "/var/lib/crater-agent-workspace/builds/worker-7-tc1/target:/opt/rustwide/target:rw,Z" "-v" "/var/lib/crater-agent-workspace/cargo-home:/opt/rustwide/cargo-home:ro,Z" "-v" "/var/lib/crater-agent-workspace/rustup-home:/opt/rustwide/rustup-home:ro,Z" "-m" "1610612736" "--network" "none" "ghcr.io/rust-lang/crates-build-env/linux@sha256:3111399a4047eeb3a02b7a90e478d715f38a8c6669b5c4b49d30a17385265909" "sleep" "infinity", kill_on_drop: false }`
[INFO] [stdout] bda4b6aeea0d7d87b14da24964446fe6d39731770a4826629db2300835f8c89d
[INFO] running `Command { std: "docker" "start" "bda4b6aeea0d7d87b14da24964446fe6d39731770a4826629db2300835f8c89d", kill_on_drop: false }`
[INFO] running `Command { std: "docker" "inspect" "bda4b6aeea0d7d87b14da24964446fe6d39731770a4826629db2300835f8c89d", kill_on_drop: false }`
[INFO] running `Command { std: "docker" "exec" "-e" "SOURCE_DIR=/opt/rustwide/workdir" "-e" "CARGO_HOME=/opt/rustwide/cargo-home" "-e" "RUSTUP_HOME=/opt/rustwide/rustup-home" "-e" "CARGO_TARGET_DIR=/opt/rustwide/target" "-w" "/opt/rustwide/workdir" "--user" "0:0" "bda4b6aeea0d7d87b14da24964446fe6d39731770a4826629db2300835f8c89d" "/opt/rustwide/cargo-home/bin/cargo" "+1.99.0-beta.8" "metadata" "--no-deps" "--format-version=1", kill_on_drop: false }`
[INFO] running `Command { std: "docker" "inspect" "bda4b6aeea0d7d87b14da24964446fe6d39731770a4826629db2300835f8c89d", kill_on_drop: false }`
[INFO] running `Command { std: "docker" "exec" "-e" "SOURCE_DIR=/opt/rustwide/workdir" "-e" "CARGO_HOME=/opt/rustwide/cargo-home" "-e" "RUSTUP_HOME=/opt/rustwide/rustup-home" "-e" "CARGO_TARGET_DIR=/opt/rustwide/target" "-e" "CARGO_INCREMENTAL=0" "-e" "RUST_BACKTRACE=full" "-e" "RUSTFLAGS=--cap-lints=warn" "-e" "RUSTDOCFLAGS=--cap-lints=warn" "-w" "/opt/rustwide/workdir" "--user" "0:0" "bda4b6aeea0d7d87b14da24964446fe6d39731770a4826629db2300835f8c89d" "/opt/rustwide/cargo-home/bin/cargo" "+1.99.0-beta.8" "build" "--frozen" "--message-format=json", kill_on_drop: false }`
[INFO] [stderr]    Compiling proc-macro2 v1.0.101
[INFO] [stderr]    Compiling unicode-ident v1.0.19
[INFO] [stderr]    Compiling libc v0.2.176
[INFO] [stderr]    Compiling cfg-if v1.0.3
[INFO] [stderr]    Compiling serde_core v1.0.228
[INFO] [stderr]    Compiling serde v1.0.228
[INFO] [stderr]    Compiling shlex v1.3.0
[INFO] [stderr]    Compiling find-msvc-tools v0.1.8
[INFO] [stderr]    Compiling smallvec v1.15.1
[INFO] [stderr]    Compiling allocator-api2 v0.2.21
[INFO] [stderr]    Compiling stable_deref_trait v1.2.0
[INFO] [stderr]    Compiling foldhash v0.1.5
[INFO] [stderr]    Compiling subtle v2.6.1
[INFO] [stderr]    Compiling futures-channel v0.3.31
[INFO] [stderr]    Compiling tracing-core v0.1.34
[INFO] [stderr]    Compiling dunce v1.0.5
[INFO] [stderr]    Compiling fs_extra v1.3.0
[INFO] [stderr]    Compiling generic-array v0.14.7
[INFO] [stderr]    Compiling libm v0.2.16
[INFO] [stderr]    Compiling num-traits v0.2.19
[INFO] [stderr]    Compiling litemap v0.8.0
[INFO] [stderr]    Compiling aws-lc-rs v1.18.1
[INFO] [stderr]    Compiling writeable v0.6.1
[INFO] [stderr]    Compiling icu_properties_data v2.0.1
[INFO] [stderr]    Compiling icu_normalizer_data v2.0.0
[INFO] [stderr]    Compiling serde_json v1.0.145
[INFO] [stderr]    Compiling http v1.3.1
[INFO] [stderr]    Compiling sync_wrapper v1.0.2
[INFO] [stderr]    Compiling getrandom v0.3.3
[INFO] [stderr]    Compiling tower-layer v0.3.3
[INFO] [stderr]    Compiling rustls v0.23.45
[INFO] [stderr]    Compiling regex-syntax v0.8.6
[INFO] [stderr]    Compiling hashbrown v0.15.5
[INFO] [stderr]    Compiling atomic-waker v1.1.2
[INFO] [stderr]    Compiling iri-string v0.7.8
[INFO] [stderr]    Compiling semver v1.0.27
[INFO] [stderr]    Compiling tiny-keccak v2.0.2
[INFO] [stderr]    Compiling rustix v1.1.2
[INFO] [stderr]    Compiling aho-corasick v1.1.3
[INFO] [stderr]    Compiling quote v1.0.41
[INFO] [stderr]    Compiling unicase v2.8.1
[INFO] [stderr]    Compiling linux-raw-sys v0.11.0
[INFO] [stderr]    Compiling syn v2.0.106
[INFO] [stderr]    Compiling toml_writer v1.0.6+spec-1.1.0
[INFO] [stderr]    Compiling rustc_version v0.4.1
[INFO] [stderr]    Compiling heck v0.5.0
[INFO] [stderr]    Compiling crypto-common v0.1.6
[INFO] [stderr]    Compiling block-buffer v0.10.4
[INFO] [stderr]    Compiling unicode-width v0.2.2
[INFO] [stderr]    Compiling indexmap v2.11.4
[INFO] [stderr]    Compiling mime_guess v2.0.5
[INFO] [stderr]    Compiling logos-codegen v0.15.1
[INFO] [stderr]    Compiling digest v0.10.7
[INFO] [stderr]    Compiling anyhow v1.0.104
[INFO] [stderr]    Compiling ucd-trie v0.1.7
[INFO] [stderr]    Compiling jobserver v0.1.34
[INFO] [stderr]    Compiling parking_lot_core v0.9.12
[INFO] [stderr]    Compiling signal-hook-registry v1.4.6
[INFO] [stderr]    Compiling mio v1.0.4
[INFO] [stderr]    Compiling socket2 v0.6.0
[INFO] [stderr]    Compiling getrandom v0.2.16
[INFO] [stderr]    Compiling cc v1.2.54
[INFO] [stderr]    Compiling http-body v1.0.1
[INFO] [stderr]    Compiling parking_lot v0.12.5
[INFO] [stderr]    Compiling http-body-util v0.1.3
[INFO] [stderr]    Compiling rand_core v0.6.4
[INFO] [stderr]    Compiling openssl-probe v0.2.1
[INFO] [stderr]    Compiling rand_core v0.9.3
[INFO] [stderr]    Compiling once_cell v1.21.3
[INFO] [stderr]    Compiling regex-automata v0.4.13
[INFO] [stderr]    Compiling minimal-lexical v0.2.1
[INFO] [stderr]    Compiling arrayvec v0.7.8
[INFO] [stderr]    Compiling utf8parse v0.2.2
[INFO] [stderr]    Compiling rand_chacha v0.3.1
[INFO] [stderr]    Compiling vte v0.14.1
[INFO] [stderr]    Compiling anstyle-parse v0.2.7
[INFO] [stderr]    Compiling rand_chacha v0.9.0
[INFO] [stderr]    Compiling const-random-macro v0.1.16
[INFO] [stderr]    Compiling serde_path_to_error v0.1.20
[INFO] [stderr]    Compiling nom v7.1.3
[INFO] [stderr]    Compiling pest v2.8.3
[INFO] [stderr]    Compiling sha2 v0.10.9
[INFO] [stderr]    Compiling rand v0.8.6
[INFO] [stderr]    Compiling cmake v0.1.57
[INFO] [stderr]    Compiling typeid v1.0.3
[INFO] [stderr]    Compiling anstyle-query v1.1.4
[INFO] [stderr]    Compiling beef v0.5.2
[INFO] [stderr]    Compiling colorchoice v1.0.4
[INFO] [stderr]    Compiling strsim v0.11.1
[INFO] [stderr]    Compiling option-ext v0.2.0
[INFO] [stderr]    Compiling winnow v0.7.13
[INFO] [stderr]    Compiling either v1.15.0
[INFO] [stderr]    Compiling is_terminal_polyfill v1.70.1
[INFO] [stderr]    Compiling anstyle v1.0.13
[INFO] [stderr]    Compiling dirs-sys v0.5.0
[INFO] [stderr]    Compiling const-random v0.1.18
[INFO] [stderr]    Compiling rand v0.9.4
[INFO] [stderr]    Compiling crc32fast v1.5.0
[INFO] [stderr]    Compiling anstream v0.6.21
[INFO] [stderr]    Compiling simd-adler32 v0.3.7
[INFO] [stderr]    Compiling fastrand v2.3.0
[INFO] [stderr]    Compiling aws-lc-sys v0.45.0
[INFO] [stderr]    Compiling ring v0.17.14
[INFO] [stderr]    Compiling zstd-sys v2.0.16+zstd.1.5.7
[INFO] [stderr]    Compiling siphasher v1.0.1
[INFO] [stderr]    Compiling zstd-safe v7.2.4
[INFO] [stderr]    Compiling rustversion v1.0.22
[INFO] [stderr]    Compiling clap_lex v0.7.5
[INFO] [stderr]    Compiling pest_meta v2.8.3
[INFO] [stderr]    Compiling erased-serde v0.4.8
[INFO] [stderr]    Compiling phf_shared v0.12.1
[INFO] [stderr]    Compiling clap_builder v4.5.48
[INFO] [stderr]    Compiling dlv-list v0.5.2
[INFO] [stderr]    Compiling toml_datetime v0.7.2
[INFO] [stderr]    Compiling serde_spanned v1.0.2
[INFO] [stderr]    Compiling hmac v0.12.1
[INFO] [stderr]    Compiling inout v0.1.4
[INFO] [stderr]    Compiling proc-macro-error-attr2 v2.0.0
[INFO] [stderr]    Compiling hashbrown v0.14.5
[INFO] [stderr]    Compiling ansitok v0.3.0
[INFO] [stderr]    Compiling powerfmt v0.2.0
[INFO] [stderr]    Compiling crc16 v0.4.0
[INFO] [stderr]    Compiling synstructure v0.13.2
[INFO] [stderr]    Compiling portable-atomic v1.11.1
[INFO] [stderr]    Compiling pest_generator v2.8.3
[INFO] [stderr]    Compiling litrs v0.4.2
[INFO] [stderr]    Compiling toml_parser v1.0.3
[INFO] [stderr]    Compiling chrono-tz v0.10.4
[INFO] [stderr]    Compiling crc-catalog v2.4.0
[INFO] [stderr]    Compiling regex v1.12.2
[INFO] [stderr]    Compiling stop-words v0.9.0
[INFO] [stderr]    Compiling zlib-rs v0.5.4
[INFO] [stderr]    Compiling tinyvec_macros v0.1.1
[INFO] [stderr]    Compiling tinyvec v1.10.0
[INFO] [stderr]    Compiling document-features v0.2.11
[INFO] [stderr]    Compiling toml v0.9.7
[INFO] [stderr]    Compiling crc v3.4.0
[INFO] [stderr]    Compiling miniz_oxide v0.8.9
[INFO] [stderr]    Compiling ordered-multimap v0.7.3
[INFO] [stderr]    Compiling ansi-str v0.9.0
[INFO] [stderr]    Compiling proc-macro-error2 v2.0.1
[INFO] [stderr]    Compiling deranged v0.5.5
[INFO] [stderr]    Compiling cipher v0.4.4
[INFO] [stderr]    Compiling phf v0.12.1
[INFO] [stderr]    Compiling dirs v6.0.0
[INFO] [stderr]    Compiling geo-types v0.7.18
[INFO] [stderr]    Compiling num-integer v0.1.46
[INFO] [stderr]    Compiling serde_derive v1.0.228
[INFO] [stderr]    Compiling tokio-macros v2.6.0
[INFO] [stderr]    Compiling zerofrom-derive v0.1.6
[INFO] [stderr]    Compiling zeroize_derive v1.4.2
[INFO] [stderr]    Compiling yoke-derive v0.8.0
[INFO] [stderr]    Compiling zerovec-derive v0.11.1
[INFO] [stderr]    Compiling zeroize v1.8.2
[INFO] [stderr]    Compiling displaydoc v0.2.5
[INFO] [stderr]    Compiling futures-macro v0.3.31
[INFO] [stderr]    Compiling tokio v1.48.0
[INFO] [stderr]    Compiling rustls-pki-types v1.12.0
[INFO] [stderr]    Compiling tracing-attributes v0.1.30
[INFO] [stderr]    Compiling futures-util v0.3.31
[INFO] [stderr]    Compiling zerofrom v0.1.6
[INFO] [stderr]    Compiling thiserror-impl v2.0.17
[INFO] [stderr]    Compiling yoke v0.8.0
[INFO] [stderr]    Compiling webpki-roots v1.0.2
[INFO] [stderr]    Compiling zerovec v0.11.4
[INFO] [stderr]    Compiling zerotrie v0.2.2
[INFO] [stderr]    Compiling thiserror-impl v1.0.69
[INFO] [stderr]    Compiling rustls-native-certs v0.8.3
[INFO] [stderr]    Compiling async-trait v0.1.89
[INFO] [stderr]    Compiling async-stream-impl v0.3.6
[INFO] [stderr]    Compiling typed-builder-macro v0.20.1
[INFO] [stderr]    Compiling tracing v0.1.41
[INFO] [stderr]    Compiling async-stream v0.3.6
[INFO] [stderr]    Compiling logos-derive v0.15.1
[INFO] [stderr]    Compiling clap_derive v4.5.47
[INFO] [stderr]    Compiling enum-iterator-derive v1.5.0
[INFO] [stderr]    Compiling thiserror v1.0.69
[INFO] [stderr]    Compiling logos v0.15.1
[INFO] [stderr]    Compiling libz-rs-sys v0.5.4
[INFO] [stderr]    Compiling tinystr v0.8.1
[INFO] [stderr]    Compiling potential_utf v0.1.3
[INFO] [stderr]    Compiling rustls-pemfile v2.2.0
[INFO] [stderr]    Compiling icu_collections v2.0.0
[INFO] [stderr]    Compiling pest_derive v2.8.3
[INFO] [stderr]    Compiling icu_locale_core v2.0.0
[INFO] [stderr]    Compiling thiserror v2.0.17
[INFO] [stderr]    Compiling sha1 v0.10.6
[INFO] [stderr]    Compiling hashlink v0.10.0
[INFO] [stderr]    Compiling encoding_rs v0.8.35
[INFO] [stderr]    Compiling nom v8.0.0
[INFO] [stderr]    Compiling csv-core v0.1.13
[INFO] [stderr]    Compiling libbz2-rs-sys v0.2.2
[INFO] [stderr]    Compiling urlencoding v2.1.3
[INFO] [stderr]    Compiling enum-iterator v2.3.0
[INFO] [stderr]    Compiling openssl-probe v0.1.6
[INFO] [stderr]    Compiling same-file v1.0.6
[INFO] [stderr]    Compiling unicode-segmentation v1.12.0
[INFO] [stderr]    Compiling bumpalo v3.19.0
[INFO] [stderr]    Compiling bytecount v0.6.9
[INFO] [stderr]    Compiling typed-builder v0.20.1
[INFO] [stderr]    Compiling num-conv v0.2.0
[INFO] [stderr]    Compiling arraydeque v0.5.1
[INFO] [stderr]    Compiling time-core v0.1.8
[INFO] [stderr]    Compiling bzip2 v0.6.1
[INFO] [stderr]    Compiling icu_provider v2.0.0
[INFO] [stderr]    Compiling time v0.3.47
[INFO] [stderr]    Compiling convert_case v0.6.0
[INFO] [stderr]    Compiling zopfli v0.8.3
[INFO] [stderr]    Compiling icu_normalizer v2.0.0
[INFO] [stderr]    Compiling icu_properties v2.0.1
[INFO] [stderr]    Compiling papergrid v0.18.0
[INFO] [stderr]    Compiling walkdir v2.5.0
[INFO] [stderr]    Compiling rustls-native-certs v0.7.3
[INFO] [stderr]    Compiling yaml-rust2 v0.10.4
[INFO] [stderr]    Compiling csv v1.4.0
[INFO] [stderr]    Compiling clap v4.5.48
[INFO] [stderr]    Compiling flate2 v1.1.4
[INFO] [stderr]    Compiling futures-executor v0.3.31
[INFO] [stderr]    Compiling geohash v0.13.1
[INFO] [stderr]    Compiling arc-swap v1.8.0
[INFO] [stderr]    Compiling futures v0.3.31
[INFO] [stderr]    Compiling num-bigint v0.4.6
[INFO] [stderr]    Compiling tabled_derive v0.11.0
[INFO] [stderr]    Compiling jpx-core v0.2.1
[INFO] [stderr]    Compiling serde-untagged v0.1.9
[INFO] [stderr]    Compiling shellexpand v3.1.1
[INFO] [stderr]    Compiling aes v0.8.4
[INFO] [stderr]    Compiling rust-ini v0.21.3
[INFO] [stderr]    Compiling bitflags v2.9.4
[INFO] [stderr]    Compiling chrono v0.4.42
[INFO] [stderr]    Compiling tokio-util v0.7.16
[INFO] [stderr]    Compiling hyper v1.7.0
[INFO] [stderr]    Compiling idna_adapter v1.2.1
[INFO] [stderr]    Compiling idna v1.1.0
[INFO] [stderr]    Compiling serde_urlencoded v0.7.1
[INFO] [stderr]    Compiling tower v0.5.2
[INFO] [stderr]    Compiling tower-resilience-core v0.2.1
[INFO] [stderr]    Compiling tokio-stream v0.1.17
[INFO] [stderr]    Compiling linux-keyutils v0.2.4
[INFO] [stderr]    Compiling jsonptr v0.7.1
[INFO] [stderr]    Compiling url v2.5.7
[INFO] [stderr]    Compiling keyring v3.6.3
[INFO] [stderr]    Compiling combine v4.6.7
[INFO] [stderr]    Compiling hyper-util v0.1.17
[INFO] [stderr]    Compiling json-patch v4.1.0
[INFO] [stderr]    Compiling ron v0.8.1
[INFO] [stderr]    Compiling json5 v0.4.1
[INFO] [stderr]    Compiling tower-http v0.6.8
[INFO] [stderr]    Compiling interim v0.2.1
[INFO] [stderr]    Compiling dateparser v0.2.1
[INFO] [stderr]    Compiling rphonetic v3.0.4
[INFO] [stderr]    Compiling tower-resilience-circuitbreaker v0.2.1
[INFO] [stderr]    Compiling tower-resilience-ratelimiter v0.2.1
[INFO] [stderr]    Compiling tower-resilience-retry v0.2.1
[INFO] [stderr]    Compiling tracing-serde v0.2.0
[INFO] [stderr]    Compiling rust-stemmers v1.2.0
[INFO] [stderr]    Compiling tempfile v3.23.0
[INFO] [stderr]    Compiling xattr v1.6.1
[INFO] [stderr]    Compiling lzma-rust2 v0.13.0
[INFO] [stderr]    Compiling unicode-normalization v0.1.25
[INFO] [stderr]    Compiling matchers v0.2.0
[INFO] [stderr]    Compiling testing_table v0.3.0
[INFO] [stderr]    Compiling pbkdf2 v0.12.2
[INFO] [stderr]    Compiling ulid v1.2.1
[INFO] [stderr]    Compiling backon v1.6.0
[INFO] [stderr]    Compiling nanoid v0.4.0
[INFO] [stderr]    Compiling directories v6.0.0
[INFO] [stderr]    Compiling itertools v0.13.0
[INFO] [stderr]    Compiling uuid v1.19.0
[INFO] [stderr]    Compiling md-5 v0.10.6
[INFO] [stderr]    Compiling console v0.16.1
[INFO] [stderr]    Compiling console v0.15.11
[INFO] [stderr]    Compiling filetime v0.2.26
[INFO] [stderr]    Compiling socket2 v0.5.10
[INFO] [stderr]    Compiling rtoolbox v0.0.3
[INFO] [stderr]    Compiling errno v0.2.8
[INFO] [stderr]    Compiling whatlang v0.18.0
[INFO] [stderr]    Compiling tracing-log v0.2.0
[INFO] [stderr]    Compiling thread_local v1.1.9
[INFO] [stderr]    Compiling is_executable v1.0.5
[INFO] [stderr]    Compiling ppmd-rust v1.3.0
[INFO] [stderr]    Compiling geoutils v0.5.1
[INFO] [stderr]    Compiling unit-prefix v0.5.2
[INFO] [stderr]    Compiling ipnetwork v0.21.1
[INFO] [stderr]    Compiling hex v0.4.3
[INFO] [stderr]    Compiling nu-ansi-term v0.50.1
[INFO] [stderr]    Compiling deflate64 v0.1.10
[INFO] [stderr]    Compiling shell-words v1.1.0
[INFO] [stderr]    Compiling sha1_smol v1.0.1
[INFO] [stderr]    Compiling pathdiff v0.2.3
[INFO] [stderr]    Compiling env_home v0.1.0
[INFO] [stderr]    Compiling dialoguer v0.11.0
[INFO] [stderr]    Compiling which v7.0.3
[INFO] [stderr]    Compiling config v0.15.18
[INFO] [stderr]    Compiling indicatif v0.18.3
[INFO] [stderr]    Compiling tracing-subscriber v0.3.20
[INFO] [stderr]    Compiling serde_yaml v0.9.34+deprecated
[INFO] [stderr]    Compiling clap_complete v4.5.58
[INFO] [stderr]    Compiling rpassword v7.4.0
[INFO] [stderr]    Compiling pager v0.16.1
[INFO] [stderr]    Compiling tar v0.4.46
[INFO] [stderr]    Compiling tabled v0.21.0
[INFO] [stderr]    Compiling terminal_size v0.4.3
[INFO] [stderr]    Compiling tower-resilience v0.1.1
[INFO] [stderr]    Compiling colored v2.2.0
[INFO] [stderr]    Compiling zstd v0.13.3
[INFO] [stderr]    Compiling zip v6.0.0
[INFO] [stderr]    Compiling rustls-webpki v0.103.15
[INFO] [stderr]    Compiling tokio-rustls v0.26.4
[INFO] [stderr]    Compiling rustls-platform-verifier v0.6.2
[INFO] [stderr]    Compiling hyper-rustls v0.27.7
[INFO] [stderr]    Compiling redis v0.27.6
[INFO] [stderr]    Compiling reqwest v0.13.1
[INFO] [stderr]    Compiling reqwest v0.12.23
[INFO] [stderr]    Compiling redis-enterprise v0.10.0
[INFO] [stderr]    Compiling redis-cloud v0.11.0
[INFO] [stderr]    Compiling oauth2 v5.0.0
[INFO] [stderr]    Compiling files-sdk v0.4.1
[INFO] [stderr]    Compiling redisctl-core v0.12.1
[INFO] [stderr]    Compiling redisctl v0.12.1 (/opt/rustwide/workdir)
[INFO] [stderr]     Finished `dev` profile [unoptimized + debuginfo] target(s) in 3m 01s
[INFO] [stderr] warning: the following packages contain code that will be rejected by a future version of Rust: proc-macro-error2 v2.0.1
[INFO] [stderr] note: to see what the problems were, use the option `--future-incompat-report`, or run `cargo report future-incompatibilities --id 1`
[INFO] running `Command { std: "docker" "inspect" "bda4b6aeea0d7d87b14da24964446fe6d39731770a4826629db2300835f8c89d", kill_on_drop: false }`
[INFO] running `Command { std: "docker" "exec" "-e" "SOURCE_DIR=/opt/rustwide/workdir" "-e" "CARGO_HOME=/opt/rustwide/cargo-home" "-e" "RUSTUP_HOME=/opt/rustwide/rustup-home" "-e" "CARGO_TARGET_DIR=/opt/rustwide/target" "-e" "CARGO_INCREMENTAL=0" "-e" "RUST_BACKTRACE=full" "-e" "RUSTFLAGS=--cap-lints=warn" "-e" "RUSTDOCFLAGS=--cap-lints=warn" "-w" "/opt/rustwide/workdir" "--user" "0:0" "bda4b6aeea0d7d87b14da24964446fe6d39731770a4826629db2300835f8c89d" "/opt/rustwide/cargo-home/bin/cargo" "+1.99.0-beta.8" "test" "--frozen" "--no-run" "--message-format=json", kill_on_drop: false }`
[INFO] [stderr]    Compiling num-traits v0.2.19
[INFO] [stderr]    Compiling h2 v0.4.19
[INFO] [stderr]    Compiling crossbeam-epoch v0.9.20
[INFO] [stderr]    Compiling half v2.6.0
[INFO] [stderr]    Compiling predicates-core v1.0.9
[INFO] [stderr]    Compiling ciborium-io v0.2.2
[INFO] [stderr]    Compiling doc-comment v0.3.3
[INFO] [stderr]    Compiling plotters-backend v0.3.7
[INFO] [stderr]    Compiling itertools v0.10.5
[INFO] [stderr]    Compiling num_cpus v1.17.0
[INFO] [stderr]    Compiling termtree v0.5.1
[INFO] [stderr]    Compiling cast v0.3.0
[INFO] [stderr]    Compiling normalize-line-endings v0.3.0
[INFO] [stderr]    Compiling difflib v0.4.0
[INFO] [stderr]    Compiling deadpool-runtime v0.1.4
[INFO] [stderr]    Compiling assert_cmd v2.0.17
[INFO] [stderr]    Compiling bstr v1.12.0
[INFO] [stderr]    Compiling tinytemplate v1.2.1
[INFO] [stderr]    Compiling predicates-tree v1.0.12
[INFO] [stderr]    Compiling assert-json-diff v2.0.2
[INFO] [stderr]    Compiling serial_test_derive v3.5.0
[INFO] [stderr]    Compiling ciborium-ll v0.2.2
[INFO] [stderr]    Compiling plotters-svg v0.3.7
[INFO] [stderr]    Compiling deadpool v0.12.3
[INFO] [stderr]    Compiling is-terminal v0.4.16
[INFO] [stderr]    Compiling wait-timeout v0.2.1
[INFO] [stderr]    Compiling anes v0.1.6
[INFO] [stderr]    Compiling oorandom v11.1.5
[INFO] [stderr]    Compiling crossbeam-deque v0.8.6
[INFO] [stderr]    Compiling ciborium v0.2.2
[INFO] [stderr]    Compiling rayon-core v1.13.0
[INFO] [stderr]    Compiling serial_test v3.5.0
[INFO] [stderr]    Compiling chrono v0.4.42
[INFO] [stderr]    Compiling geo-types v0.7.18
[INFO] [stderr]    Compiling num-integer v0.1.46
[INFO] [stderr]    Compiling float-cmp v0.10.0
[INFO] [stderr]    Compiling plotters v0.3.7
[INFO] [stderr]    Compiling rayon v1.11.0
[INFO] [stderr]    Compiling predicates v3.1.3
[INFO] [stderr]    Compiling num-bigint v0.4.6
[INFO] [stderr]    Compiling geohash v0.13.1
[INFO] [stderr]    Compiling criterion-plot v0.5.0
[INFO] [stderr]    Compiling chrono-tz v0.10.4
[INFO] [stderr]    Compiling interim v0.2.1
[INFO] [stderr]    Compiling dateparser v0.2.1
[INFO] [stderr]    Compiling redis v0.27.6
[INFO] [stderr]    Compiling hyper v1.7.0
[INFO] [stderr]    Compiling criterion v0.5.1
[INFO] [stderr]    Compiling hyper-util v0.1.17
[INFO] [stderr]    Compiling hyper-rustls v0.27.7
[INFO] [stderr]    Compiling wiremock v0.6.5
[INFO] [stderr]    Compiling reqwest v0.12.23
[INFO] [stderr]    Compiling reqwest v0.13.1
[INFO] [stderr]    Compiling jpx-core v0.2.1
[INFO] [stderr]    Compiling redis-enterprise v0.10.0
[INFO] [stderr]    Compiling redis-cloud v0.11.0
[INFO] [stderr]    Compiling oauth2 v5.0.0
[INFO] [stderr]    Compiling files-sdk v0.4.1
[INFO] [stderr]    Compiling redisctl-core v0.12.1
[INFO] [stderr]    Compiling redisctl v0.12.1 (/opt/rustwide/workdir)
[INFO] [stdout] error[E0433]: cannot find module or crate `docker_wrapper` in this scope
[INFO] [stdout]   --> tests/docker_wrapper_tests.rs:20:5
[INFO] [stdout]    |
[INFO] [stdout] 20 | use docker_wrapper::template::redis::RedisTemplate;
[INFO] [stdout]    |     ^^^^^^^^^^^^^^ use of unresolved module or unlinked crate `docker_wrapper`
[INFO] [stdout]    |
[INFO] [stdout]    = help: if you wanted to use a crate named `docker_wrapper`, use `cargo add docker_wrapper` to add it to your `Cargo.toml`
[INFO] [stdout] 
[INFO] [stdout] 
[INFO] [stdout] error[E0433]: cannot find module or crate `docker_wrapper` in this scope
[INFO] [stdout]   --> tests/docker_wrapper_tests.rs:21:5
[INFO] [stdout]    |
[INFO] [stdout] 21 | use docker_wrapper::testing::ContainerGuardBuilder;
[INFO] [stdout]    |     ^^^^^^^^^^^^^^ use of unresolved module or unlinked crate `docker_wrapper`
[INFO] [stdout]    |
[INFO] [stdout]    = help: if you wanted to use a crate named `docker_wrapper`, use `cargo add docker_wrapper` to add it to your `Cargo.toml`
[INFO] [stdout] 
[INFO] [stdout] 
[INFO] [stdout] error[E0433]: cannot find module or crate `docker_wrapper` in this scope
[INFO] [stdout]   --> tests/docker_wrapper_tests.rs:30:13
[INFO] [stdout]    |
[INFO] [stdout] 30 |     _guard: docker_wrapper::testing::ContainerGuard<RedisTemplate>,
[INFO] [stdout]    |             ^^^^^^^^^^^^^^ use of unresolved module or unlinked crate `docker_wrapper`
[INFO] [stdout]    |
[INFO] [stdout]    = help: if you wanted to use a crate named `docker_wrapper`, use `cargo add docker_wrapper` to add it to your `Cargo.toml`
[INFO] [stdout] 
[INFO] [stdout] 
[INFO] [stdout] For more information about this error, try `rustc --explain E0433`.
[INFO] [stdout] 
[INFO] [stderr] error: could not compile `redisctl` (test "docker_wrapper_tests") due to 3 previous errors
[INFO] [stderr] warning: build failed, waiting for other jobs to finish...
[INFO] [stderr] error: could not compile `redisctl` (bin "redisctl" test)
[INFO] [stderr] 
[INFO] [stderr] Caused by:
[INFO] [stderr]   process didn't exit successfully: `/opt/rustwide/rustup-home/toolchains/1.99.0-beta.8-x86_64-unknown-linux-gnu/bin/rustc --crate-name redisctl --edition=2024 src/main.rs --error-format=json --json=diagnostic-rendered-ansi,artifacts,future-incompat --emit=dep-info,link -C embed-bitcode=no -C debuginfo=2 --test --cfg 'feature="cloud"' --cfg 'feature="default"' --cfg 'feature="enterprise"' --cfg 'feature="full"' --cfg 'feature="secure-storage"' --cfg 'feature="upload"' --check-cfg 'cfg(docsrs,test)' --check-cfg 'cfg(feature, values("cloud", "default", "enterprise", "full", "secure-storage", "upload"))' -C metadata=5d22de26ef8468fa -C extra-filename=-3fc34fa3eaa36fc1 --out-dir /opt/rustwide/target/debug/deps -L dependency=/opt/rustwide/target/debug/deps --extern anyhow=/opt/rustwide/target/debug/deps/libanyhow-eeb2152985963809.rlib --extern assert_cmd=/opt/rustwide/target/debug/deps/libassert_cmd-09fc70d49b875c59.rlib --extern chrono=/opt/rustwide/target/debug/deps/libchrono-a7dc1022c413abb7.rlib --extern clap=/opt/rustwide/target/debug/deps/libclap-e3daf54cddfb7083.rlib --extern clap_complete=/opt/rustwide/target/debug/deps/libclap_complete-ec2dab405b754e15.rlib --extern colored=/opt/rustwide/target/debug/deps/libcolored-5edc69e55eb1b5b3.rlib --extern config=/opt/rustwide/target/debug/deps/libconfig-a2fdb222d8a08229.rlib --extern criterion=/opt/rustwide/target/debug/deps/libcriterion-6d5ae0884f07e827.rlib --extern dialoguer=/opt/rustwide/target/debug/deps/libdialoguer-37029d6128b17a29.rlib --extern files_sdk=/opt/rustwide/target/debug/deps/libfiles_sdk-ed93713414a16ee0.rlib --extern flate2=/opt/rustwide/target/debug/deps/libflate2-63845c2b49bb56a6.rlib --extern futures=/opt/rustwide/target/debug/deps/libfutures-c54508ccf4c6a1e8.rlib --extern indicatif=/opt/rustwide/target/debug/deps/libindicatif-922cefb937b3cbc8.rlib --extern jpx_core=/opt/rustwide/target/debug/deps/libjpx_core-3b49fa3eaaeb2f59.rlib --extern keyring=/opt/rustwide/target/debug/deps/libkeyring-88fef92031f3e882.rlib --extern pager=/opt/rustwide/target/debug/deps/libpager-4d7a630b23493f58.rlib --extern predicates=/opt/rustwide/target/debug/deps/libpredicates-0418fb2754cee5f1.rlib --extern redis=/opt/rustwide/target/debug/deps/libredis-789f4bcb2814d594.rlib --extern redis_cloud=/opt/rustwide/target/debug/deps/libredis_cloud-11433449fb9f523a.rlib --extern redis_enterprise=/opt/rustwide/target/debug/deps/libredis_enterprise-10f9fd13d6d0aee6.rlib --extern redisctl_core=/opt/rustwide/target/debug/deps/libredisctl_core-e35108c8a9da40b3.rlib --extern regex=/opt/rustwide/target/debug/deps/libregex-67dc692bfcab96ae.rlib --extern rpassword=/opt/rustwide/target/debug/deps/librpassword-c1f0c979bdf7b34f.rlib --extern serde=/opt/rustwide/target/debug/deps/libserde-8b1e55dfd20b66da.rlib --extern serde_json=/opt/rustwide/target/debug/deps/libserde_json-207cac076357763c.rlib --extern serde_yaml=/opt/rustwide/target/debug/deps/libserde_yaml-2a8cdfd9ec8a0889.rlib --extern serial_test=/opt/rustwide/target/debug/deps/libserial_test-e12b204e1bd77f5d.rlib --extern tabled=/opt/rustwide/target/debug/deps/libtabled-85f94a2fcdbc07f6.rlib --extern tar=/opt/rustwide/target/debug/deps/libtar-9dacbaa71416156d.rlib --extern tempfile=/opt/rustwide/target/debug/deps/libtempfile-88be0b5ddb18b0c8.rlib --extern terminal_size=/opt/rustwide/target/debug/deps/libterminal_size-e1a51c7241ec9d1f.rlib --extern thiserror=/opt/rustwide/target/debug/deps/libthiserror-4432edc19d4e3903.rlib --extern tokio=/opt/rustwide/target/debug/deps/libtokio-742e044bbeaf21fa.rlib --extern tokio_stream=/opt/rustwide/target/debug/deps/libtokio_stream-8cca14635e146f20.rlib --extern tower=/opt/rustwide/target/debug/deps/libtower-154a935c405c32cb.rlib --extern tower_resilience=/opt/rustwide/target/debug/deps/libtower_resilience-28f902b687dabfba.rlib --extern tracing=/opt/rustwide/target/debug/deps/libtracing-1afc73012081f020.rlib --extern tracing_subscriber=/opt/rustwide/target/debug/deps/libtracing_subscriber-eac7fae0974e6814.rlib --extern unicode_segmentation=/opt/rustwide/target/debug/deps/libunicode_segmentation-421de088ab714999.rlib --extern url=/opt/rustwide/target/debug/deps/liburl-38d32efe9208a1df.rlib --extern urlencoding=/opt/rustwide/target/debug/deps/liburlencoding-061758bc6028ea3e.rlib --extern which=/opt/rustwide/target/debug/deps/libwhich-267d84f13207ef69.rlib --extern wiremock=/opt/rustwide/target/debug/deps/libwiremock-3b37a97276666610.rlib --extern zip=/opt/rustwide/target/debug/deps/libzip-877391b666836961.rlib --cap-lints=warn -L native=/opt/rustwide/target/debug/build/aws-lc-sys-7a665ec4abf1ff23/out -L native=/opt/rustwide/target/debug/build/ring-d3334780051818f0/out -L native=/opt/rustwide/target/debug/build/zstd-sys-c55dcb246f0ebc61/out` (signal: 9, SIGKILL: kill)
[INFO] [stderr] error: could not compile `redisctl` (bin "redisctl")
[INFO] [stderr] 
[INFO] [stderr] Caused by:
[INFO] [stderr]   process didn't exit successfully: `/opt/rustwide/rustup-home/toolchains/1.99.0-beta.8-x86_64-unknown-linux-gnu/bin/rustc --crate-name redisctl --edition=2024 src/main.rs --error-format=json --json=diagnostic-rendered-ansi,artifacts,future-incompat --crate-type bin --emit=dep-info,link -C embed-bitcode=no -C debuginfo=2 --cfg 'feature="cloud"' --cfg 'feature="default"' --cfg 'feature="enterprise"' --cfg 'feature="full"' --cfg 'feature="secure-storage"' --cfg 'feature="upload"' --check-cfg 'cfg(docsrs,test)' --check-cfg 'cfg(feature, values("cloud", "default", "enterprise", "full", "secure-storage", "upload"))' -C metadata=77f979feeb16ab55 -C extra-filename=-49094fa7b659bd01 --out-dir /opt/rustwide/target/debug/deps -L dependency=/opt/rustwide/target/debug/deps --extern anyhow=/opt/rustwide/target/debug/deps/libanyhow-eeb2152985963809.rlib --extern chrono=/opt/rustwide/target/debug/deps/libchrono-a7dc1022c413abb7.rlib --extern clap=/opt/rustwide/target/debug/deps/libclap-e3daf54cddfb7083.rlib --extern clap_complete=/opt/rustwide/target/debug/deps/libclap_complete-ec2dab405b754e15.rlib --extern colored=/opt/rustwide/target/debug/deps/libcolored-5edc69e55eb1b5b3.rlib --extern config=/opt/rustwide/target/debug/deps/libconfig-a2fdb222d8a08229.rlib --extern dialoguer=/opt/rustwide/target/debug/deps/libdialoguer-37029d6128b17a29.rlib --extern files_sdk=/opt/rustwide/target/debug/deps/libfiles_sdk-ed93713414a16ee0.rlib --extern flate2=/opt/rustwide/target/debug/deps/libflate2-63845c2b49bb56a6.rlib --extern futures=/opt/rustwide/target/debug/deps/libfutures-c54508ccf4c6a1e8.rlib --extern indicatif=/opt/rustwide/target/debug/deps/libindicatif-922cefb937b3cbc8.rlib --extern jpx_core=/opt/rustwide/target/debug/deps/libjpx_core-3b49fa3eaaeb2f59.rlib --extern keyring=/opt/rustwide/target/debug/deps/libkeyring-88fef92031f3e882.rlib --extern pager=/opt/rustwide/target/debug/deps/libpager-4d7a630b23493f58.rlib --extern redis=/opt/rustwide/target/debug/deps/libredis-789f4bcb2814d594.rlib --extern redis_cloud=/opt/rustwide/target/debug/deps/libredis_cloud-11433449fb9f523a.rlib --extern redis_enterprise=/opt/rustwide/target/debug/deps/libredis_enterprise-10f9fd13d6d0aee6.rlib --extern redisctl_core=/opt/rustwide/target/debug/deps/libredisctl_core-e35108c8a9da40b3.rlib --extern regex=/opt/rustwide/target/debug/deps/libregex-67dc692bfcab96ae.rlib --extern rpassword=/opt/rustwide/target/debug/deps/librpassword-c1f0c979bdf7b34f.rlib --extern serde=/opt/rustwide/target/debug/deps/libserde-8b1e55dfd20b66da.rlib --extern serde_json=/opt/rustwide/target/debug/deps/libserde_json-207cac076357763c.rlib --extern serde_yaml=/opt/rustwide/target/debug/deps/libserde_yaml-2a8cdfd9ec8a0889.rlib --extern tabled=/opt/rustwide/target/debug/deps/libtabled-85f94a2fcdbc07f6.rlib --extern tar=/opt/rustwide/target/debug/deps/libtar-9dacbaa71416156d.rlib --extern terminal_size=/opt/rustwide/target/debug/deps/libterminal_size-e1a51c7241ec9d1f.rlib --extern thiserror=/opt/rustwide/target/debug/deps/libthiserror-4432edc19d4e3903.rlib --extern tokio=/opt/rustwide/target/debug/deps/libtokio-742e044bbeaf21fa.rlib --extern tokio_stream=/opt/rustwide/target/debug/deps/libtokio_stream-8cca14635e146f20.rlib --extern tower=/opt/rustwide/target/debug/deps/libtower-154a935c405c32cb.rlib --extern tower_resilience=/opt/rustwide/target/debug/deps/libtower_resilience-28f902b687dabfba.rlib --extern tracing=/opt/rustwide/target/debug/deps/libtracing-1afc73012081f020.rlib --extern tracing_subscriber=/opt/rustwide/target/debug/deps/libtracing_subscriber-eac7fae0974e6814.rlib --extern unicode_segmentation=/opt/rustwide/target/debug/deps/libunicode_segmentation-421de088ab714999.rlib --extern url=/opt/rustwide/target/debug/deps/liburl-38d32efe9208a1df.rlib --extern urlencoding=/opt/rustwide/target/debug/deps/liburlencoding-061758bc6028ea3e.rlib --extern which=/opt/rustwide/target/debug/deps/libwhich-267d84f13207ef69.rlib --extern zip=/opt/rustwide/target/debug/deps/libzip-877391b666836961.rlib --cap-lints=warn -L native=/opt/rustwide/target/debug/build/aws-lc-sys-7a665ec4abf1ff23/out -L native=/opt/rustwide/target/debug/build/ring-d3334780051818f0/out -L native=/opt/rustwide/target/debug/build/zstd-sys-c55dcb246f0ebc61/out` (signal: 9, SIGKILL: kill)
[INFO] running `Command { std: "docker" "inspect" "bda4b6aeea0d7d87b14da24964446fe6d39731770a4826629db2300835f8c89d", kill_on_drop: false }`
[INFO] running `Command { std: "docker" "rm" "-f" "bda4b6aeea0d7d87b14da24964446fe6d39731770a4826629db2300835f8c89d", kill_on_drop: false }`
[INFO] [stdout] bda4b6aeea0d7d87b14da24964446fe6d39731770a4826629db2300835f8c89d
