[INFO] fetching crate redb-derive 0.1.0...
[INFO] testing redb-derive-0.1.0 against 1.99.0-beta.8 for beta-1.100-2
[INFO] extracting crate redb-derive 0.1.0 into /workspace/builds/worker-3-tc1/source
[INFO] started tweaking crates.io crate redb-derive 0.1.0
[INFO] removed 0 missing tests
[INFO] finished tweaking crates.io crate redb-derive 0.1.0
[INFO] tweaked toml for crates.io crate redb-derive 0.1.0 written to /workspace/builds/worker-3-tc1/source/Cargo.toml
[INFO] validating manifest of crates.io crate redb-derive 0.1.0 on toolchain 1.99.0-beta.8
[INFO] running `Command { std: CARGO_HOME="/workspace/cargo-home" RUSTUP_HOME="/workspace/rustup-home" "/workspace/cargo-home/bin/cargo" "+1.99.0-beta.8" "metadata" "--manifest-path" "Cargo.toml" "--no-deps", kill_on_drop: false }`
[INFO] crate crates.io crate redb-derive 0.1.0 already has a lockfile, it will not be regenerated
[INFO] running `Command { std: CARGO_HOME="/workspace/cargo-home" RUSTUP_HOME="/workspace/rustup-home" "/workspace/cargo-home/bin/cargo" "+1.99.0-beta.8" "fetch" "--manifest-path" "Cargo.toml", kill_on_drop: false }`
[INFO] [stderr]     Updating crates.io index
[INFO] [stderr]  Downloading crates ...
[INFO] [stderr]   Downloaded tempfile v3.20.0
[INFO] [stderr]   Downloaded windows-targets v0.52.6
[INFO] [stderr]   Downloaded errno v0.3.13
[INFO] [stderr]   Downloaded windows-targets v0.53.2
[INFO] [stderr]   Downloaded wit-bindgen-rt v0.39.0
[INFO] [stderr]   Downloaded cfg-if v1.0.1
[INFO] [stderr]   Downloaded quote v1.0.40
[INFO] [stderr]   Downloaded bitflags v2.9.1
[INFO] [stderr]   Downloaded once_cell v1.21.3
[INFO] [stderr]   Downloaded unicode-ident v1.0.18
[INFO] [stderr]   Downloaded proc-macro2 v1.0.95
[INFO] [stderr]   Downloaded getrandom v0.3.3
[INFO] [stderr]   Downloaded wasi v0.14.2+wasi-0.2.4
[INFO] [stderr]   Downloaded syn v2.0.104
[INFO] [stderr]   Downloaded windows_x86_64_gnullvm v0.52.6
[INFO] [stderr]   Downloaded rustix v1.0.7
[INFO] [stderr]   Downloaded windows_aarch64_gnullvm v0.52.6
[INFO] [stderr]   Downloaded windows_i686_gnullvm v0.52.6
[INFO] [stderr]   Downloaded windows_aarch64_gnullvm v0.53.0
[INFO] [stderr]   Downloaded windows_x86_64_msvc v0.52.6
[INFO] [stderr]   Downloaded libc v0.2.174
[INFO] [stderr]   Downloaded windows_x86_64_gnullvm v0.53.0
[INFO] [stderr]   Downloaded windows_x86_64_msvc v0.53.0
[INFO] [stderr]   Downloaded windows_i686_gnullvm v0.53.0
[INFO] [stderr]   Downloaded windows_aarch64_msvc v0.53.0
[INFO] [stderr]   Downloaded windows_aarch64_msvc v0.52.6
[INFO] [stderr]   Downloaded windows_x86_64_gnu v0.52.6
[INFO] [stderr]   Downloaded windows_i686_gnu v0.52.6
[INFO] [stderr]   Downloaded windows_i686_msvc v0.52.6
[INFO] [stderr]   Downloaded windows_i686_msvc v0.53.0
[INFO] [stderr]   Downloaded windows_x86_64_gnu v0.53.0
[INFO] [stderr]   Downloaded windows_i686_gnu v0.53.0
[INFO] [stderr]   Downloaded linux-raw-sys v0.9.4
[INFO] [stderr]   Downloaded windows-sys v0.60.2
[INFO] [stderr]   Downloaded windows-sys v0.59.0
[INFO] running `Command { std: "docker" "create" "-v" "/var/lib/crater-agent-workspace/builds/worker-3-tc1/source:/opt/rustwide/workdir:ro,Z" "-v" "/var/lib/crater-agent-workspace/builds/worker-3-tc1/target:/opt/rustwide/target:rw,Z" "-v" "/var/lib/crater-agent-workspace/cargo-home:/opt/rustwide/cargo-home:ro,Z" "-v" "/var/lib/crater-agent-workspace/rustup-home:/opt/rustwide/rustup-home:ro,Z" "-m" "1610612736" "--network" "none" "ghcr.io/rust-lang/crates-build-env/linux@sha256:3111399a4047eeb3a02b7a90e478d715f38a8c6669b5c4b49d30a17385265909" "sleep" "infinity", kill_on_drop: false }`
[INFO] [stdout] 1a24cb2ccdaf8d5131b99a005d288fa8a477d5d3ae350b381af13e63efc8fa45
[INFO] running `Command { std: "docker" "start" "1a24cb2ccdaf8d5131b99a005d288fa8a477d5d3ae350b381af13e63efc8fa45", kill_on_drop: false }`
[INFO] running `Command { std: "docker" "inspect" "1a24cb2ccdaf8d5131b99a005d288fa8a477d5d3ae350b381af13e63efc8fa45", kill_on_drop: false }`
[INFO] running `Command { std: "docker" "exec" "-e" "SOURCE_DIR=/opt/rustwide/workdir" "-e" "CARGO_HOME=/opt/rustwide/cargo-home" "-e" "RUSTUP_HOME=/opt/rustwide/rustup-home" "-e" "CARGO_TARGET_DIR=/opt/rustwide/target" "-w" "/opt/rustwide/workdir" "--user" "0:0" "1a24cb2ccdaf8d5131b99a005d288fa8a477d5d3ae350b381af13e63efc8fa45" "/opt/rustwide/cargo-home/bin/cargo" "+1.99.0-beta.8" "metadata" "--no-deps" "--format-version=1", kill_on_drop: false }`
[INFO] running `Command { std: "docker" "inspect" "1a24cb2ccdaf8d5131b99a005d288fa8a477d5d3ae350b381af13e63efc8fa45", kill_on_drop: false }`
[INFO] running `Command { std: "docker" "exec" "-e" "SOURCE_DIR=/opt/rustwide/workdir" "-e" "CARGO_HOME=/opt/rustwide/cargo-home" "-e" "RUSTUP_HOME=/opt/rustwide/rustup-home" "-e" "CARGO_TARGET_DIR=/opt/rustwide/target" "-e" "CARGO_INCREMENTAL=0" "-e" "RUST_BACKTRACE=full" "-e" "RUSTFLAGS=--cap-lints=warn" "-e" "RUSTDOCFLAGS=--cap-lints=warn" "-w" "/opt/rustwide/workdir" "--user" "0:0" "1a24cb2ccdaf8d5131b99a005d288fa8a477d5d3ae350b381af13e63efc8fa45" "/opt/rustwide/cargo-home/bin/cargo" "+1.99.0-beta.8" "build" "--frozen" "--message-format=json", kill_on_drop: false }`
[INFO] [stderr]    Compiling proc-macro2 v1.0.95
[INFO] [stderr]    Compiling unicode-ident v1.0.18
[INFO] [stderr]    Compiling quote v1.0.40
[INFO] [stderr]    Compiling syn v2.0.104
[INFO] [stderr]    Compiling redb-derive v0.1.0 (/opt/rustwide/workdir)
[INFO] [stderr]     Finished `dev` profile [unoptimized + debuginfo] target(s) in 6.42s
[INFO] running `Command { std: "docker" "inspect" "1a24cb2ccdaf8d5131b99a005d288fa8a477d5d3ae350b381af13e63efc8fa45", kill_on_drop: false }`
[INFO] running `Command { std: "docker" "exec" "-e" "SOURCE_DIR=/opt/rustwide/workdir" "-e" "CARGO_HOME=/opt/rustwide/cargo-home" "-e" "RUSTUP_HOME=/opt/rustwide/rustup-home" "-e" "CARGO_TARGET_DIR=/opt/rustwide/target" "-e" "CARGO_INCREMENTAL=0" "-e" "RUST_BACKTRACE=full" "-e" "RUSTFLAGS=--cap-lints=warn" "-e" "RUSTDOCFLAGS=--cap-lints=warn" "-w" "/opt/rustwide/workdir" "--user" "0:0" "1a24cb2ccdaf8d5131b99a005d288fa8a477d5d3ae350b381af13e63efc8fa45" "/opt/rustwide/cargo-home/bin/cargo" "+1.99.0-beta.8" "test" "--frozen" "--no-run" "--message-format=json", kill_on_drop: false }`
[INFO] [stderr]    Compiling proc-macro2 v1.0.95
[INFO] [stderr]    Compiling unicode-ident v1.0.18
[INFO] [stderr]    Compiling libc v0.2.174
[INFO] [stderr]    Compiling getrandom v0.3.3
[INFO] [stderr]    Compiling rustix v1.0.7
[INFO] [stderr]    Compiling cfg-if v1.0.1
[INFO] [stderr]    Compiling bitflags v2.9.1
[INFO] [stderr]    Compiling linux-raw-sys v0.9.4
[INFO] [stderr]    Compiling fastrand v2.3.0
[INFO] [stderr]    Compiling once_cell v1.21.3
[INFO] [stderr]    Compiling quote v1.0.40
[INFO] [stderr]    Compiling syn v2.0.104
[INFO] [stderr]    Compiling tempfile v3.20.0
[INFO] [stderr]    Compiling redb-derive v0.1.0 (/opt/rustwide/workdir)
[INFO] [stdout] error[E0432]: unresolved import `redb`
[INFO] [stdout]  --> tests/derive_tests.rs:1:5
[INFO] [stdout]   |
[INFO] [stdout] 1 | use redb::{Database, Key, ReadableDatabase, TableDefinition, Value};
[INFO] [stdout]   |     ^^^^ use of unresolved module or unlinked crate `redb`
[INFO] [stdout]   |
[INFO] [stdout]   = help: if you wanted to use a crate named `redb`, use `cargo add redb` to add it to your `Cargo.toml`
[INFO] [stdout] 
[INFO] [stdout] 
[INFO] [stdout] error[E0433]: cannot find module or crate `redb` in this scope
[INFO] [stdout]   --> tests/derive_tests.rs:14:15
[INFO] [stdout]    |
[INFO] [stdout] 14 | #[derive(Key, Value, Debug, PartialEq, Eq, PartialOrd, Ord)]
[INFO] [stdout]    |               ^^^^^ use of unresolved module or unlinked crate `redb`
[INFO] [stdout]    |
[INFO] [stdout]    = help: if you wanted to use a crate named `redb`, use `cargo add redb` to add it to your `Cargo.toml`
[INFO] [stdout]    = note: this error originates in the derive macro `Value` (in Nightly builds, run with -Z macro-backtrace for more info)
[INFO] [stdout] 
[INFO] [stdout] 
[INFO] [stdout] error[E0433]: cannot find module or crate `redb` in this scope
[INFO] [stdout]   --> tests/derive_tests.rs:20:15
[INFO] [stdout]    |
[INFO] [stdout] 20 | #[derive(Key, Value, Debug, PartialEq, Eq, PartialOrd, Ord)]
[INFO] [stdout]    |               ^^^^^ use of unresolved module or unlinked crate `redb`
[INFO] [stdout]    |
[INFO] [stdout]    = help: if you wanted to use a crate named `redb`, use `cargo add redb` to add it to your `Cargo.toml`
[INFO] [stdout]    = note: this error originates in the derive macro `Value` (in Nightly builds, run with -Z macro-backtrace for more info)
[INFO] [stdout] 
[INFO] [stdout] 
[INFO] [stdout] error[E0433]: cannot find module or crate `redb` in this scope
[INFO] [stdout]   --> tests/derive_tests.rs:23:15
[INFO] [stdout]    |
[INFO] [stdout] 23 | #[derive(Key, Value, Debug, PartialEq, Eq, PartialOrd, Ord)]
[INFO] [stdout]    |               ^^^^^ use of unresolved module or unlinked crate `redb`
[INFO] [stdout]    |
[INFO] [stdout]    = help: if you wanted to use a crate named `redb`, use `cargo add redb` to add it to your `Cargo.toml`
[INFO] [stdout]    = note: this error originates in the derive macro `Value` (in Nightly builds, run with -Z macro-backtrace for more info)
[INFO] [stdout] 
[INFO] [stdout] 
[INFO] [stdout] error[E0433]: cannot find module or crate `redb` in this scope
[INFO] [stdout]   --> tests/derive_tests.rs:26:15
[INFO] [stdout]    |
[INFO] [stdout] 26 | #[derive(Key, Value, Debug, PartialEq, Eq, PartialOrd, Ord)]
[INFO] [stdout]    |               ^^^^^ use of unresolved module or unlinked crate `redb`
[INFO] [stdout]    |
[INFO] [stdout]    = help: if you wanted to use a crate named `redb`, use `cargo add redb` to add it to your `Cargo.toml`
[INFO] [stdout]    = note: this error originates in the derive macro `Value` (in Nightly builds, run with -Z macro-backtrace for more info)
[INFO] [stdout] 
[INFO] [stdout] 
[INFO] [stdout] error[E0433]: cannot find module or crate `redb` in this scope
[INFO] [stdout]   --> tests/derive_tests.rs:29:15
[INFO] [stdout]    |
[INFO] [stdout] 29 | #[derive(Key, Value, Debug, PartialEq, Eq, PartialOrd, Ord)]
[INFO] [stdout]    |               ^^^^^ use of unresolved module or unlinked crate `redb`
[INFO] [stdout]    |
[INFO] [stdout]    = help: if you wanted to use a crate named `redb`, use `cargo add redb` to add it to your `Cargo.toml`
[INFO] [stdout]    = note: this error originates in the derive macro `Value` (in Nightly builds, run with -Z macro-backtrace for more info)
[INFO] [stdout] 
[INFO] [stdout] 
[INFO] [stdout] error[E0433]: cannot find module or crate `redb` in this scope
[INFO] [stdout]   --> tests/derive_tests.rs:32:15
[INFO] [stdout]    |
[INFO] [stdout] 32 | #[derive(Key, Value, Debug, PartialEq, Eq, PartialOrd, Ord)]
[INFO] [stdout]    |               ^^^^^ use of unresolved module or unlinked crate `redb`
[INFO] [stdout]    |
[INFO] [stdout]    = help: if you wanted to use a crate named `redb`, use `cargo add redb` to add it to your `Cargo.toml`
[INFO] [stdout]    = note: this error originates in the derive macro `Value` (in Nightly builds, run with -Z macro-backtrace for more info)
[INFO] [stdout] 
[INFO] [stdout] 
[INFO] [stdout] error[E0433]: cannot find module or crate `redb` in this scope
[INFO] [stdout]   --> tests/derive_tests.rs:37:15
[INFO] [stdout]    |
[INFO] [stdout] 37 | #[derive(Key, Value, Debug, PartialEq, Eq, PartialOrd, Ord)]
[INFO] [stdout]    |               ^^^^^ use of unresolved module or unlinked crate `redb`
[INFO] [stdout]    |
[INFO] [stdout]    = help: if you wanted to use a crate named `redb`, use `cargo add redb` to add it to your `Cargo.toml`
[INFO] [stdout]    = note: this error originates in the derive macro `Value` (in Nightly builds, run with -Z macro-backtrace for more info)
[INFO] [stdout] 
[INFO] [stdout] 
[INFO] [stdout] error[E0433]: cannot find module or crate `redb` in this scope
[INFO] [stdout]   --> tests/derive_tests.rs:45:10
[INFO] [stdout]    |
[INFO] [stdout] 45 | #[derive(Value, Debug, PartialEq)]
[INFO] [stdout]    |          ^^^^^ use of unresolved module or unlinked crate `redb`
[INFO] [stdout]    |
[INFO] [stdout]    = help: if you wanted to use a crate named `redb`, use `cargo add redb` to add it to your `Cargo.toml`
[INFO] [stdout]    = note: this error originates in the derive macro `Value` (in Nightly builds, run with -Z macro-backtrace for more info)
[INFO] [stdout] 
[INFO] [stdout] 
[INFO] [stdout] error[E0223]: ambiguous associated type
[INFO] [stdout]   --> tests/derive_tests.rs:14:15
[INFO] [stdout]    |
[INFO] [stdout] 14 | #[derive(Key, Value, Debug, PartialEq, Eq, PartialOrd, Ord)]
[INFO] [stdout]    |               ^^^^^
[INFO] [stdout]    |
[INFO] [stdout]    = note: this error originates in the derive macro `Value` (in Nightly builds, run with -Z macro-backtrace for more info)
[INFO] [stdout] 
[INFO] [stdout] 
[INFO] [stdout] error[E0223]: ambiguous associated type
[INFO] [stdout]   --> tests/derive_tests.rs:20:15
[INFO] [stdout]    |
[INFO] [stdout] 20 | #[derive(Key, Value, Debug, PartialEq, Eq, PartialOrd, Ord)]
[INFO] [stdout]    |               ^^^^^
[INFO] [stdout]    |
[INFO] [stdout]    = note: this error originates in the derive macro `Value` (in Nightly builds, run with -Z macro-backtrace for more info)
[INFO] [stdout] 
[INFO] [stdout] 
[INFO] [stdout] error[E0223]: ambiguous associated type
[INFO] [stdout]   --> tests/derive_tests.rs:23:15
[INFO] [stdout]    |
[INFO] [stdout] 23 | #[derive(Key, Value, Debug, PartialEq, Eq, PartialOrd, Ord)]
[INFO] [stdout]    |               ^^^^^
[INFO] [stdout]    |
[INFO] [stdout]    = note: this error originates in the derive macro `Value` (in Nightly builds, run with -Z macro-backtrace for more info)
[INFO] [stdout] 
[INFO] [stdout] 
[INFO] [stdout] error[E0223]: ambiguous associated type
[INFO] [stdout]   --> tests/derive_tests.rs:26:15
[INFO] [stdout]    |
[INFO] [stdout] 26 | #[derive(Key, Value, Debug, PartialEq, Eq, PartialOrd, Ord)]
[INFO] [stdout]    |               ^^^^^
[INFO] [stdout]    |
[INFO] [stdout]    = note: this error originates in the derive macro `Value` (in Nightly builds, run with -Z macro-backtrace for more info)
[INFO] [stdout] 
[INFO] [stdout] 
[INFO] [stdout] error[E0223]: ambiguous associated type
[INFO] [stdout]   --> tests/derive_tests.rs:29:15
[INFO] [stdout]    |
[INFO] [stdout] 29 | #[derive(Key, Value, Debug, PartialEq, Eq, PartialOrd, Ord)]
[INFO] [stdout]    |               ^^^^^
[INFO] [stdout]    |
[INFO] [stdout]    = note: this error originates in the derive macro `Value` (in Nightly builds, run with -Z macro-backtrace for more info)
[INFO] [stdout] 
[INFO] [stdout] 
[INFO] [stdout] error[E0223]: ambiguous associated type
[INFO] [stdout]   --> tests/derive_tests.rs:32:15
[INFO] [stdout]    |
[INFO] [stdout] 32 | #[derive(Key, Value, Debug, PartialEq, Eq, PartialOrd, Ord)]
[INFO] [stdout]    |               ^^^^^
[INFO] [stdout]    |
[INFO] [stdout]    = note: this error originates in the derive macro `Value` (in Nightly builds, run with -Z macro-backtrace for more info)
[INFO] [stdout] 
[INFO] [stdout] 
[INFO] [stdout] error[E0223]: ambiguous associated type
[INFO] [stdout]   --> tests/derive_tests.rs:37:15
[INFO] [stdout]    |
[INFO] [stdout] 37 | #[derive(Key, Value, Debug, PartialEq, Eq, PartialOrd, Ord)]
[INFO] [stdout]    |               ^^^^^
[INFO] [stdout]    |
[INFO] [stdout]    = note: this error originates in the derive macro `Value` (in Nightly builds, run with -Z macro-backtrace for more info)
[INFO] [stdout] 
[INFO] [stdout] 
[INFO] [stdout] error[E0223]: ambiguous associated type
[INFO] [stdout]   --> tests/derive_tests.rs:45:10
[INFO] [stdout]    |
[INFO] [stdout] 45 | #[derive(Value, Debug, PartialEq)]
[INFO] [stdout]    |          ^^^^^
[INFO] [stdout]    |
[INFO] [stdout]    = note: this error originates in the derive macro `Value` (in Nightly builds, run with -Z macro-backtrace for more info)
[INFO] [stdout] 
[INFO] [stdout] 
[INFO] [stdout] error[E0433]: cannot find module or crate `redb` in this scope
[INFO] [stdout]   --> tests/derive_tests.rs:14:10
[INFO] [stdout]    |
[INFO] [stdout] 14 | #[derive(Key, Value, Debug, PartialEq, Eq, PartialOrd, Ord)]
[INFO] [stdout]    |          ^^^ use of unresolved module or unlinked crate `redb`
[INFO] [stdout]    |
[INFO] [stdout]    = help: if you wanted to use a crate named `redb`, use `cargo add redb` to add it to your `Cargo.toml`
[INFO] [stdout]    = note: this error originates in the derive macro `Key` (in Nightly builds, run with -Z macro-backtrace for more info)
[INFO] [stdout] 
[INFO] [stdout] 
[INFO] [stdout] error[E0433]: cannot find module or crate `redb` in this scope
[INFO] [stdout]   --> tests/derive_tests.rs:20:10
[INFO] [stdout]    |
[INFO] [stdout] 20 | #[derive(Key, Value, Debug, PartialEq, Eq, PartialOrd, Ord)]
[INFO] [stdout]    |          ^^^ use of unresolved module or unlinked crate `redb`
[INFO] [stdout]    |
[INFO] [stdout]    = help: if you wanted to use a crate named `redb`, use `cargo add redb` to add it to your `Cargo.toml`
[INFO] [stdout]    = note: this error originates in the derive macro `Key` (in Nightly builds, run with -Z macro-backtrace for more info)
[INFO] [stdout] 
[INFO] [stdout] 
[INFO] [stdout] error[E0433]: cannot find module or crate `redb` in this scope
[INFO] [stdout]   --> tests/derive_tests.rs:23:10
[INFO] [stdout]    |
[INFO] [stdout] 23 | #[derive(Key, Value, Debug, PartialEq, Eq, PartialOrd, Ord)]
[INFO] [stdout]    |          ^^^ use of unresolved module or unlinked crate `redb`
[INFO] [stdout]    |
[INFO] [stdout]    = help: if you wanted to use a crate named `redb`, use `cargo add redb` to add it to your `Cargo.toml`
[INFO] [stdout]    = note: this error originates in the derive macro `Key` (in Nightly builds, run with -Z macro-backtrace for more info)
[INFO] [stdout] 
[INFO] [stdout] 
[INFO] [stdout] error[E0433]: cannot find module or crate `redb` in this scope
[INFO] [stdout]   --> tests/derive_tests.rs:26:10
[INFO] [stdout]    |
[INFO] [stdout] 26 | #[derive(Key, Value, Debug, PartialEq, Eq, PartialOrd, Ord)]
[INFO] [stdout]    |          ^^^ use of unresolved module or unlinked crate `redb`
[INFO] [stdout]    |
[INFO] [stdout]    = help: if you wanted to use a crate named `redb`, use `cargo add redb` to add it to your `Cargo.toml`
[INFO] [stdout]    = note: this error originates in the derive macro `Key` (in Nightly builds, run with -Z macro-backtrace for more info)
[INFO] [stdout] 
[INFO] [stdout] 
[INFO] [stdout] error[E0433]: cannot find module or crate `redb` in this scope
[INFO] [stdout]   --> tests/derive_tests.rs:29:10
[INFO] [stdout]    |
[INFO] [stdout] 29 | #[derive(Key, Value, Debug, PartialEq, Eq, PartialOrd, Ord)]
[INFO] [stdout]    |          ^^^ use of unresolved module or unlinked crate `redb`
[INFO] [stdout]    |
[INFO] [stdout]    = help: if you wanted to use a crate named `redb`, use `cargo add redb` to add it to your `Cargo.toml`
[INFO] [stdout]    = note: this error originates in the derive macro `Key` (in Nightly builds, run with -Z macro-backtrace for more info)
[INFO] [stdout] 
[INFO] [stdout] 
[INFO] [stdout] error[E0433]: cannot find module or crate `redb` in this scope
[INFO] [stdout]   --> tests/derive_tests.rs:32:10
[INFO] [stdout]    |
[INFO] [stdout] 32 | #[derive(Key, Value, Debug, PartialEq, Eq, PartialOrd, Ord)]
[INFO] [stdout]    |          ^^^ use of unresolved module or unlinked crate `redb`
[INFO] [stdout]    |
[INFO] [stdout]    = help: if you wanted to use a crate named `redb`, use `cargo add redb` to add it to your `Cargo.toml`
[INFO] [stdout]    = note: this error originates in the derive macro `Key` (in Nightly builds, run with -Z macro-backtrace for more info)
[INFO] [stdout] 
[INFO] [stdout] 
[INFO] [stdout] error[E0433]: cannot find module or crate `redb` in this scope
[INFO] [stdout]   --> tests/derive_tests.rs:37:10
[INFO] [stdout]    |
[INFO] [stdout] 37 | #[derive(Key, Value, Debug, PartialEq, Eq, PartialOrd, Ord)]
[INFO] [stdout]    |          ^^^ use of unresolved module or unlinked crate `redb`
[INFO] [stdout]    |
[INFO] [stdout]    = help: if you wanted to use a crate named `redb`, use `cargo add redb` to add it to your `Cargo.toml`
[INFO] [stdout]    = note: this error originates in the derive macro `Key` (in Nightly builds, run with -Z macro-backtrace for more info)
[INFO] [stdout] 
[INFO] [stdout] 
[INFO] [stdout] Some errors have detailed explanations: E0223, E0432, E0433.
[INFO] [stdout] 
[INFO] [stdout] For more information about an error, try `rustc --explain E0223`.
[INFO] [stdout] 
[INFO] [stderr] error: could not compile `redb-derive` (test "derive_tests") due to 24 previous errors
[INFO] running `Command { std: "docker" "inspect" "1a24cb2ccdaf8d5131b99a005d288fa8a477d5d3ae350b381af13e63efc8fa45", kill_on_drop: false }`
[INFO] running `Command { std: "docker" "rm" "-f" "1a24cb2ccdaf8d5131b99a005d288fa8a477d5d3ae350b381af13e63efc8fa45", kill_on_drop: false }`
[INFO] [stdout] 1a24cb2ccdaf8d5131b99a005d288fa8a477d5d3ae350b381af13e63efc8fa45
