[INFO] fetching crate rclip-idlist 0.1.0...
[INFO] testing rclip-idlist-0.1.0 against 1.100.0-beta.1 for beta-1.100-2
[INFO] extracting crate rclip-idlist 0.1.0 into /workspace/builds/worker-5-tc2/source
[INFO] started tweaking crates.io crate rclip-idlist 0.1.0
[INFO] removed 0 missing tests
[INFO] finished tweaking crates.io crate rclip-idlist 0.1.0
[INFO] tweaked toml for crates.io crate rclip-idlist 0.1.0 written to /workspace/builds/worker-5-tc2/source/Cargo.toml
[INFO] validating manifest of crates.io crate rclip-idlist 0.1.0 on toolchain 1.100.0-beta.1
[INFO] running `Command { std: CARGO_HOME="/workspace/cargo-home" RUSTUP_HOME="/workspace/rustup-home" "/workspace/cargo-home/bin/cargo" "+1.100.0-beta.1" "metadata" "--manifest-path" "Cargo.toml" "--no-deps", kill_on_drop: false }`
[INFO] crate crates.io crate rclip-idlist 0.1.0 already has a lockfile, it will not be regenerated
[INFO] running `Command { std: CARGO_HOME="/workspace/cargo-home" RUSTUP_HOME="/workspace/rustup-home" "/workspace/cargo-home/bin/cargo" "+1.100.0-beta.1" "fetch" "--manifest-path" "Cargo.toml", kill_on_drop: false }`
[INFO] running `Command { std: "docker" "create" "-v" "/var/lib/crater-agent-workspace/builds/worker-5-tc2/source:/opt/rustwide/workdir:ro,Z" "-v" "/var/lib/crater-agent-workspace/builds/worker-5-tc2/target:/opt/rustwide/target:rw,Z" "-v" "/var/lib/crater-agent-workspace/cargo-home:/opt/rustwide/cargo-home:ro,Z" "-v" "/var/lib/crater-agent-workspace/rustup-home:/opt/rustwide/rustup-home:ro,Z" "-m" "1610612736" "--network" "none" "ghcr.io/rust-lang/crates-build-env/linux@sha256:3111399a4047eeb3a02b7a90e478d715f38a8c6669b5c4b49d30a17385265909" "sleep" "infinity", kill_on_drop: false }`
[INFO] [stdout] 774d5b25184dfeeb3679cacb6aeca5c8d1fdd44514d8adfdc2a847399b8f3e5f
[INFO] running `Command { std: "docker" "start" "774d5b25184dfeeb3679cacb6aeca5c8d1fdd44514d8adfdc2a847399b8f3e5f", kill_on_drop: false }`
[INFO] running `Command { std: "docker" "inspect" "774d5b25184dfeeb3679cacb6aeca5c8d1fdd44514d8adfdc2a847399b8f3e5f", kill_on_drop: false }`
[INFO] running `Command { std: "docker" "exec" "-e" "SOURCE_DIR=/opt/rustwide/workdir" "-e" "CARGO_HOME=/opt/rustwide/cargo-home" "-e" "RUSTUP_HOME=/opt/rustwide/rustup-home" "-e" "CARGO_TARGET_DIR=/opt/rustwide/target" "-w" "/opt/rustwide/workdir" "--user" "0:0" "774d5b25184dfeeb3679cacb6aeca5c8d1fdd44514d8adfdc2a847399b8f3e5f" "/opt/rustwide/cargo-home/bin/cargo" "+1.100.0-beta.1" "metadata" "--no-deps" "--format-version=1", kill_on_drop: false }`
[INFO] running `Command { std: "docker" "inspect" "774d5b25184dfeeb3679cacb6aeca5c8d1fdd44514d8adfdc2a847399b8f3e5f", kill_on_drop: false }`
[INFO] running `Command { std: "docker" "exec" "-e" "SOURCE_DIR=/opt/rustwide/workdir" "-e" "CARGO_HOME=/opt/rustwide/cargo-home" "-e" "RUSTUP_HOME=/opt/rustwide/rustup-home" "-e" "CARGO_TARGET_DIR=/opt/rustwide/target" "-e" "CARGO_INCREMENTAL=0" "-e" "RUST_BACKTRACE=full" "-e" "RUSTFLAGS=--cap-lints=warn" "-e" "RUSTDOCFLAGS=--cap-lints=warn" "-w" "/opt/rustwide/workdir" "--user" "0:0" "774d5b25184dfeeb3679cacb6aeca5c8d1fdd44514d8adfdc2a847399b8f3e5f" "/opt/rustwide/cargo-home/bin/cargo" "+1.100.0-beta.1" "build" "--frozen" "--message-format=json", kill_on_drop: false }`
[INFO] [stderr]    Compiling rclip-core v0.1.0
[INFO] [stderr]    Compiling rclip-idlist v0.1.0 (/opt/rustwide/workdir)
[INFO] [stderr]     Finished `dev` profile [unoptimized + debuginfo] target(s) in 0.73s
[INFO] running `Command { std: "docker" "inspect" "774d5b25184dfeeb3679cacb6aeca5c8d1fdd44514d8adfdc2a847399b8f3e5f", kill_on_drop: false }`
[INFO] running `Command { std: "docker" "exec" "-e" "SOURCE_DIR=/opt/rustwide/workdir" "-e" "CARGO_HOME=/opt/rustwide/cargo-home" "-e" "RUSTUP_HOME=/opt/rustwide/rustup-home" "-e" "CARGO_TARGET_DIR=/opt/rustwide/target" "-e" "CARGO_INCREMENTAL=0" "-e" "RUST_BACKTRACE=full" "-e" "RUSTFLAGS=--cap-lints=warn" "-e" "RUSTDOCFLAGS=--cap-lints=warn" "-w" "/opt/rustwide/workdir" "--user" "0:0" "774d5b25184dfeeb3679cacb6aeca5c8d1fdd44514d8adfdc2a847399b8f3e5f" "/opt/rustwide/cargo-home/bin/cargo" "+1.100.0-beta.1" "test" "--frozen" "--no-run" "--message-format=json", kill_on_drop: false }`
[INFO] [stderr]    Compiling rclip-idlist v0.1.0 (/opt/rustwide/workdir)
[INFO] [stdout] error[E0432]: unresolved import `rclip_idlist::ItemIdListBuilder`
[INFO] [stdout]    --> tests/idlist.rs:608:9
[INFO] [stdout]     |
[INFO] [stdout] 608 |     use rclip_idlist::ItemIdListBuilder;
[INFO] [stdout]     |         ^^^^^^^^^^^^^^-----------------
[INFO] [stdout]     |                       |
[INFO] [stdout]     |                       no `ItemIdListBuilder` in the root
[INFO] [stdout]     |
[INFO] [stdout] note: found an item that was configured out
[INFO] [stdout]    --> src/lib.rs:117:16
[INFO] [stdout]     |
[INFO] [stdout] 116 | #[cfg(feature = "alloc")]
[INFO] [stdout]     |       ----------------- the item is gated behind the `alloc` feature
[INFO] [stdout] 117 | pub use build::ItemIdListBuilder;
[INFO] [stdout]     |                ^^^^^^^^^^^^^^^^^
[INFO] [stdout] 
[INFO] [stdout] 
[INFO] [stdout] error[E0432]: unresolved import `rclip_idlist::ItemIdListBuilder`
[INFO] [stdout]    --> tests/idlist.rs:637:9
[INFO] [stdout]     |
[INFO] [stdout] 637 |     use rclip_idlist::ItemIdListBuilder;
[INFO] [stdout]     |         ^^^^^^^^^^^^^^-----------------
[INFO] [stdout]     |                       |
[INFO] [stdout]     |                       no `ItemIdListBuilder` in the root
[INFO] [stdout]     |
[INFO] [stdout] note: found an item that was configured out
[INFO] [stdout]    --> src/lib.rs:117:16
[INFO] [stdout]     |
[INFO] [stdout] 116 | #[cfg(feature = "alloc")]
[INFO] [stdout]     |       ----------------- the item is gated behind the `alloc` feature
[INFO] [stdout] 117 | pub use build::ItemIdListBuilder;
[INFO] [stdout]     |                ^^^^^^^^^^^^^^^^^
[INFO] [stdout] 
[INFO] [stdout] 
[INFO] [stdout] error[E0425]: cannot find function `display_path` in crate `rclip_idlist`
[INFO] [stdout]    --> tests/idlist.rs:586:30
[INFO] [stdout]     |
[INFO] [stdout] 586 |     let path = rclip_idlist::display_path(ItemIdList::new(&buf), "\\");
[INFO] [stdout]     |                              ^^^^^^^^^^^^ not found in `rclip_idlist`
[INFO] [stdout]     |
[INFO] [stdout] note: found an item that was configured out
[INFO] [stdout]    --> src/lib.rs:131:8
[INFO] [stdout]     |
[INFO] [stdout] 129 | #[cfg(feature = "alloc")]
[INFO] [stdout]     |       ----------------- the item is gated behind the `alloc` feature
[INFO] [stdout] 130 | #[must_use]
[INFO] [stdout] 131 | pub fn display_path(list: ItemIdList<'_>, separator: &str) -> alloc::string::String {
[INFO] [stdout]     |        ^^^^^^^^^^^^
[INFO] [stdout] 
[INFO] [stdout] 
[INFO] [stdout] error[E0425]: cannot find function `display_path` in crate `rclip_idlist`
[INFO] [stdout]    --> tests/idlist.rs:599:30
[INFO] [stdout]     |
[INFO] [stdout] 599 |     let path = rclip_idlist::display_path(ItemIdList::new(&buf), "\\");
[INFO] [stdout]     |                              ^^^^^^^^^^^^ not found in `rclip_idlist`
[INFO] [stdout]     |
[INFO] [stdout] note: found an item that was configured out
[INFO] [stdout]    --> src/lib.rs:131:8
[INFO] [stdout]     |
[INFO] [stdout] 129 | #[cfg(feature = "alloc")]
[INFO] [stdout]     |       ----------------- the item is gated behind the `alloc` feature
[INFO] [stdout] 130 | #[must_use]
[INFO] [stdout] 131 | pub fn display_path(list: ItemIdList<'_>, separator: &str) -> alloc::string::String {
[INFO] [stdout]     |        ^^^^^^^^^^^^
[INFO] [stdout] 
[INFO] [stdout] 
[INFO] [stdout] error[E0599]: no method named `to_string_lossy` found for enum `ShellStr<'a>` in the current scope
[INFO] [stdout]    --> tests/idlist.rs:254:21
[INFO] [stdout]     |
[INFO] [stdout] 254 |     assert_eq!(long.to_string_lossy(), "wordpad.exe");
[INFO] [stdout]     |                     ^^^^^^^^^^^^^^^
[INFO] [stdout]     |
[INFO] [stdout] help: there is a method `to_string` with a similar name
[INFO] [stdout]     |
[INFO] [stdout] 254 -     assert_eq!(long.to_string_lossy(), "wordpad.exe");
[INFO] [stdout] 254 +     assert_eq!(long.to_string(), "wordpad.exe");
[INFO] [stdout]     |
[INFO] [stdout] 
[INFO] [stdout] 
[INFO] [stdout] error[E0599]: no method named `to_string_lossy` found for enum `ShellStr<'a>` in the current scope
[INFO] [stdout]    --> tests/idlist.rs:381:50
[INFO] [stdout]     |
[INFO] [stdout] 381 |             item.parse().display_name().unwrap().to_string_lossy()
[INFO] [stdout]     |                                                  ^^^^^^^^^^^^^^^
[INFO] [stdout]     |
[INFO] [stdout] help: there is a method `to_string` with a similar name
[INFO] [stdout]     |
[INFO] [stdout] 381 -             item.parse().display_name().unwrap().to_string_lossy()
[INFO] [stdout] 381 +             item.parse().display_name().unwrap().to_string()
[INFO] [stdout]     |
[INFO] [stdout] 
[INFO] [stdout] 
[INFO] [stdout] error[E0599]: no method named `to_string_lossy` found for enum `ShellStr<'a>` in the current scope
[INFO] [stdout]    --> tests/idlist.rs:505:43
[INFO] [stdout]     |
[INFO] [stdout] 505 |     assert_eq!(ShellStr::Ansi(b"caf\xe9").to_string_lossy(), "caf\u{FFFD}");
[INFO] [stdout]     |                                           ^^^^^^^^^^^^^^^
[INFO] [stdout]     |
[INFO] [stdout] help: there is a method `to_string` with a similar name
[INFO] [stdout]     |
[INFO] [stdout] 505 -     assert_eq!(ShellStr::Ansi(b"caf\xe9").to_string_lossy(), "caf\u{FFFD}");
[INFO] [stdout] 505 +     assert_eq!(ShellStr::Ansi(b"caf\xe9").to_string(), "caf\u{FFFD}");
[INFO] [stdout]     |
[INFO] [stdout] 
[INFO] [stdout] 
[INFO] [stdout] error[E0599]: no method named `to_string_lossy` found for enum `ShellStr<'a>` in the current scope
[INFO] [stdout]    --> tests/idlist.rs:512:18
[INFO] [stdout]     |
[INFO] [stdout] 512 |     assert_eq!(s.to_string_lossy(), "ab");
[INFO] [stdout]     |                  ^^^^^^^^^^^^^^^
[INFO] [stdout]     |
[INFO] [stdout] help: there is a method `to_string` with a similar name
[INFO] [stdout]     |
[INFO] [stdout] 512 -     assert_eq!(s.to_string_lossy(), "ab");
[INFO] [stdout] 512 +     assert_eq!(s.to_string(), "ab");
[INFO] [stdout]     |
[INFO] [stdout] 
[INFO] [stdout] 
[INFO] [stdout] error[E0599]: no method named `to_string_lossy` found for enum `ShellStr<'a>` in the current scope
[INFO] [stdout]    --> tests/idlist.rs:532:25
[INFO] [stdout]     |
[INFO] [stdout] 532 |     assert_eq!(bad_ansi.to_string_lossy(), "a\u{FFFD}b");
[INFO] [stdout]     |                         ^^^^^^^^^^^^^^^
[INFO] [stdout]     |
[INFO] [stdout] help: there is a method `to_string` with a similar name
[INFO] [stdout]     |
[INFO] [stdout] 532 -     assert_eq!(bad_ansi.to_string_lossy(), "a\u{FFFD}b");
[INFO] [stdout] 532 +     assert_eq!(bad_ansi.to_string(), "a\u{FFFD}b");
[INFO] [stdout]     |
[INFO] [stdout] 
[INFO] [stdout] 
[INFO] [stdout] error[E0599]: no method named `to_string_lossy` found for enum `ShellStr<'a>` in the current scope
[INFO] [stdout]    --> tests/idlist.rs:789:31
[INFO] [stdout]     |
[INFO] [stdout] 789 |         v.name.expect("name").to_string_lossy(),
[INFO] [stdout]     |                               ^^^^^^^^^^^^^^^
[INFO] [stdout]     |
[INFO] [stdout] help: there is a method `to_string` with a similar name
[INFO] [stdout]     |
[INFO] [stdout] 789 -         v.name.expect("name").to_string_lossy(),
[INFO] [stdout] 789 +         v.name.expect("name").to_string(),
[INFO] [stdout]     |
[INFO] [stdout] 
[INFO] [stdout] 
[INFO] [stdout] error[E0599]: no method named `to_string_lossy` found for enum `ShellStr<'a>` in the current scope
[INFO] [stdout]    --> tests/idlist.rs:793:42
[INFO] [stdout]     |
[INFO] [stdout] 793 |     assert_eq!(v.identifier.expect("id").to_string_lossy(), "s10001");
[INFO] [stdout]     |                                          ^^^^^^^^^^^^^^^
[INFO] [stdout]     |
[INFO] [stdout] help: there is a method `to_string` with a similar name
[INFO] [stdout]     |
[INFO] [stdout] 793 -     assert_eq!(v.identifier.expect("id").to_string_lossy(), "s10001");
[INFO] [stdout] 793 +     assert_eq!(v.identifier.expect("id").to_string(), "s10001");
[INFO] [stdout]     |
[INFO] [stdout] 
[INFO] [stdout] 
[INFO] [stdout] error[E0599]: no method named `to_string_lossy` found for enum `ShellStr<'a>` in the current scope
[INFO] [stdout]    --> tests/idlist.rs:794:43
[INFO] [stdout]     |
[INFO] [stdout] 794 |     assert_eq!(v.file_system.expect("fs").to_string_lossy(), "FAT32");
[INFO] [stdout]     |                                           ^^^^^^^^^^^^^^^
[INFO] [stdout]     |
[INFO] [stdout] help: there is a method `to_string` with a similar name
[INFO] [stdout]     |
[INFO] [stdout] 794 -     assert_eq!(v.file_system.expect("fs").to_string_lossy(), "FAT32");
[INFO] [stdout] 794 +     assert_eq!(v.file_system.expect("fs").to_string(), "FAT32");
[INFO] [stdout]     |
[INFO] [stdout] 
[INFO] [stdout] 
[INFO] [stdout] error[E0599]: no method named `to_string_lossy` found for enum `ShellStr<'a>` in the current scope
[INFO] [stdout]    --> tests/idlist.rs:796:46
[INFO] [stdout]     |
[INFO] [stdout] 796 |         item.display_name().expect("a name").to_string_lossy(),
[INFO] [stdout]     |                                              ^^^^^^^^^^^^^^^
[INFO] [stdout]     |
[INFO] [stdout] help: there is a method `to_string` with a similar name
[INFO] [stdout]     |
[INFO] [stdout] 796 -         item.display_name().expect("a name").to_string_lossy(),
[INFO] [stdout] 796 +         item.display_name().expect("a name").to_string(),
[INFO] [stdout]     |
[INFO] [stdout] 
[INFO] [stdout] 
[INFO] [stdout] error[E0599]: no method named `to_string_lossy` found for enum `ShellStr<'a>` in the current scope
[INFO] [stdout]    --> tests/idlist.rs:813:38
[INFO] [stdout]     |
[INFO] [stdout] 813 |     assert_eq!(f.name.expect("name").to_string_lossy(), "Photos");
[INFO] [stdout]     |                                      ^^^^^^^^^^^^^^^
[INFO] [stdout]     |
[INFO] [stdout] help: there is a method `to_string` with a similar name
[INFO] [stdout]     |
[INFO] [stdout] 813 -     assert_eq!(f.name.expect("name").to_string_lossy(), "Photos");
[INFO] [stdout] 813 +     assert_eq!(f.name.expect("name").to_string(), "Photos");
[INFO] [stdout]     |
[INFO] [stdout] 
[INFO] [stdout] 
[INFO] [stdout] error[E0599]: no method named `to_string_lossy` found for enum `ShellStr<'a>` in the current scope
[INFO] [stdout]    --> tests/idlist.rs:814:42
[INFO] [stdout]     |
[INFO] [stdout] 814 |     assert_eq!(f.identifier.expect("id").to_string_lossy(), "o1234");
[INFO] [stdout]     |                                          ^^^^^^^^^^^^^^^
[INFO] [stdout]     |
[INFO] [stdout] help: there is a method `to_string` with a similar name
[INFO] [stdout]     |
[INFO] [stdout] 814 -     assert_eq!(f.identifier.expect("id").to_string_lossy(), "o1234");
[INFO] [stdout] 814 +     assert_eq!(f.identifier.expect("id").to_string(), "o1234");
[INFO] [stdout]     |
[INFO] [stdout] 
[INFO] [stdout] 
[INFO] [stdout] error[E0599]: no method named `to_string_lossy` found for enum `ShellStr<'a>` in the current scope
[INFO] [stdout]    --> tests/idlist.rs:854:46
[INFO] [stdout]     |
[INFO] [stdout] 854 |         item.display_name().expect("a name").to_string_lossy(),
[INFO] [stdout]     |                                              ^^^^^^^^^^^^^^^
[INFO] [stdout]     |
[INFO] [stdout] help: there is a method `to_string` with a similar name
[INFO] [stdout]     |
[INFO] [stdout] 854 -         item.display_name().expect("a name").to_string_lossy(),
[INFO] [stdout] 854 +         item.display_name().expect("a name").to_string(),
[INFO] [stdout]     |
[INFO] [stdout] 
[INFO] [stdout] 
[INFO] [stdout] error[E0599]: no method named `to_string_lossy` found for enum `ShellStr<'a>` in the current scope
[INFO] [stdout]    --> tests/idlist.rs:880:31
[INFO] [stdout]     |
[INFO] [stdout] 880 |         c.name.expect("name").to_string_lossy(),
[INFO] [stdout]     |                               ^^^^^^^^^^^^^^^
[INFO] [stdout]     |
[INFO] [stdout] help: there is a method `to_string` with a similar name
[INFO] [stdout]     |
[INFO] [stdout] 880 -         c.name.expect("name").to_string_lossy(),
[INFO] [stdout] 880 +         c.name.expect("name").to_string(),
[INFO] [stdout]     |
[INFO] [stdout] 
[INFO] [stdout] 
[INFO] [stdout] error[E0599]: no method named `to_string_lossy` found for enum `ShellStr<'a>` in the current scope
[INFO] [stdout]    --> tests/idlist.rs:884:40
[INFO] [stdout]     |
[INFO] [stdout] 884 |     assert_eq!(c.name2.expect("name2").to_string_lossy(), "docs");
[INFO] [stdout]     |                                        ^^^^^^^^^^^^^^^
[INFO] [stdout]     |
[INFO] [stdout] help: there is a method `to_string` with a similar name
[INFO] [stdout]     |
[INFO] [stdout] 884 -     assert_eq!(c.name2.expect("name2").to_string_lossy(), "docs");
[INFO] [stdout] 884 +     assert_eq!(c.name2.expect("name2").to_string(), "docs");
[INFO] [stdout]     |
[INFO] [stdout] 
[INFO] [stdout] 
[INFO] [stdout] error[E0599]: no method named `to_string_lossy` found for enum `ShellStr<'a>` in the current scope
[INFO] [stdout]    --> tests/idlist.rs:905:46
[INFO] [stdout]     |
[INFO] [stdout] 905 |         item.display_name().expect("a name").to_string_lossy(),
[INFO] [stdout]     |                                              ^^^^^^^^^^^^^^^
[INFO] [stdout]     |
[INFO] [stdout] help: there is a method `to_string` with a similar name
[INFO] [stdout]     |
[INFO] [stdout] 905 -         item.display_name().expect("a name").to_string_lossy(),
[INFO] [stdout] 905 +         item.display_name().expect("a name").to_string(),
[INFO] [stdout]     |
[INFO] [stdout] 
[INFO] [stdout] 
[INFO] [stdout] error[E0599]: no method named `to_string_lossy` found for enum `ShellStr<'a>` in the current scope
[INFO] [stdout]    --> tests/idlist.rs:933:29
[INFO] [stdout]     |
[INFO] [stdout] 933 |         u.uri.expect("uri").to_string_lossy(),
[INFO] [stdout]     |                             ^^^^^^^^^^^^^^^
[INFO] [stdout]     |
[INFO] [stdout] help: there is a method `to_string` with a similar name
[INFO] [stdout]     |
[INFO] [stdout] 933 -         u.uri.expect("uri").to_string_lossy(),
[INFO] [stdout] 933 +         u.uri.expect("uri").to_string(),
[INFO] [stdout]     |
[INFO] [stdout] 
[INFO] [stdout] 
[INFO] [stdout] error[E0599]: no method named `to_string_lossy` found for enum `ShellStr<'a>` in the current scope
[INFO] [stdout]    --> tests/idlist.rs:938:40
[INFO] [stdout]     |
[INFO] [stdout] 938 |     assert_eq!(ftp.host.expect("host").to_string_lossy(), "ftp.example.com");
[INFO] [stdout]     |                                        ^^^^^^^^^^^^^^^
[INFO] [stdout]     |
[INFO] [stdout] help: there is a method `to_string` with a similar name
[INFO] [stdout]     |
[INFO] [stdout] 938 -     assert_eq!(ftp.host.expect("host").to_string_lossy(), "ftp.example.com");
[INFO] [stdout] 938 +     assert_eq!(ftp.host.expect("host").to_string(), "ftp.example.com");
[INFO] [stdout]     |
[INFO] [stdout] 
[INFO] [stdout] 
[INFO] [stdout] error[E0599]: no method named `to_string_lossy` found for enum `ShellStr<'a>` in the current scope
[INFO] [stdout]    --> tests/idlist.rs:939:40
[INFO] [stdout]     |
[INFO] [stdout] 939 |     assert_eq!(ftp.user.expect("user").to_string_lossy(), "anonymous");
[INFO] [stdout]     |                                        ^^^^^^^^^^^^^^^
[INFO] [stdout]     |
[INFO] [stdout] help: there is a method `to_string` with a similar name
[INFO] [stdout]     |
[INFO] [stdout] 939 -     assert_eq!(ftp.user.expect("user").to_string_lossy(), "anonymous");
[INFO] [stdout] 939 +     assert_eq!(ftp.user.expect("user").to_string(), "anonymous");
[INFO] [stdout]     |
[INFO] [stdout] 
[INFO] [stdout] 
[INFO] [stdout] error[E0599]: no method named `to_string_lossy` found for enum `ShellStr<'a>` in the current scope
[INFO] [stdout]    --> tests/idlist.rs:941:41
[INFO] [stdout]     |
[INFO] [stdout] 941 |         ftp.password.expect("password").to_string_lossy(),
[INFO] [stdout]     |                                         ^^^^^^^^^^^^^^^
[INFO] [stdout]     |
[INFO] [stdout] help: there is a method `to_string` with a similar name
[INFO] [stdout]     |
[INFO] [stdout] 941 -         ftp.password.expect("password").to_string_lossy(),
[INFO] [stdout] 941 +         ftp.password.expect("password").to_string(),
[INFO] [stdout]     |
[INFO] [stdout] 
[INFO] [stdout] 
[INFO] [stdout] error[E0599]: no method named `to_string_lossy` found for enum `ShellStr<'a>` in the current scope
[INFO] [stdout]    --> tests/idlist.rs:977:36
[INFO] [stdout]     |
[INFO] [stdout] 977 |     assert_eq!(u.uri.expect("uri").to_string_lossy(), "http://example.com/");
[INFO] [stdout]     |                                    ^^^^^^^^^^^^^^^
[INFO] [stdout]     |
[INFO] [stdout] help: there is a method `to_string` with a similar name
[INFO] [stdout]     |
[INFO] [stdout] 977 -     assert_eq!(u.uri.expect("uri").to_string_lossy(), "http://example.com/");
[INFO] [stdout] 977 +     assert_eq!(u.uri.expect("uri").to_string(), "http://example.com/");
[INFO] [stdout]     |
[INFO] [stdout] 
[INFO] [stdout] 
[INFO] [stdout] error[E0599]: no method named `to_string_lossy` found for enum `ShellStr<'a>` in the current scope
[INFO] [stdout]    --> tests/idlist.rs:987:31
[INFO] [stdout]     |
[INFO] [stdout] 987 |     assert_eq!(f.primary_name.to_string_lossy(), "Long Name.txt");
[INFO] [stdout]     |                               ^^^^^^^^^^^^^^^
[INFO] [stdout]     |
[INFO] [stdout] help: there is a method `to_string` with a similar name
[INFO] [stdout]     |
[INFO] [stdout] 987 -     assert_eq!(f.primary_name.to_string_lossy(), "Long Name.txt");
[INFO] [stdout] 987 +     assert_eq!(f.primary_name.to_string(), "Long Name.txt");
[INFO] [stdout]     |
[INFO] [stdout] 
[INFO] [stdout] 
[INFO] [stdout] error[E0599]: no method named `to_string_lossy` found for enum `ShellStr<'a>` in the current scope
[INFO] [stdout]    --> tests/idlist.rs:989:45
[INFO] [stdout]     |
[INFO] [stdout] 989 |         f.secondary_name.expect("8.3 name").to_string_lossy(),
[INFO] [stdout]     |                                             ^^^^^^^^^^^^^^^
[INFO] [stdout]     |
[INFO] [stdout] help: there is a method `to_string` with a similar name
[INFO] [stdout]     |
[INFO] [stdout] 989 -         f.secondary_name.expect("8.3 name").to_string_lossy(),
[INFO] [stdout] 989 +         f.secondary_name.expect("8.3 name").to_string(),
[INFO] [stdout]     |
[INFO] [stdout] 
[INFO] [stdout] 
[INFO] [stdout] Some errors have detailed explanations: E0425, E0432, E0599.
[INFO] [stdout] 
[INFO] [stdout] For more information about an error, try `rustc --explain E0425`.
[INFO] [stdout] 
[INFO] [stderr] error: could not compile `rclip-idlist` (test "idlist") due to 26 previous errors
[INFO] running `Command { std: "docker" "inspect" "774d5b25184dfeeb3679cacb6aeca5c8d1fdd44514d8adfdc2a847399b8f3e5f", kill_on_drop: false }`
[INFO] running `Command { std: "docker" "rm" "-f" "774d5b25184dfeeb3679cacb6aeca5c8d1fdd44514d8adfdc2a847399b8f3e5f", kill_on_drop: false }`
[INFO] [stdout] 774d5b25184dfeeb3679cacb6aeca5c8d1fdd44514d8adfdc2a847399b8f3e5f
