[INFO] fetching crate rav2d 0.3.0...
[INFO] testing rav2d-0.3.0 against 1.99.0-beta.8 for beta-1.100-2
[INFO] extracting crate rav2d 0.3.0 into /workspace/builds/worker-1-tc1/source
[INFO] started tweaking crates.io crate rav2d 0.3.0
[INFO] removed 0 missing tests
[INFO] finished tweaking crates.io crate rav2d 0.3.0
[INFO] tweaked toml for crates.io crate rav2d 0.3.0 written to /workspace/builds/worker-1-tc1/source/Cargo.toml
[INFO] validating manifest of crates.io crate rav2d 0.3.0 on toolchain 1.99.0-beta.8
[INFO] running `Command { std: CARGO_HOME="/workspace/cargo-home" RUSTUP_HOME="/workspace/rustup-home" "/workspace/cargo-home/bin/cargo" "+1.99.0-beta.8" "metadata" "--manifest-path" "Cargo.toml" "--no-deps", kill_on_drop: false }`
[INFO] crate crates.io crate rav2d 0.3.0 already has a lockfile, it will not be regenerated
[INFO] running `Command { std: CARGO_HOME="/workspace/cargo-home" RUSTUP_HOME="/workspace/rustup-home" "/workspace/cargo-home/bin/cargo" "+1.99.0-beta.8" "fetch" "--manifest-path" "Cargo.toml", kill_on_drop: false }`
[INFO] [stderr]     Blocking waiting for file lock on package cache
[INFO] [stderr]  Downloading crates ...
[INFO] [stderr]   Downloaded wasm-bindgen-macro v0.2.122
[INFO] [stderr]   Downloaded wasm-bindgen-shared v0.2.122
[INFO] [stderr]   Downloaded wasm-bindgen v0.2.122
[INFO] [stderr]   Downloaded wasm-bindgen-macro-support v0.2.122
[INFO] [stderr]   Downloaded zerocopy-derive v0.8.49
[INFO] [stderr]   Downloaded js-sys v0.3.99
[INFO] [stderr]   Downloaded zerocopy v0.8.49
[INFO] [stderr]   Downloaded web-sys v0.3.99
[INFO] running `Command { std: "docker" "create" "-v" "/var/lib/crater-agent-workspace/builds/worker-1-tc1/source:/opt/rustwide/workdir:ro,Z" "-v" "/var/lib/crater-agent-workspace/builds/worker-1-tc1/target:/opt/rustwide/target:rw,Z" "-v" "/var/lib/crater-agent-workspace/cargo-home:/opt/rustwide/cargo-home:ro,Z" "-v" "/var/lib/crater-agent-workspace/rustup-home:/opt/rustwide/rustup-home:ro,Z" "-m" "1610612736" "--network" "none" "ghcr.io/rust-lang/crates-build-env/linux@sha256:3111399a4047eeb3a02b7a90e478d715f38a8c6669b5c4b49d30a17385265909" "sleep" "infinity", kill_on_drop: false }`
[INFO] [stdout] 309d92bc5585083afa782d12cd1e58ac4b4e95537af0415bf0691f7a297dc34c
[INFO] running `Command { std: "docker" "start" "309d92bc5585083afa782d12cd1e58ac4b4e95537af0415bf0691f7a297dc34c", kill_on_drop: false }`
[INFO] running `Command { std: "docker" "inspect" "309d92bc5585083afa782d12cd1e58ac4b4e95537af0415bf0691f7a297dc34c", kill_on_drop: false }`
[INFO] running `Command { std: "docker" "exec" "-e" "SOURCE_DIR=/opt/rustwide/workdir" "-e" "CARGO_HOME=/opt/rustwide/cargo-home" "-e" "RUSTUP_HOME=/opt/rustwide/rustup-home" "-e" "CARGO_TARGET_DIR=/opt/rustwide/target" "-w" "/opt/rustwide/workdir" "--user" "0:0" "309d92bc5585083afa782d12cd1e58ac4b4e95537af0415bf0691f7a297dc34c" "/opt/rustwide/cargo-home/bin/cargo" "+1.99.0-beta.8" "metadata" "--no-deps" "--format-version=1", kill_on_drop: false }`
[INFO] running `Command { std: "docker" "inspect" "309d92bc5585083afa782d12cd1e58ac4b4e95537af0415bf0691f7a297dc34c", kill_on_drop: false }`
[INFO] running `Command { std: "docker" "exec" "-e" "SOURCE_DIR=/opt/rustwide/workdir" "-e" "CARGO_HOME=/opt/rustwide/cargo-home" "-e" "RUSTUP_HOME=/opt/rustwide/rustup-home" "-e" "CARGO_TARGET_DIR=/opt/rustwide/target" "-e" "CARGO_INCREMENTAL=0" "-e" "RUST_BACKTRACE=full" "-e" "RUSTFLAGS=--cap-lints=warn" "-e" "RUSTDOCFLAGS=--cap-lints=warn" "-w" "/opt/rustwide/workdir" "--user" "0:0" "309d92bc5585083afa782d12cd1e58ac4b4e95537af0415bf0691f7a297dc34c" "/opt/rustwide/cargo-home/bin/cargo" "+1.99.0-beta.8" "build" "--frozen" "--message-format=json", kill_on_drop: false }`
[INFO] [stderr]    Compiling rav2d v0.3.0 (/opt/rustwide/workdir)
[INFO] [stderr]     Finished `dev` profile [unoptimized + debuginfo] target(s) in 7.48s
[INFO] running `Command { std: "docker" "inspect" "309d92bc5585083afa782d12cd1e58ac4b4e95537af0415bf0691f7a297dc34c", kill_on_drop: false }`
[INFO] running `Command { std: "docker" "exec" "-e" "SOURCE_DIR=/opt/rustwide/workdir" "-e" "CARGO_HOME=/opt/rustwide/cargo-home" "-e" "RUSTUP_HOME=/opt/rustwide/rustup-home" "-e" "CARGO_TARGET_DIR=/opt/rustwide/target" "-e" "CARGO_INCREMENTAL=0" "-e" "RUST_BACKTRACE=full" "-e" "RUSTFLAGS=--cap-lints=warn" "-e" "RUSTDOCFLAGS=--cap-lints=warn" "-w" "/opt/rustwide/workdir" "--user" "0:0" "309d92bc5585083afa782d12cd1e58ac4b4e95537af0415bf0691f7a297dc34c" "/opt/rustwide/cargo-home/bin/cargo" "+1.99.0-beta.8" "test" "--frozen" "--no-run" "--message-format=json", kill_on_drop: false }`
[INFO] [stderr]    Compiling zerocopy v0.8.49
[INFO] [stderr]    Compiling clap_builder v4.6.0
[INFO] [stderr]    Compiling regex-automata v0.4.14
[INFO] [stderr]    Compiling serde_json v1.0.150
[INFO] [stderr]    Compiling is-terminal v0.4.17
[INFO] [stderr]    Compiling zerocopy-derive v0.8.49
[INFO] [stderr]    Compiling plotters v0.3.7
[INFO] [stderr]    Compiling serde v1.0.228
[INFO] [stderr]    Compiling rayon v1.12.0
[INFO] [stderr]    Compiling tinytemplate v1.2.1
[INFO] [stderr]    Compiling regex v1.12.3
[INFO] [stderr]    Compiling clap v4.6.1
[INFO] [stderr]    Compiling half v2.7.1
[INFO] [stderr]    Compiling ciborium-ll v0.2.2
[INFO] [stderr]    Compiling ciborium v0.2.2
[INFO] [stderr]    Compiling criterion v0.5.1
[INFO] [stderr]    Compiling rav2d v0.3.0 (/opt/rustwide/workdir)
[INFO] [stdout] error[E0432]: unresolved import `rav2d_sys`
[INFO] [stdout]    --> tests/conformance.rs:113:9
[INFO] [stdout]     |
[INFO] [stdout] 113 |     use rav2d_sys as sys;
[INFO] [stdout]     |         ---------^^^^^^^
[INFO] [stdout]     |         |
[INFO] [stdout]     |         no external crate `rav2d_sys`
[INFO] [stdout] 
[INFO] [stdout] 
[INFO] [stdout] error[E0432]: unresolved import `rav2d_sys`
[INFO] [stdout]    --> tests/conformance.rs:173:9
[INFO] [stdout]     |
[INFO] [stdout] 173 |     use rav2d_sys as sys;
[INFO] [stdout]     |         ---------^^^^^^^
[INFO] [stdout]     |         |
[INFO] [stdout]     |         no external crate `rav2d_sys`
[INFO] [stdout] 
[INFO] [stdout] 
[INFO] [stdout] error[E0432]: unresolved import `rav2d_sys`
[INFO] [stdout]    --> tests/conformance.rs:245:9
[INFO] [stdout]     |
[INFO] [stdout] 245 |     use rav2d_sys as sys;
[INFO] [stdout]     |         ---------^^^^^^^
[INFO] [stdout]     |         |
[INFO] [stdout]     |         no external crate `rav2d_sys`
[INFO] [stdout] 
[INFO] [stdout] 
[INFO] [stdout] error[E0432]: unresolved import `rav2d_sys`
[INFO] [stdout]    --> tests/conformance.rs:307:9
[INFO] [stdout]     |
[INFO] [stdout] 307 |     use rav2d_sys as sys;
[INFO] [stdout]     |         ---------^^^^^^^
[INFO] [stdout]     |         |
[INFO] [stdout]     |         no external crate `rav2d_sys`
[INFO] [stdout] 
[INFO] [stdout] 
[INFO] [stdout] error[E0433]: cannot find module or crate `rav2d_sys` in this scope
[INFO] [stdout]   --> tests/conformance.rs:59:32
[INFO] [stdout]    |
[INFO] [stdout] 59 | unsafe fn extract_planes(pic: &rav2d_sys::Dav2dPicture) -> FramePlanes {
[INFO] [stdout]    |                                ^^^^^^^^^ use of unresolved module or unlinked crate `rav2d_sys`
[INFO] [stdout]    |
[INFO] [stdout]    = help: if you wanted to use a crate named `rav2d_sys`, use `cargo add rav2d_sys` to add it to your `Cargo.toml`
[INFO] [stdout] 
[INFO] [stdout] 
[INFO] [stdout] Some errors have detailed explanations: E0432, E0433.
[INFO] [stdout] 
[INFO] [stdout] For more information about an error, try `rustc --explain E0432`.
[INFO] [stdout] 
[INFO] [stderr] error: could not compile `rav2d` (test "conformance") due to 5 previous errors
[INFO] [stderr] warning: build failed, waiting for other jobs to finish...
[INFO] running `Command { std: "docker" "inspect" "309d92bc5585083afa782d12cd1e58ac4b4e95537af0415bf0691f7a297dc34c", kill_on_drop: false }`
[INFO] running `Command { std: "docker" "rm" "-f" "309d92bc5585083afa782d12cd1e58ac4b4e95537af0415bf0691f7a297dc34c", kill_on_drop: false }`
[INFO] [stdout] 309d92bc5585083afa782d12cd1e58ac4b4e95537af0415bf0691f7a297dc34c
