[INFO] fetching crate rattler 0.51.0...
[INFO] testing rattler-0.51.0 against 1.99.0-beta.8 for beta-1.100-2
[INFO] extracting crate rattler 0.51.0 into /workspace/builds/worker-3-tc1/source
[INFO] started tweaking crates.io crate rattler 0.51.0
[INFO] finished tweaking crates.io crate rattler 0.51.0
[INFO] tweaked toml for crates.io crate rattler 0.51.0 written to /workspace/builds/worker-3-tc1/source/Cargo.toml
[INFO] validating manifest of crates.io crate rattler 0.51.0 on toolchain 1.99.0-beta.8
[INFO] running `Command { std: CARGO_HOME="/workspace/cargo-home" RUSTUP_HOME="/workspace/rustup-home" "/workspace/cargo-home/bin/cargo" "+1.99.0-beta.8" "metadata" "--manifest-path" "Cargo.toml" "--no-deps", kill_on_drop: false }`
[INFO] crate crates.io crate rattler 0.51.0 already has a lockfile, it will not be regenerated
[INFO] running `Command { std: CARGO_HOME="/workspace/cargo-home" RUSTUP_HOME="/workspace/rustup-home" "/workspace/cargo-home/bin/cargo" "+1.99.0-beta.8" "fetch" "--manifest-path" "Cargo.toml", kill_on_drop: false }`
[INFO] [stderr]     Updating crates.io index
[INFO] [stderr]  Downloading crates ...
[INFO] [stderr]   Downloaded tracing-test-macro v0.2.6
[INFO] [stderr]   Downloaded tracing-test v0.2.6
[INFO] [stderr]   Downloaded uuid v1.26.1
[INFO] [stderr]   Downloaded yoke-derive v0.8.3
[INFO] [stderr]   Downloaded compression-core v0.4.33
[INFO] [stderr]   Downloaded temp-env v0.3.6
[INFO] [stderr]   Downloaded http-range-header v0.4.2
[INFO] [stderr]   Downloaded lru-slab v0.1.3
[INFO] [stderr]   Downloaded compression-codecs v0.4.44
[INFO] [stderr]   Downloaded libbz2-rs-sys v0.2.5
[INFO] [stderr]   Downloaded flagset v0.4.7
[INFO] [stderr]   Downloaded unicase v2.9.0
[INFO] [stderr]   Downloaded simple_spawn_blocking v1.1.1
[INFO] [stderr]   Downloaded relative-path v1.9.3
[INFO] [stderr]   Downloaded futures-timer v3.0.4
[INFO] [stderr]   Downloaded zstd-safe v8.0.0
[INFO] [stderr]   Downloaded bzip2 v0.6.1
[INFO] [stderr]   Downloaded rustls-platform-verifier-android v0.2.0
[INFO] [stderr]   Downloaded reflink-copy v0.1.30
[INFO] [stderr]   Downloaded tls_codec v0.4.2
[INFO] [stderr]   Downloaded der_derive v0.7.3
[INFO] [stderr]   Downloaded dirs-sys v0.5.0
[INFO] [stderr]   Downloaded rattler_macros v1.2.0
[INFO] [stderr]   Downloaded rand v0.10.3
[INFO] [stderr]   Downloaded rstest v0.26.1
[INFO] [stderr]   Downloaded rstest_macros v0.26.1
[INFO] [stderr]   Downloaded wasm-streams v0.5.0
[INFO] [stderr]   Downloaded zstd v0.14.0
[INFO] [stderr]   Downloaded rustls-platform-verifier v0.7.1
[INFO] [stderr]   Downloaded tls_codec_derive v0.4.2
[INFO] [stderr]   Downloaded sigstore-types v0.14.0
[INFO] [stderr]   Downloaded jiff-static v0.2.37
[INFO] [stderr]   Downloaded directories v6.0.0
[INFO] [stderr]   Downloaded redox_users v0.5.3
[INFO] [stderr]   Downloaded sigstore-rekor v0.14.0
[INFO] [stderr]   Downloaded sigstore-merkle v0.14.0
[INFO] [stderr]   Downloaded sigstore-bundle v0.14.0
[INFO] [stderr]   Downloaded serde_json_canonicalizer v0.3.2
[INFO] [stderr]   Downloaded rattler_redaction v0.2.6
[INFO] [stderr]   Downloaded astral-reqwest-middleware v0.5.1
[INFO] [stderr]   Downloaded rattler_digest v2.0.0
[INFO] [stderr]   Downloaded hybrid-array v0.4.15
[INFO] [stderr]   Downloaded serde-untagged v0.1.9
[INFO] [stderr]   Downloaded md-5 v0.11.0
[INFO] [stderr]   Downloaded strum v0.28.0
[INFO] [stderr]   Downloaded strum_macros v0.28.0
[INFO] [stderr]   Downloaded rattler_pty v0.2.17
[INFO] [stderr]   Downloaded async-compression v0.4.49
[INFO] [stderr]   Downloaded quinn v0.11.12
[INFO] [stderr]   Downloaded rattler_sigstore v0.2.0
[INFO] [stderr]   Downloaded jiff-tzdb v0.1.8
[INFO] [stderr]   Downloaded sigstore-tsa v0.14.0
[INFO] [stderr]   Downloaded sigstore-crypto v0.14.0
[INFO] [stderr]   Downloaded sigstore-trust-root v0.14.0
[INFO] [stderr]   Downloaded sigstore-tuf v0.14.0
[INFO] [stderr]   Downloaded value-trait v0.12.2
[INFO] [stderr]   Downloaded halfbrown v0.4.0
[INFO] [stderr]   Downloaded float-cmp v0.10.0
[INFO] [stderr]   Downloaded nom-language v0.1.0
[INFO] [stderr]   Downloaded lazy-regex v3.6.1
[INFO] [stderr]   Downloaded lazy-regex-proc_macros v3.6.1
[INFO] [stderr]   Downloaded file_url v0.3.2
[INFO] [stderr]   Downloaded xattr v1.6.1
[INFO] [stderr]   Downloaded retry-policies v0.5.2
[INFO] [stderr]   Downloaded http-content-range v0.2.5
[INFO] [stderr]   Downloaded serde_ignored v0.1.14
[INFO] [stderr]   Downloaded reqwest v0.13.5
[INFO] [stderr]   Downloaded cc v1.5.1
[INFO] [stderr]   Downloaded x509-cert v0.2.5
[INFO] [stderr]   Downloaded rattler_conda_version v0.1.2
[INFO] [stderr]   Downloaded purl v0.1.6
[INFO] [stderr]   Downloaded fs-err v3.3.1
[INFO] [stderr]   Downloaded dirs v6.0.0
[INFO] [stderr]   Downloaded rattler_shell v0.29.0
[INFO] [stderr]   Downloaded enum_dispatch v0.3.13
[INFO] [stderr]   Downloaded rattler_package_streaming v0.27.8
[INFO] [stderr]   Downloaded zstd v0.13.3
[INFO] [stderr]   Downloaded zstd-safe v7.3.0
[INFO] [stderr]   Downloaded zopfli v0.8.3
[INFO] [stderr]   Downloaded http-auth v0.1.10
[INFO] [stderr]   Downloaded async-once-cell v0.5.4
[INFO] [stderr]   Downloaded ambient-id v0.0.11
[INFO] [stderr]   Downloaded astral_async_http_range_reader v0.11.1
[INFO] [stderr]   Downloaded which v8.0.6
[INFO] [stderr]   Downloaded configparser v3.2.0
[INFO] [stderr]   Downloaded known-folders v1.4.2
[INFO] [stderr]   Downloaded typed-path v0.12.3
[INFO] [stderr]   Downloaded plist v1.10.1
[INFO] [stderr]   Downloaded tower-http v0.7.1
[INFO] [stderr]   Downloaded h2 v0.4.19
[INFO] [stderr]   Downloaded sigstore-verify v0.14.0
[INFO] [stderr]   Downloaded zerocopy-derive v0.8.59
[INFO] [stderr]   Downloaded simd-json v0.17.3
[INFO] [stderr]   Downloaded tar v0.4.46
[INFO] [stderr]   Downloaded rattler_networking v0.31.0
[INFO] [stderr]   Downloaded astral_async_zip v0.0.21
[INFO] [stderr]   Downloaded astral-tokio-tar v0.6.4
[INFO] [stderr]   Downloaded serde_plain v1.0.2
[INFO] [stderr]   Downloaded aws-lc-rs v1.18.1
[INFO] [stderr]   Downloaded quinn-proto v0.11.18
[INFO] [stderr]   Downloaded zerocopy v0.8.59
[INFO] [stderr]   Downloaded cms v0.2.3
[INFO] [stderr]   Downloaded rattler_conda_types v0.55.0
[INFO] [stderr]   Downloaded fancy-regex v0.18.0
[INFO] [stderr]   Downloaded zip v8.6.0
[INFO] [stderr]   Downloaded rattler_menuinst v0.4.0
[INFO] [stderr]   Downloaded quick-xml v0.41.0
[INFO] [stderr]   Downloaded quick-xml v0.42.0
[INFO] [stderr]   Downloaded path_resolver v0.2.14
[INFO] [stderr]   Downloaded openidconnect v4.0.1
[INFO] [stderr]   Downloaded jiff v0.2.37
[INFO] [stderr]   Downloaded rattler_config v0.8.0
[INFO] [stderr]   Downloaded toml_writer v1.1.2+spec-1.1.0
[INFO] [stderr]   Downloaded dashmap v6.2.1
[INFO] [stderr]   Downloaded serde_spanned v1.1.1
[INFO] [stderr]   Downloaded fs4 v1.1.0
[INFO] [stderr]   Downloaded oauth2 v5.0.0
[INFO] [stderr]   Downloaded toml v1.1.6+spec-1.1.0
[INFO] [stderr]   Downloaded rattler_cache v0.10.13
[INFO] [stderr]   Downloaded primeorder v0.13.6
[INFO] [stderr]   Downloaded open v5.4.4
[INFO] [stderr]   Downloaded console v0.16.6
[INFO] [stderr]   Downloaded humantime v2.4.0
[INFO] [stderr]   Downloaded insta v1.48.0
[INFO] [stderr]   Downloaded dialoguer v0.12.0
[INFO] [stderr]   Downloaded p256 v0.13.2
[INFO] [stderr]   Downloaded is-docker v0.2.0
[INFO] [stderr]   Downloaded matchit v0.8.4
[INFO] [stderr]   Downloaded axum-core v0.5.6
[INFO] [stderr]   Downloaded colored v3.1.1
[INFO] [stderr]   Downloaded shell-words v1.1.1
[INFO] [stderr]   Downloaded clap_lex v1.1.1
[INFO] [stderr]   Downloaded assert_matches v1.5.0
[INFO] [stderr]   Downloaded p384 v0.13.1
[INFO] [stderr]   Downloaded is-wsl v0.4.0
[INFO] [stderr]   Downloaded assert-json-diff v2.0.2
[INFO] [stderr]   Downloaded oauth2-reqwest v0.1.0-alpha.3
[INFO] [stderr]   Downloaded mockito v1.7.2
[INFO] [stderr]   Downloaded similar v2.7.0
[INFO] [stderr]   Downloaded axum v0.8.9
[INFO] [stderr]   Downloaded clap v4.6.7
[INFO] [stderr]   Downloaded clap_builder v4.6.7
[INFO] [stderr]   Downloaded clap_derive v4.6.7
[INFO] [stderr]   Downloaded aws-lc-sys v0.45.0
[INFO] running `Command { std: "docker" "create" "-v" "/var/lib/crater-agent-workspace/builds/worker-3-tc1/source:/opt/rustwide/workdir:ro,Z" "-v" "/var/lib/crater-agent-workspace/builds/worker-3-tc1/target:/opt/rustwide/target:rw,Z" "-v" "/var/lib/crater-agent-workspace/cargo-home:/opt/rustwide/cargo-home:ro,Z" "-v" "/var/lib/crater-agent-workspace/rustup-home:/opt/rustwide/rustup-home:ro,Z" "-m" "1610612736" "--network" "none" "ghcr.io/rust-lang/crates-build-env/linux@sha256:3111399a4047eeb3a02b7a90e478d715f38a8c6669b5c4b49d30a17385265909" "sleep" "infinity", kill_on_drop: false }`
[INFO] [stdout] 06283d02c2047603763491786cea38f5b1f5eb9826509d14c22f82a5b758ce1c
[INFO] running `Command { std: "docker" "start" "06283d02c2047603763491786cea38f5b1f5eb9826509d14c22f82a5b758ce1c", kill_on_drop: false }`
[INFO] running `Command { std: "docker" "inspect" "06283d02c2047603763491786cea38f5b1f5eb9826509d14c22f82a5b758ce1c", kill_on_drop: false }`
[INFO] running `Command { std: "docker" "exec" "-e" "SOURCE_DIR=/opt/rustwide/workdir" "-e" "CARGO_HOME=/opt/rustwide/cargo-home" "-e" "RUSTUP_HOME=/opt/rustwide/rustup-home" "-e" "CARGO_TARGET_DIR=/opt/rustwide/target" "-w" "/opt/rustwide/workdir" "--user" "0:0" "06283d02c2047603763491786cea38f5b1f5eb9826509d14c22f82a5b758ce1c" "/opt/rustwide/cargo-home/bin/cargo" "+1.99.0-beta.8" "metadata" "--no-deps" "--format-version=1", kill_on_drop: false }`
[INFO] running `Command { std: "docker" "inspect" "06283d02c2047603763491786cea38f5b1f5eb9826509d14c22f82a5b758ce1c", kill_on_drop: false }`
[INFO] running `Command { std: "docker" "exec" "-e" "SOURCE_DIR=/opt/rustwide/workdir" "-e" "CARGO_HOME=/opt/rustwide/cargo-home" "-e" "RUSTUP_HOME=/opt/rustwide/rustup-home" "-e" "CARGO_TARGET_DIR=/opt/rustwide/target" "-e" "CARGO_INCREMENTAL=0" "-e" "RUST_BACKTRACE=full" "-e" "RUSTFLAGS=--cap-lints=warn" "-e" "RUSTDOCFLAGS=--cap-lints=warn" "-w" "/opt/rustwide/workdir" "--user" "0:0" "06283d02c2047603763491786cea38f5b1f5eb9826509d14c22f82a5b758ce1c" "/opt/rustwide/cargo-home/bin/cargo" "+1.99.0-beta.8" "build" "--frozen" "--message-format=json", kill_on_drop: false }`
[INFO] [stderr]    Compiling libc v0.2.189
[INFO] [stderr]    Compiling serde_core v1.0.229
[INFO] [stderr]    Compiling shlex v2.0.1
[INFO] [stderr]    Compiling pin-project-lite v0.2.17
[INFO] [stderr]    Compiling memchr v2.8.3
[INFO] [stderr]    Compiling syn v3.0.6
[INFO] [stderr]    Compiling serde v1.0.229
[INFO] [stderr]    Compiling bytes v1.12.1
[INFO] [stderr]    Compiling futures-core v0.3.34
[INFO] [stderr]    Compiling once_cell v1.21.4
[INFO] [stderr]    Compiling syn v2.0.119
[INFO] [stderr]    Compiling futures-io v0.3.34
[INFO] [stderr]    Compiling futures-sink v0.3.34
[INFO] [stderr]    Compiling bitflags v2.13.2
[INFO] [stderr]    Compiling hashbrown v0.17.1
[INFO] [stderr]    Compiling fs_extra v1.3.0
[INFO] [stderr]    Compiling dunce v1.0.5
[INFO] [stderr]    Compiling crc32fast v1.5.2
[INFO] [stderr]    Compiling zeroize v1.9.0
[INFO] [stderr]    Compiling percent-encoding v2.3.2
[INFO] [stderr]    Compiling futures-channel v0.3.34
[INFO] [stderr]    Compiling simd-adler32 v0.3.10
[INFO] [stderr]    Compiling aws-lc-rs v1.18.1
[INFO] [stderr]    Compiling http v1.5.0
[INFO] [stderr]    Compiling zstd-safe v8.0.0
[INFO] [stderr]    Compiling jobserver v0.1.35
[INFO] [stderr]    Compiling futures-task v0.3.34
[INFO] [stderr]    Compiling miniz_oxide v0.9.1
[INFO] [stderr]    Compiling rustls-pki-types v1.15.1
[INFO] [stderr]    Compiling cc v1.5.1
[INFO] [stderr]    Compiling tracing-core v0.1.36
[INFO] [stderr]    Compiling errno v0.3.14
[INFO] [stderr]    Compiling signal-hook-registry v1.4.8
[INFO] [stderr]    Compiling socket2 v0.6.5
[INFO] [stderr]    Compiling mio v1.2.3
[INFO] [stderr]    Compiling zlib-rs v0.6.8
[INFO] [stderr]    Compiling rustix v1.1.5
[INFO] [stderr]    Compiling http-body v1.1.0
[INFO] [stderr]    Compiling form_urlencoded v1.2.2
[INFO] [stderr]    Compiling thiserror v2.0.21
[INFO] [stderr]    Compiling httparse v1.10.1
[INFO] [stderr]    Compiling rustls v0.23.45
[INFO] [stderr]    Compiling libbz2-rs-sys v0.2.5
[INFO] [stderr]    Compiling cmake v0.1.58
[INFO] [stderr]    Compiling untrusted v0.9.0
[INFO] [stderr]    Compiling linux-raw-sys v0.12.1
[INFO] [stderr]    Compiling indexmap v2.14.2
[INFO] [stderr]    Compiling bzip2 v0.6.1
[INFO] [stderr]    Compiling zstd-sys v2.1.0+zstd.1.5.7
[INFO] [stderr]    Compiling aws-lc-sys v0.45.0
[INFO] [stderr]    Compiling atomic-waker v1.1.2
[INFO] [stderr]    Compiling try-lock v0.2.5
[INFO] [stderr]    Compiling compression-core v0.4.33
[INFO] [stderr]    Compiling tower-service v0.3.3
[INFO] [stderr]    Compiling subtle v2.6.1
[INFO] [stderr]    Compiling ryu v1.0.23
[INFO] [stderr]    Compiling getrandom v0.4.3
[INFO] [stderr]    Compiling want v0.3.1
[INFO] [stderr]    Compiling log v0.4.34
[INFO] [stderr]    Compiling synstructure v0.14.0
[INFO] [stderr]    Compiling serde_json v1.0.151
[INFO] [stderr]    Compiling getrandom v0.3.4
[INFO] [stderr]    Compiling sync_wrapper v1.0.2
[INFO] [stderr]    Compiling either v1.18.0
[INFO] [stderr]    Compiling tower-layer v0.3.3
[INFO] [stderr]    Compiling openssl-probe v0.2.1
[INFO] [stderr]    Compiling ipnet v2.12.2
[INFO] [stderr]    Compiling base64 v0.23.1
[INFO] [stderr]    Compiling hybrid-array v0.4.15
[INFO] [stderr]    Compiling rustls-native-certs v0.8.4
[INFO] [stderr]    Compiling http-body-util v0.1.5
[INFO] [stderr]    Compiling tracing-attributes v0.1.31
[INFO] [stderr]    Compiling serde_derive v1.0.229
[INFO] [stderr]    Compiling tokio-macros v2.7.2
[INFO] [stderr]    Compiling zerofrom-derive v0.1.8
[INFO] [stderr]    Compiling tokio v1.53.1
[INFO] [stderr]    Compiling yoke-derive v0.8.3
[INFO] [stderr]    Compiling zerofrom v0.1.8
[INFO] [stderr]    Compiling zerovec-derive v0.11.6
[INFO] [stderr]    Compiling displaydoc v0.2.7
[INFO] [stderr]    Compiling futures-macro v0.3.34
[INFO] [stderr]    Compiling tracing v0.1.44
[INFO] [stderr]    Compiling flate2 v1.1.10
[INFO] [stderr]    Compiling yoke v0.8.3
[INFO] [stderr]    Compiling thiserror-impl v2.0.21
[INFO] [stderr]    Compiling zerovec v0.11.8
[INFO] [stderr]    Compiling zerotrie v0.2.5
[INFO] [stderr]    Compiling futures-util v0.3.34
[INFO] [stderr]    Compiling num-traits v0.2.19
[INFO] [stderr]    Compiling zerocopy v0.8.59
[INFO] [stderr]    Compiling tinystr v0.8.4
[INFO] [stderr]    Compiling potential_utf v0.1.6
[INFO] [stderr]    Compiling icu_locale_core v2.3.0
[INFO] [stderr]    Compiling icu_collections v2.3.0
[INFO] [stderr]    Compiling anyhow v1.0.104
[INFO] [stderr]    Compiling fastrand v2.5.0
[INFO] [stderr]    Compiling strsim v0.11.1
[INFO] [stderr]    Compiling ident_case v1.0.1
[INFO] [stderr]    Compiling darling_core v0.24.1
[INFO] [stderr]    Compiling smallvec v1.16.2
[INFO] [stderr]    Compiling icu_provider v2.3.1
[INFO] [stderr]    Compiling serde_urlencoded v0.7.1
[INFO] [stderr]    Compiling ctutils v0.4.2
[INFO] [stderr]    Compiling icu_normalizer v2.3.0
[INFO] [stderr]    Compiling icu_properties v2.3.0
[INFO] [stderr]    Compiling async-trait v0.1.92
[INFO] [stderr]    Compiling block-buffer v0.12.1
[INFO] [stderr]    Compiling tokio-util v0.7.19
[INFO] [stderr]    Compiling idna_adapter v1.2.2
[INFO] [stderr]    Compiling tower v0.5.3
[INFO] [stderr]    Compiling idna v1.1.0
[INFO] [stderr]    Compiling h2 v0.4.19
[INFO] [stderr]    Compiling url v2.5.8
[INFO] [stderr]    Compiling crypto-common v0.2.2
[INFO] [stderr]    Compiling fs-err v3.3.1
[INFO] [stderr]    Compiling typeid v1.0.3
[INFO] [stderr]    Compiling aho-corasick v1.1.5
[INFO] [stderr]    Compiling digest v0.11.3
[INFO] [stderr]    Compiling darling_macro v0.24.1
[INFO] [stderr]    Compiling zstd v0.14.0
[INFO] [stderr]    Compiling tempfile v3.27.0
[INFO] [stderr]    Compiling itertools v0.15.0
[INFO] [stderr]    Compiling compression-codecs v0.4.44
[INFO] [stderr]    Compiling async-compression v0.4.49
[INFO] [stderr]    Compiling foldhash v0.2.0
[INFO] [stderr]    Compiling bit-vec v0.8.0
[INFO] [stderr]    Compiling erased-serde v0.4.10
[INFO] [stderr]    Compiling bit-set v0.8.0
[INFO] [stderr]    Compiling hashbrown v0.16.1
[INFO] [stderr]    Compiling regex-automata v0.4.18
[INFO] [stderr]    Compiling hyper v1.11.1
[INFO] [stderr]    Compiling tower-http v0.6.11
[INFO] [stderr]    Compiling darling v0.24.1
[INFO] [stderr]    Compiling ref-cast v1.0.27
[INFO] [stderr]    Compiling crossbeam-utils v0.8.23
[INFO] [stderr]    Compiling hyper-util v0.1.21
[INFO] [stderr]    Compiling serde_with_macros v3.24.0
[INFO] [stderr]    Compiling halfbrown v0.4.0
[INFO] [stderr]    Compiling float-cmp v0.10.0
[INFO] [stderr]    Compiling ref-cast-impl v1.0.27
[INFO] [stderr]    Compiling nom v8.0.0
[INFO] [stderr]    Compiling heck v0.5.0
[INFO] [stderr]    Compiling option-ext v0.2.0
[INFO] [stderr]    Compiling hex v0.4.3
[INFO] [stderr]    Compiling typed-path v0.12.3
[INFO] [stderr]    Compiling regex v1.13.1
[INFO] [stderr]    Compiling serde_with v3.24.0
[INFO] [stderr]    Compiling dirs-sys v0.5.0
[INFO] [stderr]    Compiling strum_macros v0.28.0
[INFO] [stderr]    Compiling value-trait v0.12.2
[INFO] [stderr]    Compiling lazy-regex-proc_macros v3.6.1
[INFO] [stderr]    Compiling serde-untagged v0.1.9
[INFO] [stderr]    Compiling ahash v0.8.12
[INFO] [stderr]    Compiling sha2 v0.11.0
[INFO] [stderr]    Compiling md-5 v0.11.0
[INFO] [stderr]    Compiling blake2 v0.11.0
[INFO] [stderr]    Compiling chacha20 v0.10.2
[INFO] [stderr]    Compiling serde_bytes v0.11.19
[INFO] [stderr]    Compiling memmap2 v0.9.11
[INFO] [stderr]    Compiling unsafe-libyaml v0.2.11
[INFO] [stderr]    Compiling crossbeam-epoch v0.9.21
[INFO] [stderr]    Compiling jiff-core v0.1.1
[INFO] [stderr]    Compiling simdutf8 v0.1.5
[INFO] [stderr]    Compiling cfg_aliases v0.2.2
[INFO] [stderr]    Compiling nix v0.31.3
[INFO] [stderr]    Compiling simd-json v0.17.3
[INFO] [stderr]    Compiling rattler_digest v2.0.0
[INFO] [stderr]    Compiling rand v0.10.3
[INFO] [stderr]    Compiling nom-language v0.1.0
[INFO] [stderr]    Compiling rattler_conda_version v0.1.2
[INFO] [stderr]    Compiling strum v0.28.0
[INFO] [stderr]    Compiling lazy-regex v3.6.1
[INFO] [stderr]    Compiling serde_yaml v0.9.34+deprecated
[INFO] [stderr]    Compiling fancy-regex v0.18.0
[INFO] [stderr]    Compiling jiff v0.2.37
[INFO] [stderr]    Compiling file_url v0.3.2
[INFO] [stderr]    Compiling dirs v6.0.0
[INFO] [stderr]    Compiling purl v0.1.6
[INFO] [stderr]    Compiling futures-executor v0.3.34
[INFO] [stderr]    Compiling serde_repr v0.1.21
[INFO] [stderr]    Compiling rattler_macros v1.2.0
[INFO] [stderr]    Compiling rand_core v0.9.5
[INFO] [stderr]    Compiling glob v0.3.4
[INFO] [stderr]    Compiling signal-hook v0.4.4
[INFO] [stderr]    Compiling crossbeam-deque v0.8.8
[INFO] [stderr]    Compiling portable-atomic v1.15.0
[INFO] [stderr]    Compiling zstd-safe v7.3.0
[INFO] [stderr]    Compiling futures v0.3.34
[INFO] [stderr]    Compiling tokio-stream v0.1.19
[INFO] [stderr]    Compiling pin-project-internal v1.1.13
[INFO] [stderr]    Compiling xattr v1.6.1
[INFO] [stderr]    Compiling secrecy v0.10.3
[INFO] [stderr]    Compiling parking v2.2.1
[INFO] [stderr]    Compiling bumpalo v3.20.3
[INFO] [stderr]    Compiling rayon-core v1.13.0
[INFO] [stderr]    Compiling futures-lite v2.6.1
[INFO] [stderr]    Compiling time v0.3.55
[INFO] [stderr]    Compiling zopfli v0.8.3
[INFO] [stderr]    Compiling pin-project v1.1.13
[INFO] [stderr]    Compiling parking_lot_core v0.9.12
[INFO] [stderr]    Compiling retry-policies v0.5.2
[INFO] [stderr]    Compiling ppv-lite86 v0.2.21
[INFO] [stderr]    Compiling itertools v0.14.0
[INFO] [stderr]    Compiling wait-timeout v0.2.1
[INFO] [stderr]    Compiling filetime v0.2.29
[INFO] [stderr]    Compiling http-auth v0.1.10
[INFO] [stderr]    Compiling rustc-hash v2.1.3
[INFO] [stderr]    Compiling base64 v0.22.1
[INFO] [stderr]    Compiling async-once-cell v0.5.4
[INFO] [stderr]    Compiling http-content-range v0.2.5
[INFO] [stderr]    Compiling astral-tokio-tar v0.6.4
[INFO] [stderr]    Compiling rand_chacha v0.9.0
[INFO] [stderr]    Compiling rusty-fork v0.3.1
[INFO] [stderr]    Compiling tar v0.4.46
[INFO] [stderr]    Compiling astral_async_zip v0.0.21
[INFO] [stderr]    Compiling zip v8.6.0
[INFO] [stderr]    Compiling rattler_pty v0.2.17
[INFO] [stderr]    Compiling zstd v0.13.3
[INFO] [stderr]    Compiling rand v0.9.5
[INFO] [stderr]    Compiling rand_xorshift v0.4.0
[INFO] [stderr]    Compiling simple_spawn_blocking v1.1.1
[INFO] [stderr]    Compiling enum_dispatch v0.3.13
[INFO] [stderr]    Compiling num_cpus v1.17.0
[INFO] [stderr]    Compiling unarray v0.1.4
[INFO] [stderr]    Compiling hashbrown v0.14.5
[INFO] [stderr]    Compiling tinyvec v1.13.3
[INFO] [stderr]    Compiling rayon v1.12.0
[INFO] [stderr]    Compiling unicode-normalization v0.1.25
[INFO] [stderr]    Compiling proptest v1.11.0
[INFO] [stderr]    Compiling parking_lot v0.12.5
[INFO] [stderr]    Compiling fs4 v1.1.0
[INFO] [stderr]    Compiling dashmap v6.2.1
[INFO] [stderr]    Compiling which v8.0.6
[INFO] [stderr]    Compiling quick-xml v0.41.0
[INFO] [stderr]    Compiling configparser v3.2.0
[INFO] [stderr]    Compiling uuid v1.26.1
[INFO] [stderr]    Compiling reflink-copy v0.1.30
[INFO] [stderr]    Compiling humantime v2.4.0
[INFO] [stderr]    Compiling path_resolver v0.2.14
[INFO] [stderr]    Compiling rustls-webpki v0.103.15
[INFO] [stderr]    Compiling tokio-rustls v0.26.6
[INFO] [stderr]    Compiling rustls-platform-verifier v0.7.1
[INFO] [stderr]    Compiling hyper-rustls v0.27.10
[INFO] [stderr]    Compiling reqwest v0.13.5
[INFO] [stderr]    Compiling astral-reqwest-middleware v0.5.1
[INFO] [stderr]    Compiling rattler_redaction v0.2.6
[INFO] [stderr]    Compiling ambient-id v0.0.11
[INFO] [stderr]    Compiling astral_async_http_range_reader v0.11.1
[INFO] [stderr]    Compiling rattler_conda_types v0.55.0
[INFO] [stderr]    Compiling rattler_networking v0.31.0
[INFO] [stderr]    Compiling rattler_package_streaming v0.27.8
[INFO] [stderr]    Compiling rattler_shell v0.29.0
[INFO] [stderr]    Compiling rattler_menuinst v0.4.0
[INFO] [stderr]    Compiling rattler_cache v0.10.13
[INFO] [stderr]    Compiling rattler v0.51.0 (/opt/rustwide/workdir)
[INFO] [stderr]     Finished `dev` profile [unoptimized + debuginfo] target(s) in 5m 10s
[INFO] running `Command { std: "docker" "inspect" "06283d02c2047603763491786cea38f5b1f5eb9826509d14c22f82a5b758ce1c", kill_on_drop: false }`
[INFO] running `Command { std: "docker" "exec" "-e" "SOURCE_DIR=/opt/rustwide/workdir" "-e" "CARGO_HOME=/opt/rustwide/cargo-home" "-e" "RUSTUP_HOME=/opt/rustwide/rustup-home" "-e" "CARGO_TARGET_DIR=/opt/rustwide/target" "-e" "CARGO_INCREMENTAL=0" "-e" "RUST_BACKTRACE=full" "-e" "RUSTFLAGS=--cap-lints=warn" "-e" "RUSTDOCFLAGS=--cap-lints=warn" "-w" "/opt/rustwide/workdir" "--user" "0:0" "06283d02c2047603763491786cea38f5b1f5eb9826509d14c22f82a5b758ce1c" "/opt/rustwide/cargo-home/bin/cargo" "+1.99.0-beta.8" "test" "--frozen" "--no-run" "--message-format=json", kill_on_drop: false }`
[INFO] [stderr]    Compiling serde_core v1.0.229
[INFO] [stderr]    Compiling syn v2.0.119
[INFO] [stderr]    Compiling tracing-core v0.1.36
[INFO] [stderr]    Compiling httpdate v1.0.3
[INFO] [stderr]    Compiling rustls-platform-verifier v0.7.1
[INFO] [stderr]    Compiling ppv-lite86 v0.2.21
[INFO] [stderr]    Compiling zopfli v0.8.3
[INFO] [stderr]    Compiling indexmap v2.14.2
[INFO] [stderr]    Compiling unicase v2.9.0
[INFO] [stderr]    Compiling mime v0.3.17
[INFO] [stderr]    Compiling mime_guess v2.0.5
[INFO] [stderr]    Compiling rand_chacha v0.9.0
[INFO] [stderr]    Compiling rstest_macros v0.26.1
[INFO] [stderr]    Compiling tracing-log v0.2.0
[INFO] [stderr]    Compiling matchers v0.2.0
[INFO] [stderr]    Compiling toml_edit v0.25.15+spec-1.1.0
[INFO] [stderr]    Compiling thread_local v1.1.10
[INFO] [stderr]    Compiling relative-path v1.9.3
[INFO] [stderr]    Compiling similar v2.7.0
[INFO] [stderr]    Compiling rand v0.9.5
[INFO] [stderr]    Compiling axum-core v0.5.6
[INFO] [stderr]    Compiling console v0.16.6
[INFO] [stderr]    Compiling colored v3.1.1
[INFO] [stderr]    Compiling http-range-header v0.4.2
[INFO] [stderr]    Compiling proc-macro-crate v3.5.0
[INFO] [stderr]    Compiling proptest v1.11.0
[INFO] [stderr]    Compiling futures-timer v3.0.4
[INFO] [stderr]    Compiling matchit v0.8.4
[INFO] [stderr]    Compiling same-file v1.0.6
[INFO] [stderr]    Compiling walkdir v2.5.0
[INFO] [stderr]    Compiling assert_matches v1.5.0
[INFO] [stderr]    Compiling serde v1.0.229
[INFO] [stderr]    Compiling erased-serde v0.4.10
[INFO] [stderr]    Compiling serde_bytes v0.11.19
[INFO] [stderr]    Compiling jiff v0.2.37
[INFO] [stderr]    Compiling smallvec v1.16.2
[INFO] [stderr]    Compiling serde_urlencoded v0.7.1
[INFO] [stderr]    Compiling halfbrown v0.4.0
[INFO] [stderr]    Compiling serde-untagged v0.1.9
[INFO] [stderr]    Compiling parking_lot_core v0.9.12
[INFO] [stderr]    Compiling icu_normalizer v2.3.0
[INFO] [stderr]    Compiling serde_json v1.0.151
[INFO] [stderr]    Compiling value-trait v0.12.2
[INFO] [stderr]    Compiling serde_with v3.24.0
[INFO] [stderr]    Compiling parking_lot v0.12.5
[INFO] [stderr]    Compiling serde_yaml v0.9.34+deprecated
[INFO] [stderr]    Compiling tokio v1.53.1
[INFO] [stderr]    Compiling idna_adapter v1.2.2
[INFO] [stderr]    Compiling idna v1.1.0
[INFO] [stderr]    Compiling url v2.5.8
[INFO] [stderr]    Compiling tracing-attributes v0.1.31
[INFO] [stderr]    Compiling lazy-regex-proc_macros v3.6.1
[INFO] [stderr]    Compiling strum_macros v0.28.0
[INFO] [stderr]    Compiling lazy-regex v3.6.1
[INFO] [stderr]    Compiling file_url v0.3.2
[INFO] [stderr]    Compiling rattler_macros v1.2.0
[INFO] [stderr]    Compiling tracing v0.1.44
[INFO] [stderr]    Compiling simd-json v0.17.3
[INFO] [stderr]    Compiling rattler_conda_version v0.1.2
[INFO] [stderr]    Compiling purl v0.1.6
[INFO] [stderr]    Compiling pin-project-internal v1.1.13
[INFO] [stderr]    Compiling enum_dispatch v0.3.13
[INFO] [stderr]    Compiling zip v8.6.0
[INFO] [stderr]    Compiling dashmap v6.2.1
[INFO] [stderr]    Compiling pin-project v1.1.13
[INFO] [stderr]    Compiling tracing-subscriber v0.3.23
[INFO] [stderr]    Compiling tracing-test-macro v0.2.6
[INFO] [stderr]    Compiling assert-json-diff v2.0.2
[INFO] [stderr]    Compiling temp-env v0.3.6
[INFO] [stderr]    Compiling strum v0.28.0
[INFO] [stderr]    Compiling insta v1.48.0
[INFO] [stderr]    Compiling tracing-test v0.2.6
[INFO] [stderr]    Compiling tokio-util v0.7.19
[INFO] [stderr]    Compiling tower v0.5.3
[INFO] [stderr]    Compiling async-compression v0.4.49
[INFO] [stderr]    Compiling tokio-rustls v0.26.6
[INFO] [stderr]    Compiling fs-err v3.3.1
[INFO] [stderr]    Compiling rattler_digest v2.0.0
[INFO] [stderr]    Compiling simple_spawn_blocking v1.1.1
[INFO] [stderr]    Compiling rattler_pty v0.2.17
[INFO] [stderr]    Compiling h2 v0.4.19
[INFO] [stderr]    Compiling tokio-stream v0.1.19
[INFO] [stderr]    Compiling tower-http v0.6.11
[INFO] [stderr]    Compiling astral_async_zip v0.0.21
[INFO] [stderr]    Compiling fs4 v1.1.0
[INFO] [stderr]    Compiling path_resolver v0.2.14
[INFO] [stderr]    Compiling astral-tokio-tar v0.6.4
[INFO] [stderr]    Compiling rstest v0.26.1
[INFO] [stderr]    Compiling tower-http v0.7.1
[INFO] [stderr]    Compiling hyper v1.11.1
[INFO] [stderr]    Compiling hyper-util v0.1.21
[INFO] [stderr]    Compiling hyper-rustls v0.27.10
[INFO] [stderr]    Compiling axum v0.8.9
[INFO] [stderr]    Compiling mockito v1.7.2
[INFO] [stderr]    Compiling reqwest v0.13.5
[INFO] [stderr]    Compiling astral-reqwest-middleware v0.5.1
[INFO] [stderr]    Compiling rattler_redaction v0.2.6
[INFO] [stderr]    Compiling ambient-id v0.0.11
[INFO] [stderr]    Compiling astral_async_http_range_reader v0.11.1
[INFO] [stderr]    Compiling rattler_networking v0.31.0
[INFO] [stderr]    Compiling rattler_conda_types v0.55.0
[INFO] [stderr]    Compiling rattler_package_streaming v0.27.8
[INFO] [stderr]    Compiling rattler_shell v0.29.0
[INFO] [stderr]    Compiling rattler_menuinst v0.4.0
[INFO] [stderr]    Compiling rattler_cache v0.10.13
[INFO] [stderr]    Compiling rattler v0.51.0 (/opt/rustwide/workdir)
[INFO] [stdout] error[E0432]: unresolved import `rattler_lock`
[INFO] [stdout]     --> src/install/mod.rs:1347:9
[INFO] [stdout]      |
[INFO] [stdout] 1347 |     use rattler_lock::LockFile;
[INFO] [stdout]      |         ^^^^^^^^^^^^ use of unresolved module or unlinked crate `rattler_lock`
[INFO] [stdout]      |
[INFO] [stdout] help: there is a crate or module with a similar name
[INFO] [stdout]      |
[INFO] [stdout] 1347 -     use rattler_lock::LockFile;
[INFO] [stdout] 1347 +     use rattler_cache::LockFile;
[INFO] [stdout]      |
[INFO] [stdout] 
[INFO] [stdout] 
[INFO] [stdout] error[E0433]: cannot find module or crate `tools` in this scope
[INFO] [stdout]    --> src/install/test_utils.rs:163:24
[INFO] [stdout]     |
[INFO] [stdout] 163 |     let package_path = tools::download_and_cache_file_async(package_url, sha256_hash)
[INFO] [stdout]     |                        ^^^^^ use of unresolved module or unlinked crate `tools`
[INFO] [stdout]     |
[INFO] [stdout]     = help: if you wanted to use a crate named `tools`, use `cargo add tools` to add it to your `Cargo.toml`
[INFO] [stdout] 
[INFO] [stdout] 
[INFO] [stdout] error[E0433]: cannot find module or crate `tools` in this scope
[INFO] [stdout]     --> src/install/mod.rs:1485:28
[INFO] [stdout]      |
[INFO] [stdout] 1485 |         let package_path = tools::download_and_cache_file_async(
[INFO] [stdout]      |                            ^^^^^ use of unresolved module or unlinked crate `tools`
[INFO] [stdout]      |
[INFO] [stdout]      = help: if you wanted to use a crate named `tools`, use `cargo add tools` to add it to your `Cargo.toml`
[INFO] [stdout] 
[INFO] [stdout] 
[INFO] [stdout] error[E0433]: cannot find module or crate `tools` in this scope
[INFO] [stdout]     --> src/install/mod.rs:1521:28
[INFO] [stdout]      |
[INFO] [stdout] 1521 |         let package_path = tools::download_and_cache_file_async(
[INFO] [stdout]      |                            ^^^^^ use of unresolved module or unlinked crate `tools`
[INFO] [stdout]      |
[INFO] [stdout]      = help: if you wanted to use a crate named `tools`, use `cargo add tools` to add it to your `Cargo.toml`
[INFO] [stdout] 
[INFO] [stdout] 
[INFO] [stdout] Some errors have detailed explanations: E0432, E0433.
[INFO] [stdout] 
[INFO] [stdout] For more information about an error, try `rustc --explain E0432`.
[INFO] [stdout] 
[INFO] [stderr] error: could not compile `rattler` (lib test) due to 4 previous errors
[INFO] running `Command { std: "docker" "inspect" "06283d02c2047603763491786cea38f5b1f5eb9826509d14c22f82a5b758ce1c", kill_on_drop: false }`
[INFO] running `Command { std: "docker" "rm" "-f" "06283d02c2047603763491786cea38f5b1f5eb9826509d14c22f82a5b758ce1c", kill_on_drop: false }`
[INFO] [stdout] 06283d02c2047603763491786cea38f5b1f5eb9826509d14c22f82a5b758ce1c
