[INFO] fetching crate rasterix-codegen 0.1.2...
[INFO] testing rasterix-codegen-0.1.2 against 1.99.0-beta.8 for beta-1.100-2
[INFO] extracting crate rasterix-codegen 0.1.2 into /workspace/builds/worker-0-tc1/source
[INFO] started tweaking crates.io crate rasterix-codegen 0.1.2
[INFO] removed 0 missing tests
[INFO] finished tweaking crates.io crate rasterix-codegen 0.1.2
[INFO] tweaked toml for crates.io crate rasterix-codegen 0.1.2 written to /workspace/builds/worker-0-tc1/source/Cargo.toml
[INFO] validating manifest of crates.io crate rasterix-codegen 0.1.2 on toolchain 1.99.0-beta.8
[INFO] running `Command { std: CARGO_HOME="/workspace/cargo-home" RUSTUP_HOME="/workspace/rustup-home" "/workspace/cargo-home/bin/cargo" "+1.99.0-beta.8" "metadata" "--manifest-path" "Cargo.toml" "--no-deps", kill_on_drop: false }`
[INFO] crate crates.io crate rasterix-codegen 0.1.2 already has a lockfile, it will not be regenerated
[INFO] running `Command { std: CARGO_HOME="/workspace/cargo-home" RUSTUP_HOME="/workspace/rustup-home" "/workspace/cargo-home/bin/cargo" "+1.99.0-beta.8" "fetch" "--manifest-path" "Cargo.toml", kill_on_drop: false }`
[INFO] [stderr]  Downloading crates ...
[INFO] [stderr]   Downloaded quick-xml v0.31.0
[INFO] running `Command { std: "docker" "create" "-v" "/var/lib/crater-agent-workspace/builds/worker-0-tc1/source:/opt/rustwide/workdir:ro,Z" "-v" "/var/lib/crater-agent-workspace/builds/worker-0-tc1/target:/opt/rustwide/target:rw,Z" "-v" "/var/lib/crater-agent-workspace/cargo-home:/opt/rustwide/cargo-home:ro,Z" "-v" "/var/lib/crater-agent-workspace/rustup-home:/opt/rustwide/rustup-home:ro,Z" "-m" "1610612736" "--network" "none" "ghcr.io/rust-lang/crates-build-env/linux@sha256:3111399a4047eeb3a02b7a90e478d715f38a8c6669b5c4b49d30a17385265909" "sleep" "infinity", kill_on_drop: false }`
[INFO] [stdout] 656ea2b59d11d759615be1ad5523804d752fbcf7d417ef14abb9179d8fb41eef
[INFO] running `Command { std: "docker" "start" "656ea2b59d11d759615be1ad5523804d752fbcf7d417ef14abb9179d8fb41eef", kill_on_drop: false }`
[INFO] running `Command { std: "docker" "inspect" "656ea2b59d11d759615be1ad5523804d752fbcf7d417ef14abb9179d8fb41eef", kill_on_drop: false }`
[INFO] running `Command { std: "docker" "exec" "-e" "SOURCE_DIR=/opt/rustwide/workdir" "-e" "CARGO_HOME=/opt/rustwide/cargo-home" "-e" "RUSTUP_HOME=/opt/rustwide/rustup-home" "-e" "CARGO_TARGET_DIR=/opt/rustwide/target" "-w" "/opt/rustwide/workdir" "--user" "0:0" "656ea2b59d11d759615be1ad5523804d752fbcf7d417ef14abb9179d8fb41eef" "/opt/rustwide/cargo-home/bin/cargo" "+1.99.0-beta.8" "metadata" "--no-deps" "--format-version=1", kill_on_drop: false }`
[INFO] running `Command { std: "docker" "inspect" "656ea2b59d11d759615be1ad5523804d752fbcf7d417ef14abb9179d8fb41eef", kill_on_drop: false }`
[INFO] running `Command { std: "docker" "exec" "-e" "SOURCE_DIR=/opt/rustwide/workdir" "-e" "CARGO_HOME=/opt/rustwide/cargo-home" "-e" "RUSTUP_HOME=/opt/rustwide/rustup-home" "-e" "CARGO_TARGET_DIR=/opt/rustwide/target" "-e" "CARGO_INCREMENTAL=0" "-e" "RUST_BACKTRACE=full" "-e" "RUSTFLAGS=--cap-lints=warn" "-e" "RUSTDOCFLAGS=--cap-lints=warn" "-w" "/opt/rustwide/workdir" "--user" "0:0" "656ea2b59d11d759615be1ad5523804d752fbcf7d417ef14abb9179d8fb41eef" "/opt/rustwide/cargo-home/bin/cargo" "+1.99.0-beta.8" "build" "--frozen" "--message-format=json", kill_on_drop: false }`
[INFO] [stderr]    Compiling proc-macro2 v1.0.106
[INFO] [stderr]    Compiling unicode-ident v1.0.24
[INFO] [stderr]    Compiling quote v1.0.45
[INFO] [stderr]    Compiling memchr v2.8.1
[INFO] [stderr]    Compiling thiserror v1.0.69
[INFO] [stderr]    Compiling syn v2.0.117
[INFO] [stderr]    Compiling serde_derive v1.0.228
[INFO] [stderr]    Compiling thiserror-impl v1.0.69
[INFO] [stderr]    Compiling serde v1.0.228
[INFO] [stderr]    Compiling quick-xml v0.31.0
[INFO] [stderr]    Compiling rasterix-codegen v0.1.2 (/opt/rustwide/workdir)
[INFO] [stderr]     Finished `dev` profile [unoptimized + debuginfo] target(s) in 14.80s
[INFO] running `Command { std: "docker" "inspect" "656ea2b59d11d759615be1ad5523804d752fbcf7d417ef14abb9179d8fb41eef", kill_on_drop: false }`
[INFO] running `Command { std: "docker" "exec" "-e" "SOURCE_DIR=/opt/rustwide/workdir" "-e" "CARGO_HOME=/opt/rustwide/cargo-home" "-e" "RUSTUP_HOME=/opt/rustwide/rustup-home" "-e" "CARGO_TARGET_DIR=/opt/rustwide/target" "-e" "CARGO_INCREMENTAL=0" "-e" "RUST_BACKTRACE=full" "-e" "RUSTFLAGS=--cap-lints=warn" "-e" "RUSTDOCFLAGS=--cap-lints=warn" "-w" "/opt/rustwide/workdir" "--user" "0:0" "656ea2b59d11d759615be1ad5523804d752fbcf7d417ef14abb9179d8fb41eef" "/opt/rustwide/cargo-home/bin/cargo" "+1.99.0-beta.8" "test" "--frozen" "--no-run" "--message-format=json", kill_on_drop: false }`
[INFO] [stderr]    Compiling rasterix-codegen v0.1.2 (/opt/rustwide/workdir)
[INFO] [stdout] error[E0432]: unresolved import `test_utils`
[INFO] [stdout]   --> tests/transform_tests.rs:11:5
[INFO] [stdout]    |
[INFO] [stdout] 11 | use test_utils::load_fixture;
[INFO] [stdout]    |     ^^^^^^^^^^ use of unresolved module or unlinked crate `test_utils`
[INFO] [stdout]    |
[INFO] [stdout]    = help: if you wanted to use a crate named `test_utils`, use `cargo add test_utils` to add it to your `Cargo.toml`
[INFO] [stdout] 
[INFO] [stdout] 
[INFO] [stdout] error[E0432]: unresolved import `test_utils`
[INFO] [stdout]  --> tests/codegen_tests.rs:9:5
[INFO] [stdout]   |
[INFO] [stdout] 9 | use test_utils::{
[INFO] [stdout]   |     ^^^^^^^^^^ use of unresolved module or unlinked crate `test_utils`
[INFO] [stdout]   |
[INFO] [stdout]   = help: if you wanted to use a crate named `test_utils`, use `cargo add test_utils` to add it to your `Cargo.toml`
[INFO] [stdout] 
[INFO] [stdout] 
[INFO] [stdout] error[E0432]: unresolved import `test_utils`
[INFO] [stdout]  --> tests/parse_tests.rs:8:5
[INFO] [stdout]   |
[INFO] [stdout] 8 | use test_utils::load_fixture;
[INFO] [stdout]   |     ^^^^^^^^^^ use of unresolved module or unlinked crate `test_utils`
[INFO] [stdout]   |
[INFO] [stdout]   = help: if you wanted to use a crate named `test_utils`, use `cargo add test_utils` to add it to your `Cargo.toml`
[INFO] [stdout] 
[INFO] [stdout] 
[INFO] [stdout] For more information about this error, try `rustc --explain E0432`.
[INFO] [stdout] 
[INFO] [stderr] error: could not compile `rasterix-codegen` (test "transform_tests") due to 1 previous error
[INFO] [stderr] warning: build failed, waiting for other jobs to finish...
[INFO] [stdout] For more information about this error, try `rustc --explain E0432`.
[INFO] [stdout] 
[INFO] [stderr] error: could not compile `rasterix-codegen` (test "codegen_tests") due to 1 previous error
[INFO] [stdout] For more information about this error, try `rustc --explain E0432`.
[INFO] [stdout] 
[INFO] [stderr] error: could not compile `rasterix-codegen` (test "parse_tests") due to 1 previous error
[INFO] [stdout] error[E0432]: unresolved import `test_utils`
[INFO] [stdout]   --> src/generate/generator.rs:70:9
[INFO] [stdout]    |
[INFO] [stdout] 70 |     use test_utils::assert_code_contains;
[INFO] [stdout]    |         ^^^^^^^^^^ use of unresolved module or unlinked crate `test_utils`
[INFO] [stdout]    |
[INFO] [stdout]    = help: if you wanted to use a crate named `test_utils`, use `cargo add test_utils` to add it to your `Cargo.toml`
[INFO] [stdout] 
[INFO] [stdout] 
[INFO] [stdout] error[E0432]: unresolved import `test_utils`
[INFO] [stdout]    --> src/generate/record_gen.rs:117:9
[INFO] [stdout]     |
[INFO] [stdout] 117 |     use test_utils::assert_code_contains;
[INFO] [stdout]     |         ^^^^^^^^^^ use of unresolved module or unlinked crate `test_utils`
[INFO] [stdout]     |
[INFO] [stdout]     = help: if you wanted to use a crate named `test_utils`, use `cargo add test_utils` to add it to your `Cargo.toml`
[INFO] [stdout] 
[INFO] [stdout] 
[INFO] [stdout] error[E0432]: unresolved import `test_utils`
[INFO] [stdout]    --> src/generate/datablock_gen.rs:129:9
[INFO] [stdout]     |
[INFO] [stdout] 129 |     use test_utils::assert_code_contains;
[INFO] [stdout]     |         ^^^^^^^^^^ use of unresolved module or unlinked crate `test_utils`
[INFO] [stdout]     |
[INFO] [stdout]     = help: if you wanted to use a crate named `test_utils`, use `cargo add test_utils` to add it to your `Cargo.toml`
[INFO] [stdout] 
[INFO] [stdout] 
[INFO] [stdout] error[E0432]: unresolved import `test_utils`
[INFO] [stdout]    --> src/generate/item_gen.rs:166:9
[INFO] [stdout]     |
[INFO] [stdout] 166 |     use test_utils::assert_code_contains;
[INFO] [stdout]     |         ^^^^^^^^^^ use of unresolved module or unlinked crate `test_utils`
[INFO] [stdout]     |
[INFO] [stdout]     = help: if you wanted to use a crate named `test_utils`, use `cargo add test_utils` to add it to your `Cargo.toml`
[INFO] [stdout] 
[INFO] [stdout] 
[INFO] [stdout] error[E0432]: unresolved import `test_utils`
[INFO] [stdout]   --> src/generate/struct_gen.rs:85:9
[INFO] [stdout]    |
[INFO] [stdout] 85 |     use test_utils::assert_code_contains;
[INFO] [stdout]    |         ^^^^^^^^^^ use of unresolved module or unlinked crate `test_utils`
[INFO] [stdout]    |
[INFO] [stdout]    = help: if you wanted to use a crate named `test_utils`, use `cargo add test_utils` to add it to your `Cargo.toml`
[INFO] [stdout] 
[INFO] [stdout] 
[INFO] [stdout] error[E0432]: unresolved import `test_utils`
[INFO] [stdout]   --> src/generate/enum_gen.rs:68:9
[INFO] [stdout]    |
[INFO] [stdout] 68 |     use test_utils::assert_code_contains;
[INFO] [stdout]    |         ^^^^^^^^^^ use of unresolved module or unlinked crate `test_utils`
[INFO] [stdout]    |
[INFO] [stdout]    = help: if you wanted to use a crate named `test_utils`, use `cargo add test_utils` to add it to your `Cargo.toml`
[INFO] [stdout] 
[INFO] [stdout] 
[INFO] [stdout] For more information about this error, try `rustc --explain E0432`.
[INFO] [stdout] 
[INFO] [stderr] error: could not compile `rasterix-codegen` (lib test) due to 6 previous errors
[INFO] running `Command { std: "docker" "inspect" "656ea2b59d11d759615be1ad5523804d752fbcf7d417ef14abb9179d8fb41eef", kill_on_drop: false }`
[INFO] running `Command { std: "docker" "rm" "-f" "656ea2b59d11d759615be1ad5523804d752fbcf7d417ef14abb9179d8fb41eef", kill_on_drop: false }`
[INFO] [stdout] 656ea2b59d11d759615be1ad5523804d752fbcf7d417ef14abb9179d8fb41eef
