[INFO] fetching crate rasn 0.28.15...
[INFO] testing rasn-0.28.15 against 1.99.0-beta.8 for beta-1.100-2
[INFO] extracting crate rasn 0.28.15 into /workspace/builds/worker-1-tc1/source
[INFO] started tweaking crates.io crate rasn 0.28.15
[INFO] removed 0 missing examples
[INFO] removed 0 missing tests
[INFO] finished tweaking crates.io crate rasn 0.28.15
[INFO] tweaked toml for crates.io crate rasn 0.28.15 written to /workspace/builds/worker-1-tc1/source/Cargo.toml
[INFO] validating manifest of crates.io crate rasn 0.28.15 on toolchain 1.99.0-beta.8
[INFO] running `Command { std: CARGO_HOME="/workspace/cargo-home" RUSTUP_HOME="/workspace/rustup-home" "/workspace/cargo-home/bin/cargo" "+1.99.0-beta.8" "metadata" "--manifest-path" "Cargo.toml" "--no-deps", kill_on_drop: false }`
[INFO] crate crates.io crate rasn 0.28.15 already has a lockfile, it will not be regenerated
[INFO] running `Command { std: CARGO_HOME="/workspace/cargo-home" RUSTUP_HOME="/workspace/rustup-home" "/workspace/cargo-home/bin/cargo" "+1.99.0-beta.8" "fetch" "--manifest-path" "Cargo.toml", kill_on_drop: false }`
[INFO] [stderr]     Updating crates.io index
[INFO] [stderr]  Downloading crates ...
[INFO] [stderr]   Downloaded oid-registry v0.7.1
[INFO] [stderr]   Downloaded deranged v0.4.1
[INFO] [stderr]   Downloaded x509-parser v0.16.0
[INFO] [stderr]   Downloaded asn1-rs-derive v0.5.1
[INFO] [stderr]   Downloaded rasn-derive v0.28.15
[INFO] [stderr]   Downloaded xml-no-std v0.8.26
[INFO] [stderr]   Downloaded x509-certificate v0.23.1
[INFO] [stderr]   Downloaded asn1-rs v0.6.2
[INFO] [stderr]   Downloaded uuid v1.16.0
[INFO] [stderr]   Downloaded rasn-derive-impl v0.28.15
[INFO] [stderr]   Downloaded iai-callgrind v0.14.0
[INFO] [stderr]   Downloaded asn1 v0.20.0
[INFO] [stderr]   Downloaded bcder v0.7.5
[INFO] [stderr]   Downloaded snafu-derive v0.8.5
[INFO] [stderr]   Downloaded clap v4.5.35
[INFO] [stderr]   Downloaded rasn-compiler v0.7.5
[INFO] [stderr]   Downloaded iai-callgrind-runner v0.14.0
[INFO] [stderr]   Downloaded clap_builder v4.5.35
[INFO] [stderr]   Downloaded arc-slice v0.1.0
[INFO] [stderr]   Downloaded iai-callgrind-macros v0.5.0
[INFO] [stderr]   Downloaded hermit-abi v0.5.0
[INFO] [stderr]   Downloaded miniz_oxide v0.8.7
[INFO] [stderr]   Downloaded der-parser v9.0.0
[INFO] [stderr]   Downloaded snafu v0.8.5
[INFO] [stderr]   Downloaded asn1_derive v0.20.0
[INFO] [stderr]   Downloaded half v2.5.0
[INFO] running `Command { std: "docker" "create" "-v" "/var/lib/crater-agent-workspace/builds/worker-1-tc1/source:/opt/rustwide/workdir:ro,Z" "-v" "/var/lib/crater-agent-workspace/builds/worker-1-tc1/target:/opt/rustwide/target:rw,Z" "-v" "/var/lib/crater-agent-workspace/cargo-home:/opt/rustwide/cargo-home:ro,Z" "-v" "/var/lib/crater-agent-workspace/rustup-home:/opt/rustwide/rustup-home:ro,Z" "-m" "1610612736" "--network" "none" "ghcr.io/rust-lang/crates-build-env/linux@sha256:3111399a4047eeb3a02b7a90e478d715f38a8c6669b5c4b49d30a17385265909" "sleep" "infinity", kill_on_drop: false }`
[INFO] [stdout] 7e1504749c6e2f11df316e72c9bfb02171f22853934e850d1498e80e87aaaf35
[INFO] running `Command { std: "docker" "start" "7e1504749c6e2f11df316e72c9bfb02171f22853934e850d1498e80e87aaaf35", kill_on_drop: false }`
[INFO] running `Command { std: "docker" "inspect" "7e1504749c6e2f11df316e72c9bfb02171f22853934e850d1498e80e87aaaf35", kill_on_drop: false }`
[INFO] running `Command { std: "docker" "exec" "-e" "SOURCE_DIR=/opt/rustwide/workdir" "-e" "CARGO_HOME=/opt/rustwide/cargo-home" "-e" "RUSTUP_HOME=/opt/rustwide/rustup-home" "-e" "CARGO_TARGET_DIR=/opt/rustwide/target" "-w" "/opt/rustwide/workdir" "--user" "0:0" "7e1504749c6e2f11df316e72c9bfb02171f22853934e850d1498e80e87aaaf35" "/opt/rustwide/cargo-home/bin/cargo" "+1.99.0-beta.8" "metadata" "--no-deps" "--format-version=1", kill_on_drop: false }`
[INFO] running `Command { std: "docker" "inspect" "7e1504749c6e2f11df316e72c9bfb02171f22853934e850d1498e80e87aaaf35", kill_on_drop: false }`
[INFO] running `Command { std: "docker" "exec" "-e" "SOURCE_DIR=/opt/rustwide/workdir" "-e" "CARGO_HOME=/opt/rustwide/cargo-home" "-e" "RUSTUP_HOME=/opt/rustwide/rustup-home" "-e" "CARGO_TARGET_DIR=/opt/rustwide/target" "-e" "CARGO_INCREMENTAL=0" "-e" "RUST_BACKTRACE=full" "-e" "RUSTFLAGS=--cap-lints=warn" "-e" "RUSTDOCFLAGS=--cap-lints=warn" "-w" "/opt/rustwide/workdir" "--user" "0:0" "7e1504749c6e2f11df316e72c9bfb02171f22853934e850d1498e80e87aaaf35" "/opt/rustwide/cargo-home/bin/cargo" "+1.99.0-beta.8" "build" "--frozen" "--message-format=json", kill_on_drop: false }`
[INFO] [stderr]    Compiling proc-macro2 v1.0.94
[INFO] [stderr]    Compiling libc v0.2.171
[INFO] [stderr]    Compiling getrandom v0.3.2
[INFO] [stderr]    Compiling serde_core v1.0.228
[INFO] [stderr]    Compiling serde v1.0.228
[INFO] [stderr]    Compiling memchr v2.7.4
[INFO] [stderr]    Compiling serde_json v1.0.140
[INFO] [stderr]    Compiling num-traits v0.2.19
[INFO] [stderr]    Compiling itertools v0.13.0
[INFO] [stderr]    Compiling minimal-lexical v0.2.1
[INFO] [stderr]    Compiling once_cell v1.21.3
[INFO] [stderr]    Compiling bytes v1.10.1
[INFO] [stderr]    Compiling either v1.15.0
[INFO] [stderr]    Compiling xml-no-std v0.8.26
[INFO] [stderr]    Compiling bitvec v1.0.1
[INFO] [stderr]    Compiling nom v7.1.3
[INFO] [stderr]    Compiling quote v1.0.40
[INFO] [stderr]    Compiling syn v2.0.100
[INFO] [stderr]    Compiling uuid v1.16.0
[INFO] [stderr]    Compiling num-integer v0.1.46
[INFO] [stderr]    Compiling chrono v0.4.40
[INFO] [stderr]    Compiling num-bigint v0.4.6
[INFO] [stderr]    Compiling rasn-derive-impl v0.28.15
[INFO] [stderr]    Compiling snafu-derive v0.8.5
[INFO] [stderr]    Compiling rasn-derive v0.28.15
[INFO] [stderr]    Compiling snafu v0.8.5
[INFO] [stderr]    Compiling rasn v0.28.15 (/opt/rustwide/workdir)
[INFO] [stderr]     Finished `dev` profile [unoptimized + debuginfo] target(s) in 23.09s
[INFO] running `Command { std: "docker" "inspect" "7e1504749c6e2f11df316e72c9bfb02171f22853934e850d1498e80e87aaaf35", kill_on_drop: false }`
[INFO] running `Command { std: "docker" "exec" "-e" "SOURCE_DIR=/opt/rustwide/workdir" "-e" "CARGO_HOME=/opt/rustwide/cargo-home" "-e" "RUSTUP_HOME=/opt/rustwide/rustup-home" "-e" "CARGO_TARGET_DIR=/opt/rustwide/target" "-e" "CARGO_INCREMENTAL=0" "-e" "RUST_BACKTRACE=full" "-e" "RUSTFLAGS=--cap-lints=warn" "-e" "RUSTDOCFLAGS=--cap-lints=warn" "-w" "/opt/rustwide/workdir" "--user" "0:0" "7e1504749c6e2f11df316e72c9bfb02171f22853934e850d1498e80e87aaaf35" "/opt/rustwide/cargo-home/bin/cargo" "+1.99.0-beta.8" "test" "--frozen" "--no-run" "--message-format=json", kill_on_drop: false }`
[INFO] [stderr]    Compiling proc-macro2 v1.0.94
[INFO] [stderr]    Compiling unicode-ident v1.0.18
[INFO] [stderr]    Compiling memchr v2.7.4
[INFO] [stderr]    Compiling serde v1.0.228
[INFO] [stderr]    Compiling libc v0.2.171
[INFO] [stderr]    Compiling time-core v0.1.4
[INFO] [stderr]    Compiling num-traits v0.2.19
[INFO] [stderr]    Compiling serde_core v1.0.228
[INFO] [stderr]    Compiling deranged v0.4.1
[INFO] [stderr]    Compiling cc v1.2.18
[INFO] [stderr]    Compiling base64ct v1.7.3
[INFO] [stderr]    Compiling serde_json v1.0.140
[INFO] [stderr]    Compiling itertools v0.13.0
[INFO] [stderr]    Compiling half v2.5.0
[INFO] [stderr]    Compiling iana-time-zone v0.1.63
[INFO] [stderr]    Compiling clap_lex v0.7.4
[INFO] [stderr]    Compiling plotters-backend v0.3.7
[INFO] [stderr]    Compiling time-macros v0.2.22
[INFO] [stderr]    Compiling iai-callgrind-runner v0.14.0
[INFO] [stderr]    Compiling regex-syntax v0.8.5
[INFO] [stderr]    Compiling ciborium-io v0.2.2
[INFO] [stderr]    Compiling anstyle v1.0.10
[INFO] [stderr]    Compiling oid-registry v0.7.1
[INFO] [stderr]    Compiling plotters-svg v0.3.7
[INFO] [stderr]    Compiling clap_builder v4.5.35
[INFO] [stderr]    Compiling pem-rfc7468 v0.7.0
[INFO] [stderr]    Compiling ciborium-ll v0.2.2
[INFO] [stderr]    Compiling itertools v0.10.5
[INFO] [stderr]    Compiling smallvec v1.14.0
[INFO] [stderr]    Compiling quote v1.0.40
[INFO] [stderr]    Compiling nom v7.1.3
[INFO] [stderr]    Compiling iai-callgrind v0.14.0
[INFO] [stderr]    Compiling cast v0.3.0
[INFO] [stderr]    Compiling base64 v0.22.1
[INFO] [stderr]    Compiling syn v2.0.100
[INFO] [stderr]    Compiling bcder v0.7.5
[INFO] [stderr]    Compiling rustls-pki-types v1.11.0
[INFO] [stderr]    Compiling num-integer v0.1.46
[INFO] [stderr]    Compiling getrandom v0.2.15
[INFO] [stderr]    Compiling proc-macro-error-attr2 v2.0.0
[INFO] [stderr]    Compiling chrono v0.4.40
[INFO] [stderr]    Compiling pem v3.0.5
[INFO] [stderr]    Compiling is-terminal v0.4.16
[INFO] [stderr]    Compiling plotters v0.3.7
[INFO] [stderr]    Compiling num-bigint v0.4.6
[INFO] [stderr]    Compiling anes v0.1.6
[INFO] [stderr]    Compiling yansi v1.0.1
[INFO] [stderr]    Compiling time v0.3.41
[INFO] [stderr]    Compiling criterion-plot v0.5.0
[INFO] [stderr]    Compiling signature v2.2.0
[INFO] [stderr]    Compiling diff v0.1.13
[INFO] [stderr]    Compiling oorandom v11.1.5
[INFO] [stderr]    Compiling data-encoding v2.8.0
[INFO] [stderr]    Compiling ring v0.17.14
[INFO] [stderr]    Compiling regex-automata v0.4.9
[INFO] [stderr]    Compiling pretty_assertions v1.4.1
[INFO] [stderr]    Compiling clap v4.5.35
[INFO] [stderr]    Compiling rusticata-macros v4.1.0
[INFO] [stderr]    Compiling regex v1.11.1
[INFO] [stderr]    Compiling synstructure v0.13.1
[INFO] [stderr]    Compiling proc-macro-error2 v2.0.1
[INFO] [stderr]    Compiling rasn-derive-impl v0.28.15
[INFO] [stderr]    Compiling serde_derive v1.0.228
[INFO] [stderr]    Compiling thiserror-impl v1.0.69
[INFO] [stderr]    Compiling zeroize_derive v1.4.2
[INFO] [stderr]    Compiling displaydoc v0.2.5
[INFO] [stderr]    Compiling asn1-rs-impl v0.2.0
[INFO] [stderr]    Compiling derive_more-impl v1.0.0
[INFO] [stderr]    Compiling der_derive v0.7.3
[INFO] [stderr]    Compiling snafu-derive v0.8.5
[INFO] [stderr]    Compiling asn1_derive v0.20.0
[INFO] [stderr]    Compiling asn1-rs-derive v0.5.1
[INFO] [stderr]    Compiling zeroize v1.8.1
[INFO] [stderr]    Compiling asn1 v0.20.0
[INFO] [stderr]    Compiling der v0.7.9
[INFO] [stderr]    Compiling thiserror v1.0.69
[INFO] [stderr]    Compiling asn1-rs v0.6.2
[INFO] [stderr]    Compiling derive_more v1.0.0
[INFO] [stderr]    Compiling snafu v0.8.5
[INFO] [stderr]    Compiling rasn-derive v0.28.15
[INFO] [stderr]    Compiling spki v0.7.3
[INFO] [stderr]    Compiling x509-cert v0.2.5
[INFO] [stderr]    Compiling der-parser v9.0.0
[INFO] [stderr]    Compiling x509-parser v0.16.0
[INFO] [stderr]    Compiling ciborium v0.2.2
[INFO] [stderr]    Compiling bincode v1.3.3
[INFO] [stderr]    Compiling rustls-webpki v0.102.8
[INFO] [stderr]    Compiling x509-certificate v0.23.1
[INFO] [stderr]    Compiling tinytemplate v1.2.1
[INFO] [stderr]    Compiling rasn v0.28.15 (/opt/rustwide/workdir)
[INFO] [stderr]    Compiling iai-callgrind-macros v0.5.0
[INFO] [stderr]    Compiling criterion v0.5.1
[INFO] [stdout] error: couldn't read `examples/../standards/pkix/tests/data/letsencrypt-x3.crt`: No such file or directory (os error 2)
[INFO] [stdout]  --> examples/size_compare.rs:4:30
[INFO] [stdout]   |
[INFO] [stdout] 4 |     const DER_BYTES: &[u8] = include_bytes!("../standards/pkix/tests/data/letsencrypt-x3.crt");
[INFO] [stdout]   |                              ^^^^^^^^^^^^^^^^^^^^^^^^^^^^^^^^^^^^^^^^^^^^^^^^^^^^^^^^^^^^^^^^^
[INFO] [stdout] 
[INFO] [stdout] 
[INFO] [stdout] error: couldn't read `benches/../standards/pkix/tests/data/letsencrypt-x3.crt`: No such file or directory (os error 2)
[INFO] [stdout]   --> benches/criterion.rs:27:23
[INFO] [stdout]    |
[INFO] [stdout] 27 |     let data: &[u8] = include_bytes!("../standards/pkix/tests/data/letsencrypt-x3.crt");
[INFO] [stdout]    |                       ^^^^^^^^^^^^^^^^^^^^^^^^^^^^^^^^^^^^^^^^^^^^^^^^^^^^^^^^^^^^^^^^^
[INFO] [stdout] 
[INFO] [stdout] 
[INFO] [stdout] error: couldn't read `benches/../standards/pkix/tests/data/letsencrypt-x3.crt`: No such file or directory (os error 2)
[INFO] [stdout]   --> benches/criterion.rs:62:23
[INFO] [stdout]    |
[INFO] [stdout] 62 |     let data: &[u8] = include_bytes!("../standards/pkix/tests/data/letsencrypt-x3.crt");
[INFO] [stdout]    |                       ^^^^^^^^^^^^^^^^^^^^^^^^^^^^^^^^^^^^^^^^^^^^^^^^^^^^^^^^^^^^^^^^^
[INFO] [stdout] 
[INFO] [stdout] 
[INFO] [stdout] error: couldn't read `benches/../standards/pkix/tests/data/letsencrypt-x3.crt`: No such file or directory (os error 2)
[INFO] [stdout]   --> benches/criterion.rs:89:23
[INFO] [stdout]    |
[INFO] [stdout] 89 |     let data: &[u8] = include_bytes!("../standards/pkix/tests/data/letsencrypt-x3.crt");
[INFO] [stdout]    |                       ^^^^^^^^^^^^^^^^^^^^^^^^^^^^^^^^^^^^^^^^^^^^^^^^^^^^^^^^^^^^^^^^^
[INFO] [stdout] 
[INFO] [stdout] 
[INFO] [stdout] error[E0432]: unresolved import `rasn_pkix`
[INFO] [stdout]  --> examples/size_compare.rs:1:5
[INFO] [stdout]   |
[INFO] [stdout] 1 | use rasn_pkix::Certificate;
[INFO] [stdout]   |     ^^^^^^^^^ use of unresolved module or unlinked crate `rasn_pkix`
[INFO] [stdout]   |
[INFO] [stdout]   = help: if you wanted to use a crate named `rasn_pkix`, use `cargo add rasn_pkix` to add it to your `Cargo.toml`
[INFO] [stdout] 
[INFO] [stdout] 
[INFO] [stdout] For more information about this error, try `rustc --explain E0432`.
[INFO] [stdout] 
[INFO] [stderr] error: could not compile `rasn` (example "size_compare") due to 2 previous errors
[INFO] [stderr] warning: build failed, waiting for other jobs to finish...
[INFO] [stdout] error[E0433]: cannot find module or crate `cryptography_x509` in this scope
[INFO] [stdout]   --> benches/criterion.rs:53:40
[INFO] [stdout]    |
[INFO] [stdout] 53 |                 ::asn1::parse_single::<cryptography_x509::certificate::Certificate>(data).unwrap(),
[INFO] [stdout]    |                                        ^^^^^^^^^^^^^^^^^ use of unresolved module or unlinked crate `cryptography_x509`
[INFO] [stdout]    |
[INFO] [stdout]    = help: if you wanted to use a crate named `cryptography_x509`, use `cargo add cryptography_x509` to add it to your `Cargo.toml`
[INFO] [stdout] 
[INFO] [stdout] 
[INFO] [stdout] error[E0433]: cannot find module or crate `cryptography_x509` in this scope
[INFO] [stdout]   --> benches/criterion.rs:80:40
[INFO] [stdout]    |
[INFO] [stdout] 80 |                 ::asn1::parse_single::<cryptography_x509::certificate::Certificate>(data).unwrap();
[INFO] [stdout]    |                                        ^^^^^^^^^^^^^^^^^ use of unresolved module or unlinked crate `cryptography_x509`
[INFO] [stdout]    |
[INFO] [stdout]    = help: if you wanted to use a crate named `cryptography_x509`, use `cargo add cryptography_x509` to add it to your `Cargo.toml`
[INFO] [stdout] 
[INFO] [stdout] 
[INFO] [stdout] error[E0433]: cannot find module or crate `cryptography_x509` in this scope
[INFO] [stdout]    --> benches/criterion.rs:123:45
[INFO] [stdout]     |
[INFO] [stdout] 123 |                     &::asn1::parse_single::<cryptography_x509::certificate::Certificate>(data)
[INFO] [stdout]     |                                             ^^^^^^^^^^^^^^^^^ use of unresolved module or unlinked crate `cryptography_x509`
[INFO] [stdout]     |
[INFO] [stdout]     = help: if you wanted to use a crate named `cryptography_x509`, use `cargo add cryptography_x509` to add it to your `Cargo.toml`
[INFO] [stdout] 
[INFO] [stdout] 
[INFO] [stdout] error[E0433]: cannot find module or crate `rasn_pkix` in this scope
[INFO] [stdout]   --> benches/criterion.rs:30:49
[INFO] [stdout]    |
[INFO] [stdout] 30 |         b.iter(|| black_box(rasn::der::decode::<rasn_pkix::Certificate>(data).unwrap()))
[INFO] [stdout]    |                                                 ^^^^^^^^^ use of unresolved module or unlinked crate `rasn_pkix`
[INFO] [stdout]    |
[INFO] [stdout]    = help: if you wanted to use a crate named `rasn_pkix`, use `cargo add rasn_pkix` to add it to your `Cargo.toml`
[INFO] [stdout] 
[INFO] [stdout] 
[INFO] [stdout] error[E0433]: cannot find module or crate `rasn_pkix` in this scope
[INFO] [stdout]   --> benches/criterion.rs:65:40
[INFO] [stdout]    |
[INFO] [stdout] 65 |         let cert = rasn::der::decode::<rasn_pkix::Certificate>(data).unwrap();
[INFO] [stdout]    |                                        ^^^^^^^^^ use of unresolved module or unlinked crate `rasn_pkix`
[INFO] [stdout]    |
[INFO] [stdout]    = help: if you wanted to use a crate named `rasn_pkix`, use `cargo add rasn_pkix` to add it to your `Cargo.toml`
[INFO] [stdout] 
[INFO] [stdout] 
[INFO] [stdout] error[E0433]: cannot find module or crate `rasn_pkix` in this scope
[INFO] [stdout]   --> benches/criterion.rs:94:38
[INFO] [stdout]    |
[INFO] [stdout] 94 |                 &rasn::der::decode::<rasn_pkix::Certificate>(data).unwrap(),
[INFO] [stdout]    |                                      ^^^^^^^^^ use of unresolved module or unlinked crate `rasn_pkix`
[INFO] [stdout]    |
[INFO] [stdout]    = help: if you wanted to use a crate named `rasn_pkix`, use `cargo add rasn_pkix` to add it to your `Cargo.toml`
[INFO] [stdout] 
[INFO] [stdout] 
[INFO] [stdout] For more information about this error, try `rustc --explain E0433`.
[INFO] [stdout] 
[INFO] [stderr] error: could not compile `rasn` (bench "criterion") due to 9 previous errors
[INFO] running `Command { std: "docker" "inspect" "7e1504749c6e2f11df316e72c9bfb02171f22853934e850d1498e80e87aaaf35", kill_on_drop: false }`
[INFO] running `Command { std: "docker" "rm" "-f" "7e1504749c6e2f11df316e72c9bfb02171f22853934e850d1498e80e87aaaf35", kill_on_drop: false }`
[INFO] [stdout] 7e1504749c6e2f11df316e72c9bfb02171f22853934e850d1498e80e87aaaf35
