[INFO] fetching crate rangebar 6.1.1...
[INFO] testing rangebar-6.1.1 against 1.99.0-beta.8 for beta-1.100-2
[INFO] extracting crate rangebar 6.1.1 into /workspace/builds/worker-3-tc1/source
[INFO] started tweaking crates.io crate rangebar 6.1.1
[INFO] removed 0 missing tests
[INFO] finished tweaking crates.io crate rangebar 6.1.1
[INFO] tweaked toml for crates.io crate rangebar 6.1.1 written to /workspace/builds/worker-3-tc1/source/Cargo.toml
[INFO] validating manifest of crates.io crate rangebar 6.1.1 on toolchain 1.99.0-beta.8
[INFO] running `Command { std: CARGO_HOME="/workspace/cargo-home" RUSTUP_HOME="/workspace/rustup-home" "/workspace/cargo-home/bin/cargo" "+1.99.0-beta.8" "metadata" "--manifest-path" "Cargo.toml" "--no-deps", kill_on_drop: false }`
[INFO] crate crates.io crate rangebar 6.1.1 already has a lockfile, it will not be regenerated
[INFO] running `Command { std: CARGO_HOME="/workspace/cargo-home" RUSTUP_HOME="/workspace/rustup-home" "/workspace/cargo-home/bin/cargo" "+1.99.0-beta.8" "fetch" "--manifest-path" "Cargo.toml", kill_on_drop: false }`
[INFO] [stderr]     Updating crates.io index
[INFO] [stderr]  Downloading crates ...
[INFO] [stderr]   Downloaded version-sync v0.9.5
[INFO] [stderr]   Downloaded rangebar-streaming v6.1.1
[INFO] [stderr]   Downloaded rolling-stats v0.1.1
[INFO] [stderr]   Downloaded tdigests v1.0.1
[INFO] [stderr]   Downloaded rangebar-providers v6.1.1
[INFO] [stderr]   Downloaded tokio-tungstenite v0.23.1
[INFO] [stderr]   Downloaded tungstenite v0.23.0
[INFO] [stderr]   Downloaded rangebar-core v6.1.1
[INFO] [stderr]   Downloaded unindent v0.2.4
[INFO] [stderr]   Downloaded pyo3-macros v0.22.6
[INFO] [stderr]   Downloaded pyo3-ffi v0.22.6
[INFO] [stderr]   Downloaded pyo3-build-config v0.22.6
[INFO] [stderr]   Downloaded pyo3-macros-backend v0.22.6
[INFO] [stderr]   Downloaded pyo3 v0.22.6
[INFO] [stderr]   Downloaded polars v0.51.0
[INFO] [stderr]   Downloaded rangebar-io v6.1.1
[INFO] [stderr]   Downloaded polars-utils v0.51.0
[INFO] [stderr]   Downloaded serde_stacker v0.1.14
[INFO] [stderr]   Downloaded polars-error v0.51.0
[INFO] [stderr]   Downloaded array-init-cursor v0.2.1
[INFO] [stderr]   Downloaded planus v1.1.1
[INFO] [stderr]   Downloaded polars-arrow-format v0.2.1
[INFO] [stderr]   Downloaded object_store v0.12.4
[INFO] [stderr]   Downloaded polars-time v0.51.0
[INFO] [stderr]   Downloaded polars-ops v0.51.0
[INFO] [stderr]   Downloaded unicode-reverse v1.0.9
[INFO] [stderr]   Downloaded polars-schema v0.51.0
[INFO] [stderr]   Downloaded polars-row v0.51.0
[INFO] [stderr]   Downloaded polars-dtype v0.51.0
[INFO] [stderr]   Downloaded lz4 v1.28.1
[INFO] [stderr]   Downloaded polars-arrow v0.51.0
[INFO] [stderr]   Downloaded lz4-sys v1.11.1+lz4-1.10.0
[INFO] [stderr]   Downloaded atoi_simd v0.16.1
[INFO] [stderr]   Downloaded fast-float2 v0.2.3
[INFO] [stderr]   Downloaded polars-core v0.51.0
[INFO] [stderr]   Downloaded ethnum v1.5.2
[INFO] [stderr]   Downloaded debug_unsafe v0.1.3
[INFO] [stderr]   Downloaded boxcar v0.2.14
[INFO] [stderr]   Downloaded polars-compute v0.51.0
[INFO] [stderr]   Downloaded polars-sql v0.51.0
[INFO] [stderr]   Downloaded recursive v0.1.1
[INFO] [stderr]   Downloaded snap v1.1.1
[INFO] [stderr]   Downloaded polars-mem-engine v0.51.0
[INFO] [stderr]   Downloaded skiplist v0.6.0
[INFO] [stderr]   Downloaded argminmax v0.6.3
[INFO] [stderr]   Downloaded now v0.1.3
[INFO] [stderr]   Downloaded streaming-decompression v0.1.2
[INFO] [stderr]   Downloaded polars-parquet-format v0.1.0
[INFO] [stderr]   Downloaded comfy-table v7.2.1
[INFO] [stderr]   Downloaded polars-io v0.51.0
[INFO] [stderr]   Downloaded polars-expr v0.51.0
[INFO] [stderr]   Downloaded polars-stream v0.51.0
[INFO] [stderr]   Downloaded rangebar-config v6.1.1
[INFO] [stderr]   Downloaded polars-parquet v0.51.0
[INFO] [stderr]   Downloaded yaml-rust2 v0.8.1
[INFO] [stderr]   Downloaded polars-plan v0.51.0
[INFO] [stderr]   Downloaded polars-lazy v0.51.0
[INFO] [stderr]   Downloaded config v0.14.1
[INFO] [stderr]   Downloaded recursive-proc-macro-impl v0.1.1
[INFO] [stderr]   Downloaded arraydeque v0.5.1
[INFO] [stderr]   Downloaded sqlparser v0.53.0
[INFO] [stderr]   Downloaded pest_derive v2.8.5
[INFO] [stderr]   Downloaded pest_generator v2.8.5
[INFO] [stderr]   Downloaded convert_case v0.6.0
[INFO] [stderr]   Downloaded rust-ini v0.20.0
[INFO] [stderr]   Downloaded rangebar-batch v6.1.1
[INFO] [stderr]   Downloaded pest v2.8.5
[INFO] [stderr]   Downloaded pest_meta v2.8.5
[INFO] [stderr]   Downloaded insta v1.46.0
[INFO] [stderr]   Downloaded proptest v1.9.0
[INFO] running `Command { std: "docker" "create" "-v" "/var/lib/crater-agent-workspace/builds/worker-3-tc1/source:/opt/rustwide/workdir:ro,Z" "-v" "/var/lib/crater-agent-workspace/builds/worker-3-tc1/target:/opt/rustwide/target:rw,Z" "-v" "/var/lib/crater-agent-workspace/cargo-home:/opt/rustwide/cargo-home:ro,Z" "-v" "/var/lib/crater-agent-workspace/rustup-home:/opt/rustwide/rustup-home:ro,Z" "-m" "1610612736" "--network" "none" "ghcr.io/rust-lang/crates-build-env/linux@sha256:3111399a4047eeb3a02b7a90e478d715f38a8c6669b5c4b49d30a17385265909" "sleep" "infinity", kill_on_drop: false }`
[INFO] [stdout] 01581aaabec0b98b79a30b8667f4bbc4a84c41375dde542f4f26618e301a5077
[INFO] running `Command { std: "docker" "start" "01581aaabec0b98b79a30b8667f4bbc4a84c41375dde542f4f26618e301a5077", kill_on_drop: false }`
[INFO] running `Command { std: "docker" "inspect" "01581aaabec0b98b79a30b8667f4bbc4a84c41375dde542f4f26618e301a5077", kill_on_drop: false }`
[INFO] running `Command { std: "docker" "exec" "-e" "SOURCE_DIR=/opt/rustwide/workdir" "-e" "CARGO_HOME=/opt/rustwide/cargo-home" "-e" "RUSTUP_HOME=/opt/rustwide/rustup-home" "-e" "CARGO_TARGET_DIR=/opt/rustwide/target" "-w" "/opt/rustwide/workdir" "--user" "0:0" "01581aaabec0b98b79a30b8667f4bbc4a84c41375dde542f4f26618e301a5077" "/opt/rustwide/cargo-home/bin/cargo" "+1.99.0-beta.8" "metadata" "--no-deps" "--format-version=1", kill_on_drop: false }`
[INFO] running `Command { std: "docker" "inspect" "01581aaabec0b98b79a30b8667f4bbc4a84c41375dde542f4f26618e301a5077", kill_on_drop: false }`
[INFO] running `Command { std: "docker" "exec" "-e" "SOURCE_DIR=/opt/rustwide/workdir" "-e" "CARGO_HOME=/opt/rustwide/cargo-home" "-e" "RUSTUP_HOME=/opt/rustwide/rustup-home" "-e" "CARGO_TARGET_DIR=/opt/rustwide/target" "-e" "CARGO_INCREMENTAL=0" "-e" "RUST_BACKTRACE=full" "-e" "RUSTFLAGS=--cap-lints=warn" "-e" "RUSTDOCFLAGS=--cap-lints=warn" "-w" "/opt/rustwide/workdir" "--user" "0:0" "01581aaabec0b98b79a30b8667f4bbc4a84c41375dde542f4f26618e301a5077" "/opt/rustwide/cargo-home/bin/cargo" "+1.99.0-beta.8" "build" "--frozen" "--message-format=json", kill_on_drop: false }`
[INFO] [stderr]    Compiling libc v0.2.180
[INFO] [stderr]    Compiling serde_derive v1.0.228
[INFO] [stderr]    Compiling serde_json v1.0.149
[INFO] [stderr]    Compiling thiserror v2.0.17
[INFO] [stderr]    Compiling thiserror-impl v2.0.17
[INFO] [stderr]    Compiling iana-time-zone v0.1.64
[INFO] [stderr]    Compiling once_cell v1.21.3
[INFO] [stderr]    Compiling num-traits v0.2.19
[INFO] [stderr]    Compiling ahash v0.8.12
[INFO] [stderr]    Compiling getrandom v0.3.4
[INFO] [stderr]    Compiling memchr v2.7.6
[INFO] [stderr]    Compiling serde v1.0.228
[INFO] [stderr]    Compiling chrono v0.4.42
[INFO] [stderr]    Compiling rangebar-core v6.1.1
[INFO] [stderr]    Compiling rangebar v6.1.1 (/opt/rustwide/workdir)
[INFO] [stderr]     Finished `dev` profile [unoptimized + debuginfo] target(s) in 8.11s
[INFO] running `Command { std: "docker" "inspect" "01581aaabec0b98b79a30b8667f4bbc4a84c41375dde542f4f26618e301a5077", kill_on_drop: false }`
[INFO] running `Command { std: "docker" "exec" "-e" "SOURCE_DIR=/opt/rustwide/workdir" "-e" "CARGO_HOME=/opt/rustwide/cargo-home" "-e" "RUSTUP_HOME=/opt/rustwide/rustup-home" "-e" "CARGO_TARGET_DIR=/opt/rustwide/target" "-e" "CARGO_INCREMENTAL=0" "-e" "RUST_BACKTRACE=full" "-e" "RUSTFLAGS=--cap-lints=warn" "-e" "RUSTDOCFLAGS=--cap-lints=warn" "-w" "/opt/rustwide/workdir" "--user" "0:0" "01581aaabec0b98b79a30b8667f4bbc4a84c41375dde542f4f26618e301a5077" "/opt/rustwide/cargo-home/bin/cargo" "+1.99.0-beta.8" "test" "--frozen" "--no-run" "--message-format=json", kill_on_drop: false }`
[INFO] [stderr]    Compiling quote v1.0.43
[INFO] [stderr]    Compiling proc-macro2 v1.0.105
[INFO] [stderr]    Compiling regex-automata v0.4.13
[INFO] [stderr]    Compiling winnow v0.5.40
[INFO] [stderr]    Compiling pulldown-cmark v0.9.6
[INFO] [stderr]    Compiling serde_json v1.0.149
[INFO] [stderr]    Compiling rand_core v0.9.3
[INFO] [stderr]    Compiling ahash v0.8.12
[INFO] [stderr]    Compiling parking_lot_core v0.9.12
[INFO] [stderr]    Compiling ppv-lite86 v0.2.21
[INFO] [stderr]    Compiling wait-timeout v0.2.1
[INFO] [stderr]    Compiling unicase v2.9.0
[INFO] [stderr]    Compiling console v0.15.11
[INFO] [stderr]    Compiling mio v1.1.1
[INFO] [stderr]    Compiling socket2 v0.6.1
[INFO] [stderr]    Compiling syn v2.0.114
[INFO] [stderr]    Compiling rand_xorshift v0.4.0
[INFO] [stderr]    Compiling parking_lot v0.12.5
[INFO] [stderr]    Compiling rand v0.9.2
[INFO] [stderr]    Compiling rusty-fork v0.3.1
[INFO] [stderr]    Compiling similar v2.7.0
[INFO] [stderr]    Compiling semver v1.0.27
[INFO] [stderr]    Compiling bytes v1.11.0
[INFO] [stderr]    Compiling rand_chacha v0.9.0
[INFO] [stderr]    Compiling proptest v1.9.0
[INFO] [stderr]    Compiling matchers v0.2.0
[INFO] [stderr]    Compiling regex v1.12.2
[INFO] [stderr]    Compiling synstructure v0.13.2
[INFO] [stderr]    Compiling zerofrom-derive v0.1.6
[INFO] [stderr]    Compiling yoke-derive v0.8.1
[INFO] [stderr]    Compiling serde_derive v1.0.228
[INFO] [stderr]    Compiling zerovec-derive v0.11.2
[INFO] [stderr]    Compiling displaydoc v0.2.5
[INFO] [stderr]    Compiling thiserror-impl v2.0.17
[INFO] [stderr]    Compiling tracing-attributes v0.1.31
[INFO] [stderr]    Compiling tracing-test-macro v0.2.5
[INFO] [stderr]    Compiling tokio-macros v2.6.0
[INFO] [stderr]    Compiling tokio v1.49.0
[INFO] [stderr]    Compiling zerofrom v0.1.6
[INFO] [stderr]    Compiling thiserror v2.0.17
[INFO] [stderr]    Compiling yoke v0.8.1
[INFO] [stderr]    Compiling zerovec v0.11.5
[INFO] [stderr]    Compiling zerotrie v0.2.3
[INFO] [stderr]    Compiling tracing v0.1.44
[INFO] [stderr]    Compiling tinystr v0.8.2
[INFO] [stderr]    Compiling potential_utf v0.1.4
[INFO] [stderr]    Compiling icu_collections v2.1.1
[INFO] [stderr]    Compiling icu_locale_core v2.1.1
[INFO] [stderr]    Compiling serde v1.0.228
[INFO] [stderr]    Compiling icu_provider v2.1.1
[INFO] [stderr]    Compiling serde_spanned v0.6.9
[INFO] [stderr]    Compiling toml_datetime v0.6.11
[INFO] [stderr]    Compiling tracing-serde v0.2.0
[INFO] [stderr]    Compiling chrono v0.4.42
[INFO] [stderr]    Compiling insta v1.46.0
[INFO] [stderr]    Compiling icu_normalizer v2.1.1
[INFO] [stderr]    Compiling icu_properties v2.1.2
[INFO] [stderr]    Compiling tracing-subscriber v0.3.22
[INFO] [stderr]    Compiling toml_edit v0.19.15
[INFO] [stderr]    Compiling rangebar-core v6.1.1
[INFO] [stderr]    Compiling idna_adapter v1.2.1
[INFO] [stderr]    Compiling idna v1.1.0
[INFO] [stderr]    Compiling tracing-test v0.2.5
[INFO] [stderr]    Compiling rangebar v6.1.1 (/opt/rustwide/workdir)
[INFO] [stderr]    Compiling url v2.5.8
[INFO] [stderr]    Compiling toml v0.7.8
[INFO] [stderr]    Compiling version-sync v0.9.5
[INFO] [stdout] error[E0433]: cannot find `test_utils` in `rangebar_core`
[INFO] [stdout]   --> tests/multi_month_memory_tests.rs:2:20
[INFO] [stdout]    |
[INFO] [stdout]  2 | use rangebar_core::test_utils::generators::{
[INFO] [stdout]    |                    ^^^^^^^^^^ could not find `test_utils` in `rangebar_core`
[INFO] [stdout]    |
[INFO] [stdout] note: found an item that was configured out
[INFO] [stdout]   --> /opt/rustwide/cargo-home/registry/src/index.crates.io-1949cf8c6b5b557f/rangebar-core-6.1.1/src/lib.rs:21:9
[INFO] [stdout]    |
[INFO] [stdout] 20 | #[cfg(any(test, feature = "test-utils"))]
[INFO] [stdout]    |          ------------------------------ the item is gated here
[INFO] [stdout] 21 | pub mod test_utils;
[INFO] [stdout]    |         ^^^^^^^^^^
[INFO] [stdout] 
[INFO] [stdout] 
[INFO] [stdout] error[E0432]: unresolved import `rangebar_core::test_data_loader`
[INFO] [stdout]   --> tests/binance_ethusdt_real_data_test.rs:7:20
[INFO] [stdout]    |
[INFO] [stdout]  7 | use rangebar_core::test_data_loader::load_ethusdt_test_data;
[INFO] [stdout]    |                    ^^^^^^^^^^^^^^^^ could not find `test_data_loader` in `rangebar_core`
[INFO] [stdout]    |
[INFO] [stdout] note: found an item that was configured out
[INFO] [stdout]   --> /opt/rustwide/cargo-home/registry/src/index.crates.io-1949cf8c6b5b557f/rangebar-core-6.1.1/src/lib.rs:24:9
[INFO] [stdout]    |
[INFO] [stdout] 23 | #[cfg(any(test, feature = "test-utils"))]
[INFO] [stdout]    |          ------------------------------ the item is gated here
[INFO] [stdout] 24 | pub mod test_data_loader;
[INFO] [stdout]    |         ^^^^^^^^^^^^^^^^
[INFO] [stdout] 
[INFO] [stdout] 
[INFO] [stdout] error[E0433]: cannot find `test_utils` in `rangebar_core`
[INFO] [stdout]   --> tests/large_boundary_tests.rs:2:20
[INFO] [stdout]    |
[INFO] [stdout]  2 | use rangebar_core::test_utils::generators::*;
[INFO] [stdout]    |                    ^^^^^^^^^^ could not find `test_utils` in `rangebar_core`
[INFO] [stdout]    |
[INFO] [stdout] note: found an item that was configured out
[INFO] [stdout]   --> /opt/rustwide/cargo-home/registry/src/index.crates.io-1949cf8c6b5b557f/rangebar-core-6.1.1/src/lib.rs:21:9
[INFO] [stdout]    |
[INFO] [stdout] 20 | #[cfg(any(test, feature = "test-utils"))]
[INFO] [stdout]    |          ------------------------------ the item is gated here
[INFO] [stdout] 21 | pub mod test_utils;
[INFO] [stdout]    |         ^^^^^^^^^^
[INFO] [stdout] 
[INFO] [stdout] 
[INFO] [stdout] For more information about this error, try `rustc --explain E0432`.
[INFO] [stdout] 
[INFO] [stderr] error: could not compile `rangebar` (test "binance_ethusdt_real_data_test") due to 1 previous error
[INFO] [stderr] warning: build failed, waiting for other jobs to finish...
[INFO] [stdout] error[E0432]: unresolved import `rangebar_core::test_data_loader`
[INFO] [stdout]   --> tests/binance_btcusdt_real_data_test.rs:7:20
[INFO] [stdout]    |
[INFO] [stdout]  7 | use rangebar_core::test_data_loader::load_btcusdt_test_data;
[INFO] [stdout]    |                    ^^^^^^^^^^^^^^^^ could not find `test_data_loader` in `rangebar_core`
[INFO] [stdout]    |
[INFO] [stdout] note: found an item that was configured out
[INFO] [stdout]   --> /opt/rustwide/cargo-home/registry/src/index.crates.io-1949cf8c6b5b557f/rangebar-core-6.1.1/src/lib.rs:24:9
[INFO] [stdout]    |
[INFO] [stdout] 23 | #[cfg(any(test, feature = "test-utils"))]
[INFO] [stdout]    |          ------------------------------ the item is gated here
[INFO] [stdout] 24 | pub mod test_data_loader;
[INFO] [stdout]    |         ^^^^^^^^^^^^^^^^
[INFO] [stdout] 
[INFO] [stdout] 
[INFO] [stdout] error[E0432]: unresolved import `rangebar_core::test_data_loader`
[INFO] [stdout]   --> tests/integration_test.rs:11:20
[INFO] [stdout]    |
[INFO] [stdout] 11 | use rangebar_core::test_data_loader::load_btcusdt_test_data;
[INFO] [stdout]    |                    ^^^^^^^^^^^^^^^^ could not find `test_data_loader` in `rangebar_core`
[INFO] [stdout]    |
[INFO] [stdout] note: found an item that was configured out
[INFO] [stdout]   --> /opt/rustwide/cargo-home/registry/src/index.crates.io-1949cf8c6b5b557f/rangebar-core-6.1.1/src/lib.rs:24:9
[INFO] [stdout]    |
[INFO] [stdout] 23 | #[cfg(any(test, feature = "test-utils"))]
[INFO] [stdout]    |          ------------------------------ the item is gated here
[INFO] [stdout] 24 | pub mod test_data_loader;
[INFO] [stdout]    |         ^^^^^^^^^^^^^^^^
[INFO] [stdout] 
[INFO] [stdout] 
[INFO] [stdout] For more information about this error, try `rustc --explain E0432`.
[INFO] [stdout] 
[INFO] [stderr] error: could not compile `rangebar` (test "binance_btcusdt_real_data_test") due to 1 previous error
[INFO] [stdout] error[E0432]: unresolved import `rangebar_core::test_utils`
[INFO] [stdout]    --> tests/algorithm_invariants.rs:134:24
[INFO] [stdout]     |
[INFO] [stdout] 134 |     use rangebar_core::test_utils::{AggTradeBuilder, generators, scenarios};
[INFO] [stdout]     |                        ^^^^^^^^^^ could not find `test_utils` in `rangebar_core`
[INFO] [stdout]     |
[INFO] [stdout] note: found an item that was configured out
[INFO] [stdout]    --> /opt/rustwide/cargo-home/registry/src/index.crates.io-1949cf8c6b5b557f/rangebar-core-6.1.1/src/lib.rs:21:9
[INFO] [stdout]     |
[INFO] [stdout]  20 | #[cfg(any(test, feature = "test-utils"))]
[INFO] [stdout]     |          ------------------------------ the item is gated here
[INFO] [stdout]  21 | pub mod test_utils;
[INFO] [stdout]     |         ^^^^^^^^^^
[INFO] [stdout] 
[INFO] [stdout] 
[INFO] [stdout] For more information about this error, try `rustc --explain E0432`.
[INFO] [stdout] 
[INFO] [stderr] error: could not compile `rangebar` (test "algorithm_invariants") due to 1 previous error
[INFO] [stdout] For more information about this error, try `rustc --explain E0433`.
[INFO] [stdout] 
[INFO] [stderr] error: could not compile `rangebar` (test "multi_month_memory_tests") due to 1 previous error
[INFO] [stdout] For more information about this error, try `rustc --explain E0432`.
[INFO] [stdout] 
[INFO] [stderr] error: could not compile `rangebar` (test "integration_test") due to 1 previous error
[INFO] [stdout] error[E0425]: cannot find function `create_massive_realistic_dataset` in this scope
[INFO] [stdout]   --> tests/large_boundary_tests.rs:26:27
[INFO] [stdout]    |
[INFO] [stdout] 26 |     let massive_dataset = create_massive_realistic_dataset(trade_count);
[INFO] [stdout]    |                           ^^^^^^^^^^^^^^^^^^^^^^^^^^^^^^^^ not found in this scope
[INFO] [stdout] 
[INFO] [stdout] 
[INFO] [stdout] error[E0425]: cannot find function `process_batch_style` in this scope
[INFO] [stdout]   --> tests/large_boundary_tests.rs:32:22
[INFO] [stdout]    |
[INFO] [stdout] 32 |     let batch_bars = process_batch_style(&massive_dataset, threshold_decimal_bps);
[INFO] [stdout]    |                      ^^^^^^^^^^^^^^^^^^^ not found in this scope
[INFO] [stdout] 
[INFO] [stdout] 
[INFO] [stdout] error[E0425]: cannot find function `process_streaming_style` in this scope
[INFO] [stdout]   --> tests/large_boundary_tests.rs:44:26
[INFO] [stdout]    |
[INFO] [stdout] 44 |     let streaming_bars = process_streaming_style(&massive_dataset, threshold_decimal_bps).await;
[INFO] [stdout]    |                          ^^^^^^^^^^^^^^^^^^^^^^^ not found in this scope
[INFO] [stdout] 
[INFO] [stdout] 
[INFO] [stdout] error[E0425]: cannot find function `create_multi_day_boundary_dataset` in this scope
[INFO] [stdout]    --> tests/large_boundary_tests.rs:102:29
[INFO] [stdout]     |
[INFO] [stdout] 102 |     let multi_day_dataset = create_multi_day_boundary_dataset(days);
[INFO] [stdout]     |                             ^^^^^^^^^^^^^^^^^^^^^^^^^^^^^^^^^ not found in this scope
[INFO] [stdout] 
[INFO] [stdout] 
[INFO] [stdout] error[E0425]: cannot find function `process_batch_style` in this scope
[INFO] [stdout]    --> tests/large_boundary_tests.rs:107:22
[INFO] [stdout]     |
[INFO] [stdout] 107 |     let batch_bars = process_batch_style(&multi_day_dataset, threshold_decimal_bps);
[INFO] [stdout]     |                      ^^^^^^^^^^^^^^^^^^^ not found in this scope
[INFO] [stdout] 
[INFO] [stdout] 
[INFO] [stdout] error[E0425]: cannot find function `process_streaming_style` in this scope
[INFO] [stdout]    --> tests/large_boundary_tests.rs:108:26
[INFO] [stdout]     |
[INFO] [stdout] 108 |     let streaming_bars = process_streaming_style(&multi_day_dataset, threshold_decimal_bps).await;
[INFO] [stdout]     |                          ^^^^^^^^^^^^^^^^^^^^^^^ not found in this scope
[INFO] [stdout] 
[INFO] [stdout] 
[INFO] [stdout] error[E0425]: cannot find function `create_asian_session_data` in this scope
[INFO] [stdout]    --> tests/large_boundary_tests.rs:139:27
[INFO] [stdout]     |
[INFO] [stdout] 139 |         ("asian_session", create_asian_session_data()),
[INFO] [stdout]     |                           ^^^^^^^^^^^^^^^^^^^^^^^^^ not found in this scope
[INFO] [stdout] 
[INFO] [stdout] 
[INFO] [stdout] error[E0425]: cannot find function `create_european_session_data` in this scope
[INFO] [stdout]    --> tests/large_boundary_tests.rs:140:30
[INFO] [stdout]     |
[INFO] [stdout] 140 |         ("european_session", create_european_session_data()),
[INFO] [stdout]     |                              ^^^^^^^^^^^^^^^^^^^^^^^^^^^^ not found in this scope
[INFO] [stdout] 
[INFO] [stdout] 
[INFO] [stdout] error[E0425]: cannot find function `create_us_session_data` in this scope
[INFO] [stdout]    --> tests/large_boundary_tests.rs:141:24
[INFO] [stdout]     |
[INFO] [stdout] 141 |         ("us_session", create_us_session_data()),
[INFO] [stdout]     |                        ^^^^^^^^^^^^^^^^^^^^^^ not found in this scope
[INFO] [stdout] 
[INFO] [stdout] 
[INFO] [stdout] error[E0425]: cannot find function `create_weekend_gap_data` in this scope
[INFO] [stdout]    --> tests/large_boundary_tests.rs:142:25
[INFO] [stdout]     |
[INFO] [stdout] 142 |         ("weekend_gap", create_weekend_gap_data()),
[INFO] [stdout]     |                         ^^^^^^^^^^^^^^^^^^^^^^^ not found in this scope
[INFO] [stdout] 
[INFO] [stdout] 
[INFO] [stdout] error[E0425]: cannot find function `process_batch_style` in this scope
[INFO] [stdout]    --> tests/large_boundary_tests.rs:148:26
[INFO] [stdout]     |
[INFO] [stdout] 148 |         let batch_bars = process_batch_style(&dataset, threshold_decimal_bps);
[INFO] [stdout]     |                          ^^^^^^^^^^^^^^^^^^^ not found in this scope
[INFO] [stdout] 
[INFO] [stdout] 
[INFO] [stdout] error[E0425]: cannot find function `process_streaming_style` in this scope
[INFO] [stdout]    --> tests/large_boundary_tests.rs:149:30
[INFO] [stdout]     |
[INFO] [stdout] 149 |         let streaming_bars = process_streaming_style(&dataset, threshold_decimal_bps).await;
[INFO] [stdout]     |                              ^^^^^^^^^^^^^^^^^^^^^^^ not found in this scope
[INFO] [stdout] 
[INFO] [stdout] 
[INFO] [stdout] error[E0425]: cannot find function `create_high_frequency_data` in this scope
[INFO] [stdout]    --> tests/large_boundary_tests.rs:173:32
[INFO] [stdout]     |
[INFO] [stdout] 173 |         ("high_frequency_1ms", create_high_frequency_data(1)), // 1ms intervals
[INFO] [stdout]     |                                ^^^^^^^^^^^^^^^^^^^^^^^^^^ not found in this scope
[INFO] [stdout] 
[INFO] [stdout] 
[INFO] [stdout] error[E0425]: cannot find function `create_medium_frequency_data` in this scope
[INFO] [stdout]    --> tests/large_boundary_tests.rs:174:36
[INFO] [stdout]     |
[INFO] [stdout] 174 |         ("medium_frequency_100ms", create_medium_frequency_data(100)), // 100ms intervals
[INFO] [stdout]     |                                    ^^^^^^^^^^^^^^^^^^^^^^^^^^^^ not found in this scope
[INFO] [stdout] 
[INFO] [stdout] 
[INFO] [stdout] error[E0425]: cannot find function `create_low_frequency_data` in this scope
[INFO] [stdout]    --> tests/large_boundary_tests.rs:175:30
[INFO] [stdout]     |
[INFO] [stdout] 175 |         ("low_frequency_1s", create_low_frequency_data(1000)), // 1s intervals
[INFO] [stdout]     |                              ^^^^^^^^^^^^^^^^^^^^^^^^^ not found in this scope
[INFO] [stdout] 
[INFO] [stdout] 
[INFO] [stdout] error[E0425]: cannot find function `create_mixed_frequency_data` in this scope
[INFO] [stdout]    --> tests/large_boundary_tests.rs:176:29
[INFO] [stdout]     |
[INFO] [stdout] 176 |         ("mixed_frequency", create_mixed_frequency_data()),    // Variable intervals
[INFO] [stdout]     |                             ^^^^^^^^^^^^^^^^^^^^^^^^^^^ not found in this scope
[INFO] [stdout] 
[INFO] [stdout] 
[INFO] [stdout] error[E0425]: cannot find function `process_batch_style` in this scope
[INFO] [stdout]    --> tests/large_boundary_tests.rs:183:26
[INFO] [stdout]     |
[INFO] [stdout] 183 |         let batch_bars = process_batch_style(&dataset, threshold_decimal_bps);
[INFO] [stdout]     |                          ^^^^^^^^^^^^^^^^^^^ not found in this scope
[INFO] [stdout] 
[INFO] [stdout] 
[INFO] [stdout] error[E0425]: cannot find function `process_streaming_style` in this scope
[INFO] [stdout]    --> tests/large_boundary_tests.rs:187:30
[INFO] [stdout]     |
[INFO] [stdout] 187 |         let streaming_bars = process_streaming_style(&dataset, threshold_decimal_bps).await;
[INFO] [stdout]     |                              ^^^^^^^^^^^^^^^^^^^^^^^ not found in this scope
[INFO] [stdout] 
[INFO] [stdout] 
[INFO] [stdout] error[E0425]: cannot find function `create_rapid_threshold_hit_data` in this scope
[INFO] [stdout]    --> tests/large_boundary_tests.rs:214:34
[INFO] [stdout]     |
[INFO] [stdout] 214 |         ("rapid_threshold_hits", create_rapid_threshold_hit_data()),
[INFO] [stdout]     |                                  ^^^^^^^^^^^^^^^^^^^^^^^^^^^^^^^ not found in this scope
[INFO] [stdout] 
[INFO] [stdout] 
[INFO] [stdout] error[E0425]: cannot find function `create_precision_limit_data` in this scope
[INFO] [stdout]    --> tests/large_boundary_tests.rs:215:36
[INFO] [stdout]     |
[INFO] [stdout] 215 |         ("price_precision_limits", create_precision_limit_data()),
[INFO] [stdout]     |                                    ^^^^^^^^^^^^^^^^^^^^^^^^^^^ not found in this scope
[INFO] [stdout] 
[INFO] [stdout] 
[INFO] [stdout] error[E0425]: cannot find function `create_volume_extreme_data` in this scope
[INFO] [stdout]    --> tests/large_boundary_tests.rs:216:29
[INFO] [stdout]     |
[INFO] [stdout] 216 |         ("volume_extremes", create_volume_extreme_data()),
[INFO] [stdout]     |                             ^^^^^^^^^^^^^^^^^^^^^^^^^^ not found in this scope
[INFO] [stdout] 
[INFO] [stdout] 
[INFO] [stdout] error[E0425]: cannot find function `create_timestamp_edge_data` in this scope
[INFO] [stdout]    --> tests/large_boundary_tests.rs:217:34
[INFO] [stdout]     |
[INFO] [stdout] 217 |         ("timestamp_edge_cases", create_timestamp_edge_data()),
[INFO] [stdout]     |                                  ^^^^^^^^^^^^^^^^^^^^^^^^^^ not found in this scope
[INFO] [stdout] 
[INFO] [stdout] 
[INFO] [stdout] error[E0425]: cannot find function `create_floating_point_stress_data` in this scope
[INFO] [stdout]    --> tests/large_boundary_tests.rs:218:35
[INFO] [stdout]     |
[INFO] [stdout] 218 |         ("floating_point_stress", create_floating_point_stress_data()),
[INFO] [stdout]     |                                   ^^^^^^^^^^^^^^^^^^^^^^^^^^^^^^^^^ not found in this scope
[INFO] [stdout] 
[INFO] [stdout] 
[INFO] [stdout] error[E0425]: cannot find function `process_batch_style` in this scope
[INFO] [stdout]    --> tests/large_boundary_tests.rs:224:26
[INFO] [stdout]     |
[INFO] [stdout] 224 |         let batch_bars = process_batch_style(&dataset, threshold_decimal_bps);
[INFO] [stdout]     |                          ^^^^^^^^^^^^^^^^^^^ not found in this scope
[INFO] [stdout] 
[INFO] [stdout] 
[INFO] [stdout] error[E0425]: cannot find function `process_streaming_style` in this scope
[INFO] [stdout]    --> tests/large_boundary_tests.rs:225:30
[INFO] [stdout]     |
[INFO] [stdout] 225 |         let streaming_bars = process_streaming_style(&dataset, threshold_decimal_bps).await;
[INFO] [stdout]     |                              ^^^^^^^^^^^^^^^^^^^^^^^ not found in this scope
[INFO] [stdout] 
[INFO] [stdout] 
[INFO] [stdout] Some errors have detailed explanations: E0425, E0433.
[INFO] [stdout] 
[INFO] [stdout] For more information about an error, try `rustc --explain E0425`.
[INFO] [stdout] 
[INFO] [stderr] error: could not compile `rangebar` (test "large_boundary_tests") due to 26 previous errors
[INFO] running `Command { std: "docker" "inspect" "01581aaabec0b98b79a30b8667f4bbc4a84c41375dde542f4f26618e301a5077", kill_on_drop: false }`
[INFO] running `Command { std: "docker" "rm" "-f" "01581aaabec0b98b79a30b8667f4bbc4a84c41375dde542f4f26618e301a5077", kill_on_drop: false }`
[INFO] [stdout] 01581aaabec0b98b79a30b8667f4bbc4a84c41375dde542f4f26618e301a5077
