[INFO] fetching crate ramjet 0.1.5...
[INFO] testing ramjet-0.1.5 against 1.99.0-beta.8 for beta-1.100-2
[INFO] extracting crate ramjet 0.1.5 into /workspace/builds/worker-2-tc1/source
[INFO] started tweaking crates.io crate ramjet 0.1.5
[INFO] removed 0 missing examples
[INFO] removed 0 missing tests
[INFO] finished tweaking crates.io crate ramjet 0.1.5
[INFO] tweaked toml for crates.io crate ramjet 0.1.5 written to /workspace/builds/worker-2-tc1/source/Cargo.toml
[INFO] validating manifest of crates.io crate ramjet 0.1.5 on toolchain 1.99.0-beta.8
[INFO] running `Command { std: CARGO_HOME="/workspace/cargo-home" RUSTUP_HOME="/workspace/rustup-home" "/workspace/cargo-home/bin/cargo" "+1.99.0-beta.8" "metadata" "--manifest-path" "Cargo.toml" "--no-deps", kill_on_drop: false }`
[INFO] crate crates.io crate ramjet 0.1.5 already has a lockfile, it will not be regenerated
[INFO] running `Command { std: CARGO_HOME="/workspace/cargo-home" RUSTUP_HOME="/workspace/rustup-home" "/workspace/cargo-home/bin/cargo" "+1.99.0-beta.8" "fetch" "--manifest-path" "Cargo.toml", kill_on_drop: false }`
[INFO] running `Command { std: "docker" "create" "-v" "/var/lib/crater-agent-workspace/builds/worker-2-tc1/source:/opt/rustwide/workdir:ro,Z" "-v" "/var/lib/crater-agent-workspace/builds/worker-2-tc1/target:/opt/rustwide/target:rw,Z" "-v" "/var/lib/crater-agent-workspace/cargo-home:/opt/rustwide/cargo-home:ro,Z" "-v" "/var/lib/crater-agent-workspace/rustup-home:/opt/rustwide/rustup-home:ro,Z" "-m" "1610612736" "--network" "none" "ghcr.io/rust-lang/crates-build-env/linux@sha256:3111399a4047eeb3a02b7a90e478d715f38a8c6669b5c4b49d30a17385265909" "sleep" "infinity", kill_on_drop: false }`
[INFO] [stdout] 94956311865d5b3c6288ea6754f6fd983bc63b38e1a732fbb47ec9325cf4d8e0
[INFO] running `Command { std: "docker" "start" "94956311865d5b3c6288ea6754f6fd983bc63b38e1a732fbb47ec9325cf4d8e0", kill_on_drop: false }`
[INFO] running `Command { std: "docker" "inspect" "94956311865d5b3c6288ea6754f6fd983bc63b38e1a732fbb47ec9325cf4d8e0", kill_on_drop: false }`
[INFO] running `Command { std: "docker" "exec" "-e" "SOURCE_DIR=/opt/rustwide/workdir" "-e" "CARGO_HOME=/opt/rustwide/cargo-home" "-e" "RUSTUP_HOME=/opt/rustwide/rustup-home" "-e" "CARGO_TARGET_DIR=/opt/rustwide/target" "-w" "/opt/rustwide/workdir" "--user" "0:0" "94956311865d5b3c6288ea6754f6fd983bc63b38e1a732fbb47ec9325cf4d8e0" "/opt/rustwide/cargo-home/bin/cargo" "+1.99.0-beta.8" "metadata" "--no-deps" "--format-version=1", kill_on_drop: false }`
[INFO] running `Command { std: "docker" "inspect" "94956311865d5b3c6288ea6754f6fd983bc63b38e1a732fbb47ec9325cf4d8e0", kill_on_drop: false }`
[INFO] running `Command { std: "docker" "exec" "-e" "SOURCE_DIR=/opt/rustwide/workdir" "-e" "CARGO_HOME=/opt/rustwide/cargo-home" "-e" "RUSTUP_HOME=/opt/rustwide/rustup-home" "-e" "CARGO_TARGET_DIR=/opt/rustwide/target" "-e" "CARGO_INCREMENTAL=0" "-e" "RUST_BACKTRACE=full" "-e" "RUSTFLAGS=--cap-lints=warn" "-e" "RUSTDOCFLAGS=--cap-lints=warn" "-w" "/opt/rustwide/workdir" "--user" "0:0" "94956311865d5b3c6288ea6754f6fd983bc63b38e1a732fbb47ec9325cf4d8e0" "/opt/rustwide/cargo-home/bin/cargo" "+1.99.0-beta.8" "build" "--frozen" "--message-format=json", kill_on_drop: false }`
[INFO] [stderr]    Compiling ramjet v0.1.5 (/opt/rustwide/workdir)
[INFO] [stderr]     Finished `dev` profile [unoptimized + debuginfo] target(s) in 1.88s
[INFO] running `Command { std: "docker" "inspect" "94956311865d5b3c6288ea6754f6fd983bc63b38e1a732fbb47ec9325cf4d8e0", kill_on_drop: false }`
[INFO] running `Command { std: "docker" "exec" "-e" "SOURCE_DIR=/opt/rustwide/workdir" "-e" "CARGO_HOME=/opt/rustwide/cargo-home" "-e" "RUSTUP_HOME=/opt/rustwide/rustup-home" "-e" "CARGO_TARGET_DIR=/opt/rustwide/target" "-e" "CARGO_INCREMENTAL=0" "-e" "RUST_BACKTRACE=full" "-e" "RUSTFLAGS=--cap-lints=warn" "-e" "RUSTDOCFLAGS=--cap-lints=warn" "-w" "/opt/rustwide/workdir" "--user" "0:0" "94956311865d5b3c6288ea6754f6fd983bc63b38e1a732fbb47ec9325cf4d8e0" "/opt/rustwide/cargo-home/bin/cargo" "+1.99.0-beta.8" "test" "--frozen" "--no-run" "--message-format=json", kill_on_drop: false }`
[INFO] [stderr]    Compiling shlex v2.0.1
[INFO] [stderr]    Compiling find-msvc-tools v0.1.9
[INFO] [stderr]    Compiling zeroize v1.9.0
[INFO] [stderr]    Compiling rustls v0.23.43
[INFO] [stderr]    Compiling once_cell v1.21.4
[INFO] [stderr]    Compiling getrandom v0.2.17
[INFO] [stderr]    Compiling rustls-pki-types v1.15.1
[INFO] [stderr]    Compiling cc v1.4.0
[INFO] [stderr]    Compiling rustls-pemfile v2.2.0
[INFO] [stderr]    Compiling ring v0.17.14
[INFO] [stderr]    Compiling rustls-webpki v0.103.13
[INFO] [stderr]    Compiling ramjet v0.1.5 (/opt/rustwide/workdir)
[INFO] [stdout] error[E0432]: unresolved import `ramjet_ws`
[INFO] [stdout]   --> examples/wss_echo.rs:35:5
[INFO] [stdout]    |
[INFO] [stdout] 35 | use ramjet_ws::{Decoder, Event, encode, handshake};
[INFO] [stdout]    |     ^^^^^^^^^ use of unresolved module or unlinked crate `ramjet_ws`
[INFO] [stdout]    |
[INFO] [stdout] help: there is a crate or module with a similar name
[INFO] [stdout]    |
[INFO] [stdout] 35 - use ramjet_ws::{Decoder, Event, encode, handshake};
[INFO] [stdout] 35 + use ramjet::{Decoder, Event, encode, handshake};
[INFO] [stdout]    |
[INFO] [stdout] 
[INFO] [stdout] 
[INFO] [stdout] error[E0432]: unresolved import `ramjet_http`
[INFO] [stdout]   --> examples/http_mt.rs:20:5
[INFO] [stdout]    |
[INFO] [stdout] 20 | use ramjet_http::{ParseRef, encode, parse_ref_from};
[INFO] [stdout]    |     ^^^^^^^^^^^ use of unresolved module or unlinked crate `ramjet_http`
[INFO] [stdout]    |
[INFO] [stdout]    = help: if you wanted to use a crate named `ramjet_http`, use `cargo add ramjet_http` to add it to your `Cargo.toml`
[INFO] [stdout] 
[INFO] [stdout] 
[INFO] [stdout] error[E0432]: unresolved import `ramjet_http`
[INFO] [stdout]   --> examples/http_hello.rs:22:5
[INFO] [stdout]    |
[INFO] [stdout] 22 | use ramjet_http::{ParseRef, encode, parse_ref_from};
[INFO] [stdout]    |     ^^^^^^^^^^^ use of unresolved module or unlinked crate `ramjet_http`
[INFO] [stdout]    |
[INFO] [stdout]    = help: if you wanted to use a crate named `ramjet_http`, use `cargo add ramjet_http` to add it to your `Cargo.toml`
[INFO] [stdout] 
[INFO] [stdout] 
[INFO] [stdout] error[E0432]: unresolved import `ramjet_ws`
[INFO] [stdout]   --> examples/ws_echo.rs:20:5
[INFO] [stdout]    |
[INFO] [stdout] 20 | use ramjet_ws::{Decoder, Event, MessageKind, encode, handshake};
[INFO] [stdout]    |     ^^^^^^^^^ use of unresolved module or unlinked crate `ramjet_ws`
[INFO] [stdout]    |
[INFO] [stdout] help: there is a crate or module with a similar name
[INFO] [stdout]    |
[INFO] [stdout] 20 - use ramjet_ws::{Decoder, Event, MessageKind, encode, handshake};
[INFO] [stdout] 20 + use ramjet::{Decoder, Event, MessageKind, encode, handshake};
[INFO] [stdout]    |
[INFO] [stdout] 
[INFO] [stdout] 
[INFO] [stderr] error: could not compile `ramjet` (example "http_mt") due to 1 previous error
[INFO] [stdout] For more information about this error, try `rustc --explain E0432`.
[INFO] [stdout] 
[INFO] [stderr] warning: build failed, waiting for other jobs to finish...
[INFO] [stdout] For more information about this error, try `rustc --explain E0432`.
[INFO] [stdout] 
[INFO] [stderr] error: could not compile `ramjet` (example "ws_echo") due to 1 previous error
[INFO] [stdout] For more information about this error, try `rustc --explain E0432`.
[INFO] [stdout] 
[INFO] [stderr] error: could not compile `ramjet` (example "wss_echo") due to 1 previous error
[INFO] [stderr] error: could not compile `ramjet` (example "http_hello") due to 1 previous error
[INFO] [stdout] For more information about this error, try `rustc --explain E0432`.
[INFO] [stdout] 
[INFO] running `Command { std: "docker" "inspect" "94956311865d5b3c6288ea6754f6fd983bc63b38e1a732fbb47ec9325cf4d8e0", kill_on_drop: false }`
[INFO] running `Command { std: "docker" "rm" "-f" "94956311865d5b3c6288ea6754f6fd983bc63b38e1a732fbb47ec9325cf4d8e0", kill_on_drop: false }`
[INFO] [stdout] 94956311865d5b3c6288ea6754f6fd983bc63b38e1a732fbb47ec9325cf4d8e0
