[INFO] fetching crate radixip_rs 1.1.1...
[INFO] testing radixip_rs-1.1.1 against 1.99.0-beta.8 for beta-1.100-2
[INFO] extracting crate radixip_rs 1.1.1 into /workspace/builds/worker-6-tc1/source
[INFO] started tweaking crates.io crate radixip_rs 1.1.1
[INFO] removed 0 missing examples
[INFO] removed 0 missing tests
[INFO] finished tweaking crates.io crate radixip_rs 1.1.1
[INFO] tweaked toml for crates.io crate radixip_rs 1.1.1 written to /workspace/builds/worker-6-tc1/source/Cargo.toml
[INFO] validating manifest of crates.io crate radixip_rs 1.1.1 on toolchain 1.99.0-beta.8
[INFO] running `Command { std: CARGO_HOME="/workspace/cargo-home" RUSTUP_HOME="/workspace/rustup-home" "/workspace/cargo-home/bin/cargo" "+1.99.0-beta.8" "metadata" "--manifest-path" "Cargo.toml" "--no-deps", kill_on_drop: false }`
[INFO] crate crates.io crate radixip_rs 1.1.1 already has a lockfile, it will not be regenerated
[INFO] running `Command { std: CARGO_HOME="/workspace/cargo-home" RUSTUP_HOME="/workspace/rustup-home" "/workspace/cargo-home/bin/cargo" "+1.99.0-beta.8" "fetch" "--manifest-path" "Cargo.toml", kill_on_drop: false }`
[INFO] [stderr]     Updating crates.io index
[INFO] [stderr]  Downloading crates ...
[INFO] [stderr]   Downloaded zerovec-derive v0.11.5
[INFO] [stderr]   Downloaded napi-derive v2.16.13
[INFO] [stderr]   Downloaded napi-derive-backend v1.0.75
[INFO] [stderr]   Downloaded ctor v0.2.9
[INFO] [stderr]   Downloaded objc2-open-directory v0.3.2
[INFO] [stderr]   Downloaded napi-sys v2.4.0
[INFO] [stderr]   Downloaded crossbeam v0.8.4
[INFO] [stderr]   Downloaded is-terminal v0.4.17
[INFO] [stderr]   Downloaded napi v2.16.17
[INFO] [stderr]   Downloaded redis v0.27.6
[INFO] [stderr]   Downloaded value-bag v1.13.2
[INFO] running `Command { std: "docker" "create" "-v" "/var/lib/crater-agent-workspace/builds/worker-6-tc1/source:/opt/rustwide/workdir:ro,Z" "-v" "/var/lib/crater-agent-workspace/builds/worker-6-tc1/target:/opt/rustwide/target:rw,Z" "-v" "/var/lib/crater-agent-workspace/cargo-home:/opt/rustwide/cargo-home:ro,Z" "-v" "/var/lib/crater-agent-workspace/rustup-home:/opt/rustwide/rustup-home:ro,Z" "-m" "1610612736" "--network" "none" "ghcr.io/rust-lang/crates-build-env/linux@sha256:3111399a4047eeb3a02b7a90e478d715f38a8c6669b5c4b49d30a17385265909" "sleep" "infinity", kill_on_drop: false }`
[INFO] [stdout] a3f448499cb22a808cfcb9751d8254f361c309a14935ece4517ebdf954935c7c
[INFO] running `Command { std: "docker" "start" "a3f448499cb22a808cfcb9751d8254f361c309a14935ece4517ebdf954935c7c", kill_on_drop: false }`
[INFO] running `Command { std: "docker" "inspect" "a3f448499cb22a808cfcb9751d8254f361c309a14935ece4517ebdf954935c7c", kill_on_drop: false }`
[INFO] running `Command { std: "docker" "exec" "-e" "SOURCE_DIR=/opt/rustwide/workdir" "-e" "CARGO_HOME=/opt/rustwide/cargo-home" "-e" "RUSTUP_HOME=/opt/rustwide/rustup-home" "-e" "CARGO_TARGET_DIR=/opt/rustwide/target" "-w" "/opt/rustwide/workdir" "--user" "0:0" "a3f448499cb22a808cfcb9751d8254f361c309a14935ece4517ebdf954935c7c" "/opt/rustwide/cargo-home/bin/cargo" "+1.99.0-beta.8" "metadata" "--no-deps" "--format-version=1", kill_on_drop: false }`
[INFO] running `Command { std: "docker" "inspect" "a3f448499cb22a808cfcb9751d8254f361c309a14935ece4517ebdf954935c7c", kill_on_drop: false }`
[INFO] running `Command { std: "docker" "exec" "-e" "SOURCE_DIR=/opt/rustwide/workdir" "-e" "CARGO_HOME=/opt/rustwide/cargo-home" "-e" "RUSTUP_HOME=/opt/rustwide/rustup-home" "-e" "CARGO_TARGET_DIR=/opt/rustwide/target" "-e" "CARGO_INCREMENTAL=0" "-e" "RUST_BACKTRACE=full" "-e" "RUSTFLAGS=--cap-lints=warn" "-e" "RUSTDOCFLAGS=--cap-lints=warn" "-w" "/opt/rustwide/workdir" "--user" "0:0" "a3f448499cb22a808cfcb9751d8254f361c309a14935ece4517ebdf954935c7c" "/opt/rustwide/cargo-home/bin/cargo" "+1.99.0-beta.8" "build" "--frozen" "--message-format=json", kill_on_drop: false }`
[INFO] [stderr]    Compiling syn v3.0.3
[INFO] [stderr]    Compiling smallvec v1.15.2
[INFO] [stderr]    Compiling futures-io v0.3.34
[INFO] [stderr]    Compiling parking v2.2.1
[INFO] [stderr]    Compiling yoke v0.8.3
[INFO] [stderr]    Compiling concurrent-queue v2.5.0
[INFO] [stderr]    Compiling rustix v1.1.4
[INFO] [stderr]    Compiling num-traits v0.2.19
[INFO] [stderr]    Compiling event-listener v5.4.2
[INFO] [stderr]    Compiling futures-lite v2.6.1
[INFO] [stderr]    Compiling linux-raw-sys v0.12.1
[INFO] [stderr]    Compiling parking_lot_core v0.9.12
[INFO] [stderr]    Compiling futures-channel v0.3.34
[INFO] [stderr]    Compiling event-listener-strategy v0.5.4
[INFO] [stderr]    Compiling parking_lot v0.12.5
[INFO] [stderr]    Compiling async-io v2.6.0
[INFO] [stderr]    Compiling async-task v4.7.1
[INFO] [stderr]    Compiling async-channel v2.5.0
[INFO] [stderr]    Compiling piper v0.2.5
[INFO] [stderr]    Compiling getrandom v0.4.3
[INFO] [stderr]    Compiling value-bag v1.13.2
[INFO] [stderr]    Compiling rand_core v0.10.1
[INFO] [stderr]    Compiling crossbeam-deque v0.8.7
[INFO] [stderr]    Compiling form_urlencoded v1.2.2
[INFO] [stderr]    Compiling async-lock v3.4.2
[INFO] [stderr]    Compiling log v0.4.33
[INFO] [stderr]    Compiling event-listener v2.5.3
[INFO] [stderr]    Compiling cpufeatures v0.3.0
[INFO] [stderr]    Compiling either v1.17.0
[INFO] [stderr]    Compiling async-channel v1.9.0
[INFO] [stderr]    Compiling itertools v0.13.0
[INFO] [stderr]    Compiling kv-log-macro v1.0.7
[INFO] [stderr]    Compiling chacha20 v0.10.1
[INFO] [stderr]    Compiling blocking v1.6.2
[INFO] [stderr]    Compiling async-executor v1.14.0
[INFO] [stderr]    Compiling num-integer v0.1.47
[INFO] [stderr]    Compiling arc-swap v1.9.2
[INFO] [stderr]    Compiling crossbeam-channel v0.5.16
[INFO] [stderr]    Compiling num-bigint v0.4.8
[INFO] [stderr]    Compiling backon v1.6.0
[INFO] [stderr]    Compiling socket2 v0.5.10
[INFO] [stderr]    Compiling crossbeam-queue v0.3.13
[INFO] [stderr]    Compiling thiserror-impl v1.0.69
[INFO] [stderr]    Compiling dashmap v5.5.3
[INFO] [stderr]    Compiling crossbeam v0.8.4
[INFO] [stderr]    Compiling rand v0.10.2
[INFO] [stderr]    Compiling sysinfo v0.39.6
[INFO] [stderr]    Compiling thiserror v1.0.69
[INFO] [stderr]    Compiling zerovec-derive v0.11.5
[INFO] [stderr]    Compiling displaydoc v0.2.7
[INFO] [stderr]    Compiling futures-macro v0.3.34
[INFO] [stderr]    Compiling tokio-macros v2.7.2
[INFO] [stderr]    Compiling serde_derive v1.0.229
[INFO] [stderr]    Compiling async-trait v0.1.92
[INFO] [stderr]    Compiling tokio v1.53.1
[INFO] [stderr]    Compiling zerotrie v0.2.5
[INFO] [stderr]    Compiling polling v3.11.0
[INFO] [stderr]    Compiling futures-util v0.3.34
[INFO] [stderr]    Compiling zerovec v0.11.7
[INFO] [stderr]    Compiling async-global-executor v2.4.1
[INFO] [stderr]    Compiling async-std v1.13.2
[INFO] [stderr]    Compiling tinystr v0.8.4
[INFO] [stderr]    Compiling potential_utf v0.1.6
[INFO] [stderr]    Compiling icu_collections v2.3.0
[INFO] [stderr]    Compiling icu_locale_core v2.3.0
[INFO] [stderr]    Compiling icu_provider v2.3.0
[INFO] [stderr]    Compiling icu_properties v2.3.0
[INFO] [stderr]    Compiling icu_normalizer v2.3.0
[INFO] [stderr]    Compiling serde v1.0.229
[INFO] [stderr]    Compiling futures-executor v0.3.34
[INFO] [stderr]    Compiling futures v0.3.34
[INFO] [stderr]    Compiling ipnetwork v0.20.0
[INFO] [stderr]    Compiling idna_adapter v1.2.2
[INFO] [stderr]    Compiling idna v1.1.0
[INFO] [stderr]    Compiling url v2.5.8
[INFO] [stderr]    Compiling tokio-util v0.7.19
[INFO] [stderr]    Compiling combine v4.6.7
[INFO] [stderr]    Compiling redis v0.27.6
[INFO] [stderr]    Compiling radixip_rs v1.1.1 (/opt/rustwide/workdir)
[INFO] [stdout] warning: unused variable: `mask_bits`
[INFO] [stdout]    --> src/engine_art.rs:129:54
[INFO] [stdout]     |
[INFO] [stdout] 129 |     pub fn new(num_shards: usize, shard_size: usize, mask_bits: u8) -> Self {
[INFO] [stdout]     |                                                      ^^^^^^^^^ help: if this is intentional, prefix it with an underscore: `_mask_bits`
[INFO] [stdout]     |
[INFO] [stdout]     = note: `#[warn(unused_variables)]` (part of `#[warn(unused)]`) on by default
[INFO] [stdout] 
[INFO] [stdout] 
[INFO] [stderr]     Finished `dev` profile [unoptimized + debuginfo] target(s) in 1m 16s
[INFO] running `Command { std: "docker" "inspect" "a3f448499cb22a808cfcb9751d8254f361c309a14935ece4517ebdf954935c7c", kill_on_drop: false }`
[INFO] running `Command { std: "docker" "exec" "-e" "SOURCE_DIR=/opt/rustwide/workdir" "-e" "CARGO_HOME=/opt/rustwide/cargo-home" "-e" "RUSTUP_HOME=/opt/rustwide/rustup-home" "-e" "CARGO_TARGET_DIR=/opt/rustwide/target" "-e" "CARGO_INCREMENTAL=0" "-e" "RUST_BACKTRACE=full" "-e" "RUSTFLAGS=--cap-lints=warn" "-e" "RUSTDOCFLAGS=--cap-lints=warn" "-w" "/opt/rustwide/workdir" "--user" "0:0" "a3f448499cb22a808cfcb9751d8254f361c309a14935ece4517ebdf954935c7c" "/opt/rustwide/cargo-home/bin/cargo" "+1.99.0-beta.8" "test" "--frozen" "--no-run" "--message-format=json", kill_on_drop: false }`
[INFO] [stderr]    Compiling serde v1.0.229
[INFO] [stderr]    Compiling zerocopy-derive v0.8.56
[INFO] [stderr]    Compiling plotters-backend v0.3.7
[INFO] [stderr]    Compiling ciborium-io v0.2.2
[INFO] [stderr]    Compiling clap_builder v4.6.6
[INFO] [stderr]    Compiling regex-automata v0.4.18
[INFO] [stderr]    Compiling itertools v0.10.5
[INFO] [stderr]    Compiling cast v0.3.0
[INFO] [stderr]    Compiling redis v0.27.6
[INFO] [stderr]    Compiling crossbeam v0.8.4
[INFO] [stderr]    Compiling plotters-svg v0.3.7
[INFO] [stderr]    Compiling rayon v1.12.0
[INFO] [stderr]    Compiling plotters v0.3.7
[INFO] [stderr]    Compiling tinytemplate v1.2.1
[INFO] [stderr]    Compiling ipnetwork v0.20.0
[INFO] [stderr]    Compiling is-terminal v0.4.17
[INFO] [stderr]    Compiling oorandom v11.1.5
[INFO] [stderr]    Compiling criterion-plot v0.5.0
[INFO] [stderr]    Compiling anes v0.1.6
[INFO] [stderr]    Compiling zerocopy v0.8.56
[INFO] [stderr]    Compiling regex v1.13.1
[INFO] [stderr]    Compiling clap v4.6.6
[INFO] [stderr]    Compiling half v2.7.1
[INFO] [stderr]    Compiling radixip_rs v1.1.1 (/opt/rustwide/workdir)
[INFO] [stderr]    Compiling ciborium-ll v0.2.2
[INFO] [stderr]    Compiling ciborium v0.2.2
[INFO] [stdout] warning: unused variable: `mask_bits`
[INFO] [stdout]    --> src/engine_art.rs:129:54
[INFO] [stdout]     |
[INFO] [stdout] 129 |     pub fn new(num_shards: usize, shard_size: usize, mask_bits: u8) -> Self {
[INFO] [stdout]     |                                                      ^^^^^^^^^ help: if this is intentional, prefix it with an underscore: `_mask_bits`
[INFO] [stdout]     |
[INFO] [stdout]     = note: `#[warn(unused_variables)]` (part of `#[warn(unused)]`) on by default
[INFO] [stdout] 
[INFO] [stdout] 
[INFO] [stderr]    Compiling criterion v0.5.1
[INFO] [stdout] error[E0599]: no variant, associated function, or constant named `Normal` found for enum `NodeVariant` in the current scope
[INFO] [stdout]   --> tests/integration_test.rs:15:22
[INFO] [stdout]    |
[INFO] [stdout] 15 |         NodeVariant::Normal,
[INFO] [stdout]    |                      ^^^^^^ variant, associated function, or constant not found in `NodeVariant`
[INFO] [stdout] 
[INFO] [stdout] 
[INFO] [stdout] error[E0599]: no variant, associated function, or constant named `Normal` found for enum `NodeVariant` in the current scope
[INFO] [stdout]  --> examples/geolocation.rs:5:73
[INFO] [stdout]   |
[INFO] [stdout] 5 |     let engine = StandardEngine::new(UncompressedTree::new(NodeVariant::Normal));
[INFO] [stdout]   |                                                                         ^^^^^^ variant, associated function, or constant not found in `NodeVariant`
[INFO] [stdout] 
[INFO] [stdout] 
[INFO] [stdout] error[E0599]: no variant, associated function, or constant named `Normal` found for enum `NodeVariant` in the current scope
[INFO] [stdout]  --> examples/basic.rs:8:73
[INFO] [stdout]   |
[INFO] [stdout] 8 |     let engine = StandardEngine::new(UncompressedTree::new(NodeVariant::Normal));
[INFO] [stdout]   |                                                                         ^^^^^^ variant, associated function, or constant not found in `NodeVariant`
[INFO] [stdout] 
[INFO] [stdout] 
[INFO] [stdout] error[E0599]: no variant, associated function, or constant named `Atomic` found for enum `NodeVariant` in the current scope
[INFO] [stdout]   --> tests/integration_test.rs:16:22
[INFO] [stdout]    |
[INFO] [stdout] 16 |         NodeVariant::Atomic,
[INFO] [stdout]    |                      ^^^^^^ variant, associated function, or constant not found in `NodeVariant`
[INFO] [stdout] 
[INFO] [stdout] 
[INFO] [stdout] For more information about this error, try `rustc --explain E0599`.
[INFO] [stdout] 
[INFO] [stdout] For more information about this error, try `rustc --explain E0599`.
[INFO] [stdout] 
[INFO] [stderr] error: could not compile `radixip_rs` (example "basic") due to 1 previous error
[INFO] [stdout] error[E0599]: no variant, associated function, or constant named `Padded` found for enum `NodeVariant` in the current scope
[INFO] [stdout]   --> tests/integration_test.rs:17:22
[INFO] [stdout]    |
[INFO] [stdout] 17 |         NodeVariant::Padded,
[INFO] [stdout]    |                      ^^^^^^ variant, associated function, or constant not found in `NodeVariant`
[INFO] [stdout] 
[INFO] [stdout] 
[INFO] [stderr] warning: build failed, waiting for other jobs to finish...
[INFO] [stdout] error[E0599]: no variant, associated function, or constant named `LockFree` found for enum `NodeVariant` in the current scope
[INFO] [stdout]   --> tests/integration_test.rs:18:22
[INFO] [stdout]    |
[INFO] [stdout] 18 |         NodeVariant::LockFree,
[INFO] [stdout]    |                      ^^^^^^^^ variant, associated function, or constant not found in `NodeVariant`
[INFO] [stdout] 
[INFO] [stdout] 
[INFO] [stderr] error: could not compile `radixip_rs` (example "geolocation") due to 1 previous error
[INFO] [stdout] error[E0599]: no variant, associated function, or constant named `CompressedNormal` found for enum `NodeVariant` in the current scope
[INFO] [stdout]   --> tests/integration_test.rs:19:22
[INFO] [stdout]    |
[INFO] [stdout] 19 |         NodeVariant::CompressedNormal,
[INFO] [stdout]    |                      ^^^^^^^^^^^^^^^^ variant, associated function, or constant not found in `NodeVariant`
[INFO] [stdout] 
[INFO] [stdout] 
[INFO] [stdout] error[E0599]: no variant, associated function, or constant named `CompressedAtomic` found for enum `NodeVariant` in the current scope
[INFO] [stdout]   --> tests/integration_test.rs:20:22
[INFO] [stdout]    |
[INFO] [stdout] 20 |         NodeVariant::CompressedAtomic,
[INFO] [stdout]    |                      ^^^^^^^^^^^^^^^^ variant, associated function, or constant not found in `NodeVariant`
[INFO] [stdout] 
[INFO] [stdout] 
[INFO] [stdout] error[E0599]: no variant, associated function, or constant named `CompressedPadded` found for enum `NodeVariant` in the current scope
[INFO] [stdout]   --> tests/integration_test.rs:21:22
[INFO] [stdout]    |
[INFO] [stdout] 21 |         NodeVariant::CompressedPadded,
[INFO] [stdout]    |                      ^^^^^^^^^^^^^^^^ variant, associated function, or constant not found in `NodeVariant`
[INFO] [stdout] 
[INFO] [stdout] 
[INFO] [stdout] error[E0599]: no variant, associated function, or constant named `CompressedLockFree` found for enum `NodeVariant` in the current scope
[INFO] [stdout]   --> tests/integration_test.rs:22:22
[INFO] [stdout]    |
[INFO] [stdout] 22 |         NodeVariant::CompressedLockFree,
[INFO] [stdout]    |                      ^^^^^^^^^^^^^^^^^^ variant, associated function, or constant not found in `NodeVariant`
[INFO] [stdout] 
[INFO] [stdout] 
[INFO] [stdout] error[E0061]: this function takes 4 arguments but 3 arguments were supplied
[INFO] [stdout]    --> tests/integration_test.rs:28:30
[INFO] [stdout]     |
[INFO] [stdout]  28 |                 let engine = EngineWrapper::new(*ev, *nv, *compressed);
[INFO] [stdout]     |                              ^^^^^^^^^^^^^^^^^^----------------------- argument #4 of type `Option<usize>` is missing
[INFO] [stdout]     |
[INFO] [stdout] note: associated function defined here
[INFO] [stdout]    --> src/engine.rs:266:12
[INFO] [stdout]     |
[INFO] [stdout] 266 |     pub fn new(
[INFO] [stdout]     |            ^^^
[INFO] [stdout] help: provide the argument
[INFO] [stdout]     |
[INFO] [stdout]  28 |                 let engine = EngineWrapper::new(*ev, *nv, *compressed, /* Option<usize> */);
[INFO] [stdout]     |                                                                      +++++++++++++++++++++
[INFO] [stdout] 
[INFO] [stdout] 
[INFO] [stderr] error: could not compile `radixip_rs` (test "integration_test") due to 13 previous errors
[INFO] [stdout] error[E0599]: no variant, associated function, or constant named `CompressedAtomic` found for enum `NodeVariant` in the current scope
[INFO] [stdout]   --> tests/integration_test.rs:77:26
[INFO] [stdout]    |
[INFO] [stdout] 77 |             NodeVariant::CompressedAtomic,
[INFO] [stdout]    |                          ^^^^^^^^^^^^^^^^ variant, associated function, or constant not found in `NodeVariant`
[INFO] [stdout] 
[INFO] [stdout] 
[INFO] [stdout] error[E0061]: this function takes 4 arguments but 3 arguments were supplied
[INFO] [stdout]    --> tests/integration_test.rs:75:22
[INFO] [stdout]     |
[INFO] [stdout]  75 |           let engine = EngineWrapper::new(
[INFO] [stdout]     |  ______________________^^^^^^^^^^^^^^^^^^-
[INFO] [stdout]  76 | |             EngineVariant::Standard,
[INFO] [stdout]  77 | |             NodeVariant::CompressedAtomic,
[INFO] [stdout]  78 | |             *compressed,
[INFO] [stdout]  79 | |         );
[INFO] [stdout]     | |_________- argument #4 of type `Option<usize>` is missing
[INFO] [stdout]     |
[INFO] [stdout] note: associated function defined here
[INFO] [stdout]    --> src/engine.rs:266:12
[INFO] [stdout]     |
[INFO] [stdout] 266 |     pub fn new(
[INFO] [stdout]     |            ^^^
[INFO] [stdout] help: provide the argument
[INFO] [stdout]     |
[INFO] [stdout]  75 |         let engine = EngineWrapper::new(
[INFO] [stdout] ...
[INFO] [stdout]  78 |             *compressed,
[INFO] [stdout]  79 ~             /* Option<usize> */,
[INFO] [stdout]  80 ~         );
[INFO] [stdout]     |
[INFO] [stdout] 
[INFO] [stdout] 
[INFO] [stdout] error[E0599]: no variant, associated function, or constant named `Padded` found for enum `NodeVariant` in the current scope
[INFO] [stdout]    --> tests/integration_test.rs:104:75
[INFO] [stdout]     |
[INFO] [stdout] 104 |     let engine = EngineWrapper::new(EngineVariant::Standard, NodeVariant::Padded, false);
[INFO] [stdout]     |                                                                           ^^^^^^ variant, associated function, or constant not found in `NodeVariant`
[INFO] [stdout] 
[INFO] [stdout] 
[INFO] [stdout] error[E0061]: this function takes 4 arguments but 3 arguments were supplied
[INFO] [stdout]    --> tests/integration_test.rs:104:18
[INFO] [stdout]     |
[INFO] [stdout] 104 |     let engine = EngineWrapper::new(EngineVariant::Standard, NodeVariant::Padded, false);
[INFO] [stdout]     |                  ^^^^^^^^^^^^^^^^^^----------------------------------------------------- argument #4 of type `Option<usize>` is missing
[INFO] [stdout]     |
[INFO] [stdout] note: associated function defined here
[INFO] [stdout]    --> src/engine.rs:266:12
[INFO] [stdout]     |
[INFO] [stdout] 266 |     pub fn new(
[INFO] [stdout]     |            ^^^
[INFO] [stdout] help: provide the argument
[INFO] [stdout]     |
[INFO] [stdout] 104 |     let engine = EngineWrapper::new(EngineVariant::Standard, NodeVariant::Padded, false, /* Option<usize> */);
[INFO] [stdout]     |                                                                                        +++++++++++++++++++++
[INFO] [stdout] 
[INFO] [stdout] 
[INFO] [stdout] Some errors have detailed explanations: E0061, E0599.
[INFO] [stdout] 
[INFO] [stdout] For more information about an error, try `rustc --explain E0061`.
[INFO] [stdout] 
[INFO] [stdout] warning: unused variable: `mask_bits`
[INFO] [stdout]    --> src/engine_art.rs:129:54
[INFO] [stdout]     |
[INFO] [stdout] 129 |     pub fn new(num_shards: usize, shard_size: usize, mask_bits: u8) -> Self {
[INFO] [stdout]     |                                                      ^^^^^^^^^ help: if this is intentional, prefix it with an underscore: `_mask_bits`
[INFO] [stdout]     |
[INFO] [stdout]     = note: `#[warn(unused_variables)]` (part of `#[warn(unused)]`) on by default
[INFO] [stdout] 
[INFO] [stdout] 
[INFO] running `Command { std: "docker" "inspect" "a3f448499cb22a808cfcb9751d8254f361c309a14935ece4517ebdf954935c7c", kill_on_drop: false }`
[INFO] running `Command { std: "docker" "rm" "-f" "a3f448499cb22a808cfcb9751d8254f361c309a14935ece4517ebdf954935c7c", kill_on_drop: false }`
[INFO] [stdout] a3f448499cb22a808cfcb9751d8254f361c309a14935ece4517ebdf954935c7c
