[INFO] fetching crate qwreey-rocket 0.1.1...
[INFO] testing qwreey-rocket-0.1.1 against 1.100.0-beta.1 for beta-1.100-2
[INFO] extracting crate qwreey-rocket 0.1.1 into /workspace/builds/worker-1-tc2/source
[INFO] started tweaking crates.io crate qwreey-rocket 0.1.1
[INFO] finished tweaking crates.io crate qwreey-rocket 0.1.1
[INFO] tweaked toml for crates.io crate qwreey-rocket 0.1.1 written to /workspace/builds/worker-1-tc2/source/Cargo.toml
[INFO] validating manifest of crates.io crate qwreey-rocket 0.1.1 on toolchain 1.100.0-beta.1
[INFO] running `Command { std: CARGO_HOME="/workspace/cargo-home" RUSTUP_HOME="/workspace/rustup-home" "/workspace/cargo-home/bin/cargo" "+1.100.0-beta.1" "metadata" "--manifest-path" "Cargo.toml" "--no-deps", kill_on_drop: false }`
[INFO] running `Command { std: CARGO_HOME="/workspace/cargo-home" RUSTUP_HOME="/workspace/rustup-home" "/workspace/cargo-home/bin/cargo" "+1.100.0-beta.1" "generate-lockfile" "--manifest-path" "Cargo.toml", kill_on_drop: false }`
[INFO] [stderr]     Updating crates.io index
[INFO] [stderr]      Locking 227 packages to highest compatible versions
[INFO] running `Command { std: CARGO_HOME="/workspace/cargo-home" RUSTUP_HOME="/workspace/rustup-home" "/workspace/cargo-home/bin/cargo" "+1.100.0-beta.1" "fetch" "--manifest-path" "Cargo.toml", kill_on_drop: false }`
[INFO] running `Command { std: "docker" "create" "-v" "/var/lib/crater-agent-workspace/builds/worker-1-tc2/source:/opt/rustwide/workdir:ro,Z" "-v" "/var/lib/crater-agent-workspace/builds/worker-1-tc2/target:/opt/rustwide/target:rw,Z" "-v" "/var/lib/crater-agent-workspace/cargo-home:/opt/rustwide/cargo-home:ro,Z" "-v" "/var/lib/crater-agent-workspace/rustup-home:/opt/rustwide/rustup-home:ro,Z" "-m" "1610612736" "--network" "none" "ghcr.io/rust-lang/crates-build-env/linux@sha256:3111399a4047eeb3a02b7a90e478d715f38a8c6669b5c4b49d30a17385265909" "sleep" "infinity", kill_on_drop: false }`
[INFO] [stdout] 68d0d885f765092e267d0eca763eef0848ac49b66649c8a39dc6973080cddabb
[INFO] running `Command { std: "docker" "start" "68d0d885f765092e267d0eca763eef0848ac49b66649c8a39dc6973080cddabb", kill_on_drop: false }`
[INFO] running `Command { std: "docker" "inspect" "68d0d885f765092e267d0eca763eef0848ac49b66649c8a39dc6973080cddabb", kill_on_drop: false }`
[INFO] running `Command { std: "docker" "exec" "-e" "SOURCE_DIR=/opt/rustwide/workdir" "-e" "CARGO_HOME=/opt/rustwide/cargo-home" "-e" "RUSTUP_HOME=/opt/rustwide/rustup-home" "-e" "CARGO_TARGET_DIR=/opt/rustwide/target" "-w" "/opt/rustwide/workdir" "--user" "0:0" "68d0d885f765092e267d0eca763eef0848ac49b66649c8a39dc6973080cddabb" "/opt/rustwide/cargo-home/bin/cargo" "+1.100.0-beta.1" "metadata" "--no-deps" "--format-version=1", kill_on_drop: false }`
[INFO] running `Command { std: "docker" "inspect" "68d0d885f765092e267d0eca763eef0848ac49b66649c8a39dc6973080cddabb", kill_on_drop: false }`
[INFO] running `Command { std: "docker" "exec" "-e" "SOURCE_DIR=/opt/rustwide/workdir" "-e" "CARGO_HOME=/opt/rustwide/cargo-home" "-e" "RUSTUP_HOME=/opt/rustwide/rustup-home" "-e" "CARGO_TARGET_DIR=/opt/rustwide/target" "-e" "CARGO_INCREMENTAL=0" "-e" "RUST_BACKTRACE=full" "-e" "RUSTFLAGS=--cap-lints=warn" "-e" "RUSTDOCFLAGS=--cap-lints=warn" "-w" "/opt/rustwide/workdir" "--user" "0:0" "68d0d885f765092e267d0eca763eef0848ac49b66649c8a39dc6973080cddabb" "/opt/rustwide/cargo-home/bin/cargo" "+1.100.0-beta.1" "build" "--frozen" "--message-format=json", kill_on_drop: false }`
[INFO] [stderr]    Compiling serde_core v1.0.229
[INFO] [stderr]    Compiling serde v1.0.229
[INFO] [stderr]    Compiling yansi v1.0.1
[INFO] [stderr]    Compiling siphasher v1.0.4
[INFO] [stderr]    Compiling proc-macro2-diagnostics v0.10.1
[INFO] [stderr]    Compiling crossbeam-utils v0.8.23
[INFO] [stderr]    Compiling regex-syntax v0.8.11
[INFO] [stderr]    Compiling http v0.2.12
[INFO] [stderr]    Compiling rand v0.8.8
[INFO] [stderr]    Compiling syn v3.0.6
[INFO] [stderr]    Compiling futures-core v0.3.34
[INFO] [stderr]    Compiling inlinable_string v0.1.15
[INFO] [stderr]    Compiling futures-sink v0.3.34
[INFO] [stderr]    Compiling time-macros v0.2.32
[INFO] [stderr]    Compiling futures-util v0.3.34
[INFO] [stderr]    Compiling cookie v0.18.2
[INFO] [stderr]    Compiling ref-cast v1.0.27
[INFO] [stderr]    Compiling futures-task v0.3.34
[INFO] [stderr]    Compiling phf_shared v0.11.3
[INFO] [stderr]    Compiling futures-channel v0.3.34
[INFO] [stderr]    Compiling regex-automata v0.4.18
[INFO] [stderr]    Compiling phf v0.11.3
[INFO] [stderr]    Compiling is-terminal v0.4.17
[INFO] [stderr]    Compiling getrandom v0.2.17
[INFO] [stderr]    Compiling uncased v0.9.10
[INFO] [stderr]    Compiling bitflags v2.13.2
[INFO] [stderr]    Compiling ucd-trie v0.1.7
[INFO] [stderr]    Compiling pest v2.9.2
[INFO] [stderr]    Compiling rand_core v0.6.4
[INFO] [stderr]    Compiling pear_codegen v0.2.9
[INFO] [stderr]    Compiling devise_core v0.4.2
[INFO] [stderr]    Compiling encoding_rs v0.8.42
[INFO] [stderr]    Compiling tokio v1.53.2
[INFO] [stderr]    Compiling crossbeam-epoch v0.9.21
[INFO] [stderr]    Compiling http-body v0.4.6
[INFO] [stderr]    Compiling phf_generator v0.11.3
[INFO] [stderr]    Compiling phf_codegen v0.11.3
[INFO] [stderr]    Compiling stable-pattern v0.1.0
[INFO] [stderr]    Compiling futures-io v0.3.34
[INFO] [stderr]    Compiling state v0.6.0
[INFO] [stderr]    Compiling either v1.18.0
[INFO] [stderr]    Compiling rustix v1.1.5
[INFO] [stderr]    Compiling crossbeam-deque v0.8.8
[INFO] [stderr]    Compiling rand_chacha v0.3.1
[INFO] [stderr]    Compiling multer v3.1.0
[INFO] [stderr]    Compiling pear v0.2.9
[INFO] [stderr]    Compiling time v0.3.55
[INFO] [stderr]    Compiling indexmap v2.14.2
[INFO] [stderr]    Compiling figment v0.10.19
[INFO] [stderr]    Compiling futures v0.3.34
[INFO] [stderr]    Compiling devise_codegen v0.4.2
[INFO] [stderr]    Compiling simdutf8 v0.1.5
[INFO] [stderr]    Compiling core_detect v1.0.0
[INFO] [stderr]    Compiling multiversion_no_op v1.0.0
[INFO] [stderr]    Compiling log v0.4.34
[INFO] [stderr]    Compiling chrono v0.4.45
[INFO] [stderr]    Compiling devise v0.4.2
[INFO] [stderr]    Compiling pest_meta v2.9.2
[INFO] [stderr]    Compiling inotify-sys v0.1.8
[INFO] [stderr]    Compiling getrandom v0.4.3
[INFO] [stderr]    Compiling async-stream-impl v0.3.6
[INFO] [stderr]    Compiling rocket v0.5.1
[INFO] [stderr]    Compiling glob v0.3.4
[INFO] [stderr]    Compiling deunicode v1.6.2
[INFO] [stderr]    Compiling spin v0.9.9
[INFO] [stderr]    Compiling inotify v0.9.6
[INFO] [stderr]    Compiling globset v0.4.20
[INFO] [stderr]    Compiling async-stream v0.3.6
[INFO] [stderr]    Compiling slug v0.1.6
[INFO] [stderr]    Compiling regex v1.13.1
[INFO] [stderr]    Compiling humansize v2.1.3
[INFO] [stderr]    Compiling pest_generator v2.9.2
[INFO] [stderr]    Compiling serde_json v1.0.151
[INFO] [stderr]    Compiling parse-zoneinfo v0.3.1
[INFO] [stderr]    Compiling ignore v0.4.33
[INFO] [stderr]    Compiling crossbeam-channel v0.5.17
[INFO] [stderr]    Compiling mio v0.8.11
[INFO] [stderr]    Compiling filetime v0.2.29
[INFO] [stderr]    Compiling num_cpus v1.17.0
[INFO] [stderr]    Compiling chrono-tz-build v0.3.0
[INFO] [stderr]    Compiling atomic v0.5.3
[INFO] [stderr]    Compiling binascii v0.1.4
[INFO] [stderr]    Compiling unicode-segmentation v1.13.3
[INFO] [stderr]    Compiling notify v6.1.1
[INFO] [stderr]    Compiling normpath v1.5.2
[INFO] [stderr]    Compiling qwreey-utility-rs v0.1.9
[INFO] [stderr]    Compiling hyper v0.14.32
[INFO] [stderr]    Compiling tempfile v3.27.0
[INFO] [stderr]    Compiling globwalk v0.9.1
[INFO] [stderr]    Compiling pest_derive v2.9.2
[INFO] [stderr]    Compiling chrono-tz v0.9.0
[INFO] [stderr]    Compiling serde_derive v1.0.229
[INFO] [stderr]    Compiling tokio-macros v2.7.2
[INFO] [stderr]    Compiling ref-cast-impl v1.0.27
[INFO] [stderr]    Compiling async-trait v0.1.92
[INFO] [stderr]    Compiling rocket_http v0.5.1
[INFO] [stderr]    Compiling rocket_codegen v0.5.1
[INFO] [stderr]    Compiling toml_datetime v0.6.11
[INFO] [stderr]    Compiling serde_spanned v0.6.9
[INFO] [stderr]    Compiling ubyte v0.10.4
[INFO] [stderr]    Compiling toml_edit v0.22.27
[INFO] [stderr]    Compiling tera v1.20.1
[INFO] [stderr]    Compiling tokio-util v0.7.19
[INFO] [stderr]    Compiling tokio-stream v0.1.19
[INFO] [stderr]    Compiling h2 v0.3.27
[INFO] [stderr]    Compiling toml v0.8.23
[INFO] [stderr]    Compiling rocket_dyn_templates v0.2.0
[INFO] [stderr]    Compiling qwreey-rocket v0.1.1 (/opt/rustwide/workdir)
[INFO] [stdout] error[E0432]: unresolved import `qwreey_utility_rs::ArcRwUserdata`
[INFO] [stdout]  --> src/lib.rs:1:5
[INFO] [stdout]   |
[INFO] [stdout] 1 | use qwreey_utility_rs::ArcRwUserdata;
[INFO] [stdout]   |     ^^^^^^^^^^^^^^^^^^^-------------
[INFO] [stdout]   |                        |
[INFO] [stdout]   |                        no `ArcRwUserdata` in the root
[INFO] [stdout] 
[INFO] [stdout] 
[INFO] [stdout] error[E0432]: unresolved import `qwreey_utility_rs::ArcRwUserdata`
[INFO] [stdout]  --> src/builder.rs:3:25
[INFO] [stdout]   |
[INFO] [stdout] 3 | use qwreey_utility_rs::{ArcRwUserdata, ErrToString};
[INFO] [stdout]   |                         ^^^^^^^^^^^^^ no `ArcRwUserdata` in the root
[INFO] [stdout] 
[INFO] [stdout] 
[INFO] [stdout] error[E0432]: unresolved import `qwreey_utility_rs::ArcRwUserdata`
[INFO] [stdout]  --> src/export.rs:1:5
[INFO] [stdout]   |
[INFO] [stdout] 1 | use qwreey_utility_rs::ArcRwUserdata;
[INFO] [stdout]   |     ^^^^^^^^^^^^^^^^^^^-------------
[INFO] [stdout]   |                        |
[INFO] [stdout]   |                        no `ArcRwUserdata` in the root
[INFO] [stdout] 
[INFO] [stdout] 
[INFO] [stdout] error[E0432]: unresolved import `qwreey_utility_rs::ElementReadHandle`
[INFO] [stdout]  --> src/responder.rs:3:5
[INFO] [stdout]   |
[INFO] [stdout] 3 | use qwreey_utility_rs::ElementReadHandle;
[INFO] [stdout]   |     ^^^^^^^^^^^^^^^^^^^-----------------
[INFO] [stdout]   |                        |
[INFO] [stdout]   |                        no `ElementReadHandle` in the root
[INFO] [stdout] 
[INFO] [stdout] 
[INFO] [stdout] warning: unused import: `ErrToString`
[INFO] [stdout]  --> src/builder.rs:3:40
[INFO] [stdout]   |
[INFO] [stdout] 3 | use qwreey_utility_rs::{ArcRwUserdata, ErrToString};
[INFO] [stdout]   |                                        ^^^^^^^^^^^
[INFO] [stdout]   |
[INFO] [stdout]   = note: `#[warn(unused_imports)]` (part of `#[warn(unused)]`) on by default
[INFO] [stdout] 
[INFO] [stdout] 
[INFO] [stdout] error[E0599]: no method named `err_tostring` found for enum `Result<T, E>` in the current scope
[INFO] [stdout]   --> src/builder.rs:74:48
[INFO] [stdout]    |
[INFO] [stdout] 74 |         let mut rocket = rocket.ignite().await.err_tostring()?;
[INFO] [stdout]    |                                                ^^^^^^^^^^^^
[INFO] [stdout]    |
[INFO] [stdout] help: there is a method `err_to_string` with a similar name
[INFO] [stdout]    |
[INFO] [stdout] 74 |         let mut rocket = rocket.ignite().await.err_to_string()?;
[INFO] [stdout]    |                                                      +
[INFO] [stdout] 
[INFO] [stdout] 
[INFO] [stdout] Some errors have detailed explanations: E0432, E0599.
[INFO] [stdout] 
[INFO] [stdout] For more information about an error, try `rustc --explain E0432`.
[INFO] [stdout] 
[INFO] [stderr] error: could not compile `qwreey-rocket` (lib) due to 5 previous errors; 1 warning emitted
[INFO] [stderr] warning: build failed, waiting for other jobs to finish...
[INFO] running `Command { std: "docker" "inspect" "68d0d885f765092e267d0eca763eef0848ac49b66649c8a39dc6973080cddabb", kill_on_drop: false }`
[INFO] running `Command { std: "docker" "rm" "-f" "68d0d885f765092e267d0eca763eef0848ac49b66649c8a39dc6973080cddabb", kill_on_drop: false }`
[INFO] [stdout] 68d0d885f765092e267d0eca763eef0848ac49b66649c8a39dc6973080cddabb
