[INFO] fetching crate quatzal-query 0.1.0...
[INFO] testing quatzal-query-0.1.0 against 1.99.0-beta.8 for beta-1.100-2
[INFO] extracting crate quatzal-query 0.1.0 into /workspace/builds/worker-7-tc1/source
[INFO] started tweaking crates.io crate quatzal-query 0.1.0
[INFO] finished tweaking crates.io crate quatzal-query 0.1.0
[INFO] tweaked toml for crates.io crate quatzal-query 0.1.0 written to /workspace/builds/worker-7-tc1/source/Cargo.toml
[INFO] validating manifest of crates.io crate quatzal-query 0.1.0 on toolchain 1.99.0-beta.8
[INFO] running `Command { std: CARGO_HOME="/workspace/cargo-home" RUSTUP_HOME="/workspace/rustup-home" "/workspace/cargo-home/bin/cargo" "+1.99.0-beta.8" "metadata" "--manifest-path" "Cargo.toml" "--no-deps", kill_on_drop: false }`
[INFO] crate crates.io crate quatzal-query 0.1.0 already has a lockfile, it will not be regenerated
[INFO] running `Command { std: CARGO_HOME="/workspace/cargo-home" RUSTUP_HOME="/workspace/rustup-home" "/workspace/cargo-home/bin/cargo" "+1.99.0-beta.8" "fetch" "--manifest-path" "Cargo.toml", kill_on_drop: false }`
[INFO] [stderr]     Blocking waiting for file lock on package cache
[INFO] [stderr]     Updating crates.io index
[INFO] [stderr]     Blocking waiting for file lock on package cache
[INFO] [stderr]  Downloading crates ...
[INFO] [stderr]   Downloaded quatzal-storage v0.1.0
[INFO] [stderr]   Downloaded quatzal-schema v0.1.0
[INFO] [stderr]   Downloaded buddy-alloc v0.4.2
[INFO] [stderr]   Downloaded owned-alloc v0.2.0
[INFO] [stderr]   Downloaded sketches-ddsketch v0.1.3
[INFO] [stderr]   Downloaded enclose v1.2.1
[INFO] [stderr]   Downloaded rlimit v0.6.2
[INFO] [stderr]   Downloaded cache-padded v1.3.0
[INFO] [stderr]   Downloaded concurrent-queue v1.2.4
[INFO] [stderr]   Downloaded bitmaps v3.2.1
[INFO] [stderr]   Downloaded intrusive-collections v0.9.7
[INFO] [stderr]   Downloaded flume v0.10.14
[INFO] [stderr]   Downloaded sqlparser v0.52.0
[INFO] [stderr]   Downloaded lockfree v0.5.1
[INFO] [stderr]   Downloaded glommio v0.9.0
[INFO] running `Command { std: "docker" "create" "-v" "/var/lib/crater-agent-workspace/builds/worker-7-tc1/source:/opt/rustwide/workdir:ro,Z" "-v" "/var/lib/crater-agent-workspace/builds/worker-7-tc1/target:/opt/rustwide/target:rw,Z" "-v" "/var/lib/crater-agent-workspace/cargo-home:/opt/rustwide/cargo-home:ro,Z" "-v" "/var/lib/crater-agent-workspace/rustup-home:/opt/rustwide/rustup-home:ro,Z" "-m" "1610612736" "--network" "none" "ghcr.io/rust-lang/crates-build-env/linux@sha256:3111399a4047eeb3a02b7a90e478d715f38a8c6669b5c4b49d30a17385265909" "sleep" "infinity", kill_on_drop: false }`
[INFO] [stdout] 0961c44d27078df5997f1cf46550bd60d25bdd31ac064c2248b55960c453c700
[INFO] running `Command { std: "docker" "start" "0961c44d27078df5997f1cf46550bd60d25bdd31ac064c2248b55960c453c700", kill_on_drop: false }`
[INFO] running `Command { std: "docker" "inspect" "0961c44d27078df5997f1cf46550bd60d25bdd31ac064c2248b55960c453c700", kill_on_drop: false }`
[INFO] running `Command { std: "docker" "exec" "-e" "SOURCE_DIR=/opt/rustwide/workdir" "-e" "CARGO_HOME=/opt/rustwide/cargo-home" "-e" "RUSTUP_HOME=/opt/rustwide/rustup-home" "-e" "CARGO_TARGET_DIR=/opt/rustwide/target" "-w" "/opt/rustwide/workdir" "--user" "0:0" "0961c44d27078df5997f1cf46550bd60d25bdd31ac064c2248b55960c453c700" "/opt/rustwide/cargo-home/bin/cargo" "+1.99.0-beta.8" "metadata" "--no-deps" "--format-version=1", kill_on_drop: false }`
[INFO] running `Command { std: "docker" "inspect" "0961c44d27078df5997f1cf46550bd60d25bdd31ac064c2248b55960c453c700", kill_on_drop: false }`
[INFO] running `Command { std: "docker" "exec" "-e" "SOURCE_DIR=/opt/rustwide/workdir" "-e" "CARGO_HOME=/opt/rustwide/cargo-home" "-e" "RUSTUP_HOME=/opt/rustwide/rustup-home" "-e" "CARGO_TARGET_DIR=/opt/rustwide/target" "-e" "CARGO_INCREMENTAL=0" "-e" "RUST_BACKTRACE=full" "-e" "RUSTFLAGS=--cap-lints=warn" "-e" "RUSTDOCFLAGS=--cap-lints=warn" "-w" "/opt/rustwide/workdir" "--user" "0:0" "0961c44d27078df5997f1cf46550bd60d25bdd31ac064c2248b55960c453c700" "/opt/rustwide/cargo-home/bin/cargo" "+1.99.0-beta.8" "build" "--frozen" "--message-format=json", kill_on_drop: false }`
[INFO] [stderr]    Compiling crossbeam-utils v0.8.22
[INFO] [stderr]    Compiling crossbeam-epoch v0.9.20
[INFO] [stderr]    Compiling scopeguard v1.2.0
[INFO] [stderr]    Compiling proc-macro2 v1.0.107
[INFO] [stderr]    Compiling memoffset v0.9.1
[INFO] [stderr]    Compiling crossbeam-deque v0.8.7
[INFO] [stderr]    Compiling ahash v0.7.8
[INFO] [stderr]    Compiling cc v1.4.0
[INFO] [stderr]    Compiling futures-core v0.3.33
[INFO] [stderr]    Compiling getrandom v0.2.17
[INFO] [stderr]    Compiling object v0.37.3
[INFO] [stderr]    Compiling parking v2.2.1
[INFO] [stderr]    Compiling fastrand v1.9.0
[INFO] [stderr]    Compiling futures-sink v0.3.33
[INFO] [stderr]    Compiling futures-io v0.3.33
[INFO] [stderr]    Compiling owned-alloc v0.2.0
[INFO] [stderr]    Compiling lock_api v0.4.14
[INFO] [stderr]    Compiling cache-padded v1.3.0
[INFO] [stderr]    Compiling bitflags v2.13.1
[INFO] [stderr]    Compiling waker-fn v1.2.0
[INFO] [stderr]    Compiling lockfree v0.5.1
[INFO] [stderr]    Compiling concurrent-queue v1.2.4
[INFO] [stderr]    Compiling signal-hook v0.3.18
[INFO] [stderr]    Compiling nanorand v0.7.0
[INFO] [stderr]    Compiling rlimit v0.6.2
[INFO] [stderr]    Compiling socket2 v0.4.10
[INFO] [stderr]    Compiling enclose v1.2.1
[INFO] [stderr]    Compiling buddy-alloc v0.4.2
[INFO] [stderr]    Compiling intrusive-collections v0.9.7
[INFO] [stderr]    Compiling nix v0.27.1
[INFO] [stderr]    Compiling scoped-tls v1.0.1
[INFO] [stderr]    Compiling futures-lite v1.13.0
[INFO] [stderr]    Compiling bitmaps v3.2.1
[INFO] [stderr]    Compiling smallvec v1.15.2
[INFO] [stderr]    Compiling sketches-ddsketch v0.1.3
[INFO] [stderr]    Compiling spin v0.9.9
[INFO] [stderr]    Compiling sqlparser v0.52.0
[INFO] [stderr]    Compiling quote v1.0.47
[INFO] [stderr]    Compiling crossbeam-queue v0.3.13
[INFO] [stderr]    Compiling crossbeam-channel v0.5.16
[INFO] [stderr]    Compiling syn v2.0.119
[INFO] [stderr]    Compiling syn v3.0.3
[INFO] [stderr]    Compiling crossbeam v0.8.4
[INFO] [stderr]    Compiling glommio v0.9.0
[INFO] [stderr] warning: glommio@0.9.0: In file included from /opt/rustwide/cargo-home/registry/src/index.crates.io-1949cf8c6b5b557f/glommio-0.9.0/liburing/src/setup.c:15:
[INFO] [stderr] warning: glommio@0.9.0: /opt/rustwide/cargo-home/registry/src/index.crates.io-1949cf8c6b5b557f/glommio-0.9.0/liburing/src/include/liburing.h:555:66: warning: 'struct open_how' declared inside parameter list will not be visible outside of this definition or declaration
[INFO] [stderr] warning: glommio@0.9.0:   555 |                                         const char *path, struct open_how *how)
[INFO] [stderr] warning: glommio@0.9.0:       |                                                                  ^~~~~~~~
[INFO] [stderr] warning: glommio@0.9.0: /opt/rustwide/cargo-home/registry/src/index.crates.io-1949cf8c6b5b557f/glommio-0.9.0/liburing/src/include/liburing.h: In function 'io_uring_prep_openat2':
[INFO] [stderr] warning: glommio@0.9.0: /opt/rustwide/cargo-home/registry/src/index.crates.io-1949cf8c6b5b557f/glommio-0.9.0/liburing/src/include/liburing.h:557:67: error: invalid application of 'sizeof' to incomplete type 'struct open_how'
[INFO] [stderr] warning: glommio@0.9.0:   557 |         io_uring_prep_rw(IORING_OP_OPENAT2, sqe, dfd, path, sizeof(*how),
[INFO] [stderr] warning: glommio@0.9.0:       |                                                                   ^
[INFO] [stderr] warning: glommio@0.9.0: /opt/rustwide/cargo-home/registry/src/index.crates.io-1949cf8c6b5b557f/glommio-0.9.0/liburing/src/include/liburing.h: At top level:
[INFO] [stderr] warning: glommio@0.9.0: /opt/rustwide/cargo-home/registry/src/index.crates.io-1949cf8c6b5b557f/glommio-0.9.0/liburing/src/include/liburing.h:564:56: warning: 'struct open_how' declared inside parameter list will not be visible outside of this definition or declaration
[INFO] [stderr] warning: glommio@0.9.0:   564 |                                                 struct open_how *how,
[INFO] [stderr] warning: glommio@0.9.0:       |                                                        ^~~~~~~~
[INFO] [stderr] warning: glommio@0.9.0: /opt/rustwide/cargo-home/registry/src/index.crates.io-1949cf8c6b5b557f/glommio-0.9.0/liburing/src/include/liburing.h: In function 'io_uring_prep_openat2_direct':
[INFO] [stderr] warning: glommio@0.9.0: /opt/rustwide/cargo-home/registry/src/index.crates.io-1949cf8c6b5b557f/glommio-0.9.0/liburing/src/include/liburing.h:567:47: error: passing argument 4 of 'io_uring_prep_openat2' from incompatible pointer type [-Wincompatible-pointer-types]
[INFO] [stderr] warning: glommio@0.9.0:   567 |         io_uring_prep_openat2(sqe, dfd, path, how);
[INFO] [stderr] warning: glommio@0.9.0:       |                                               ^~~
[INFO] [stderr] warning: glommio@0.9.0:       |                                               |
[INFO] [stderr] warning: glommio@0.9.0:       |                                               struct open_how *
[INFO] [stderr] warning: glommio@0.9.0: /opt/rustwide/cargo-home/registry/src/index.crates.io-1949cf8c6b5b557f/glommio-0.9.0/liburing/src/include/liburing.h:555:76: note: expected 'struct open_how *' but argument is of type 'struct open_how *'
[INFO] [stderr] warning: glommio@0.9.0:   555 |                                         const char *path, struct open_how *how)
[INFO] [stderr] warning: glommio@0.9.0:       |                                                           ~~~~~~~~~~~~~~~~~^~~
[INFO] [stderr] error: failed to run custom build command for `glommio v0.9.0`
[INFO] [stderr] note: To improve backtraces for build dependencies, set the CARGO_PROFILE_DEV_BUILD_OVERRIDE_DEBUG=true environment variable to enable debug information generation.
[INFO] [stderr] 
[INFO] [stderr] Caused by:
[INFO] [stderr]   process didn't exit successfully: `/opt/rustwide/target/debug/build/glommio-a16509ec984dafbd/build-script-build` (exit status: 1)
[INFO] [stderr]   --- stdout
[INFO] [stderr]   cargo:rerun-if-env-changed=CC_FORCE_DISABLE
[INFO] [stderr]   CC_FORCE_DISABLE = None
[INFO] [stderr]   cargo:rerun-if-env-changed=CC_x86_64-unknown-linux-gnu
[INFO] [stderr]   CC_x86_64-unknown-linux-gnu = None
[INFO] [stderr]   cargo:rerun-if-env-changed=CC_x86_64_unknown_linux_gnu
[INFO] [stderr]   CC_x86_64_unknown_linux_gnu = None
[INFO] [stderr]   cargo:rerun-if-env-changed=HOST_CC
[INFO] [stderr]   HOST_CC = None
[INFO] [stderr]   cargo:rerun-if-env-changed=CC
[INFO] [stderr]   CC = None
[INFO] [stderr]   cargo:rerun-if-env-changed=CC_ENABLE_DEBUG_OUTPUT
[INFO] [stderr]   cargo:rerun-if-env-changed=CRATE_CC_NO_DEFAULTS
[INFO] [stderr]   CRATE_CC_NO_DEFAULTS = None
[INFO] [stderr]   cargo:rerun-if-env-changed=CFLAGS
[INFO] [stderr]   CFLAGS = None
[INFO] [stderr]   cargo:rerun-if-env-changed=HOST_CFLAGS
[INFO] [stderr]   HOST_CFLAGS = None
[INFO] [stderr]   cargo:rerun-if-env-changed=CFLAGS_x86_64_unknown_linux_gnu
[INFO] [stderr]   CFLAGS_x86_64_unknown_linux_gnu = None
[INFO] [stderr]   cargo:rerun-if-env-changed=CFLAGS_x86_64-unknown-linux-gnu
[INFO] [stderr]   CFLAGS_x86_64-unknown-linux-gnu = None
[INFO] [stderr]   cargo:warning=In file included from /opt/rustwide/cargo-home/registry/src/index.crates.io-1949cf8c6b5b557f/glommio-0.9.0/liburing/src/setup.c:15:
[INFO] [stderr]   cargo:warning=/opt/rustwide/cargo-home/registry/src/index.crates.io-1949cf8c6b5b557f/glommio-0.9.0/liburing/src/include/liburing.h:555:66: warning: 'struct open_how' declared inside parameter list will not be visible outside of this definition or declaration
[INFO] [stderr]   cargo:warning=  555 |                                         const char *path, struct open_how *how)
[INFO] [stderr]   cargo:warning=      |                                                                  ^~~~~~~~
[INFO] [stderr]   cargo:warning=/opt/rustwide/cargo-home/registry/src/index.crates.io-1949cf8c6b5b557f/glommio-0.9.0/liburing/src/include/liburing.h: In function 'io_uring_prep_openat2':
[INFO] [stderr]   cargo:warning=/opt/rustwide/cargo-home/registry/src/index.crates.io-1949cf8c6b5b557f/glommio-0.9.0/liburing/src/include/liburing.h:557:67: error: invalid application of 'sizeof' to incomplete type 'struct open_how'
[INFO] [stderr]   cargo:warning=  557 |         io_uring_prep_rw(IORING_OP_OPENAT2, sqe, dfd, path, sizeof(*how),
[INFO] [stderr]   cargo:warning=      |                                                                   ^
[INFO] [stderr]   cargo:warning=/opt/rustwide/cargo-home/registry/src/index.crates.io-1949cf8c6b5b557f/glommio-0.9.0/liburing/src/include/liburing.h: At top level:
[INFO] [stderr]   cargo:warning=/opt/rustwide/cargo-home/registry/src/index.crates.io-1949cf8c6b5b557f/glommio-0.9.0/liburing/src/include/liburing.h:564:56: warning: 'struct open_how' declared inside parameter list will not be visible outside of this definition or declaration
[INFO] [stderr]   cargo:warning=  564 |                                                 struct open_how *how,
[INFO] [stderr]   cargo:warning=      |                                                        ^~~~~~~~
[INFO] [stderr]   cargo:warning=/opt/rustwide/cargo-home/registry/src/index.crates.io-1949cf8c6b5b557f/glommio-0.9.0/liburing/src/include/liburing.h: In function 'io_uring_prep_openat2_direct':
[INFO] [stderr]   cargo:warning=/opt/rustwide/cargo-home/registry/src/index.crates.io-1949cf8c6b5b557f/glommio-0.9.0/liburing/src/include/liburing.h:567:47: error: passing argument 4 of 'io_uring_prep_openat2' from incompatible pointer type [-Wincompatible-pointer-types]
[INFO] [stderr]   cargo:warning=  567 |         io_uring_prep_openat2(sqe, dfd, path, how);
[INFO] [stderr]   cargo:warning=      |                                               ^~~
[INFO] [stderr]   cargo:warning=      |                                               |
[INFO] [stderr]   cargo:warning=      |                                               struct open_how *
[INFO] [stderr]   cargo:warning=/opt/rustwide/cargo-home/registry/src/index.crates.io-1949cf8c6b5b557f/glommio-0.9.0/liburing/src/include/liburing.h:555:76: note: expected 'struct open_how *' but argument is of type 'struct open_how *'
[INFO] [stderr]   cargo:warning=  555 |                                         const char *path, struct open_how *how)
[INFO] [stderr]   cargo:warning=      |                                                           ~~~~~~~~~~~~~~~~~^~~
[INFO] [stderr] 
[INFO] [stderr]   --- stderr
[INFO] [stderr]   fatal: not a git repository (or any parent up to mount point /opt/rustwide)
[INFO] [stderr]   Stopping at filesystem boundary (GIT_DISCOVERY_ACROSS_FILESYSTEM not set).
[INFO] [stderr] 
[INFO] [stderr] 
[INFO] [stderr]   error occurred in cc-rs: command did not execute successfully (status code exit status: 1): LC_ALL="C" "cc" "-O0" "-ffunction-sections" "-fdata-sections" "-fPIC" "-g" "-gdwarf-4" "-fno-omit-frame-pointer" "-m64" "-I" "/opt/rustwide/cargo-home/registry/src/index.crates.io-1949cf8c6b5b557f/glommio-0.9.0/liburing/src/include" "-I" "/opt/rustwide/target/debug/build/glommio-a477b3a9d366af8f/out/src/include" "-Wall" "-o" "/opt/rustwide/target/debug/build/glommio-a477b3a9d366af8f/out/5265c0a09d3c0154-setup.o" "-c" "/opt/rustwide/cargo-home/registry/src/index.crates.io-1949cf8c6b5b557f/glommio-0.9.0/liburing/src/setup.c"
[INFO] [stderr] 
[INFO] [stderr] 
[INFO] [stderr] warning: build failed, waiting for other jobs to finish...
[INFO] running `Command { std: "docker" "inspect" "0961c44d27078df5997f1cf46550bd60d25bdd31ac064c2248b55960c453c700", kill_on_drop: false }`
[INFO] running `Command { std: "docker" "rm" "-f" "0961c44d27078df5997f1cf46550bd60d25bdd31ac064c2248b55960c453c700", kill_on_drop: false }`
[INFO] [stdout] 0961c44d27078df5997f1cf46550bd60d25bdd31ac064c2248b55960c453c700
