[INFO] fetching crate quant-suite 0.1.1...
[INFO] testing quant-suite-0.1.1 against 1.99.0-beta.8 for beta-1.100-2
[INFO] extracting crate quant-suite 0.1.1 into /workspace/builds/worker-3-tc1/source
[INFO] started tweaking crates.io crate quant-suite 0.1.1
[INFO] finished tweaking crates.io crate quant-suite 0.1.1
[INFO] tweaked toml for crates.io crate quant-suite 0.1.1 written to /workspace/builds/worker-3-tc1/source/Cargo.toml
[INFO] validating manifest of crates.io crate quant-suite 0.1.1 on toolchain 1.99.0-beta.8
[INFO] running `Command { std: CARGO_HOME="/workspace/cargo-home" RUSTUP_HOME="/workspace/rustup-home" "/workspace/cargo-home/bin/cargo" "+1.99.0-beta.8" "metadata" "--manifest-path" "Cargo.toml" "--no-deps", kill_on_drop: false }`
[INFO] crate crates.io crate quant-suite 0.1.1 already has a lockfile, it will not be regenerated
[INFO] running `Command { std: CARGO_HOME="/workspace/cargo-home" RUSTUP_HOME="/workspace/rustup-home" "/workspace/cargo-home/bin/cargo" "+1.99.0-beta.8" "fetch" "--manifest-path" "Cargo.toml", kill_on_drop: false }`
[INFO] [stderr]     Updating crates.io index
[INFO] [stderr]     Blocking waiting for file lock on package cache
[INFO] [stderr]  Downloading crates ...
[INFO] [stderr]   Downloaded thiserror-impl v1.0.58
[INFO] [stderr]   Downloaded nanoid v0.4.0
[INFO] [stderr]   Downloaded thiserror v1.0.58
[INFO] [stderr]   Downloaded proc-macro2 v1.0.81
[INFO] [stderr]   Downloaded event-listener-strategy v0.4.0
[INFO] [stderr]   Downloaded autocfg v1.2.0
[INFO] [stderr]   Downloaded piper v0.2.1
[INFO] [stderr]   Downloaded env_logger v0.11.3
[INFO] [stderr]   Downloaded event-listener v3.1.0
[INFO] [stderr]   Downloaded blocking v1.5.1
[INFO] [stderr]   Downloaded async-lock v2.8.0
[INFO] [stderr]   Downloaded traitobject v0.1.0
[INFO] [stderr]   Downloaded errno v0.3.8
[INFO] [stderr]   Downloaded phf v0.7.24
[INFO] [stderr]   Downloaded syn v2.0.60
[INFO] [stderr]   Downloaded mime_guess v1.8.8
[INFO] [stderr]   Downloaded mime v0.2.6
[INFO] [stderr]   Downloaded iron v0.6.1
[INFO] [stderr]   Downloaded ctrader-fix v0.5.1
[INFO] [stderr]   Downloaded polling v2.8.0
[INFO] [stderr]   Downloaded async-channel v2.2.1
[INFO] [stderr]   Downloaded phf_codegen v0.7.24
[INFO] [stderr]   Downloaded phf_generator v0.7.24
[INFO] [stderr]   Downloaded typeable v0.1.2
[INFO] [stderr]   Downloaded anstyle v1.0.6
[INFO] [stderr]   Downloaded toml_datetime v0.6.5
[INFO] [stderr]   Downloaded async-macros v2.0.0
[INFO] [stderr]   Downloaded utf8parse v0.2.1
[INFO] [stderr]   Downloaded unsafe-any v0.4.2
[INFO] [stderr]   Downloaded colorchoice v1.0.0
[INFO] [stderr]   Downloaded async-global-executor v2.4.1
[INFO] [stderr]   Downloaded anstyle-wincon v3.0.2
[INFO] [stderr]   Downloaded unicase v1.4.2
[INFO] [stderr]   Downloaded phf_shared v0.7.24
[INFO] [stderr]   Downloaded language-tags v0.2.2
[INFO] [stderr]   Downloaded base64 v0.9.3
[INFO] [stderr]   Downloaded num_enum v0.7.2
[INFO] [stderr]   Downloaded gloo-timers v0.2.6
[INFO] [stderr]   Downloaded async-process v1.8.1
[INFO] [stderr]   Downloaded futures-lite v2.3.0
[INFO] [stderr]   Downloaded event-listener v4.0.3
[INFO] [stderr]   Downloaded async-executor v1.11.0
[INFO] [stderr]   Downloaded env_filter v0.1.0
[INFO] [stderr]   Downloaded logger v0.4.0
[INFO] [stderr]   Downloaded typemap v0.3.3
[INFO] [stderr]   Downloaded plugin v0.2.6
[INFO] [stderr]   Downloaded version_check v0.1.5
[INFO] [stderr]   Downloaded siphasher v0.2.3
[INFO] [stderr]   Downloaded num_enum_derive v0.7.2
[INFO] [stderr]   Downloaded parking v2.2.0
[INFO] [stderr]   Downloaded async-task v4.7.0
[INFO] [stderr]   Downloaded event-listener-strategy v0.5.1
[INFO] [stderr]   Downloaded concurrent-queue v2.4.0
[INFO] [stderr]   Downloaded kv-log-macro v1.0.7
[INFO] [stderr]   Downloaded async-io v2.3.2
[INFO] [stderr]   Downloaded log v0.3.9
[INFO] [stderr]   Downloaded value-bag v1.8.1
[INFO] [stderr]   Downloaded anstyle-parse v0.2.3
[INFO] [stderr]   Downloaded async-io v1.13.0
[INFO] [stderr]   Downloaded getrandom v0.2.14
[INFO] [stderr]   Downloaded anstream v0.6.13
[INFO] [stderr]   Downloaded serde_derive v1.0.198
[INFO] [stderr]   Downloaded crossbeam-utils v0.8.19
[INFO] [stderr]   Downloaded fastrand v2.0.2
[INFO] [stderr]   Downloaded async-lock v3.3.0
[INFO] [stderr]   Downloaded polling v3.6.0
[INFO] [stderr]   Downloaded modifier v0.1.0
[INFO] [stderr]   Downloaded hyper v0.10.16
[INFO] [stderr]   Downloaded cc v1.0.94
[INFO] [stderr]   Downloaded num-traits v0.2.18
[INFO] [stderr]   Downloaded async-attributes v1.1.2
[INFO] [stderr]   Downloaded serde v1.0.198
[INFO] [stderr]   Downloaded async-signal v0.2.5
[INFO] [stderr]   Downloaded async-std v1.12.0
[INFO] [stderr]   Downloaded waker-fn v1.1.1
[INFO] [stderr]   Downloaded anstyle-query v1.0.2
[INFO] [stderr]   Downloaded event-listener v5.3.0
[INFO] [stderr]   Downloaded rustix v0.38.32
[INFO] [stderr]   Downloaded rustix v0.37.27
[INFO] [stderr]   Downloaded ryu v1.0.17
[INFO] [stderr]   Downloaded libc v0.2.153
[INFO] [stderr]   Downloaded hashbrown v0.14.3
[INFO] [stderr]   Downloaded linux-raw-sys v0.4.13
[INFO] running `Command { std: "docker" "create" "-v" "/var/lib/crater-agent-workspace/builds/worker-3-tc1/source:/opt/rustwide/workdir:ro,Z" "-v" "/var/lib/crater-agent-workspace/builds/worker-3-tc1/target:/opt/rustwide/target:rw,Z" "-v" "/var/lib/crater-agent-workspace/cargo-home:/opt/rustwide/cargo-home:ro,Z" "-v" "/var/lib/crater-agent-workspace/rustup-home:/opt/rustwide/rustup-home:ro,Z" "-m" "1610612736" "--network" "none" "ghcr.io/rust-lang/crates-build-env/linux@sha256:3111399a4047eeb3a02b7a90e478d715f38a8c6669b5c4b49d30a17385265909" "sleep" "infinity", kill_on_drop: false }`
[INFO] [stdout] d735aeeea8f06d087713d36cf067875365196c0218ac36a01b3dc8b6b0f91a25
[INFO] running `Command { std: "docker" "start" "d735aeeea8f06d087713d36cf067875365196c0218ac36a01b3dc8b6b0f91a25", kill_on_drop: false }`
[INFO] running `Command { std: "docker" "inspect" "d735aeeea8f06d087713d36cf067875365196c0218ac36a01b3dc8b6b0f91a25", kill_on_drop: false }`
[INFO] running `Command { std: "docker" "exec" "-e" "SOURCE_DIR=/opt/rustwide/workdir" "-e" "CARGO_HOME=/opt/rustwide/cargo-home" "-e" "RUSTUP_HOME=/opt/rustwide/rustup-home" "-e" "CARGO_TARGET_DIR=/opt/rustwide/target" "-w" "/opt/rustwide/workdir" "--user" "0:0" "d735aeeea8f06d087713d36cf067875365196c0218ac36a01b3dc8b6b0f91a25" "/opt/rustwide/cargo-home/bin/cargo" "+1.99.0-beta.8" "metadata" "--no-deps" "--format-version=1", kill_on_drop: false }`
[INFO] running `Command { std: "docker" "inspect" "d735aeeea8f06d087713d36cf067875365196c0218ac36a01b3dc8b6b0f91a25", kill_on_drop: false }`
[INFO] running `Command { std: "docker" "exec" "-e" "SOURCE_DIR=/opt/rustwide/workdir" "-e" "CARGO_HOME=/opt/rustwide/cargo-home" "-e" "RUSTUP_HOME=/opt/rustwide/rustup-home" "-e" "CARGO_TARGET_DIR=/opt/rustwide/target" "-e" "CARGO_INCREMENTAL=0" "-e" "RUST_BACKTRACE=full" "-e" "RUSTFLAGS=--cap-lints=warn" "-e" "RUSTDOCFLAGS=--cap-lints=warn" "-w" "/opt/rustwide/workdir" "--user" "0:0" "d735aeeea8f06d087713d36cf067875365196c0218ac36a01b3dc8b6b0f91a25" "/opt/rustwide/cargo-home/bin/cargo" "+1.99.0-beta.8" "build" "--frozen" "--message-format=json", kill_on_drop: false }`
[INFO] [stderr]    Compiling libc v0.2.153
[INFO] [stderr]    Compiling proc-macro2 v1.0.81
[INFO] [stderr]    Compiling unicode-ident v1.0.12
[INFO] [stderr]    Compiling cfg-if v1.0.0
[INFO] [stderr]    Compiling ppv-lite86 v0.2.17
[INFO] [stderr]    Compiling thiserror v1.0.58
[INFO] [stderr]    Compiling quote v1.0.36
[INFO] [stderr]    Compiling getrandom v0.2.14
[INFO] [stderr]    Compiling rand_core v0.6.4
[INFO] [stderr]    Compiling syn v2.0.60
[INFO] [stderr]    Compiling rand_chacha v0.3.1
[INFO] [stderr]    Compiling rand v0.8.5
[INFO] [stderr]    Compiling nanoid v0.4.0
[INFO] [stderr]    Compiling thiserror-impl v1.0.58
[INFO] [stderr]    Compiling quant-suite v0.1.1 (/opt/rustwide/workdir)
[INFO] [stderr]     Finished `dev` profile [unoptimized + debuginfo] target(s) in 4.68s
[INFO] running `Command { std: "docker" "inspect" "d735aeeea8f06d087713d36cf067875365196c0218ac36a01b3dc8b6b0f91a25", kill_on_drop: false }`
[INFO] running `Command { std: "docker" "exec" "-e" "SOURCE_DIR=/opt/rustwide/workdir" "-e" "CARGO_HOME=/opt/rustwide/cargo-home" "-e" "RUSTUP_HOME=/opt/rustwide/rustup-home" "-e" "CARGO_TARGET_DIR=/opt/rustwide/target" "-e" "CARGO_INCREMENTAL=0" "-e" "RUST_BACKTRACE=full" "-e" "RUSTFLAGS=--cap-lints=warn" "-e" "RUSTDOCFLAGS=--cap-lints=warn" "-w" "/opt/rustwide/workdir" "--user" "0:0" "d735aeeea8f06d087713d36cf067875365196c0218ac36a01b3dc8b6b0f91a25" "/opt/rustwide/cargo-home/bin/cargo" "+1.99.0-beta.8" "test" "--frozen" "--no-run" "--message-format=json", kill_on_drop: false }`
[INFO] [stderr]    Compiling autocfg v1.2.0
[INFO] [stderr]    Compiling libc v0.2.153
[INFO] [stderr]    Compiling crossbeam-utils v0.8.19
[INFO] [stderr]    Compiling pin-project-lite v0.2.14
[INFO] [stderr]    Compiling parking v2.2.0
[INFO] [stderr]    Compiling rand_core v0.4.2
[INFO] [stderr]    Compiling value-bag v1.8.1
[INFO] [stderr]    Compiling futures-core v0.3.30
[INFO] [stderr]    Compiling version_check v0.1.5
[INFO] [stderr]    Compiling futures-io v0.3.30
[INFO] [stderr]    Compiling memchr v2.7.2
[INFO] [stderr]    Compiling fastrand v2.0.2
[INFO] [stderr]    Compiling siphasher v0.2.3
[INFO] [stderr]    Compiling tracing-core v0.1.32
[INFO] [stderr]    Compiling rustix v0.38.32
[INFO] [stderr]    Compiling syn v2.0.60
[INFO] [stderr]    Compiling linux-raw-sys v0.4.13
[INFO] [stderr]    Compiling autocfg v0.1.8
[INFO] [stderr]    Compiling rand_core v0.3.1
[INFO] [stderr]    Compiling rand_jitter v0.1.4
[INFO] [stderr]    Compiling bitflags v2.5.0
[INFO] [stderr]    Compiling rand_isaac v0.1.1
[INFO] [stderr]    Compiling rand_xorshift v0.1.1
[INFO] [stderr]    Compiling rand_hc v0.1.0
[INFO] [stderr]    Compiling log v0.4.21
[INFO] [stderr]    Compiling slab v0.4.9
[INFO] [stderr]    Compiling rand_pcg v0.1.2
[INFO] [stderr]    Compiling rand_chacha v0.1.1
[INFO] [stderr]    Compiling unicase v1.4.2
[INFO] [stderr]    Compiling rand v0.6.5
[INFO] [stderr]    Compiling futures-lite v2.3.0
[INFO] [stderr]    Compiling io-lifetimes v1.0.11
[INFO] [stderr]    Compiling tinyvec_macros v0.1.1
[INFO] [stderr]    Compiling tracing v0.1.40
[INFO] [stderr]    Compiling tinyvec v1.6.0
[INFO] [stderr]    Compiling polling v2.8.0
[INFO] [stderr]    Compiling phf_shared v0.7.24
[INFO] [stderr]    Compiling hashbrown v0.14.3
[INFO] [stderr]    Compiling traitobject v0.1.0
[INFO] [stderr]    Compiling equivalent v1.0.1
[INFO] [stderr]    Compiling event-listener v2.5.3
[INFO] [stderr]    Compiling rustix v0.37.27
[INFO] [stdout] error[E0119]: conflicting implementations of trait `Trait` for type `(dyn Send + Sync + 'static)`
[INFO] [stdout]   --> /opt/rustwide/cargo-home/registry/src/index.crates.io-1949cf8c6b5b557f/traitobject-0.1.0/src/impls.rs:72:1
[INFO] [stdout]    |
[INFO] [stdout] 71 | unsafe impl Trait for ::std::marker::Send + Sync { }
[INFO] [stdout]    | ------------------------------------------------ first implementation here
[INFO] [stdout] 72 | unsafe impl Trait for ::std::marker::Send + Send + Sync { }
[INFO] [stdout]    | ^^^^^^^^^^^^^^^^^^^^^^^^^^^^^^^^^^^^^^^^^^^^^^^^^^^^^^^ conflicting implementation for `(dyn Send + Sync + 'static)`
[INFO] [stdout] 
[INFO] [stdout] 
[INFO] [stdout] error[E0119]: conflicting implementations of trait `Trait` for type `(dyn Send + Sync + 'static)`
[INFO] [stdout]   --> /opt/rustwide/cargo-home/registry/src/index.crates.io-1949cf8c6b5b557f/traitobject-0.1.0/src/impls.rs:73:1
[INFO] [stdout]    |
[INFO] [stdout] 71 | unsafe impl Trait for ::std::marker::Send + Sync { }
[INFO] [stdout]    | ------------------------------------------------ first implementation here
[INFO] [stdout] 72 | unsafe impl Trait for ::std::marker::Send + Send + Sync { }
[INFO] [stdout] 73 | unsafe impl Trait for ::std::marker::Sync + Send { }
[INFO] [stdout]    | ^^^^^^^^^^^^^^^^^^^^^^^^^^^^^^^^^^^^^^^^^^^^^^^^ conflicting implementation for `(dyn Send + Sync + 'static)`
[INFO] [stdout] 
[INFO] [stdout] 
[INFO] [stdout] error[E0119]: conflicting implementations of trait `Trait` for type `(dyn Send + Sync + 'static)`
[INFO] [stdout]   --> /opt/rustwide/cargo-home/registry/src/index.crates.io-1949cf8c6b5b557f/traitobject-0.1.0/src/impls.rs:75:1
[INFO] [stdout]    |
[INFO] [stdout] 71 | unsafe impl Trait for ::std::marker::Send + Sync { }
[INFO] [stdout]    | ------------------------------------------------ first implementation here
[INFO] [stdout] ...
[INFO] [stdout] 75 | unsafe impl Trait for ::std::marker::Sync + Send + Sync { }
[INFO] [stdout]    | ^^^^^^^^^^^^^^^^^^^^^^^^^^^^^^^^^^^^^^^^^^^^^^^^^^^^^^^ conflicting implementation for `(dyn Send + Sync + 'static)`
[INFO] [stdout] 
[INFO] [stdout] 
[INFO] [stdout] For more information about this error, try `rustc --explain E0119`.
[INFO] [stdout] 
[INFO] [stderr] error: could not compile `traitobject` (lib) due to 3 previous errors
[INFO] [stderr] warning: build failed, waiting for other jobs to finish...
[INFO] running `Command { std: "docker" "inspect" "d735aeeea8f06d087713d36cf067875365196c0218ac36a01b3dc8b6b0f91a25", kill_on_drop: false }`
[INFO] running `Command { std: "docker" "rm" "-f" "d735aeeea8f06d087713d36cf067875365196c0218ac36a01b3dc8b6b0f91a25", kill_on_drop: false }`
[INFO] [stdout] d735aeeea8f06d087713d36cf067875365196c0218ac36a01b3dc8b6b0f91a25
