[INFO] fetching crate quadratic_residues 0.2.2...
[INFO] testing quadratic_residues-0.2.2 against 1.100.0-beta.1 for beta-1.100-2
[INFO] extracting crate quadratic_residues 0.2.2 into /workspace/builds/worker-5-tc2/source
[INFO] started tweaking crates.io crate quadratic_residues 0.2.2
[INFO] finished tweaking crates.io crate quadratic_residues 0.2.2
[INFO] tweaked toml for crates.io crate quadratic_residues 0.2.2 written to /workspace/builds/worker-5-tc2/source/Cargo.toml
[INFO] validating manifest of crates.io crate quadratic_residues 0.2.2 on toolchain 1.100.0-beta.1
[INFO] running `Command { std: CARGO_HOME="/workspace/cargo-home" RUSTUP_HOME="/workspace/rustup-home" "/workspace/cargo-home/bin/cargo" "+1.100.0-beta.1" "metadata" "--manifest-path" "Cargo.toml" "--no-deps", kill_on_drop: false }`
[INFO] crate crates.io crate quadratic_residues 0.2.2 already has a lockfile, it will not be regenerated
[INFO] running `Command { std: CARGO_HOME="/workspace/cargo-home" RUSTUP_HOME="/workspace/rustup-home" "/workspace/cargo-home/bin/cargo" "+1.100.0-beta.1" "fetch" "--manifest-path" "Cargo.toml", kill_on_drop: false }`
[INFO] [stderr]     Blocking waiting for file lock on package cache
[INFO] [stderr]     Blocking waiting for file lock on package cache
[INFO] running `Command { std: "docker" "create" "-v" "/var/lib/crater-agent-workspace/builds/worker-5-tc2/source:/opt/rustwide/workdir:ro,Z" "-v" "/var/lib/crater-agent-workspace/builds/worker-5-tc2/target:/opt/rustwide/target:rw,Z" "-v" "/var/lib/crater-agent-workspace/cargo-home:/opt/rustwide/cargo-home:ro,Z" "-v" "/var/lib/crater-agent-workspace/rustup-home:/opt/rustwide/rustup-home:ro,Z" "-m" "1610612736" "--network" "none" "ghcr.io/rust-lang/crates-build-env/linux@sha256:3111399a4047eeb3a02b7a90e478d715f38a8c6669b5c4b49d30a17385265909" "sleep" "infinity", kill_on_drop: false }`
[INFO] [stdout] 06770f3e292c036dfccccd5afd056cebf6d376de9171c5c445cb0dc99c206679
[INFO] running `Command { std: "docker" "start" "06770f3e292c036dfccccd5afd056cebf6d376de9171c5c445cb0dc99c206679", kill_on_drop: false }`
[INFO] running `Command { std: "docker" "inspect" "06770f3e292c036dfccccd5afd056cebf6d376de9171c5c445cb0dc99c206679", kill_on_drop: false }`
[INFO] running `Command { std: "docker" "exec" "-e" "SOURCE_DIR=/opt/rustwide/workdir" "-e" "CARGO_HOME=/opt/rustwide/cargo-home" "-e" "RUSTUP_HOME=/opt/rustwide/rustup-home" "-e" "CARGO_TARGET_DIR=/opt/rustwide/target" "-w" "/opt/rustwide/workdir" "--user" "0:0" "06770f3e292c036dfccccd5afd056cebf6d376de9171c5c445cb0dc99c206679" "/opt/rustwide/cargo-home/bin/cargo" "+1.100.0-beta.1" "metadata" "--no-deps" "--format-version=1", kill_on_drop: false }`
[INFO] running `Command { std: "docker" "inspect" "06770f3e292c036dfccccd5afd056cebf6d376de9171c5c445cb0dc99c206679", kill_on_drop: false }`
[INFO] running `Command { std: "docker" "exec" "-e" "SOURCE_DIR=/opt/rustwide/workdir" "-e" "CARGO_HOME=/opt/rustwide/cargo-home" "-e" "RUSTUP_HOME=/opt/rustwide/rustup-home" "-e" "CARGO_TARGET_DIR=/opt/rustwide/target" "-e" "CARGO_INCREMENTAL=0" "-e" "RUST_BACKTRACE=full" "-e" "RUSTFLAGS=--cap-lints=warn" "-e" "RUSTDOCFLAGS=--cap-lints=warn" "-w" "/opt/rustwide/workdir" "--user" "0:0" "06770f3e292c036dfccccd5afd056cebf6d376de9171c5c445cb0dc99c206679" "/opt/rustwide/cargo-home/bin/cargo" "+1.100.0-beta.1" "build" "--frozen" "--message-format=json", kill_on_drop: false }`
[INFO] [stderr]    Compiling quadratic_residues v0.2.2 (/opt/rustwide/workdir)
[INFO] [stderr]     Finished `dev` profile [unoptimized + debuginfo] target(s) in 0.30s
[INFO] running `Command { std: "docker" "inspect" "06770f3e292c036dfccccd5afd056cebf6d376de9171c5c445cb0dc99c206679", kill_on_drop: false }`
[INFO] running `Command { std: "docker" "exec" "-e" "SOURCE_DIR=/opt/rustwide/workdir" "-e" "CARGO_HOME=/opt/rustwide/cargo-home" "-e" "RUSTUP_HOME=/opt/rustwide/rustup-home" "-e" "CARGO_TARGET_DIR=/opt/rustwide/target" "-e" "CARGO_INCREMENTAL=0" "-e" "RUST_BACKTRACE=full" "-e" "RUSTFLAGS=--cap-lints=warn" "-e" "RUSTDOCFLAGS=--cap-lints=warn" "-w" "/opt/rustwide/workdir" "--user" "0:0" "06770f3e292c036dfccccd5afd056cebf6d376de9171c5c445cb0dc99c206679" "/opt/rustwide/cargo-home/bin/cargo" "+1.100.0-beta.1" "test" "--frozen" "--no-run" "--message-format=json", kill_on_drop: false }`
[INFO] [stderr]    Compiling quadratic_residues v0.2.2 (/opt/rustwide/workdir)
[INFO] [stdout] error[E0432]: unresolved imports `super::get_residues::all`, `super::get_residues::default`, `super::get_residues::non`
[INFO] [stdout]   --> src/lib.rs:64:31
[INFO] [stdout]    |
[INFO] [stdout] 64 |     use super::get_residues::{all, default, non};
[INFO] [stdout]    |                               ^^^  ^^^^^^^  ^^^ no `non` in `get_residues`
[INFO] [stdout]    |                               |    |
[INFO] [stdout]    |                               |    no `default` in `get_residues`
[INFO] [stdout]    |                               no `all` in `get_residues`
[INFO] [stdout]    |
[INFO] [stdout]    = help: consider importing this module instead:
[INFO] [stdout]            std::default
[INFO] [stdout] 
[INFO] [stdout] 
[INFO] [stdout] error[E0425]: cannot find function `default` in module `get_residues`
[INFO] [stdout]  --> src/tests/get_residues_tests.rs:7:34
[INFO] [stdout]   |
[INFO] [stdout] 7 |         assert_eq!(get_residues::default(7), vec![1, 2, 4]);
[INFO] [stdout]   |                                  ^^^^^^^ not found in `get_residues`
[INFO] [stdout] 
[INFO] [stdout] 
[INFO] [stdout] error[E0425]: cannot find function `optimized_but_failing` in module `get_residues`
[INFO] [stdout]   --> src/tests/get_residues_tests.rs:12:34
[INFO] [stdout]    |
[INFO] [stdout] 12 |         assert_eq!(get_residues::optimized_but_failing(7), vec![1, 2, 4]);
[INFO] [stdout]    |                                  ^^^^^^^^^^^^^^^^^^^^^ not found in `get_residues`
[INFO] [stdout] 
[INFO] [stdout] 
[INFO] [stdout] error[E0425]: cannot find function `non` in module `get_residues`
[INFO] [stdout]   --> src/tests/get_residues_tests.rs:17:34
[INFO] [stdout]    |
[INFO] [stdout] 17 |         assert_eq!(get_residues::non(7), vec![3, 5, 6], "Failed to get non-residues");
[INFO] [stdout]    |                                  ^^^ not found in `get_residues`
[INFO] [stdout] 
[INFO] [stdout] 
[INFO] [stdout] error[E0425]: cannot find function `all` in module `get_residues`
[INFO] [stdout]   --> src/tests/get_residues_tests.rs:22:34
[INFO] [stdout]    |
[INFO] [stdout] 22 |         assert_eq!(get_residues::all(7), vec![1, 4, 2, 2, 4, 1]);
[INFO] [stdout]    |                                  ^^^ not found in `get_residues`
[INFO] [stdout] 
[INFO] [stdout] 
[INFO] [stdout] Some errors have detailed explanations: E0425, E0432.
[INFO] [stdout] 
[INFO] [stdout] For more information about an error, try `rustc --explain E0425`.
[INFO] [stdout] 
[INFO] [stderr] error: could not compile `quadratic_residues` (lib test) due to 5 previous errors
[INFO] running `Command { std: "docker" "inspect" "06770f3e292c036dfccccd5afd056cebf6d376de9171c5c445cb0dc99c206679", kill_on_drop: false }`
[INFO] running `Command { std: "docker" "rm" "-f" "06770f3e292c036dfccccd5afd056cebf6d376de9171c5c445cb0dc99c206679", kill_on_drop: false }`
[INFO] [stdout] 06770f3e292c036dfccccd5afd056cebf6d376de9171c5c445cb0dc99c206679
