[INFO] fetching crate pymem 0.1.1...
[INFO] testing pymem-0.1.1 against 1.100.0-beta.1 for beta-1.100-2
[INFO] extracting crate pymem 0.1.1 into /workspace/builds/worker-7-tc2/source
[INFO] started tweaking crates.io crate pymem 0.1.1
[INFO] removed 0 missing examples
[INFO] removed 0 missing tests
[INFO] finished tweaking crates.io crate pymem 0.1.1
[INFO] tweaked toml for crates.io crate pymem 0.1.1 written to /workspace/builds/worker-7-tc2/source/Cargo.toml
[INFO] validating manifest of crates.io crate pymem 0.1.1 on toolchain 1.100.0-beta.1
[INFO] running `Command { std: CARGO_HOME="/workspace/cargo-home" RUSTUP_HOME="/workspace/rustup-home" "/workspace/cargo-home/bin/cargo" "+1.100.0-beta.1" "metadata" "--manifest-path" "Cargo.toml" "--no-deps", kill_on_drop: false }`
[INFO] crate crates.io crate pymem 0.1.1 already has a lockfile, it will not be regenerated
[INFO] running `Command { std: CARGO_HOME="/workspace/cargo-home" RUSTUP_HOME="/workspace/rustup-home" "/workspace/cargo-home/bin/cargo" "+1.100.0-beta.1" "fetch" "--manifest-path" "Cargo.toml", kill_on_drop: false }`
[INFO] running `Command { std: "docker" "create" "-v" "/var/lib/crater-agent-workspace/builds/worker-7-tc2/source:/opt/rustwide/workdir:ro,Z" "-v" "/var/lib/crater-agent-workspace/builds/worker-7-tc2/target:/opt/rustwide/target:rw,Z" "-v" "/var/lib/crater-agent-workspace/cargo-home:/opt/rustwide/cargo-home:ro,Z" "-v" "/var/lib/crater-agent-workspace/rustup-home:/opt/rustwide/rustup-home:ro,Z" "-m" "1610612736" "--network" "none" "ghcr.io/rust-lang/crates-build-env/linux@sha256:3111399a4047eeb3a02b7a90e478d715f38a8c6669b5c4b49d30a17385265909" "sleep" "infinity", kill_on_drop: false }`
[INFO] [stdout] 4661be5241d756ae8513bcb553629c3830a55a123c9a61b104a574de02a47a56
[INFO] running `Command { std: "docker" "start" "4661be5241d756ae8513bcb553629c3830a55a123c9a61b104a574de02a47a56", kill_on_drop: false }`
[INFO] running `Command { std: "docker" "inspect" "4661be5241d756ae8513bcb553629c3830a55a123c9a61b104a574de02a47a56", kill_on_drop: false }`
[INFO] running `Command { std: "docker" "exec" "-e" "SOURCE_DIR=/opt/rustwide/workdir" "-e" "CARGO_HOME=/opt/rustwide/cargo-home" "-e" "RUSTUP_HOME=/opt/rustwide/rustup-home" "-e" "CARGO_TARGET_DIR=/opt/rustwide/target" "-w" "/opt/rustwide/workdir" "--user" "0:0" "4661be5241d756ae8513bcb553629c3830a55a123c9a61b104a574de02a47a56" "/opt/rustwide/cargo-home/bin/cargo" "+1.100.0-beta.1" "metadata" "--no-deps" "--format-version=1", kill_on_drop: false }`
[INFO] running `Command { std: "docker" "inspect" "4661be5241d756ae8513bcb553629c3830a55a123c9a61b104a574de02a47a56", kill_on_drop: false }`
[INFO] running `Command { std: "docker" "exec" "-e" "SOURCE_DIR=/opt/rustwide/workdir" "-e" "CARGO_HOME=/opt/rustwide/cargo-home" "-e" "RUSTUP_HOME=/opt/rustwide/rustup-home" "-e" "CARGO_TARGET_DIR=/opt/rustwide/target" "-e" "CARGO_INCREMENTAL=0" "-e" "RUST_BACKTRACE=full" "-e" "RUSTFLAGS=--cap-lints=warn" "-e" "RUSTDOCFLAGS=--cap-lints=warn" "-w" "/opt/rustwide/workdir" "--user" "0:0" "4661be5241d756ae8513bcb553629c3830a55a123c9a61b104a574de02a47a56" "/opt/rustwide/cargo-home/bin/cargo" "+1.100.0-beta.1" "build" "--frozen" "--message-format=json", kill_on_drop: false }`
[INFO] [stderr]    Compiling memchr v2.8.3
[INFO] [stderr]    Compiling syn v3.0.4
[INFO] [stderr]    Compiling aho-corasick v1.1.5
[INFO] [stderr]    Compiling regex-automata v0.4.18
[INFO] [stderr]    Compiling thiserror-impl v2.0.20
[INFO] [stderr]    Compiling thiserror v2.0.20
[INFO] [stderr]    Compiling regex v1.13.1
[INFO] [stderr]    Compiling pymem v0.1.1 (/opt/rustwide/workdir)
[INFO] [stderr] warning: unused dependency `regex`
[INFO] [stderr]  --> Cargo.toml:4:15
[INFO] [stderr]   |
[INFO] [stderr] 4 | [dependencies.regex]
[INFO] [stderr]   |               ^^^^^^
[INFO] [stderr]   |
[INFO] [stderr]   = note: `cargo::unused_dependencies` is set to `warn` by default
[INFO] [stderr] help: consider removing the dependency on `regex`
[INFO] [stderr] warning: unused dependency `thiserror`
[INFO] [stderr]  --> Cargo.toml:7:15
[INFO] [stderr]   |
[INFO] [stderr] 7 | [dependencies.thiserror]
[INFO] [stderr]   |               ^^^^^^^^^^
[INFO] [stderr]   |
[INFO] [stderr] help: consider removing the dependency on `thiserror`
[INFO] [stderr] warning: `pymem` (manifest) generated 2 warnings
[INFO] [stderr]     Finished `dev` profile [unoptimized + debuginfo] target(s) in 7.57s
[INFO] running `Command { std: "docker" "inspect" "4661be5241d756ae8513bcb553629c3830a55a123c9a61b104a574de02a47a56", kill_on_drop: false }`
[INFO] running `Command { std: "docker" "exec" "-e" "SOURCE_DIR=/opt/rustwide/workdir" "-e" "CARGO_HOME=/opt/rustwide/cargo-home" "-e" "RUSTUP_HOME=/opt/rustwide/rustup-home" "-e" "CARGO_TARGET_DIR=/opt/rustwide/target" "-e" "CARGO_INCREMENTAL=0" "-e" "RUST_BACKTRACE=full" "-e" "RUSTFLAGS=--cap-lints=warn" "-e" "RUSTDOCFLAGS=--cap-lints=warn" "-w" "/opt/rustwide/workdir" "--user" "0:0" "4661be5241d756ae8513bcb553629c3830a55a123c9a61b104a574de02a47a56" "/opt/rustwide/cargo-home/bin/cargo" "+1.100.0-beta.1" "test" "--frozen" "--no-run" "--message-format=json", kill_on_drop: false }`
[INFO] [stderr]    Compiling pymem v0.1.1 (/opt/rustwide/workdir)
[INFO] [stdout] error[E0432]: unresolved import `pymem::Pymem`
[INFO] [stdout]   --> examples/inspect_process.rs:11:5
[INFO] [stdout]    |
[INFO] [stdout] 11 | use pymem::Pymem;
[INFO] [stdout]    |     ^^^^^^^-----
[INFO] [stdout]    |            |
[INFO] [stdout]    |            no `Pymem` in the root
[INFO] [stdout] 
[INFO] [stdout] 
[INFO] [stdout] error[E0433]: cannot find module or crate `windows_sys` in this scope
[INFO] [stdout]   --> examples/inject_messagebox.rs:17:5
[INFO] [stdout]    |
[INFO] [stdout] 17 | use windows_sys::Win32::Foundation::GetLastError;
[INFO] [stdout]    |     ^^^^^^^^^^^ use of unresolved module or unlinked crate `windows_sys`
[INFO] [stdout]    |
[INFO] [stdout]    = help: if you wanted to use a crate named `windows_sys`, use `cargo add windows_sys` to add it to your `Cargo.toml`
[INFO] [stdout] 
[INFO] [stdout] 
[INFO] [stdout] error[E0433]: cannot find module or crate `windows_sys` in this scope
[INFO] [stdout]   --> examples/inject_messagebox.rs:18:5
[INFO] [stdout]    |
[INFO] [stdout] 18 | use windows_sys::Win32::System::LibraryLoader::{GetModuleHandleW, GetProcAddress, LoadLibraryW};
[INFO] [stdout]    |     ^^^^^^^^^^^ use of unresolved module or unlinked crate `windows_sys`
[INFO] [stdout]    |
[INFO] [stdout]    = help: if you wanted to use a crate named `windows_sys`, use `cargo add windows_sys` to add it to your `Cargo.toml`
[INFO] [stdout] 
[INFO] [stdout] 
[INFO] [stdout] error[E0432]: unresolved imports `pymem::process`, `pymem::Pymem`
[INFO] [stdout]   --> examples/inject_messagebox.rs:15:13
[INFO] [stdout]    |
[INFO] [stdout] 15 | use pymem::{process::Arch, Pymem};
[INFO] [stdout]    |             ^^^^^^^        ^^^^^ no `Pymem` in the root
[INFO] [stdout]    |             |
[INFO] [stdout]    |             could not find `process` in `pymem`
[INFO] [stdout] 
[INFO] [stdout] 
[INFO] [stdout] error[E0433]: cannot find `process` in `pymem`
[INFO] [stdout]   --> examples/inspect_process.rs:17:28
[INFO] [stdout]    |
[INFO] [stdout] 17 |     if let Err(e) = pymem::process::enable_debug_privilege() {
[INFO] [stdout]    |                            ^^^^^^^ could not find `process` in `pymem`
[INFO] [stdout] 
[INFO] [stdout] 
[INFO] [stdout] error[E0433]: cannot find `PymemError` in `pymem`
[INFO] [stdout]   --> examples/inject_messagebox.rs:40:27
[INFO] [stdout]    |
[INFO] [stdout] 40 |         return Err(pymem::PymemError::Win32 {
[INFO] [stdout]    |                           ^^^^^^^^^^ could not find `PymemError` in `pymem`
[INFO] [stdout] 
[INFO] [stdout] 
[INFO] [stdout] warning: method call on a diverging inference variable
[INFO] [stdout]   --> examples/inspect_process.rs:31:33
[INFO] [stdout]    |
[INFO] [stdout] 31 |     println!("  pid   = {}", pm.process_id());
[INFO] [stdout]    |                                 ^^^^^^^^^^
[INFO] [stdout]    |
[INFO] [stdout]    = help: consider providing a type annotation
[INFO] [stdout]    = warning: this was previously accepted by the compiler but is being phased out; it will become a hard error in a future release!
[INFO] [stdout]    = note: for more information, see issue #156047 <https://github.com/rust-lang/rust/issues/156047>
[INFO] [stdout]    = note: `#[warn(method_call_on_diverging_infer_var)]` (part of `#[warn(future_incompatible)]`) on by default
[INFO] [stdout] 
[INFO] [stdout] 
[INFO] [stdout] error[E0433]: cannot find `PymemError` in `pymem`
[INFO] [stdout]   --> examples/inject_messagebox.rs:49:28
[INFO] [stdout]    |
[INFO] [stdout] 49 |         None => Err(pymem::PymemError::Win32 {
[INFO] [stdout]    |                            ^^^^^^^^^^ could not find `PymemError` in `pymem`
[INFO] [stdout] 
[INFO] [stdout] 
[INFO] [stdout] error[E0432]: unresolved imports `pymem::watch_hardware_breakpoint`, `pymem::HwbpKind`, `pymem::HwbpSize`, `pymem::HwbpSlot`
[INFO] [stdout]   --> examples/watch_self.rs:19:13
[INFO] [stdout]    |
[INFO] [stdout] 19 | use pymem::{watch_hardware_breakpoint, HwbpKind, HwbpSize, HwbpSlot};
[INFO] [stdout]    |             ^^^^^^^^^^^^^^^^^^^^^^^^^  ^^^^^^^^  ^^^^^^^^  ^^^^^^^^ no `HwbpSlot` in the root
[INFO] [stdout]    |             |                          |         |
[INFO] [stdout]    |             |                          |         no `HwbpSize` in the root
[INFO] [stdout]    |             |                          no `HwbpKind` in the root
[INFO] [stdout]    |             no `watch_hardware_breakpoint` in the root
[INFO] [stdout] 
[INFO] [stdout] 
[INFO] [stdout] error[E0433]: cannot find `thread` in `pymem`
[INFO] [stdout]   --> examples/watch_self.rs:35:28
[INFO] [stdout]    |
[INFO] [stdout] 35 |         tid_w.store(pymem::thread::current_thread_id(), Ordering::SeqCst);
[INFO] [stdout]    |                            ^^^^^^ could not find `thread` in `pymem`
[INFO] [stdout] 
[INFO] [stdout] 
[INFO] [stdout] error[E0425]: cannot find type `Result` in crate `pymem`
[INFO] [stdout]   --> examples/watch_self.rs:21:21
[INFO] [stdout]    |
[INFO] [stdout] 21 | fn main() -> pymem::Result<()> {
[INFO] [stdout]    |                     ^^^^^^ not found in `pymem`
[INFO] [stdout]    |
[INFO] [stdout] help: consider importing one of these items
[INFO] [stdout]    |
[INFO] [stdout] 15 + use std::fmt::Result;
[INFO] [stdout]    |
[INFO] [stdout] 15 + use std::io::Result;
[INFO] [stdout]    |
[INFO] [stdout] 15 + use std::result::Result;
[INFO] [stdout]    |
[INFO] [stdout] 15 + use std::thread::Result;
[INFO] [stdout]    |
[INFO] [stdout]    = and 2 other candidates
[INFO] [stdout] help: if you import `Result`, refer to it directly
[INFO] [stdout]    |
[INFO] [stdout] 21 - fn main() -> pymem::Result<()> {
[INFO] [stdout] 21 + fn main() -> Result<()> {
[INFO] [stdout]    |
[INFO] [stdout] 
[INFO] [stdout] 
[INFO] [stdout] error[E0599]: no method named `process_id` found for type `!` in the current scope
[INFO] [stdout]   --> examples/inspect_process.rs:31:33
[INFO] [stdout]    |
[INFO] [stdout] 31 |     println!("  pid   = {}", pm.process_id());
[INFO] [stdout]    |                                 ^^^^^^^^^^ method not found in `!`
[INFO] [stdout] 
[INFO] [stdout] 
[INFO] [stdout] error[E0433]: cannot find `process` in `pymem`
[INFO] [stdout]    --> examples/inject_messagebox.rs:133:28
[INFO] [stdout]     |
[INFO] [stdout] 133 |     if let Err(e) = pymem::process::enable_debug_privilege() {
[INFO] [stdout]     |                            ^^^^^^^ could not find `process` in `pymem`
[INFO] [stdout] 
[INFO] [stdout] 
[INFO] [stdout] error[E0425]: cannot find type `Result` in crate `pymem`
[INFO] [stdout]   --> examples/inject_messagebox.rs:30:38
[INFO] [stdout]    |
[INFO] [stdout] 30 | fn resolve_message_box_w() -> pymem::Result<usize> {
[INFO] [stdout]    |                                      ^^^^^^ not found in `pymem`
[INFO] [stdout]    |
[INFO] [stdout] help: consider importing one of these items
[INFO] [stdout]    |
[INFO] [stdout] 15 + use std::fmt::Result;
[INFO] [stdout]    |
[INFO] [stdout] 15 + use std::io::Result;
[INFO] [stdout]    |
[INFO] [stdout] 15 + use std::result::Result;
[INFO] [stdout]    |
[INFO] [stdout] 15 + use std::thread::Result;
[INFO] [stdout]    |
[INFO] [stdout]    = and 2 other candidates
[INFO] [stdout] help: if you import `Result`, refer to it directly
[INFO] [stdout]    |
[INFO] [stdout] 30 - fn resolve_message_box_w() -> pymem::Result<usize> {
[INFO] [stdout] 30 + fn resolve_message_box_w() -> Result<usize> {
[INFO] [stdout]    |
[INFO] [stdout] 
[INFO] [stdout] 
[INFO] [stdout] Some errors have detailed explanations: E0425, E0432, E0433.
[INFO] [stdout] 
[INFO] [stderr] error: could not compile `pymem` (example "watch_self") due to 3 previous errors
[INFO] [stdout] For more information about an error, try `rustc --explain E0425`.
[INFO] [stdout] 
[INFO] [stderr] warning: build failed, waiting for other jobs to finish...
[INFO] [stdout] error[E0599]: no method named `arch` found for type `!` in the current scope
[INFO] [stdout]   --> examples/inspect_process.rs:32:42
[INFO] [stdout]    |
[INFO] [stdout] 32 |     println!("  arch  = {:?} ({} 位)", pm.arch(), pm.pointer_size() * 8);
[INFO] [stdout]    |                                           ^^^^ method not found in `!`
[INFO] [stdout] 
[INFO] [stdout] 
[INFO] [stdout] warning: unreachable call
[INFO] [stdout]   --> examples/inspect_process.rs:32:42
[INFO] [stdout]    |
[INFO] [stdout] 32 |     println!("  arch  = {:?} ({} 位)", pm.arch(), pm.pointer_size() * 8);
[INFO] [stdout]    |                                        -- ^^^^ unreachable call
[INFO] [stdout]    |                                        |
[INFO] [stdout]    |                                        any code following this expression is unreachable
[INFO] [stdout]    |
[INFO] [stdout]    = note: `#[warn(unreachable_code)]` (part of `#[warn(unused)]`) on by default
[INFO] [stdout] 
[INFO] [stdout] 
[INFO] [stdout] error[E0599]: no method named `pointer_size` found for type `!` in the current scope
[INFO] [stdout]   --> examples/inspect_process.rs:32:53
[INFO] [stdout]    |
[INFO] [stdout] 32 |     println!("  arch  = {:?} ({} 位)", pm.arch(), pm.pointer_size() * 8);
[INFO] [stdout]    |                                                      ^^^^^^^^^^^^ method not found in `!`
[INFO] [stdout] 
[INFO] [stdout] 
[INFO] [stdout] warning: unreachable call
[INFO] [stdout]   --> examples/inspect_process.rs:32:53
[INFO] [stdout]    |
[INFO] [stdout] 32 |     println!("  arch  = {:?} ({} 位)", pm.arch(), pm.pointer_size() * 8);
[INFO] [stdout]    |                                                   -- ^^^^^^^^^^^^ unreachable call
[INFO] [stdout]    |                                                   |
[INFO] [stdout]    |                                                   any code following this expression is unreachable
[INFO] [stdout] 
[INFO] [stdout] 
[INFO] [stdout] warning: method call on a diverging inference variable
[INFO] [stdout]    --> examples/inject_messagebox.rs:148:12
[INFO] [stdout]     |
[INFO] [stdout] 148 |         pm.process_id(),
[INFO] [stdout]     |            ^^^^^^^^^^
[INFO] [stdout]     |
[INFO] [stdout]     = help: consider providing a type annotation
[INFO] [stdout]     = warning: this was previously accepted by the compiler but is being phased out; it will become a hard error in a future release!
[INFO] [stdout]     = note: for more information, see issue #156047 <https://github.com/rust-lang/rust/issues/156047>
[INFO] [stdout]     = note: `#[warn(method_call_on_diverging_infer_var)]` (part of `#[warn(future_incompatible)]`) on by default
[INFO] [stdout] 
[INFO] [stdout] 
[INFO] [stdout] error[E0599]: no method named `base_address` found for type `!` in the current scope
[INFO] [stdout]   --> examples/inspect_process.rs:34:14
[INFO] [stdout]    |
[INFO] [stdout] 34 |     match pm.base_address() {
[INFO] [stdout]    |              ^^^^^^^^^^^^ method not found in `!`
[INFO] [stdout] 
[INFO] [stdout] 
[INFO] [stdout] warning: unreachable call
[INFO] [stdout]   --> examples/inspect_process.rs:34:14
[INFO] [stdout]    |
[INFO] [stdout] 34 |     match pm.base_address() {
[INFO] [stdout]    |           -- ^^^^^^^^^^^^ unreachable call
[INFO] [stdout]    |           |
[INFO] [stdout]    |           any code following this expression is unreachable
[INFO] [stdout] 
[INFO] [stdout] 
[INFO] [stdout] error[E0599]: no method named `read_bytes` found for type `!` in the current scope
[INFO] [stdout]   --> examples/inspect_process.rs:38:33
[INFO] [stdout]    |
[INFO] [stdout] 38 |             if let Ok(sig) = pm.read_bytes(base, 2) {
[INFO] [stdout]    |                                 ^^^^^^^^^^ method not found in `!`
[INFO] [stdout] 
[INFO] [stdout] 
[INFO] [stdout] warning: unreachable expression
[INFO] [stdout]   --> examples/inspect_process.rs:38:44
[INFO] [stdout]    |
[INFO] [stdout] 38 |             if let Ok(sig) = pm.read_bytes(base, 2) {
[INFO] [stdout]    |                              --            ^^^^ unreachable expression
[INFO] [stdout]    |                              |
[INFO] [stdout]    |                              any code following this expression is unreachable
[INFO] [stdout] 
[INFO] [stdout] 
[INFO] [stdout] error[E0432]: unresolved import `pymem::remote`
[INFO] [stdout]   --> examples/watch_remote.rs:23:12
[INFO] [stdout]    |
[INFO] [stdout] 23 | use pymem::remote::RemoteDebugger;
[INFO] [stdout]    |            ^^^^^^ could not find `remote` in `pymem`
[INFO] [stdout] 
[INFO] [stdout] 
[INFO] [stdout] error[E0599]: no method named `aob_scan_module_first` found for type `!` in the current scope
[INFO] [stdout]   --> examples/inspect_process.rs:46:14
[INFO] [stdout]    |
[INFO] [stdout] 46 |     match pm.aob_scan_module_first("4D 5A", &target) {
[INFO] [stdout]    |              ^^^^^^^^^^^^^^^^^^^^^ method not found in `!`
[INFO] [stdout] 
[INFO] [stdout] 
[INFO] [stdout] warning: unreachable expression
[INFO] [stdout]   --> examples/inspect_process.rs:46:36
[INFO] [stdout]    |
[INFO] [stdout] 46 |     match pm.aob_scan_module_first("4D 5A", &target) {
[INFO] [stdout]    |           --                       ^^^^^^^ unreachable expression
[INFO] [stdout]    |           |
[INFO] [stdout]    |           any code following this expression is unreachable
[INFO] [stdout] 
[INFO] [stdout] 
[INFO] [stdout] error[E0432]: unresolved imports `pymem::HwbpKind`, `pymem::HwbpSize`
[INFO] [stdout]   --> examples/watch_remote.rs:24:13
[INFO] [stdout]    |
[INFO] [stdout] 24 | use pymem::{HwbpKind, HwbpSize};
[INFO] [stdout]    |             ^^^^^^^^  ^^^^^^^^ no `HwbpSize` in the root
[INFO] [stdout]    |             |
[INFO] [stdout]    |             no `HwbpKind` in the root
[INFO] [stdout] 
[INFO] [stdout] 
[INFO] [stdout] error[E0433]: cannot find `process` in `pymem`
[INFO] [stdout]   --> examples/watch_remote.rs:51:20
[INFO] [stdout]    |
[INFO] [stdout] 51 |     let _ = pymem::process::set_privilege("SeDebugPrivilege", true);
[INFO] [stdout]    |                    ^^^^^^^ could not find `process` in `pymem`
[INFO] [stdout] 
[INFO] [stdout] 
[INFO] [stdout] error[E0425]: cannot find type `Result` in crate `pymem`
[INFO] [stdout]   --> examples/watch_remote.rs:26:21
[INFO] [stdout]    |
[INFO] [stdout] 26 | fn main() -> pymem::Result<()> {
[INFO] [stdout]    |                     ^^^^^^ not found in `pymem`
[INFO] [stdout]    |
[INFO] [stdout] help: consider importing one of these items
[INFO] [stdout]    |
[INFO] [stdout] 20 + use std::fmt::Result;
[INFO] [stdout]    |
[INFO] [stdout] 20 + use std::io::Result;
[INFO] [stdout]    |
[INFO] [stdout] 20 + use std::result::Result;
[INFO] [stdout]    |
[INFO] [stdout] 20 + use std::thread::Result;
[INFO] [stdout]    |
[INFO] [stdout]    = and 2 other candidates
[INFO] [stdout] help: if you import `Result`, refer to it directly
[INFO] [stdout]    |
[INFO] [stdout] 26 - fn main() -> pymem::Result<()> {
[INFO] [stdout] 26 + fn main() -> Result<()> {
[INFO] [stdout]    |
[INFO] [stdout] 
[INFO] [stdout] 
[INFO] [stdout] error[E0599]: no method named `list_modules` found for type `!` in the current scope
[INFO] [stdout]   --> examples/inspect_process.rs:52:14
[INFO] [stdout]    |
[INFO] [stdout] 52 |     match pm.list_modules() {
[INFO] [stdout]    |              ^^^^^^^^^^^^ method not found in `!`
[INFO] [stdout] 
[INFO] [stdout] 
[INFO] [stdout] warning: unreachable call
[INFO] [stdout]   --> examples/inspect_process.rs:52:14
[INFO] [stdout]    |
[INFO] [stdout] 52 |     match pm.list_modules() {
[INFO] [stdout]    |           -- ^^^^^^^^^^^^ unreachable call
[INFO] [stdout]    |           |
[INFO] [stdout]    |           any code following this expression is unreachable
[INFO] [stdout] 
[INFO] [stdout] 
[INFO] [stdout] Some errors have detailed explanations: E0432, E0433, E0599.
[INFO] [stdout] 
[INFO] [stdout] For more information about an error, try `rustc --explain E0432`.
[INFO] [stdout] 
[INFO] [stdout] Some errors have detailed explanations: E0425, E0432, E0433.
[INFO] [stdout] 
[INFO] [stdout] For more information about an error, try `rustc --explain E0425`.
[INFO] [stdout] 
[INFO] [stderr] error: could not compile `pymem` (example "watch_remote") due to 4 previous errors
[INFO] [stdout] error[E0599]: no method named `process_id` found for type `!` in the current scope
[INFO] [stdout]    --> examples/inject_messagebox.rs:148:12
[INFO] [stdout]     |
[INFO] [stdout] 148 |         pm.process_id(),
[INFO] [stdout]     |            ^^^^^^^^^^ method not found in `!`
[INFO] [stdout] 
[INFO] [stdout] 
[INFO] [stderr] error: could not compile `pymem` (example "inspect_process") due to 9 previous errors; 8 warnings emitted
[INFO] [stdout] error[E0432]: unresolved import `pymem::Pymem`
[INFO] [stdout]  --> examples/self_demo.rs:8:5
[INFO] [stdout]   |
[INFO] [stdout] 8 | use pymem::Pymem;
[INFO] [stdout]   |     ^^^^^^^-----
[INFO] [stdout]   |            |
[INFO] [stdout]   |            no `Pymem` in the root
[INFO] [stdout] 
[INFO] [stdout] 
[INFO] [stdout] error[E0425]: cannot find type `Result` in crate `pymem`
[INFO] [stdout]   --> examples/self_demo.rs:10:21
[INFO] [stdout]    |
[INFO] [stdout] 10 | fn main() -> pymem::Result<()> {
[INFO] [stdout]    |                     ^^^^^^ not found in `pymem`
[INFO] [stdout]    |
[INFO] [stdout] help: consider importing one of these items
[INFO] [stdout]    |
[INFO] [stdout]  8 + use std::fmt::Result;
[INFO] [stdout]    |
[INFO] [stdout]  8 + use std::io::Result;
[INFO] [stdout]    |
[INFO] [stdout]  8 + use std::result::Result;
[INFO] [stdout]    |
[INFO] [stdout]  8 + use std::thread::Result;
[INFO] [stdout]    |
[INFO] [stdout]    = and 2 other candidates
[INFO] [stdout] help: if you import `Result`, refer to it directly
[INFO] [stdout]    |
[INFO] [stdout] 10 - fn main() -> pymem::Result<()> {
[INFO] [stdout] 10 + fn main() -> Result<()> {
[INFO] [stdout]    |
[INFO] [stdout] 
[INFO] [stdout] 
[INFO] [stdout] error[E0599]: no method named `arch` found for type `!` in the current scope
[INFO] [stdout]    --> examples/inject_messagebox.rs:149:12
[INFO] [stdout]     |
[INFO] [stdout] 149 |         pm.arch(),
[INFO] [stdout]     |            ^^^^ method not found in `!`
[INFO] [stdout] 
[INFO] [stdout] 
[INFO] [stdout] Some errors have detailed explanations: E0425, E0432.
[INFO] [stdout] 
[INFO] [stdout] warning: unreachable call
[INFO] [stdout]    --> examples/inject_messagebox.rs:149:12
[INFO] [stdout]     |
[INFO] [stdout] 149 |         pm.arch(),
[INFO] [stdout]     |         -- ^^^^ unreachable call
[INFO] [stdout]     |         |
[INFO] [stdout]     |         any code following this expression is unreachable
[INFO] [stdout]     |
[INFO] [stdout]     = note: `#[warn(unreachable_code)]` (part of `#[warn(unused)]`) on by default
[INFO] [stdout] 
[INFO] [stdout] 
[INFO] [stdout] For more information about an error, try `rustc --explain E0425`.
[INFO] [stdout] 
[INFO] [stderr] error: could not compile `pymem` (example "self_demo") due to 2 previous errors
[INFO] [stdout] error[E0599]: no method named `pointer_size` found for type `!` in the current scope
[INFO] [stdout]    --> examples/inject_messagebox.rs:150:12
[INFO] [stdout]     |
[INFO] [stdout] 150 |         pm.pointer_size() * 8
[INFO] [stdout]     |            ^^^^^^^^^^^^ method not found in `!`
[INFO] [stdout] 
[INFO] [stdout] 
[INFO] [stdout] warning: unreachable call
[INFO] [stdout]    --> examples/inject_messagebox.rs:150:12
[INFO] [stdout]     |
[INFO] [stdout] 150 |         pm.pointer_size() * 8
[INFO] [stdout]     |         -- ^^^^^^^^^^^^ unreachable call
[INFO] [stdout]     |         |
[INFO] [stdout]     |         any code following this expression is unreachable
[INFO] [stdout] 
[INFO] [stdout] 
[INFO] [stdout] error[E0599]: no method named `arch` found for type `!` in the current scope
[INFO] [stdout]    --> examples/inject_messagebox.rs:162:33
[INFO] [stdout]     |
[INFO] [stdout] 162 |     let sc = build_shellcode(pm.arch(), MESSAGE, TITLE, message_box_w);
[INFO] [stdout]     |                                 ^^^^ method not found in `!`
[INFO] [stdout] 
[INFO] [stdout] 
[INFO] [stdout] warning: unreachable call
[INFO] [stdout]    --> examples/inject_messagebox.rs:162:33
[INFO] [stdout]     |
[INFO] [stdout] 162 |     let sc = build_shellcode(pm.arch(), MESSAGE, TITLE, message_box_w);
[INFO] [stdout]     |                              -- ^^^^ unreachable call
[INFO] [stdout]     |                              |
[INFO] [stdout]     |                              any code following this expression is unreachable
[INFO] [stdout] 
[INFO] [stdout] 
[INFO] [stdout] error[E0599]: no method named `pointer_size` found for type `!` in the current scope
[INFO] [stdout]    --> examples/inject_messagebox.rs:163:54
[INFO] [stdout]     |
[INFO] [stdout] 163 |     println!("shellcode {} 字节（{} 位模板）", sc.len(), pm.pointer_size() * 8);
[INFO] [stdout]     |                                                             ^^^^^^^^^^^^ method not found in `!`
[INFO] [stdout] 
[INFO] [stdout] 
[INFO] [stdout] warning: unreachable call
[INFO] [stdout]    --> examples/inject_messagebox.rs:163:54
[INFO] [stdout]     |
[INFO] [stdout] 163 |     println!("shellcode {} 字节（{} 位模板）", sc.len(), pm.pointer_size() * 8);
[INFO] [stdout]     |                                                          -- ^^^^^^^^^^^^ unreachable call
[INFO] [stdout]     |                                                          |
[INFO] [stdout]     |                                                          any code following this expression is unreachable
[INFO] [stdout] 
[INFO] [stdout] 
[INFO] [stdout] error[E0599]: no method named `inject_shellcode` found for type `!` in the current scope
[INFO] [stdout]    --> examples/inject_messagebox.rs:165:38
[INFO] [stdout]     |
[INFO] [stdout] 165 |     let (addr, exit_code) = match pm.inject_shellcode(&sc) {
[INFO] [stdout]     |                                      ^^^^^^^^^^^^^^^^ method not found in `!`
[INFO] [stdout] 
[INFO] [stdout] 
[INFO] [stdout] warning: unreachable expression
[INFO] [stdout]    --> examples/inject_messagebox.rs:165:55
[INFO] [stdout]     |
[INFO] [stdout] 165 |     let (addr, exit_code) = match pm.inject_shellcode(&sc) {
[INFO] [stdout]     |                                   --                  ^^^ unreachable expression
[INFO] [stdout]     |                                   |
[INFO] [stdout]     |                                   any code following this expression is unreachable
[INFO] [stdout] 
[INFO] [stdout] 
[INFO] [stdout] error[E0599]: no method named `free` found for type `!` in the current scope
[INFO] [stdout]    --> examples/inject_messagebox.rs:174:24
[INFO] [stdout]     |
[INFO] [stdout] 174 |     if let Err(e) = pm.free(addr) {
[INFO] [stdout]     |                        ^^^^ method not found in `!`
[INFO] [stdout] 
[INFO] [stdout] 
[INFO] [stdout] warning: unreachable expression
[INFO] [stdout]    --> examples/inject_messagebox.rs:174:29
[INFO] [stdout]     |
[INFO] [stdout] 174 |     if let Err(e) = pm.free(addr) {
[INFO] [stdout]     |                     --      ^^^^ unreachable expression
[INFO] [stdout]     |                     |
[INFO] [stdout]     |                     any code following this expression is unreachable
[INFO] [stdout] 
[INFO] [stdout] 
[INFO] [stderr] error: could not compile `pymem` (example "inject_messagebox") due to 14 previous errors; 8 warnings emitted
[INFO] [stdout] Some errors have detailed explanations: E0425, E0432, E0433, E0599.
[INFO] [stdout] 
[INFO] [stderr] warning: unused dependency `regex`
[INFO] [stdout] For more information about an error, try `rustc --explain E0425`.
[INFO] [stdout] 
[INFO] [stderr]  --> Cargo.toml:4:15
[INFO] [stderr]   |
[INFO] [stderr] 4 | [dependencies.regex]
[INFO] [stderr]   |               ^^^^^^
[INFO] [stderr]   |
[INFO] [stderr]   = note: `cargo::unused_dependencies` is set to `warn` by default
[INFO] [stderr] help: consider removing the dependency on `regex`
[INFO] [stderr] warning: unused dependency `thiserror`
[INFO] [stderr]  --> Cargo.toml:7:15
[INFO] [stderr]   |
[INFO] [stderr] 7 | [dependencies.thiserror]
[INFO] [stderr]   |               ^^^^^^^^^^
[INFO] [stderr]   |
[INFO] [stderr] help: consider removing the dependency on `thiserror`
[INFO] [stderr] warning: `pymem` (manifest) generated 2 warnings
[INFO] running `Command { std: "docker" "inspect" "4661be5241d756ae8513bcb553629c3830a55a123c9a61b104a574de02a47a56", kill_on_drop: false }`
[INFO] running `Command { std: "docker" "rm" "-f" "4661be5241d756ae8513bcb553629c3830a55a123c9a61b104a574de02a47a56", kill_on_drop: false }`
[INFO] [stdout] 4661be5241d756ae8513bcb553629c3830a55a123c9a61b104a574de02a47a56
