[INFO] fetching crate purrdf-gts 3.0.1...
[INFO] testing purrdf-gts-3.0.1 against 1.99.0-beta.8 for beta-1.100-2
[INFO] extracting crate purrdf-gts 3.0.1 into /workspace/builds/worker-0-tc1/source
[INFO] started tweaking crates.io crate purrdf-gts 3.0.1
[INFO] removed 0 missing examples
[INFO] removed 0 missing tests
[INFO] finished tweaking crates.io crate purrdf-gts 3.0.1
[INFO] tweaked toml for crates.io crate purrdf-gts 3.0.1 written to /workspace/builds/worker-0-tc1/source/Cargo.toml
[INFO] validating manifest of crates.io crate purrdf-gts 3.0.1 on toolchain 1.99.0-beta.8
[INFO] running `Command { std: CARGO_HOME="/workspace/cargo-home" RUSTUP_HOME="/workspace/rustup-home" "/workspace/cargo-home/bin/cargo" "+1.99.0-beta.8" "metadata" "--manifest-path" "Cargo.toml" "--no-deps", kill_on_drop: false }`
[INFO] crate crates.io crate purrdf-gts 3.0.1 already has a lockfile, it will not be regenerated
[INFO] running `Command { std: CARGO_HOME="/workspace/cargo-home" RUSTUP_HOME="/workspace/rustup-home" "/workspace/cargo-home/bin/cargo" "+1.99.0-beta.8" "fetch" "--manifest-path" "Cargo.toml", kill_on_drop: false }`
[INFO] [stderr]     Updating crates.io index
[INFO] [stderr]  Downloading crates ...
[INFO] [stderr]   Downloaded universal-hash v0.6.1
[INFO] [stderr]   Downloaded fastrand v2.4.1
[INFO] [stderr]   Downloaded visual-hashing v1.0.0
[INFO] [stderr]   Downloaded inout v0.2.2
[INFO] [stderr]   Downloaded ghash v0.6.0
[INFO] [stderr]   Downloaded cpubits v0.1.1
[INFO] [stderr]   Downloaded cmov v0.5.4
[INFO] [stderr]   Downloaded polyval v0.7.3
[INFO] [stderr]   Downloaded purrdf-events v3.0.1
[INFO] [stderr]   Downloaded either v1.16.0
[INFO] [stderr]   Downloaded ctr v0.10.1
[INFO] [stderr]   Downloaded cipher v0.5.2
[INFO] [stderr]   Downloaded aead v0.6.1
[INFO] [stderr]   Downloaded purrdf-stack v3.0.1
[INFO] [stderr]   Downloaded hybrid-array v0.4.15
[INFO] [stderr]   Downloaded ctutils v0.4.2
[INFO] [stderr]   Downloaded rayon v1.12.0
[INFO] [stderr]   Downloaded rayon-core v1.13.0
[INFO] [stderr]   Downloaded purrdf-deflate v3.0.1
[INFO] [stderr]   Downloaded purrdf-hash v3.0.1
[INFO] [stderr]   Downloaded aes v0.9.3
[INFO] [stderr]   Downloaded aes-gcm v0.11.1
[INFO] [stderr]   Downloaded purrdf-ed25519 v3.0.1
[INFO] [stderr]   Downloaded structured-zstd v0.0.49
[INFO] [stderr]   Downloaded purrdf-iri v3.0.1
[INFO] [stderr]   Downloaded purrdf-lex v3.0.1
[INFO] [stderr]   Downloaded purrdf-xsd v3.0.1
[INFO] running `Command { std: "docker" "create" "-v" "/var/lib/crater-agent-workspace/builds/worker-0-tc1/source:/opt/rustwide/workdir:ro,Z" "-v" "/var/lib/crater-agent-workspace/builds/worker-0-tc1/target:/opt/rustwide/target:rw,Z" "-v" "/var/lib/crater-agent-workspace/cargo-home:/opt/rustwide/cargo-home:ro,Z" "-v" "/var/lib/crater-agent-workspace/rustup-home:/opt/rustwide/rustup-home:ro,Z" "-m" "1610612736" "--network" "none" "ghcr.io/rust-lang/crates-build-env/linux@sha256:3111399a4047eeb3a02b7a90e478d715f38a8c6669b5c4b49d30a17385265909" "sleep" "infinity", kill_on_drop: false }`
[INFO] [stdout] aeba209a99e2faa04ff1b53c47af4d072ae6df94aa8d8a6e5589a39039f1afb3
[INFO] running `Command { std: "docker" "start" "aeba209a99e2faa04ff1b53c47af4d072ae6df94aa8d8a6e5589a39039f1afb3", kill_on_drop: false }`
[INFO] running `Command { std: "docker" "inspect" "aeba209a99e2faa04ff1b53c47af4d072ae6df94aa8d8a6e5589a39039f1afb3", kill_on_drop: false }`
[INFO] running `Command { std: "docker" "exec" "-e" "SOURCE_DIR=/opt/rustwide/workdir" "-e" "CARGO_HOME=/opt/rustwide/cargo-home" "-e" "RUSTUP_HOME=/opt/rustwide/rustup-home" "-e" "CARGO_TARGET_DIR=/opt/rustwide/target" "-w" "/opt/rustwide/workdir" "--user" "0:0" "aeba209a99e2faa04ff1b53c47af4d072ae6df94aa8d8a6e5589a39039f1afb3" "/opt/rustwide/cargo-home/bin/cargo" "+1.99.0-beta.8" "metadata" "--no-deps" "--format-version=1", kill_on_drop: false }`
[INFO] running `Command { std: "docker" "inspect" "aeba209a99e2faa04ff1b53c47af4d072ae6df94aa8d8a6e5589a39039f1afb3", kill_on_drop: false }`
[INFO] running `Command { std: "docker" "exec" "-e" "SOURCE_DIR=/opt/rustwide/workdir" "-e" "CARGO_HOME=/opt/rustwide/cargo-home" "-e" "RUSTUP_HOME=/opt/rustwide/rustup-home" "-e" "CARGO_TARGET_DIR=/opt/rustwide/target" "-e" "CARGO_INCREMENTAL=0" "-e" "RUST_BACKTRACE=full" "-e" "RUSTFLAGS=--cap-lints=warn" "-e" "RUSTDOCFLAGS=--cap-lints=warn" "-w" "/opt/rustwide/workdir" "--user" "0:0" "aeba209a99e2faa04ff1b53c47af4d072ae6df94aa8d8a6e5589a39039f1afb3" "/opt/rustwide/cargo-home/bin/cargo" "+1.99.0-beta.8" "build" "--frozen" "--message-format=json", kill_on_drop: false }`
[INFO] [stderr]    Compiling typenum v1.20.1
[INFO] [stderr]    Compiling cpufeatures v0.3.0
[INFO] [stderr]    Compiling crossbeam-utils v0.8.21
[INFO] [stderr]    Compiling cmov v0.5.4
[INFO] [stderr]    Compiling purrdf-hash v3.0.1
[INFO] [stderr]    Compiling cpubits v0.1.1
[INFO] [stderr]    Compiling rayon-core v1.13.0
[INFO] [stderr]    Compiling cfg-if v1.0.4
[INFO] [stderr]    Compiling twox-hash v2.1.2
[INFO] [stderr]    Compiling either v1.16.0
[INFO] [stderr]    Compiling fastrand v2.4.1
[INFO] [stderr]    Compiling purrdf-events v3.0.1
[INFO] [stderr]    Compiling visual-hashing v1.0.0
[INFO] [stderr]    Compiling structured-zstd v0.0.49
[INFO] [stderr]    Compiling ctutils v0.4.2
[INFO] [stderr]    Compiling crossbeam-epoch v0.9.18
[INFO] [stderr]    Compiling hybrid-array v0.4.15
[INFO] [stderr]    Compiling crossbeam-deque v0.8.6
[INFO] [stderr]    Compiling crypto-common v0.2.2
[INFO] [stderr]    Compiling block-buffer v0.12.1
[INFO] [stderr]    Compiling inout v0.2.2
[INFO] [stderr]    Compiling rayon v1.12.0
[INFO] [stderr]    Compiling cipher v0.5.2
[INFO] [stderr]    Compiling universal-hash v0.6.1
[INFO] [stderr]    Compiling digest v0.11.3
[INFO] [stderr]    Compiling aead v0.6.1
[INFO] [stderr]    Compiling polyval v0.7.3
[INFO] [stderr]    Compiling sha2 v0.11.0
[INFO] [stderr]    Compiling ghash v0.6.0
[INFO] [stderr]    Compiling aes v0.9.3
[INFO] [stderr]    Compiling ctr v0.10.1
[INFO] [stderr]    Compiling aes-gcm v0.11.1
[INFO] [stderr]    Compiling purrdf-lex v3.0.1
[INFO] [stderr]    Compiling purrdf-deflate v3.0.1
[INFO] [stderr]    Compiling purrdf-ed25519 v3.0.1
[INFO] [stderr]    Compiling purrdf-xsd v3.0.1
[INFO] [stderr]    Compiling purrdf-iri v3.0.1
[INFO] [stderr]    Compiling purrdf-gts v3.0.1 (/opt/rustwide/workdir)
[INFO] [stderr]     Finished `dev` profile [unoptimized + debuginfo] target(s) in 29.34s
[INFO] running `Command { std: "docker" "inspect" "aeba209a99e2faa04ff1b53c47af4d072ae6df94aa8d8a6e5589a39039f1afb3", kill_on_drop: false }`
[INFO] running `Command { std: "docker" "exec" "-e" "SOURCE_DIR=/opt/rustwide/workdir" "-e" "CARGO_HOME=/opt/rustwide/cargo-home" "-e" "RUSTUP_HOME=/opt/rustwide/rustup-home" "-e" "CARGO_TARGET_DIR=/opt/rustwide/target" "-e" "CARGO_INCREMENTAL=0" "-e" "RUST_BACKTRACE=full" "-e" "RUSTFLAGS=--cap-lints=warn" "-e" "RUSTDOCFLAGS=--cap-lints=warn" "-w" "/opt/rustwide/workdir" "--user" "0:0" "aeba209a99e2faa04ff1b53c47af4d072ae6df94aa8d8a6e5589a39039f1afb3" "/opt/rustwide/cargo-home/bin/cargo" "+1.99.0-beta.8" "test" "--frozen" "--no-run" "--message-format=json", kill_on_drop: false }`
[INFO] [stderr]    Compiling libc v0.2.186
[INFO] [stderr]    Compiling getrandom v0.3.4
[INFO] [stderr]    Compiling purrdf-stack v3.0.1
[INFO] [stderr]    Compiling purrdf-gts v3.0.1 (/opt/rustwide/workdir)
[INFO] [stdout] error[E0433]: cannot find module or crate `purrdf_testkit` in this scope
[INFO] [stdout]    --> tests/unpack_mtime.rs:162:16
[INFO] [stdout]     |
[INFO] [stdout] 162 |     let dest = purrdf_testkit::temp_dir!("gts-mtime-rodir-").expect("temp dir");
[INFO] [stdout]     |                ^^^^^^^^^^^^^^ use of unresolved module or unlinked crate `purrdf_testkit`
[INFO] [stdout] 
[INFO] [stdout] 
[INFO] [stdout] error[E0433]: cannot find module or crate `purrdf_testkit` in this scope
[INFO] [stdout]    --> tests/unpack_mtime.rs:118:16
[INFO] [stdout]     |
[INFO] [stdout] 118 |     let dest = purrdf_testkit::temp_dir!("gts-mtime-link-").expect("temp dir");
[INFO] [stdout]     |                ^^^^^^^^^^^^^^ use of unresolved module or unlinked crate `purrdf_testkit`
[INFO] [stdout] 
[INFO] [stdout] 
[INFO] [stdout] error[E0433]: cannot find module or crate `purrdf_testkit` in this scope
[INFO] [stdout]   --> tests/unpack_mtime.rs:87:16
[INFO] [stdout]    |
[INFO] [stdout] 87 |     let dest = purrdf_testkit::temp_dir!("gts-mtime-tree-").expect("temp dir");
[INFO] [stdout]    |                ^^^^^^^^^^^^^^ use of unresolved module or unlinked crate `purrdf_testkit`
[INFO] [stdout] 
[INFO] [stdout] 
[INFO] [stdout] error: couldn't read `tests/../../../vectors/encrypt0/basic.json`: No such file or directory (os error 2)
[INFO] [stdout]   --> tests/cose_public_decryption.rs:53:32
[INFO] [stdout]    |
[INFO] [stdout] 53 |         purrdf_lex::json::read(include_str!("../../../vectors/encrypt0/basic.json")).unwrap();
[INFO] [stdout]    |                                ^^^^^^^^^^^^^^^^^^^^^^^^^^^^^^^^^^^^^^^^^^^^^^^^^^^^
[INFO] [stdout] 
[INFO] [stdout] 
[INFO] [stdout] For more information about this error, try `rustc --explain E0433`.
[INFO] [stdout] 
[INFO] [stderr] error: could not compile `purrdf-gts` (test "unpack_mtime") due to 3 previous errors
[INFO] [stderr] warning: build failed, waiting for other jobs to finish...
[INFO] [stdout] error[E0433]: cannot find module or crate `purrdf_testkit` in this scope
[INFO] [stdout]   --> tests/frozen_canonical_bytes.rs:10:19
[INFO] [stdout]    |
[INFO] [stdout] 10 |     let vectors = purrdf_testkit::paths::workspace_root().join("vectors");
[INFO] [stdout]    |                   ^^^^^^^^^^^^^^ use of unresolved module or unlinked crate `purrdf_testkit`
[INFO] [stdout]    |
[INFO] [stdout]    = help: if you wanted to use a crate named `purrdf_testkit`, use `cargo add purrdf_testkit` to add it to your `Cargo.toml`
[INFO] [stdout] 
[INFO] [stdout] 
[INFO] [stdout] For more information about this error, try `rustc --explain E0433`.
[INFO] [stdout] 
[INFO] [stderr] error: could not compile `purrdf-gts` (test "frozen_canonical_bytes") due to 1 previous error
[INFO] [stdout] error: couldn't read `src/cose/../../../../vectors/encrypt0/basic.json`: No such file or directory (os error 2)
[INFO] [stdout]   --> src/cose/tests.rs:13:32
[INFO] [stdout]    |
[INFO] [stdout] 13 |         purrdf_lex::json::read(include_str!("../../../../vectors/encrypt0/basic.json")).unwrap();
[INFO] [stdout]    |                                ^^^^^^^^^^^^^^^^^^^^^^^^^^^^^^^^^^^^^^^^^^^^^^^^^^^^^^^
[INFO] [stdout] 
[INFO] [stdout] 
[INFO] [stderr] error: could not compile `purrdf-gts` (test "cose_public_decryption") due to 1 previous error
[INFO] [stdout] error[E0433]: cannot find module or crate `purrdf_testkit` in this scope
[INFO] [stdout]    --> src/openpgp.rs:482:9
[INFO] [stdout]     |
[INFO] [stdout] 482 |         purrdf_testkit::paths::workspace_root().join("vectors/openpgp")
[INFO] [stdout]     |         ^^^^^^^^^^^^^^ use of unresolved module or unlinked crate `purrdf_testkit`
[INFO] [stdout]     |
[INFO] [stdout]     = help: if you wanted to use a crate named `purrdf_testkit`, use `cargo add purrdf_testkit` to add it to your `Cargo.toml`
[INFO] [stdout] 
[INFO] [stdout] 
[INFO] [stdout] error[E0433]: cannot find module or crate `purrdf_testkit` in this scope
[INFO] [stdout]    --> src/reader_union.rs:497:23
[INFO] [stdout]     |
[INFO] [stdout] 497 |         let mut rng = purrdf_testkit::rng::SplitMix64::new(seed);
[INFO] [stdout]     |                       ^^^^^^^^^^^^^^ use of unresolved module or unlinked crate `purrdf_testkit`
[INFO] [stdout]     |
[INFO] [stdout]     = help: if you wanted to use a crate named `purrdf_testkit`, use `cargo add purrdf_testkit` to add it to your `Cargo.toml`
[INFO] [stdout] 
[INFO] [stdout] 
[INFO] [stdout] error[E0433]: cannot find module or crate `purrdf_testkit` in this scope
[INFO] [stdout]     --> src/writer.rs:1843:23
[INFO] [stdout]      |
[INFO] [stdout] 1843 |         let mut rng = purrdf_testkit::rng::SplitMix64::new(seed);
[INFO] [stdout]      |                       ^^^^^^^^^^^^^^ use of unresolved module or unlinked crate `purrdf_testkit`
[INFO] [stdout]      |
[INFO] [stdout]      = help: if you wanted to use a crate named `purrdf_testkit`, use `cargo add purrdf_testkit` to add it to your `Cargo.toml`
[INFO] [stdout] 
[INFO] [stdout] 
[INFO] [stdout] For more information about this error, try `rustc --explain E0433`.
[INFO] [stdout] 
[INFO] [stderr] error: could not compile `purrdf-gts` (lib test) due to 4 previous errors
[INFO] running `Command { std: "docker" "inspect" "aeba209a99e2faa04ff1b53c47af4d072ae6df94aa8d8a6e5589a39039f1afb3", kill_on_drop: false }`
[INFO] running `Command { std: "docker" "rm" "-f" "aeba209a99e2faa04ff1b53c47af4d072ae6df94aa8d8a6e5589a39039f1afb3", kill_on_drop: false }`
[INFO] [stdout] aeba209a99e2faa04ff1b53c47af4d072ae6df94aa8d8a6e5589a39039f1afb3
