[INFO] fetching crate purrdf-datalog 3.0.1...
[INFO] testing purrdf-datalog-3.0.1 against 1.99.0-beta.8 for beta-1.100-2
[INFO] extracting crate purrdf-datalog 3.0.1 into /workspace/builds/worker-3-tc1/source
[INFO] started tweaking crates.io crate purrdf-datalog 3.0.1
[INFO] finished tweaking crates.io crate purrdf-datalog 3.0.1
[INFO] tweaked toml for crates.io crate purrdf-datalog 3.0.1 written to /workspace/builds/worker-3-tc1/source/Cargo.toml
[INFO] validating manifest of crates.io crate purrdf-datalog 3.0.1 on toolchain 1.99.0-beta.8
[INFO] running `Command { std: CARGO_HOME="/workspace/cargo-home" RUSTUP_HOME="/workspace/rustup-home" "/workspace/cargo-home/bin/cargo" "+1.99.0-beta.8" "metadata" "--manifest-path" "Cargo.toml" "--no-deps", kill_on_drop: false }`
[INFO] crate crates.io crate purrdf-datalog 3.0.1 already has a lockfile, it will not be regenerated
[INFO] running `Command { std: CARGO_HOME="/workspace/cargo-home" RUSTUP_HOME="/workspace/rustup-home" "/workspace/cargo-home/bin/cargo" "+1.99.0-beta.8" "fetch" "--manifest-path" "Cargo.toml", kill_on_drop: false }`
[INFO] [stderr]     Updating crates.io index
[INFO] [stderr]  Downloading crates ...
[INFO] [stderr]   Downloaded purrdf-deflate v3.0.1
[INFO] [stderr]   Downloaded purrdf-events v3.0.1
[INFO] [stderr]   Downloaded purrdf-hash v3.0.1
[INFO] [stderr]   Downloaded purrdf-cdt v3.0.1
[INFO] [stderr]   Downloaded purrdf-core v3.0.1
[INFO] [stderr]   Downloaded purrdf-iri v3.0.1
[INFO] [stderr]   Downloaded purrdf-lex v3.0.1
[INFO] [stderr]   Downloaded purrdf-xsd v3.0.1
[INFO] running `Command { std: "docker" "create" "-v" "/var/lib/crater-agent-workspace/builds/worker-3-tc1/source:/opt/rustwide/workdir:ro,Z" "-v" "/var/lib/crater-agent-workspace/builds/worker-3-tc1/target:/opt/rustwide/target:rw,Z" "-v" "/var/lib/crater-agent-workspace/cargo-home:/opt/rustwide/cargo-home:ro,Z" "-v" "/var/lib/crater-agent-workspace/rustup-home:/opt/rustwide/rustup-home:ro,Z" "-m" "1610612736" "--network" "none" "ghcr.io/rust-lang/crates-build-env/linux@sha256:3111399a4047eeb3a02b7a90e478d715f38a8c6669b5c4b49d30a17385265909" "sleep" "infinity", kill_on_drop: false }`
[INFO] [stdout] c9d7ded21a991afdf4a8401c72984e19c812f43b375afdf0be68d06ccc6caca6
[INFO] running `Command { std: "docker" "start" "c9d7ded21a991afdf4a8401c72984e19c812f43b375afdf0be68d06ccc6caca6", kill_on_drop: false }`
[INFO] running `Command { std: "docker" "inspect" "c9d7ded21a991afdf4a8401c72984e19c812f43b375afdf0be68d06ccc6caca6", kill_on_drop: false }`
[INFO] running `Command { std: "docker" "exec" "-e" "SOURCE_DIR=/opt/rustwide/workdir" "-e" "CARGO_HOME=/opt/rustwide/cargo-home" "-e" "RUSTUP_HOME=/opt/rustwide/rustup-home" "-e" "CARGO_TARGET_DIR=/opt/rustwide/target" "-w" "/opt/rustwide/workdir" "--user" "0:0" "c9d7ded21a991afdf4a8401c72984e19c812f43b375afdf0be68d06ccc6caca6" "/opt/rustwide/cargo-home/bin/cargo" "+1.99.0-beta.8" "metadata" "--no-deps" "--format-version=1", kill_on_drop: false }`
[INFO] running `Command { std: "docker" "inspect" "c9d7ded21a991afdf4a8401c72984e19c812f43b375afdf0be68d06ccc6caca6", kill_on_drop: false }`
[INFO] running `Command { std: "docker" "exec" "-e" "SOURCE_DIR=/opt/rustwide/workdir" "-e" "CARGO_HOME=/opt/rustwide/cargo-home" "-e" "RUSTUP_HOME=/opt/rustwide/rustup-home" "-e" "CARGO_TARGET_DIR=/opt/rustwide/target" "-e" "CARGO_INCREMENTAL=0" "-e" "RUST_BACKTRACE=full" "-e" "RUSTFLAGS=--cap-lints=warn" "-e" "RUSTDOCFLAGS=--cap-lints=warn" "-w" "/opt/rustwide/workdir" "--user" "0:0" "c9d7ded21a991afdf4a8401c72984e19c812f43b375afdf0be68d06ccc6caca6" "/opt/rustwide/cargo-home/bin/cargo" "+1.99.0-beta.8" "build" "--frozen" "--message-format=json", kill_on_drop: false }`
[INFO] [stderr]    Compiling purrdf-hash v3.0.1
[INFO] [stderr]    Compiling typenum v1.20.1
[INFO] [stderr]    Compiling const-oid v0.10.2
[INFO] [stderr]    Compiling rayon-core v1.13.0
[INFO] [stderr]    Compiling cpufeatures v0.3.0
[INFO] [stderr]    Compiling purrdf-events v3.0.1
[INFO] [stderr]    Compiling purrdf-core v3.0.1
[INFO] [stderr]    Compiling either v1.16.0
[INFO] [stderr]    Compiling regex-automata v0.4.14
[INFO] [stderr]    Compiling crossbeam-epoch v0.9.18
[INFO] [stderr]    Compiling crossbeam-deque v0.8.6
[INFO] [stderr]    Compiling hybrid-array v0.4.15
[INFO] [stderr]    Compiling rayon v1.12.0
[INFO] [stderr]    Compiling block-buffer v0.12.1
[INFO] [stderr]    Compiling crypto-common v0.2.2
[INFO] [stderr]    Compiling digest v0.11.3
[INFO] [stderr]    Compiling sha2 v0.11.0
[INFO] [stderr]    Compiling regex v1.12.4
[INFO] [stderr]    Compiling purrdf-lex v3.0.1
[INFO] [stderr]    Compiling purrdf-deflate v3.0.1
[INFO] [stderr]    Compiling purrdf-iri v3.0.1
[INFO] [stderr]    Compiling purrdf-xsd v3.0.1
[INFO] [stderr]    Compiling purrdf-cdt v3.0.1
[INFO] [stderr]    Compiling purrdf-datalog v3.0.1 (/opt/rustwide/workdir)
[INFO] [stderr]     Finished `dev` profile [unoptimized + debuginfo] target(s) in 55.13s
[INFO] running `Command { std: "docker" "inspect" "c9d7ded21a991afdf4a8401c72984e19c812f43b375afdf0be68d06ccc6caca6", kill_on_drop: false }`
[INFO] running `Command { std: "docker" "exec" "-e" "SOURCE_DIR=/opt/rustwide/workdir" "-e" "CARGO_HOME=/opt/rustwide/cargo-home" "-e" "RUSTUP_HOME=/opt/rustwide/rustup-home" "-e" "CARGO_TARGET_DIR=/opt/rustwide/target" "-e" "CARGO_INCREMENTAL=0" "-e" "RUST_BACKTRACE=full" "-e" "RUSTFLAGS=--cap-lints=warn" "-e" "RUSTDOCFLAGS=--cap-lints=warn" "-w" "/opt/rustwide/workdir" "--user" "0:0" "c9d7ded21a991afdf4a8401c72984e19c812f43b375afdf0be68d06ccc6caca6" "/opt/rustwide/cargo-home/bin/cargo" "+1.99.0-beta.8" "test" "--frozen" "--no-run" "--message-format=json", kill_on_drop: false }`
[INFO] [stderr]    Compiling purrdf-datalog v3.0.1 (/opt/rustwide/workdir)
[INFO] [stdout] error[E0433]: cannot find module or crate `purrdf_testkit` in this scope
[INFO] [stdout]    --> src/lib.rs:323:20
[INFO] [stdout]     |
[INFO] [stdout] 323 |     pub(crate) use purrdf_testkit::rng::permute;
[INFO] [stdout]     |                    ^^^^^^^^^^^^^^ use of unresolved module or unlinked crate `purrdf_testkit`
[INFO] [stdout]     |
[INFO] [stdout]     = help: if you wanted to use a crate named `purrdf_testkit`, use `cargo add purrdf_testkit` to add it to your `Cargo.toml`
[INFO] [stdout] 
[INFO] [stdout] 
[INFO] [stdout] error[E0432]: unresolved imports `crate::test_support::permute`, `crate::test_support::permute`, `crate::test_support::permute`, `crate::test_support::permute`
[INFO] [stdout]     --> src/cursor.rs:552:9
[INFO] [stdout]      |
[INFO] [stdout]  552 |     use crate::test_support::permute;
[INFO] [stdout]      |         ^^^^^^^^^^^^^^^^^^^^^^^^^^^^
[INFO] [stdout]      |
[INFO] [stdout]     ::: src/plan.rs:1446:9
[INFO] [stdout]      |
[INFO] [stdout] 1446 |     use crate::test_support::permute;
[INFO] [stdout]      |         ^^^^^^^^^^^^^^^^^^^^^^^^^^^^
[INFO] [stdout]      |
[INFO] [stdout]     ::: src/seminaive.rs:3673:9
[INFO] [stdout]      |
[INFO] [stdout] 3673 |     use crate::test_support::permute;
[INFO] [stdout]      |         ^^^^^^^^^^^^^^^^^^^^^^^^^^^^
[INFO] [stdout]      |
[INFO] [stdout]     ::: src/store.rs:1344:9
[INFO] [stdout]      |
[INFO] [stdout] 1344 |     use crate::test_support::permute;
[INFO] [stdout]      |         ^^^^^^^^^^^^^^^^^^^^^^^^^^^^
[INFO] [stdout] 
[INFO] [stdout] 
[INFO] [stdout] error[E0433]: cannot find module or crate `purrdf_testkit` in this scope
[INFO] [stdout]     --> src/store.rs:2256:19
[INFO] [stdout]      |
[INFO] [stdout] 2256 |         rng: &mut purrdf_testkit::rng::SplitMix64,
[INFO] [stdout]      |                   ^^^^^^^^^^^^^^ use of unresolved module or unlinked crate `purrdf_testkit`
[INFO] [stdout]      |
[INFO] [stdout]      = help: if you wanted to use a crate named `purrdf_testkit`, use `cargo add purrdf_testkit` to add it to your `Cargo.toml`
[INFO] [stdout] 
[INFO] [stdout] 
[INFO] [stdout] error[E0433]: cannot find module or crate `purrdf_testkit` in this scope
[INFO] [stdout]     --> src/store.rs:2277:23
[INFO] [stdout]      |
[INFO] [stdout] 2277 |         let mut rng = purrdf_testkit::rng::SplitMix64::new(0x5EED_0F7A_11C0);
[INFO] [stdout]      |                       ^^^^^^^^^^^^^^ use of unresolved module or unlinked crate `purrdf_testkit`
[INFO] [stdout]      |
[INFO] [stdout]      = help: if you wanted to use a crate named `purrdf_testkit`, use `cargo add purrdf_testkit` to add it to your `Cargo.toml`
[INFO] [stdout] 
[INFO] [stdout] 
[INFO] [stdout] error[E0433]: cannot find module or crate `purrdf_testkit` in this scope
[INFO] [stdout]     --> src/store.rs:2355:23
[INFO] [stdout]      |
[INFO] [stdout] 2355 |         let mut rng = purrdf_testkit::rng::SplitMix64::new(0xC011);
[INFO] [stdout]      |                       ^^^^^^^^^^^^^^ use of unresolved module or unlinked crate `purrdf_testkit`
[INFO] [stdout]      |
[INFO] [stdout]      = help: if you wanted to use a crate named `purrdf_testkit`, use `cargo add purrdf_testkit` to add it to your `Cargo.toml`
[INFO] [stdout] 
[INFO] [stdout] 
[INFO] [stdout] Some errors have detailed explanations: E0432, E0433.
[INFO] [stdout] 
[INFO] [stdout] For more information about an error, try `rustc --explain E0432`.
[INFO] [stdout] 
[INFO] [stderr] error: could not compile `purrdf-datalog` (lib test) due to 5 previous errors
[INFO] running `Command { std: "docker" "inspect" "c9d7ded21a991afdf4a8401c72984e19c812f43b375afdf0be68d06ccc6caca6", kill_on_drop: false }`
[INFO] running `Command { std: "docker" "rm" "-f" "c9d7ded21a991afdf4a8401c72984e19c812f43b375afdf0be68d06ccc6caca6", kill_on_drop: false }`
[INFO] [stdout] c9d7ded21a991afdf4a8401c72984e19c812f43b375afdf0be68d06ccc6caca6
