[INFO] fetching crate prometric-derive 0.2.2...
[INFO] testing prometric-derive-0.2.2 against 1.99.0-beta.8 for beta-1.100-2
[INFO] extracting crate prometric-derive 0.2.2 into /workspace/builds/worker-0-tc1/source
[INFO] started tweaking crates.io crate prometric-derive 0.2.2
[INFO] removed 0 missing examples
[INFO] removed 0 missing tests
[INFO] finished tweaking crates.io crate prometric-derive 0.2.2
[INFO] tweaked toml for crates.io crate prometric-derive 0.2.2 written to /workspace/builds/worker-0-tc1/source/Cargo.toml
[INFO] validating manifest of crates.io crate prometric-derive 0.2.2 on toolchain 1.99.0-beta.8
[INFO] running `Command { std: CARGO_HOME="/workspace/cargo-home" RUSTUP_HOME="/workspace/rustup-home" "/workspace/cargo-home/bin/cargo" "+1.99.0-beta.8" "metadata" "--manifest-path" "Cargo.toml" "--no-deps", kill_on_drop: false }`
[INFO] crate crates.io crate prometric-derive 0.2.2 already has a lockfile, it will not be regenerated
[INFO] running `Command { std: CARGO_HOME="/workspace/cargo-home" RUSTUP_HOME="/workspace/rustup-home" "/workspace/cargo-home/bin/cargo" "+1.99.0-beta.8" "fetch" "--manifest-path" "Cargo.toml", kill_on_drop: false }`
[INFO] [stderr]     Updating crates.io index
[INFO] [stderr]  Downloading crates ...
[INFO] [stderr]   Downloaded protobuf-support v3.7.2
[INFO] [stderr]   Downloaded prometheus v0.14.0
[INFO] [stderr]   Downloaded protobuf v3.7.2
[INFO] [stderr]   Downloaded tokio v1.52.0
[INFO] running `Command { std: "docker" "create" "-v" "/var/lib/crater-agent-workspace/builds/worker-0-tc1/source:/opt/rustwide/workdir:ro,Z" "-v" "/var/lib/crater-agent-workspace/builds/worker-0-tc1/target:/opt/rustwide/target:rw,Z" "-v" "/var/lib/crater-agent-workspace/cargo-home:/opt/rustwide/cargo-home:ro,Z" "-v" "/var/lib/crater-agent-workspace/rustup-home:/opt/rustwide/rustup-home:ro,Z" "-m" "1610612736" "--network" "none" "ghcr.io/rust-lang/crates-build-env/linux@sha256:3111399a4047eeb3a02b7a90e478d715f38a8c6669b5c4b49d30a17385265909" "sleep" "infinity", kill_on_drop: false }`
[INFO] [stdout] 82880e89c56acb5b85bf99f795e31a76bf4f73e277590ca06d111c2c75ad39a8
[INFO] running `Command { std: "docker" "start" "82880e89c56acb5b85bf99f795e31a76bf4f73e277590ca06d111c2c75ad39a8", kill_on_drop: false }`
[INFO] running `Command { std: "docker" "inspect" "82880e89c56acb5b85bf99f795e31a76bf4f73e277590ca06d111c2c75ad39a8", kill_on_drop: false }`
[INFO] running `Command { std: "docker" "exec" "-e" "SOURCE_DIR=/opt/rustwide/workdir" "-e" "CARGO_HOME=/opt/rustwide/cargo-home" "-e" "RUSTUP_HOME=/opt/rustwide/rustup-home" "-e" "CARGO_TARGET_DIR=/opt/rustwide/target" "-w" "/opt/rustwide/workdir" "--user" "0:0" "82880e89c56acb5b85bf99f795e31a76bf4f73e277590ca06d111c2c75ad39a8" "/opt/rustwide/cargo-home/bin/cargo" "+1.99.0-beta.8" "metadata" "--no-deps" "--format-version=1", kill_on_drop: false }`
[INFO] running `Command { std: "docker" "inspect" "82880e89c56acb5b85bf99f795e31a76bf4f73e277590ca06d111c2c75ad39a8", kill_on_drop: false }`
[INFO] running `Command { std: "docker" "exec" "-e" "SOURCE_DIR=/opt/rustwide/workdir" "-e" "CARGO_HOME=/opt/rustwide/cargo-home" "-e" "RUSTUP_HOME=/opt/rustwide/rustup-home" "-e" "CARGO_TARGET_DIR=/opt/rustwide/target" "-e" "CARGO_INCREMENTAL=0" "-e" "RUST_BACKTRACE=full" "-e" "RUSTFLAGS=--cap-lints=warn" "-e" "RUSTDOCFLAGS=--cap-lints=warn" "-w" "/opt/rustwide/workdir" "--user" "0:0" "82880e89c56acb5b85bf99f795e31a76bf4f73e277590ca06d111c2c75ad39a8" "/opt/rustwide/cargo-home/bin/cargo" "+1.99.0-beta.8" "build" "--frozen" "--message-format=json", kill_on_drop: false }`
[INFO] [stderr]    Compiling quote v1.0.45
[INFO] [stderr]    Compiling libc v0.2.185
[INFO] [stderr]    Compiling cfg-if v1.0.4
[INFO] [stderr]    Compiling smallvec v1.15.1
[INFO] [stderr]    Compiling thiserror v2.0.18
[INFO] [stderr]    Compiling protobuf v3.7.2
[INFO] [stderr]    Compiling prometheus v0.14.0
[INFO] [stderr]    Compiling once_cell v1.21.4
[INFO] [stderr]    Compiling memchr v2.8.0
[INFO] [stderr]    Compiling thiserror v1.0.69
[INFO] [stderr]    Compiling parking_lot_core v0.9.12
[INFO] [stderr]    Compiling lock_api v0.4.14
[INFO] [stderr]    Compiling syn v2.0.117
[INFO] [stderr]    Compiling parking_lot v0.12.5
[INFO] [stderr]    Compiling darling_core v0.21.3
[INFO] [stderr]    Compiling thiserror-impl v1.0.69
[INFO] [stderr]    Compiling thiserror-impl v2.0.18
[INFO] [stderr]    Compiling protobuf-support v3.7.2
[INFO] [stderr]    Compiling darling_macro v0.21.3
[INFO] [stderr]    Compiling darling v0.21.3
[INFO] [stderr]    Compiling prometric-derive v0.2.2 (/opt/rustwide/workdir)
[INFO] [stderr]     Finished `dev` profile [unoptimized + debuginfo] target(s) in 18.09s
[INFO] running `Command { std: "docker" "inspect" "82880e89c56acb5b85bf99f795e31a76bf4f73e277590ca06d111c2c75ad39a8", kill_on_drop: false }`
[INFO] running `Command { std: "docker" "exec" "-e" "SOURCE_DIR=/opt/rustwide/workdir" "-e" "CARGO_HOME=/opt/rustwide/cargo-home" "-e" "RUSTUP_HOME=/opt/rustwide/rustup-home" "-e" "CARGO_TARGET_DIR=/opt/rustwide/target" "-e" "CARGO_INCREMENTAL=0" "-e" "RUST_BACKTRACE=full" "-e" "RUSTFLAGS=--cap-lints=warn" "-e" "RUSTDOCFLAGS=--cap-lints=warn" "-w" "/opt/rustwide/workdir" "--user" "0:0" "82880e89c56acb5b85bf99f795e31a76bf4f73e277590ca06d111c2c75ad39a8" "/opt/rustwide/cargo-home/bin/cargo" "+1.99.0-beta.8" "test" "--frozen" "--no-run" "--message-format=json", kill_on_drop: false }`
[INFO] [stderr]    Compiling proc-macro2 v1.0.106
[INFO] [stderr]    Compiling unicode-ident v1.0.24
[INFO] [stderr]    Compiling quote v1.0.45
[INFO] [stderr]    Compiling smallvec v1.15.1
[INFO] [stderr]    Compiling bytes v1.11.1
[INFO] [stderr]    Compiling futures-core v0.3.32
[INFO] [stderr]    Compiling libc v0.2.185
[INFO] [stderr]    Compiling ident_case v1.0.1
[INFO] [stderr]    Compiling strsim v0.11.1
[INFO] [stderr]    Compiling httparse v1.10.1
[INFO] [stderr]    Compiling protobuf v3.7.2
[INFO] [stderr]    Compiling thiserror v2.0.18
[INFO] [stderr]    Compiling try-lock v0.2.5
[INFO] [stderr]    Compiling prometheus v0.14.0
[INFO] [stderr]    Compiling futures-task v0.3.32
[INFO] [stderr]    Compiling memchr v2.8.0
[INFO] [stderr]    Compiling tracing v0.1.44
[INFO] [stderr]    Compiling tower-service v0.3.3
[INFO] [stderr]    Compiling want v0.3.1
[INFO] [stderr]    Compiling futures-channel v0.3.32
[INFO] [stderr]    Compiling futures-util v0.3.32
[INFO] [stderr]    Compiling http v1.4.0
[INFO] [stderr]    Compiling parking_lot_core v0.9.12
[INFO] [stderr]    Compiling mio v1.2.0
[INFO] [stderr]    Compiling socket2 v0.6.3
[INFO] [stderr]    Compiling parking_lot v0.12.5
[INFO] [stderr]    Compiling syn v2.0.117
[INFO] [stderr]    Compiling http-body v1.0.1
[INFO] [stderr]    Compiling http-body-util v0.1.3
[INFO] [stderr]    Compiling darling_core v0.21.3
[INFO] [stderr]    Compiling thiserror-impl v1.0.69
[INFO] [stderr]    Compiling tokio-macros v2.7.0
[INFO] [stderr]    Compiling thiserror-impl v2.0.18
[INFO] [stderr]    Compiling tokio v1.52.0
[INFO] [stderr]    Compiling thiserror v1.0.69
[INFO] [stderr]    Compiling protobuf-support v3.7.2
[INFO] [stderr]    Compiling darling_macro v0.21.3
[INFO] [stderr]    Compiling darling v0.21.3
[INFO] [stderr]    Compiling hyper v1.9.0
[INFO] [stderr]    Compiling hyper-util v0.1.20
[INFO] [stderr]    Compiling prometric-derive v0.2.2 (/opt/rustwide/workdir)
[INFO] [stdout] error[E0432]: unresolved import `prometric`
[INFO] [stdout]  --> examples/static_metrics.rs:1:5
[INFO] [stdout]   |
[INFO] [stdout] 1 | use prometric::{Counter, Gauge};
[INFO] [stdout]   |     ^^^^^^^^^ use of unresolved module or unlinked crate `prometric`
[INFO] [stdout]   |
[INFO] [stdout]   = help: if you wanted to use a crate named `prometric`, use `cargo add prometric` to add it to your `Cargo.toml`
[INFO] [stdout] 
[INFO] [stdout] 
[INFO] [stdout] error[E0433]: cannot find module or crate `prometric` in this scope
[INFO] [stdout]  --> tests/exporter.rs:1:5
[INFO] [stdout]   |
[INFO] [stdout] 1 | use prometric::{Counter, exporter::ExporterBuilder};
[INFO] [stdout]   |     ^^^^^^^^^ use of unresolved module or unlinked crate `prometric`
[INFO] [stdout]   |
[INFO] [stdout]   = help: if you wanted to use a crate named `prometric`, use `cargo add prometric` to add it to your `Cargo.toml`
[INFO] [stdout] 
[INFO] [stdout] 
[INFO] [stdout] error[E0432]: unresolved import `prometric`
[INFO] [stdout]  --> tests/exporter.rs:1:5
[INFO] [stdout]   |
[INFO] [stdout] 1 | use prometric::{Counter, exporter::ExporterBuilder};
[INFO] [stdout]   |     ^^^^^^^^^ use of unresolved module or unlinked crate `prometric`
[INFO] [stdout]   |
[INFO] [stdout]   = help: if you wanted to use a crate named `prometric`, use `cargo add prometric` to add it to your `Cargo.toml`
[INFO] [stdout] 
[INFO] [stdout] 
[INFO] [stdout] error[E0433]: cannot find `prometric` in the list of imported crates
[INFO] [stdout]   --> tests/macro.rs:20:1
[INFO] [stdout]    |
[INFO] [stdout] 20 | #[prometric_derive::metrics(scope = "app")]
[INFO] [stdout]    | ^^^^^^^^^^^^^^^^^^^^^^^^^^^^^^^^^^^^^^^^^^^ could not find `prometric` in the list of imported crates
[INFO] [stdout]    |
[INFO] [stdout]    = note: this error originates in the attribute macro `prometric_derive::metrics` (in Nightly builds, run with -Z macro-backtrace for more info)
[INFO] [stdout] 
[INFO] [stdout] 
[INFO] [stdout] error[E0433]: cannot find `prometric` in the list of imported crates
[INFO] [stdout]  --> tests/exporter.rs:8:1
[INFO] [stdout]   |
[INFO] [stdout] 8 | #[metrics(scope = "test")]
[INFO] [stdout]   | ^^^^^^^^^^^^^^^^^^^^^^^^^^ could not find `prometric` in the list of imported crates
[INFO] [stdout]   |
[INFO] [stdout]   = note: this error originates in the attribute macro `metrics` (in Nightly builds, run with -Z macro-backtrace for more info)
[INFO] [stdout] 
[INFO] [stdout] 
[INFO] [stdout] error[E0432]: unresolved import `prometric`
[INFO] [stdout]  --> examples/basic_usage.rs:1:5
[INFO] [stdout]   |
[INFO] [stdout] 1 | use prometric::{Counter, Gauge, Histogram, Summary};
[INFO] [stdout]   |     ^^^^^^^^^ use of unresolved module or unlinked crate `prometric`
[INFO] [stdout]   |
[INFO] [stdout]   = help: if you wanted to use a crate named `prometric`, use `cargo add prometric` to add it to your `Cargo.toml`
[INFO] [stdout] 
[INFO] [stdout] 
[INFO] [stdout] error[E0433]: cannot find module or crate `prometric` in this scope
[INFO] [stdout]  --> examples/exporter.rs:1:5
[INFO] [stdout]   |
[INFO] [stdout] 1 | use prometric::{Counter, Gauge, exporter::ExporterBuilder};
[INFO] [stdout]   |     ^^^^^^^^^ use of unresolved module or unlinked crate `prometric`
[INFO] [stdout]   |
[INFO] [stdout]   = help: if you wanted to use a crate named `prometric`, use `cargo add prometric` to add it to your `Cargo.toml`
[INFO] [stdout] 
[INFO] [stdout] 
[INFO] [stdout] error[E0432]: unresolved import `prometric`
[INFO] [stdout]  --> examples/exporter.rs:1:5
[INFO] [stdout]   |
[INFO] [stdout] 1 | use prometric::{Counter, Gauge, exporter::ExporterBuilder};
[INFO] [stdout]   |     ^^^^^^^^^ use of unresolved module or unlinked crate `prometric`
[INFO] [stdout]   |
[INFO] [stdout]   = help: if you wanted to use a crate named `prometric`, use `cargo add prometric` to add it to your `Cargo.toml`
[INFO] [stdout] 
[INFO] [stdout] 
[INFO] [stdout] error[E0433]: cannot find `prometric` in the list of imported crates
[INFO] [stdout]  --> examples/static_metrics.rs:4:1
[INFO] [stdout]   |
[INFO] [stdout] 4 | #[metrics(scope = "app", static)]
[INFO] [stdout]   | ^^^^^^^^^^^^^^^^^^^^^^^^^^^^^^^^^ could not find `prometric` in the list of imported crates
[INFO] [stdout]   |
[INFO] [stdout]   = note: this error originates in the attribute macro `metrics` (in Nightly builds, run with -Z macro-backtrace for more info)
[INFO] [stdout] 
[INFO] [stdout] 
[INFO] [stdout] error[E0433]: cannot find `prometric` in the list of imported crates
[INFO] [stdout]  --> examples/exporter.rs:4:1
[INFO] [stdout]   |
[INFO] [stdout] 4 | #[metrics(scope = "example")]
[INFO] [stdout]   | ^^^^^^^^^^^^^^^^^^^^^^^^^^^^^ could not find `prometric` in the list of imported crates
[INFO] [stdout]   |
[INFO] [stdout]   = note: this error originates in the attribute macro `metrics` (in Nightly builds, run with -Z macro-backtrace for more info)
[INFO] [stdout] 
[INFO] [stdout] 
[INFO] [stdout] error[E0433]: cannot find `prometric` in the list of imported crates
[INFO] [stdout]  --> examples/basic_usage.rs:5:1
[INFO] [stdout]   |
[INFO] [stdout] 5 | #[metrics(scope = "app")]
[INFO] [stdout]   | ^^^^^^^^^^^^^^^^^^^^^^^^^ could not find `prometric` in the list of imported crates
[INFO] [stdout]   |
[INFO] [stdout]   = note: this error originates in the attribute macro `metrics` (in Nightly builds, run with -Z macro-backtrace for more info)
[INFO] [stdout] 
[INFO] [stdout] 
[INFO] [stdout] Some errors have detailed explanations: E0432, E0433.
[INFO] [stdout] 
[INFO] [stdout] For more information about an error, try `rustc --explain E0432`.
[INFO] [stdout] 
[INFO] [stderr] error: could not compile `prometric-derive` (test "exporter") due to 3 previous errors
[INFO] [stderr] warning: build failed, waiting for other jobs to finish...
[INFO] [stdout] Some errors have detailed explanations: E0432, E0433.
[INFO] [stdout] 
[INFO] [stdout] For more information about an error, try `rustc --explain E0432`.
[INFO] [stdout] 
[INFO] [stderr] error: could not compile `prometric-derive` (example "exporter") due to 3 previous errors
[INFO] [stdout] Some errors have detailed explanations: E0432, E0433.
[INFO] [stdout] 
[INFO] [stdout] For more information about an error, try `rustc --explain E0432`.
[INFO] [stdout] 
[INFO] [stderr] error: could not compile `prometric-derive` (example "static_metrics") due to 2 previous errors
[INFO] [stdout] Some errors have detailed explanations: E0432, E0433.
[INFO] [stdout] 
[INFO] [stdout] For more information about an error, try `rustc --explain E0432`.
[INFO] [stdout] 
[INFO] [stderr] error: could not compile `prometric-derive` (example "basic_usage") due to 2 previous errors
[INFO] [stdout] error[E0433]: cannot find `prometric` in the list of imported crates
[INFO] [stdout]    --> tests/macro.rs:128:1
[INFO] [stdout]     |
[INFO] [stdout] 128 | #[prometric_derive::metrics(scope = "test", static)]
[INFO] [stdout]     | ^^^^^^^^^^^^^^^^^^^^^^^^^^^^^^^^^^^^^^^^^^^^^^^^^^^^ could not find `prometric` in the list of imported crates
[INFO] [stdout]     |
[INFO] [stdout]     = note: this error originates in the attribute macro `prometric_derive::metrics` (in Nightly builds, run with -Z macro-backtrace for more info)
[INFO] [stdout] 
[INFO] [stdout] 
[INFO] [stdout] error[E0433]: cannot find `prometric` in the list of imported crates
[INFO] [stdout]    --> tests/macro.rs:173:5
[INFO] [stdout]     |
[INFO] [stdout] 173 |     #[prometric_derive::metrics(scope = "test")]
[INFO] [stdout]     |     ^^^^^^^^^^^^^^^^^^^^^^^^^^^^^^^^^^^^^^^^^^^^ could not find `prometric` in the list of imported crates
[INFO] [stdout]     |
[INFO] [stdout]     = note: this error originates in the attribute macro `prometric_derive::metrics` (in Nightly builds, run with -Z macro-backtrace for more info)
[INFO] [stdout] 
[INFO] [stdout] 
[INFO] [stdout] error[E0433]: cannot find `prometric` in the list of imported crates
[INFO] [stdout]    --> tests/macro.rs:198:5
[INFO] [stdout]     |
[INFO] [stdout] 198 |     #[prometric_derive::metrics(scope = "test")]
[INFO] [stdout]     |     ^^^^^^^^^^^^^^^^^^^^^^^^^^^^^^^^^^^^^^^^^^^^ could not find `prometric` in the list of imported crates
[INFO] [stdout]     |
[INFO] [stdout]     = note: this error originates in the attribute macro `prometric_derive::metrics` (in Nightly builds, run with -Z macro-backtrace for more info)
[INFO] [stdout] 
[INFO] [stdout] 
[INFO] [stdout] error[E0433]: cannot find `prometric` in the list of imported crates
[INFO] [stdout]    --> tests/macro.rs:223:5
[INFO] [stdout]     |
[INFO] [stdout] 223 |     #[prometric_derive::metrics(scope = "test")]
[INFO] [stdout]     |     ^^^^^^^^^^^^^^^^^^^^^^^^^^^^^^^^^^^^^^^^^^^^ could not find `prometric` in the list of imported crates
[INFO] [stdout]     |
[INFO] [stdout]     = note: this error originates in the attribute macro `prometric_derive::metrics` (in Nightly builds, run with -Z macro-backtrace for more info)
[INFO] [stdout] 
[INFO] [stdout] 
[INFO] [stdout] error[E0433]: cannot find `prometric` in the list of imported crates
[INFO] [stdout]    --> tests/macro.rs:248:5
[INFO] [stdout]     |
[INFO] [stdout] 248 |     #[prometric_derive::metrics(scope = "test")]
[INFO] [stdout]     |     ^^^^^^^^^^^^^^^^^^^^^^^^^^^^^^^^^^^^^^^^^^^^ could not find `prometric` in the list of imported crates
[INFO] [stdout]     |
[INFO] [stdout]     = note: this error originates in the attribute macro `prometric_derive::metrics` (in Nightly builds, run with -Z macro-backtrace for more info)
[INFO] [stdout] 
[INFO] [stdout] 
[INFO] [stdout] error[E0433]: cannot find module or crate `prometric` in this scope
[INFO] [stdout]   --> tests/macro.rs:24:20
[INFO] [stdout]    |
[INFO] [stdout] 24 |     http_requests: prometric::Counter,
[INFO] [stdout]    |                    ^^^^^^^^^ use of unresolved module or unlinked crate `prometric`
[INFO] [stdout]    |
[INFO] [stdout]    = help: if you wanted to use a crate named `prometric`, use `cargo add prometric` to add it to your `Cargo.toml`
[INFO] [stdout] 
[INFO] [stdout] 
[INFO] [stdout] error[E0433]: cannot find module or crate `prometric` in this scope
[INFO] [stdout]   --> tests/macro.rs:28:29
[INFO] [stdout]    |
[INFO] [stdout] 28 |     http_requests_duration: prometric::Histogram,
[INFO] [stdout]    |                             ^^^^^^^^^ use of unresolved module or unlinked crate `prometric`
[INFO] [stdout]    |
[INFO] [stdout]    = help: if you wanted to use a crate named `prometric`, use `cargo add prometric` to add it to your `Cargo.toml`
[INFO] [stdout] 
[INFO] [stdout] 
[INFO] [stdout] error[E0433]: cannot find module or crate `prometric` in this scope
[INFO] [stdout]   --> tests/macro.rs:32:20
[INFO] [stdout]    |
[INFO] [stdout] 32 |     current_users: prometric::Gauge<u64>,
[INFO] [stdout]    |                    ^^^^^^^^^ use of unresolved module or unlinked crate `prometric`
[INFO] [stdout]    |
[INFO] [stdout]    = help: if you wanted to use a crate named `prometric`, use `cargo add prometric` to add it to your `Cargo.toml`
[INFO] [stdout] 
[INFO] [stdout] 
[INFO] [stdout] error[E0433]: cannot find module or crate `prometric` in this scope
[INFO] [stdout]   --> tests/macro.rs:36:22
[INFO] [stdout]    |
[INFO] [stdout] 36 |     account_balance: prometric::Gauge<f64>,
[INFO] [stdout]    |                      ^^^^^^^^^ use of unresolved module or unlinked crate `prometric`
[INFO] [stdout]    |
[INFO] [stdout]    = help: if you wanted to use a crate named `prometric`, use `cargo add prometric` to add it to your `Cargo.toml`
[INFO] [stdout] 
[INFO] [stdout] 
[INFO] [stdout] error[E0433]: cannot find module or crate `prometric` in this scope
[INFO] [stdout]   --> tests/macro.rs:40:13
[INFO] [stdout]    |
[INFO] [stdout] 40 |     errors: prometric::Counter,
[INFO] [stdout]    |             ^^^^^^^^^ use of unresolved module or unlinked crate `prometric`
[INFO] [stdout]    |
[INFO] [stdout]    = help: if you wanted to use a crate named `prometric`, use `cargo add prometric` to add it to your `Cargo.toml`
[INFO] [stdout] 
[INFO] [stdout] 
[INFO] [stdout] error[E0433]: cannot find module or crate `prometric` in this scope
[INFO] [stdout]    --> tests/macro.rs:132:19
[INFO] [stdout]     |
[INFO] [stdout] 132 |     test_counter: prometric::Counter,
[INFO] [stdout]     |                   ^^^^^^^^^ use of unresolved module or unlinked crate `prometric`
[INFO] [stdout]     |
[INFO] [stdout]     = help: if you wanted to use a crate named `prometric`, use `cargo add prometric` to add it to your `Cargo.toml`
[INFO] [stdout] 
[INFO] [stdout] 
[INFO] [stdout] error[E0433]: cannot find module or crate `prometric` in this scope
[INFO] [stdout]    --> tests/macro.rs:136:17
[INFO] [stdout]     |
[INFO] [stdout] 136 |     test_gauge: prometric::Gauge,
[INFO] [stdout]     |                 ^^^^^^^^^ use of unresolved module or unlinked crate `prometric`
[INFO] [stdout]     |
[INFO] [stdout]     = help: if you wanted to use a crate named `prometric`, use `cargo add prometric` to add it to your `Cargo.toml`
[INFO] [stdout] 
[INFO] [stdout] 
[INFO] [stdout] error[E0433]: cannot find module or crate `prometric` in this scope
[INFO] [stdout]    --> tests/macro.rs:177:15
[INFO] [stdout]     |
[INFO] [stdout] 177 |         hist: prometric::Histogram,
[INFO] [stdout]     |               ^^^^^^^^^ use of unresolved module or unlinked crate `prometric`
[INFO] [stdout]     |
[INFO] [stdout]     = help: if you wanted to use a crate named `prometric`, use `cargo add prometric` to add it to your `Cargo.toml`
[INFO] [stdout] 
[INFO] [stdout] 
[INFO] [stdout] error[E0433]: cannot find module or crate `prometric` in this scope
[INFO] [stdout]    --> tests/macro.rs:202:15
[INFO] [stdout]     |
[INFO] [stdout] 202 |         hist: prometric::Histogram,
[INFO] [stdout]     |               ^^^^^^^^^ use of unresolved module or unlinked crate `prometric`
[INFO] [stdout]     |
[INFO] [stdout]     = help: if you wanted to use a crate named `prometric`, use `cargo add prometric` to add it to your `Cargo.toml`
[INFO] [stdout] 
[INFO] [stdout] 
[INFO] [stdout] error[E0433]: cannot find module or crate `prometric` in this scope
[INFO] [stdout]    --> tests/macro.rs:227:18
[INFO] [stdout]     |
[INFO] [stdout] 227 |         summary: prometric::Summary,
[INFO] [stdout]     |                  ^^^^^^^^^ use of unresolved module or unlinked crate `prometric`
[INFO] [stdout]     |
[INFO] [stdout]     = help: if you wanted to use a crate named `prometric`, use `cargo add prometric` to add it to your `Cargo.toml`
[INFO] [stdout] 
[INFO] [stdout] 
[INFO] [stdout] error[E0433]: cannot find module or crate `prometric` in this scope
[INFO] [stdout]    --> tests/macro.rs:252:18
[INFO] [stdout]     |
[INFO] [stdout] 252 |         summary: prometric::Summary,
[INFO] [stdout]     |                  ^^^^^^^^^ use of unresolved module or unlinked crate `prometric`
[INFO] [stdout]     |
[INFO] [stdout]     = help: if you wanted to use a crate named `prometric`, use `cargo add prometric` to add it to your `Cargo.toml`
[INFO] [stdout] 
[INFO] [stdout] 
[INFO] [stdout] For more information about this error, try `rustc --explain E0433`.
[INFO] [stdout] 
[INFO] [stderr] error: could not compile `prometric-derive` (test "macro") due to 17 previous errors
[INFO] running `Command { std: "docker" "inspect" "82880e89c56acb5b85bf99f795e31a76bf4f73e277590ca06d111c2c75ad39a8", kill_on_drop: false }`
[INFO] running `Command { std: "docker" "rm" "-f" "82880e89c56acb5b85bf99f795e31a76bf4f73e277590ca06d111c2c75ad39a8", kill_on_drop: false }`
[INFO] [stdout] 82880e89c56acb5b85bf99f795e31a76bf4f73e277590ca06d111c2c75ad39a8
