[INFO] fetching crate prometheus-static-metric 0.5.1...
[INFO] testing prometheus-static-metric-0.5.1 against 1.99.0-beta.8 for beta-1.100-2
[INFO] extracting crate prometheus-static-metric 0.5.1 into /workspace/builds/worker-7-tc1/source
[INFO] started tweaking crates.io crate prometheus-static-metric 0.5.1
[INFO] finished tweaking crates.io crate prometheus-static-metric 0.5.1
[INFO] tweaked toml for crates.io crate prometheus-static-metric 0.5.1 written to /workspace/builds/worker-7-tc1/source/Cargo.toml
[INFO] validating manifest of crates.io crate prometheus-static-metric 0.5.1 on toolchain 1.99.0-beta.8
[INFO] running `Command { std: CARGO_HOME="/workspace/cargo-home" RUSTUP_HOME="/workspace/rustup-home" "/workspace/cargo-home/bin/cargo" "+1.99.0-beta.8" "metadata" "--manifest-path" "Cargo.toml" "--no-deps", kill_on_drop: false }`
[INFO] crate crates.io crate prometheus-static-metric 0.5.1 already has a lockfile, it will not be regenerated
[INFO] running `Command { std: CARGO_HOME="/workspace/cargo-home" RUSTUP_HOME="/workspace/rustup-home" "/workspace/cargo-home/bin/cargo" "+1.99.0-beta.8" "fetch" "--manifest-path" "Cargo.toml", kill_on_drop: false }`
[INFO] [stderr] warning: Cargo.toml: `package.edition` is unspecified, defaulting to `2015` while the latest is `2024`
[INFO] [stderr] warning: `prometheus-static-metric` (manifest) generated 1 warning
[INFO] [stderr]     Updating crates.io index
[INFO] [stderr]  Downloading crates ...
[INFO] [stderr]   Downloaded thiserror v1.0.23
[INFO] [stderr]   Downloaded thiserror-impl v1.0.23
[INFO] [stderr]   Downloaded prometheus v0.11.0
[INFO] [stderr]   Downloaded quote v1.0.8
[INFO] [stderr]   Downloaded const_fn v0.4.5
[INFO] [stderr]   Downloaded wasm-bindgen-macro v0.2.69
[INFO] [stderr]   Downloaded walkdir v2.3.1
[INFO] [stderr]   Downloaded num_cpus v1.13.0
[INFO] [stderr]   Downloaded either v1.6.1
[INFO] [stderr]   Downloaded half v1.6.0
[INFO] [stderr]   Downloaded crossbeam-deque v0.8.0
[INFO] [stderr]   Downloaded byteorder v1.3.4
[INFO] [stderr]   Downloaded scopeguard v1.1.0
[INFO] [stderr]   Downloaded crossbeam-utils v0.8.1
[INFO] [stderr]   Downloaded memoffset v0.6.1
[INFO] [stderr]   Downloaded wasm-bindgen-shared v0.2.69
[INFO] [stderr]   Downloaded oorandom v11.1.3
[INFO] [stderr]   Downloaded csv-core v0.1.10
[INFO] [stderr]   Downloaded cast v0.2.3
[INFO] [stderr]   Downloaded thread_local v1.1.0
[INFO] [stderr]   Downloaded parking_lot_core v0.8.2
[INFO] [stderr]   Downloaded smallvec v1.6.0
[INFO] [stderr]   Downloaded instant v0.1.9
[INFO] [stderr]   Downloaded lock_api v0.4.2
[INFO] [stderr]   Downloaded tinytemplate v1.2.0
[INFO] [stderr]   Downloaded serde_derive v1.0.118
[INFO] [stderr]   Downloaded rayon-core v1.9.0
[INFO] [stderr]   Downloaded crossbeam-epoch v0.9.1
[INFO] [stderr]   Downloaded wasm-bindgen-backend v0.2.69
[INFO] [stderr]   Downloaded log v0.4.11
[INFO] [stderr]   Downloaded criterion-plot v0.4.3
[INFO] [stderr]   Downloaded parking_lot v0.11.1
[INFO] [stderr]   Downloaded serde_cbor v0.11.1
[INFO] [stderr]   Downloaded wasm-bindgen-macro-support v0.2.69
[INFO] [stderr]   Downloaded serde v1.0.118
[INFO] [stderr]   Downloaded js-sys v0.3.46
[INFO] [stderr]   Downloaded itertools v0.9.0
[INFO] [stderr]   Downloaded regex-automata v0.1.9
[INFO] [stderr]   Downloaded criterion v0.3.3
[INFO] [stderr]   Downloaded crossbeam-channel v0.5.0
[INFO] [stderr]   Downloaded syn v1.0.58
[INFO] [stderr]   Downloaded serde_json v1.0.61
[INFO] [stderr]   Downloaded bumpalo v3.4.0
[INFO] [stderr]   Downloaded protobuf v2.20.0
[INFO] [stderr]   Downloaded rayon v1.5.0
[INFO] [stderr]   Downloaded wasm-bindgen v0.2.69
[INFO] [stderr]   Downloaded regex v1.4.2
[INFO] [stderr]   Downloaded regex-syntax v0.6.21
[INFO] [stderr]   Downloaded bstr v0.2.14
[INFO] [stderr]   Downloaded libc v0.2.82
[INFO] [stderr]   Downloaded web-sys v0.3.46
[INFO] [stderr]   Downloaded csv v1.1.5
[INFO] [stderr]   Downloaded plotters v0.2.15
[INFO] running `Command { std: "docker" "create" "-v" "/var/lib/crater-agent-workspace/builds/worker-7-tc1/source:/opt/rustwide/workdir:ro,Z" "-v" "/var/lib/crater-agent-workspace/builds/worker-7-tc1/target:/opt/rustwide/target:rw,Z" "-v" "/var/lib/crater-agent-workspace/cargo-home:/opt/rustwide/cargo-home:ro,Z" "-v" "/var/lib/crater-agent-workspace/rustup-home:/opt/rustwide/rustup-home:ro,Z" "-m" "1610612736" "--network" "none" "ghcr.io/rust-lang/crates-build-env/linux@sha256:3111399a4047eeb3a02b7a90e478d715f38a8c6669b5c4b49d30a17385265909" "sleep" "infinity", kill_on_drop: false }`
[INFO] [stdout] b001371169d1e1d62e5cbe7513f76e6b18ad28ff27a9ba20e52bbaf70f91f917
[INFO] running `Command { std: "docker" "start" "b001371169d1e1d62e5cbe7513f76e6b18ad28ff27a9ba20e52bbaf70f91f917", kill_on_drop: false }`
[INFO] running `Command { std: "docker" "inspect" "b001371169d1e1d62e5cbe7513f76e6b18ad28ff27a9ba20e52bbaf70f91f917", kill_on_drop: false }`
[INFO] running `Command { std: "docker" "exec" "-e" "SOURCE_DIR=/opt/rustwide/workdir" "-e" "CARGO_HOME=/opt/rustwide/cargo-home" "-e" "RUSTUP_HOME=/opt/rustwide/rustup-home" "-e" "CARGO_TARGET_DIR=/opt/rustwide/target" "-w" "/opt/rustwide/workdir" "--user" "0:0" "b001371169d1e1d62e5cbe7513f76e6b18ad28ff27a9ba20e52bbaf70f91f917" "/opt/rustwide/cargo-home/bin/cargo" "+1.99.0-beta.8" "metadata" "--no-deps" "--format-version=1", kill_on_drop: false }`
[INFO] running `Command { std: "docker" "inspect" "b001371169d1e1d62e5cbe7513f76e6b18ad28ff27a9ba20e52bbaf70f91f917", kill_on_drop: false }`
[INFO] running `Command { std: "docker" "exec" "-e" "SOURCE_DIR=/opt/rustwide/workdir" "-e" "CARGO_HOME=/opt/rustwide/cargo-home" "-e" "RUSTUP_HOME=/opt/rustwide/rustup-home" "-e" "CARGO_TARGET_DIR=/opt/rustwide/target" "-e" "CARGO_INCREMENTAL=0" "-e" "RUST_BACKTRACE=full" "-e" "RUSTFLAGS=--cap-lints=warn" "-e" "RUSTDOCFLAGS=--cap-lints=warn" "-w" "/opt/rustwide/workdir" "--user" "0:0" "b001371169d1e1d62e5cbe7513f76e6b18ad28ff27a9ba20e52bbaf70f91f917" "/opt/rustwide/cargo-home/bin/cargo" "+1.99.0-beta.8" "build" "--frozen" "--message-format=json", kill_on_drop: false }`
[INFO] [stderr] warning: Cargo.toml: `package.edition` is unspecified, defaulting to `2015` while the latest is `2024`
[INFO] [stderr] warning: `prometheus-static-metric` (manifest) generated 1 warning
[INFO] [stderr]    Compiling proc-macro2 v1.0.24
[INFO] [stderr]    Compiling unicode-xid v0.2.1
[INFO] [stderr]    Compiling syn v1.0.58
[INFO] [stderr]    Compiling lazy_static v1.4.0
[INFO] [stderr]    Compiling quote v1.0.8
[INFO] [stderr]    Compiling prometheus-static-metric v0.5.1 (/opt/rustwide/workdir)
[INFO] [stdout] warning: field `span` is never read
[INFO] [stdout]   --> src/parser.rs:13:9
[INFO] [stdout]    |
[INFO] [stdout] 12 | struct LabelEnum {
[INFO] [stdout]    |        --------- field in this struct
[INFO] [stdout] 13 |     pub span: Span,
[INFO] [stdout]    |         ^^^^
[INFO] [stdout]    |
[INFO] [stdout]    = note: `#[warn(dead_code)]` (part of `#[warn(unused)]`) on by default
[INFO] [stdout] 
[INFO] [stdout] 
[INFO] [stderr]     Finished `dev` profile [unoptimized + debuginfo] target(s) in 8.26s
[INFO] running `Command { std: "docker" "inspect" "b001371169d1e1d62e5cbe7513f76e6b18ad28ff27a9ba20e52bbaf70f91f917", kill_on_drop: false }`
[INFO] running `Command { std: "docker" "exec" "-e" "SOURCE_DIR=/opt/rustwide/workdir" "-e" "CARGO_HOME=/opt/rustwide/cargo-home" "-e" "RUSTUP_HOME=/opt/rustwide/rustup-home" "-e" "CARGO_TARGET_DIR=/opt/rustwide/target" "-e" "CARGO_INCREMENTAL=0" "-e" "RUST_BACKTRACE=full" "-e" "RUSTFLAGS=--cap-lints=warn" "-e" "RUSTDOCFLAGS=--cap-lints=warn" "-w" "/opt/rustwide/workdir" "--user" "0:0" "b001371169d1e1d62e5cbe7513f76e6b18ad28ff27a9ba20e52bbaf70f91f917" "/opt/rustwide/cargo-home/bin/cargo" "+1.99.0-beta.8" "test" "--frozen" "--no-run" "--message-format=json", kill_on_drop: false }`
[INFO] [stderr] warning: Cargo.toml: `package.edition` is unspecified, defaulting to `2015` while the latest is `2024`
[INFO] [stderr] warning: `prometheus-static-metric` (manifest) generated 1 warning
[INFO] [stderr]    Compiling libc v0.2.82
[INFO] [stderr]    Compiling proc-macro2 v1.0.24
[INFO] [stderr]    Compiling unicode-xid v0.2.1
[INFO] [stderr]    Compiling memchr v2.3.4
[INFO] [stderr]    Compiling crossbeam-utils v0.8.1
[INFO] [stderr]    Compiling scopeguard v1.1.0
[INFO] [stderr]    Compiling serde v1.0.118
[INFO] [stderr]    Compiling syn v1.0.58
[INFO] [stderr]    Compiling memoffset v0.6.1
[INFO] [stderr]    Compiling semver-parser v0.7.0
[INFO] [stderr]    Compiling const_fn v0.4.5
[INFO] [stderr]    Compiling byteorder v1.3.4
[INFO] [stderr]    Compiling semver v0.9.0
[INFO] [stderr]    Compiling rayon-core v1.9.0
[INFO] [stderr]    Compiling rustc_version v0.2.3
[INFO] [stderr]    Compiling quote v1.0.8
[INFO] [stderr]    Compiling num-traits v0.2.14
[INFO] [stderr]    Compiling either v1.6.1
[INFO] [stderr]    Compiling serde_json v1.0.61
[INFO] [stderr]    Compiling cast v0.2.3
[INFO] [stderr]    Compiling crossbeam-epoch v0.9.1
[INFO] [stderr]    Compiling bitflags v1.2.1
[INFO] [stderr]    Compiling itoa v0.4.7
[INFO] [stderr]    Compiling num_cpus v1.13.0
[INFO] [stderr]    Compiling crossbeam-channel v0.5.0
[INFO] [stderr]    Compiling regex-automata v0.1.9
[INFO] [stderr]    Compiling crossbeam-deque v0.8.0
[INFO] [stderr]    Compiling aho-corasick v0.7.15
[INFO] [stderr]    Compiling instant v0.1.9
[INFO] [stderr]    Compiling thread_local v1.1.0
[INFO] [stderr]    Compiling rayon v1.5.0
[INFO] [stderr]    Compiling serde_derive v1.0.118
[INFO] [stderr]    Compiling regex-syntax v0.6.21
[INFO] [stderr]    Compiling protobuf v2.20.0
[INFO] [stderr]    Compiling smallvec v1.6.0
[INFO] [stderr]    Compiling unicode-width v0.1.8
[INFO] [stderr]    Compiling parking_lot_core v0.8.2
[INFO] [stderr]    Compiling textwrap v0.11.0
[INFO] [stderr]    Compiling itertools v0.9.0
[INFO] [stderr]    Compiling csv-core v0.1.10
[INFO] [stderr]    Compiling lock_api v0.4.2
[INFO] [stderr]    Compiling half v1.6.0
[INFO] [stderr]    Compiling same-file v1.0.6
[INFO] [stderr]    Compiling prometheus v0.11.0
[INFO] [stderr]    Compiling walkdir v2.3.1
[INFO] [stderr]    Compiling plotters v0.2.15
[INFO] [stderr]    Compiling parking_lot v0.11.1
[INFO] [stderr]    Compiling regex v1.4.2
[INFO] [stderr]    Compiling criterion-plot v0.4.3
[INFO] [stderr]    Compiling clap v2.33.3
[INFO] [stdout] error[E0658]: custom inner attributes are unstable
[INFO] [stdout]  --> /opt/rustwide/cargo-home/registry/src/index.crates.io-1949cf8c6b5b557f/protobuf-2.20.0/src/descriptor.rs:9:4
[INFO] [stdout]   |
[INFO] [stdout] 9 | #![rustfmt::skip]
[INFO] [stdout]   |    ^^^^^^^^^^^^^
[INFO] [stdout]   |
[INFO] [stdout]   = note: see issue #54726 <https://github.com/rust-lang/rust/issues/54726> for more information
[INFO] [stdout] 
[INFO] [stdout] 
[INFO] [stdout] error[E0658]: custom inner attributes are unstable
[INFO] [stdout]  --> /opt/rustwide/cargo-home/registry/src/index.crates.io-1949cf8c6b5b557f/protobuf-2.20.0/src/plugin.rs:9:4
[INFO] [stdout]   |
[INFO] [stdout] 9 | #![rustfmt::skip]
[INFO] [stdout]   |    ^^^^^^^^^^^^^
[INFO] [stdout]   |
[INFO] [stdout]   = note: see issue #54726 <https://github.com/rust-lang/rust/issues/54726> for more information
[INFO] [stdout] 
[INFO] [stdout] 
[INFO] [stdout] error[E0658]: custom inner attributes are unstable
[INFO] [stdout]  --> /opt/rustwide/cargo-home/registry/src/index.crates.io-1949cf8c6b5b557f/protobuf-2.20.0/src/rustproto.rs:9:4
[INFO] [stdout]   |
[INFO] [stdout] 9 | #![rustfmt::skip]
[INFO] [stdout]   |    ^^^^^^^^^^^^^
[INFO] [stdout]   |
[INFO] [stdout]   = note: see issue #54726 <https://github.com/rust-lang/rust/issues/54726> for more information
[INFO] [stdout] 
[INFO] [stdout] 
[INFO] [stdout] error[E0658]: custom inner attributes are unstable
[INFO] [stdout]  --> /opt/rustwide/cargo-home/registry/src/index.crates.io-1949cf8c6b5b557f/protobuf-2.20.0/src/well_known_types/any.rs:9:4
[INFO] [stdout]   |
[INFO] [stdout] 9 | #![rustfmt::skip]
[INFO] [stdout]   |    ^^^^^^^^^^^^^
[INFO] [stdout]   |
[INFO] [stdout]   = note: see issue #54726 <https://github.com/rust-lang/rust/issues/54726> for more information
[INFO] [stdout] 
[INFO] [stdout] 
[INFO] [stdout] error[E0658]: custom inner attributes are unstable
[INFO] [stdout]  --> /opt/rustwide/cargo-home/registry/src/index.crates.io-1949cf8c6b5b557f/protobuf-2.20.0/src/well_known_types/api.rs:9:4
[INFO] [stdout]   |
[INFO] [stdout] 9 | #![rustfmt::skip]
[INFO] [stdout]   |    ^^^^^^^^^^^^^
[INFO] [stdout]   |
[INFO] [stdout]   = note: see issue #54726 <https://github.com/rust-lang/rust/issues/54726> for more information
[INFO] [stdout] 
[INFO] [stdout] 
[INFO] [stdout] error[E0658]: custom inner attributes are unstable
[INFO] [stdout]  --> /opt/rustwide/cargo-home/registry/src/index.crates.io-1949cf8c6b5b557f/protobuf-2.20.0/src/well_known_types/duration.rs:9:4
[INFO] [stdout]   |
[INFO] [stdout] 9 | #![rustfmt::skip]
[INFO] [stdout]   |    ^^^^^^^^^^^^^
[INFO] [stdout]   |
[INFO] [stdout]   = note: see issue #54726 <https://github.com/rust-lang/rust/issues/54726> for more information
[INFO] [stdout] 
[INFO] [stdout] 
[INFO] [stdout] error[E0658]: custom inner attributes are unstable
[INFO] [stdout]  --> /opt/rustwide/cargo-home/registry/src/index.crates.io-1949cf8c6b5b557f/protobuf-2.20.0/src/well_known_types/empty.rs:9:4
[INFO] [stdout]   |
[INFO] [stdout] 9 | #![rustfmt::skip]
[INFO] [stdout]   |    ^^^^^^^^^^^^^
[INFO] [stdout]   |
[INFO] [stdout]   = note: see issue #54726 <https://github.com/rust-lang/rust/issues/54726> for more information
[INFO] [stdout] 
[INFO] [stdout] 
[INFO] [stdout] error[E0658]: custom inner attributes are unstable
[INFO] [stdout]  --> /opt/rustwide/cargo-home/registry/src/index.crates.io-1949cf8c6b5b557f/protobuf-2.20.0/src/well_known_types/field_mask.rs:9:4
[INFO] [stdout]   |
[INFO] [stdout] 9 | #![rustfmt::skip]
[INFO] [stdout]   |    ^^^^^^^^^^^^^
[INFO] [stdout]   |
[INFO] [stdout]   = note: see issue #54726 <https://github.com/rust-lang/rust/issues/54726> for more information
[INFO] [stdout] 
[INFO] [stdout] 
[INFO] [stdout] error[E0658]: custom inner attributes are unstable
[INFO] [stdout]  --> /opt/rustwide/cargo-home/registry/src/index.crates.io-1949cf8c6b5b557f/protobuf-2.20.0/src/well_known_types/source_context.rs:9:4
[INFO] [stdout]   |
[INFO] [stdout] 9 | #![rustfmt::skip]
[INFO] [stdout]   |    ^^^^^^^^^^^^^
[INFO] [stdout]   |
[INFO] [stdout]   = note: see issue #54726 <https://github.com/rust-lang/rust/issues/54726> for more information
[INFO] [stdout] 
[INFO] [stdout] 
[INFO] [stdout] error[E0658]: custom inner attributes are unstable
[INFO] [stdout]  --> /opt/rustwide/cargo-home/registry/src/index.crates.io-1949cf8c6b5b557f/protobuf-2.20.0/src/well_known_types/struct_pb.rs:9:4
[INFO] [stdout]   |
[INFO] [stdout] 9 | #![rustfmt::skip]
[INFO] [stdout]   |    ^^^^^^^^^^^^^
[INFO] [stdout]   |
[INFO] [stdout]   = note: see issue #54726 <https://github.com/rust-lang/rust/issues/54726> for more information
[INFO] [stdout] 
[INFO] [stdout] 
[INFO] [stdout] error[E0658]: custom inner attributes are unstable
[INFO] [stdout]  --> /opt/rustwide/cargo-home/registry/src/index.crates.io-1949cf8c6b5b557f/protobuf-2.20.0/src/well_known_types/timestamp.rs:9:4
[INFO] [stdout]   |
[INFO] [stdout] 9 | #![rustfmt::skip]
[INFO] [stdout]   |    ^^^^^^^^^^^^^
[INFO] [stdout]   |
[INFO] [stdout]   = note: see issue #54726 <https://github.com/rust-lang/rust/issues/54726> for more information
[INFO] [stdout] 
[INFO] [stdout] 
[INFO] [stdout] error[E0658]: custom inner attributes are unstable
[INFO] [stdout]  --> /opt/rustwide/cargo-home/registry/src/index.crates.io-1949cf8c6b5b557f/protobuf-2.20.0/src/well_known_types/type_pb.rs:9:4
[INFO] [stdout]   |
[INFO] [stdout] 9 | #![rustfmt::skip]
[INFO] [stdout]   |    ^^^^^^^^^^^^^
[INFO] [stdout]   |
[INFO] [stdout]   = note: see issue #54726 <https://github.com/rust-lang/rust/issues/54726> for more information
[INFO] [stdout] 
[INFO] [stdout] 
[INFO] [stdout] error[E0658]: custom inner attributes are unstable
[INFO] [stdout]  --> /opt/rustwide/cargo-home/registry/src/index.crates.io-1949cf8c6b5b557f/protobuf-2.20.0/src/well_known_types/wrappers.rs:9:4
[INFO] [stdout]   |
[INFO] [stdout] 9 | #![rustfmt::skip]
[INFO] [stdout]   |    ^^^^^^^^^^^^^
[INFO] [stdout]   |
[INFO] [stdout]   = note: see issue #54726 <https://github.com/rust-lang/rust/issues/54726> for more information
[INFO] [stdout] 
[INFO] [stdout] 
[INFO] [stderr]    Compiling atty v0.2.14
[INFO] [stderr]    Compiling oorandom v11.1.3
[INFO] [stderr]    Compiling bstr v0.2.14
[INFO] [stderr]    Compiling serde_cbor v0.11.1
[INFO] [stderr]    Compiling csv v1.1.5
[INFO] [stderr]    Compiling tinytemplate v1.2.0
[INFO] [stdout] For more information about this error, try `rustc --explain E0658`.
[INFO] [stdout] 
[INFO] [stderr] error: could not compile `protobuf` (lib) due to 13 previous errors
[INFO] [stderr] warning: build failed, waiting for other jobs to finish...
[INFO] running `Command { std: "docker" "inspect" "b001371169d1e1d62e5cbe7513f76e6b18ad28ff27a9ba20e52bbaf70f91f917", kill_on_drop: false }`
[INFO] running `Command { std: "docker" "rm" "-f" "b001371169d1e1d62e5cbe7513f76e6b18ad28ff27a9ba20e52bbaf70f91f917", kill_on_drop: false }`
[INFO] [stdout] b001371169d1e1d62e5cbe7513f76e6b18ad28ff27a9ba20e52bbaf70f91f917
