[INFO] fetching crate prolly-store-pglite 0.5.1...
[INFO] testing prolly-store-pglite-0.5.1 against 1.100.0-beta.1 for beta-1.100-2
[INFO] extracting crate prolly-store-pglite 0.5.1 into /workspace/builds/worker-2-tc2/source
[INFO] started tweaking crates.io crate prolly-store-pglite 0.5.1
[INFO] removed 0 missing tests
[INFO] finished tweaking crates.io crate prolly-store-pglite 0.5.1
[INFO] tweaked toml for crates.io crate prolly-store-pglite 0.5.1 written to /workspace/builds/worker-2-tc2/source/Cargo.toml
[INFO] validating manifest of crates.io crate prolly-store-pglite 0.5.1 on toolchain 1.100.0-beta.1
[INFO] running `Command { std: CARGO_HOME="/workspace/cargo-home" RUSTUP_HOME="/workspace/rustup-home" "/workspace/cargo-home/bin/cargo" "+1.100.0-beta.1" "metadata" "--manifest-path" "Cargo.toml" "--no-deps", kill_on_drop: false }`
[INFO] crate crates.io crate prolly-store-pglite 0.5.1 already has a lockfile, it will not be regenerated
[INFO] running `Command { std: CARGO_HOME="/workspace/cargo-home" RUSTUP_HOME="/workspace/rustup-home" "/workspace/cargo-home/bin/cargo" "+1.100.0-beta.1" "fetch" "--manifest-path" "Cargo.toml", kill_on_drop: false }`
[INFO] [stderr] warning: `package.homepage` is redundant with `package.repository`
[INFO] [stderr]   --> Cargo.toml:36:12
[INFO] [stderr]    |
[INFO] [stderr] 36 | homepage = "https://github.com/crabbuild/prolly"
[INFO] [stderr]    |            ^^^^^^^^^^^^^^^^^^^^^^^^^^^^^^^^^^^^^
[INFO] [stderr] ...
[INFO] [stderr] 41 | repository = "https://github.com/crabbuild/prolly"
[INFO] [stderr]    |              -------------------------------------
[INFO] [stderr]    |
[INFO] [stderr]    = note: `cargo::redundant_homepage` is set to `warn` by default
[INFO] [stderr] help: consider removing `package.homepage`
[INFO] [stderr] warning: `prolly-store-pglite` (manifest) generated 1 warning
[INFO] running `Command { std: "docker" "create" "-v" "/var/lib/crater-agent-workspace/builds/worker-2-tc2/source:/opt/rustwide/workdir:ro,Z" "-v" "/var/lib/crater-agent-workspace/builds/worker-2-tc2/target:/opt/rustwide/target:rw,Z" "-v" "/var/lib/crater-agent-workspace/cargo-home:/opt/rustwide/cargo-home:ro,Z" "-v" "/var/lib/crater-agent-workspace/rustup-home:/opt/rustwide/rustup-home:ro,Z" "-m" "1610612736" "--network" "none" "ghcr.io/rust-lang/crates-build-env/linux@sha256:3111399a4047eeb3a02b7a90e478d715f38a8c6669b5c4b49d30a17385265909" "sleep" "infinity", kill_on_drop: false }`
[INFO] [stdout] 4e1a46396216677607f627a82bc56985a0ae53289ef54b0839a14fd4668b27b8
[INFO] running `Command { std: "docker" "start" "4e1a46396216677607f627a82bc56985a0ae53289ef54b0839a14fd4668b27b8", kill_on_drop: false }`
[INFO] running `Command { std: "docker" "inspect" "4e1a46396216677607f627a82bc56985a0ae53289ef54b0839a14fd4668b27b8", kill_on_drop: false }`
[INFO] running `Command { std: "docker" "exec" "-e" "SOURCE_DIR=/opt/rustwide/workdir" "-e" "CARGO_HOME=/opt/rustwide/cargo-home" "-e" "RUSTUP_HOME=/opt/rustwide/rustup-home" "-e" "CARGO_TARGET_DIR=/opt/rustwide/target" "-w" "/opt/rustwide/workdir" "--user" "0:0" "4e1a46396216677607f627a82bc56985a0ae53289ef54b0839a14fd4668b27b8" "/opt/rustwide/cargo-home/bin/cargo" "+1.100.0-beta.1" "metadata" "--no-deps" "--format-version=1", kill_on_drop: false }`
[INFO] running `Command { std: "docker" "inspect" "4e1a46396216677607f627a82bc56985a0ae53289ef54b0839a14fd4668b27b8", kill_on_drop: false }`
[INFO] running `Command { std: "docker" "exec" "-e" "SOURCE_DIR=/opt/rustwide/workdir" "-e" "CARGO_HOME=/opt/rustwide/cargo-home" "-e" "RUSTUP_HOME=/opt/rustwide/rustup-home" "-e" "CARGO_TARGET_DIR=/opt/rustwide/target" "-e" "CARGO_INCREMENTAL=0" "-e" "RUST_BACKTRACE=full" "-e" "RUSTFLAGS=--cap-lints=warn" "-e" "RUSTDOCFLAGS=--cap-lints=warn" "-w" "/opt/rustwide/workdir" "--user" "0:0" "4e1a46396216677607f627a82bc56985a0ae53289ef54b0839a14fd4668b27b8" "/opt/rustwide/cargo-home/bin/cargo" "+1.100.0-beta.1" "build" "--frozen" "--message-format=json", kill_on_drop: false }`
[INFO] [stderr] warning: `package.homepage` is redundant with `package.repository`
[INFO] [stderr]   --> Cargo.toml:36:12
[INFO] [stderr]    |
[INFO] [stderr] 36 | homepage = "https://github.com/crabbuild/prolly"
[INFO] [stderr]    |            ^^^^^^^^^^^^^^^^^^^^^^^^^^^^^^^^^^^^^
[INFO] [stderr] ...
[INFO] [stderr] 41 | repository = "https://github.com/crabbuild/prolly"
[INFO] [stderr]    |              -------------------------------------
[INFO] [stderr]    |
[INFO] [stderr]    = note: `cargo::redundant_homepage` is set to `warn` by default
[INFO] [stderr] help: consider removing `package.homepage`
[INFO] [stderr] warning: `prolly-store-pglite` (manifest) generated 1 warning
[INFO] [stderr]    Compiling serde_core v1.0.229
[INFO] [stderr]    Compiling typenum v1.20.1
[INFO] [stderr]    Compiling futures-core v0.3.33
[INFO] [stderr]    Compiling cc v1.3.0
[INFO] [stderr]    Compiling half v1.8.3
[INFO] [stderr]    Compiling either v1.16.0
[INFO] [stderr]    Compiling memchr v2.8.3
[INFO] [stderr]    Compiling xxhash-rust v0.8.18
[INFO] [stderr]    Compiling syn v3.0.3
[INFO] [stderr]    Compiling syn v2.0.119
[INFO] [stderr]    Compiling rayon v1.12.0
[INFO] [stderr]    Compiling generic-array v0.14.7
[INFO] [stderr]    Compiling libmimalloc-sys v0.1.49
[INFO] [stderr]    Compiling serde_derive v1.0.229
[INFO] [stderr]    Compiling block-buffer v0.10.4
[INFO] [stderr]    Compiling crypto-common v0.1.7
[INFO] [stderr]    Compiling digest v0.10.7
[INFO] [stderr]    Compiling sha2 v0.10.9
[INFO] [stderr]    Compiling serde_json v1.0.151
[INFO] [stderr]    Compiling mimalloc v0.1.52
[INFO] [stderr]    Compiling futures-macro v0.3.33
[INFO] [stderr]    Compiling futures-util v0.3.33
[INFO] [stderr]    Compiling serde v1.0.229
[INFO] [stderr]    Compiling serde_cbor v0.11.2
[INFO] [stderr]    Compiling prolly-map v0.7.2
[INFO] [stderr]    Compiling prolly-store-pglite v0.5.1 (/opt/rustwide/workdir)
[INFO] [stderr]     Finished `dev` profile [unoptimized + debuginfo] target(s) in 46.82s
[INFO] running `Command { std: "docker" "inspect" "4e1a46396216677607f627a82bc56985a0ae53289ef54b0839a14fd4668b27b8", kill_on_drop: false }`
[INFO] running `Command { std: "docker" "exec" "-e" "SOURCE_DIR=/opt/rustwide/workdir" "-e" "CARGO_HOME=/opt/rustwide/cargo-home" "-e" "RUSTUP_HOME=/opt/rustwide/rustup-home" "-e" "CARGO_TARGET_DIR=/opt/rustwide/target" "-e" "CARGO_INCREMENTAL=0" "-e" "RUST_BACKTRACE=full" "-e" "RUSTFLAGS=--cap-lints=warn" "-e" "RUSTDOCFLAGS=--cap-lints=warn" "-w" "/opt/rustwide/workdir" "--user" "0:0" "4e1a46396216677607f627a82bc56985a0ae53289ef54b0839a14fd4668b27b8" "/opt/rustwide/cargo-home/bin/cargo" "+1.100.0-beta.1" "test" "--frozen" "--no-run" "--message-format=json", kill_on_drop: false }`
[INFO] [stderr] warning: `package.homepage` is redundant with `package.repository`
[INFO] [stderr]   --> Cargo.toml:36:12
[INFO] [stderr]    |
[INFO] [stderr] 36 | homepage = "https://github.com/crabbuild/prolly"
[INFO] [stderr]    |            ^^^^^^^^^^^^^^^^^^^^^^^^^^^^^^^^^^^^^
[INFO] [stderr] ...
[INFO] [stderr] 41 | repository = "https://github.com/crabbuild/prolly"
[INFO] [stderr]    |              -------------------------------------
[INFO] [stderr]    |
[INFO] [stderr]    = note: `cargo::redundant_homepage` is set to `warn` by default
[INFO] [stderr] help: consider removing `package.homepage`
[INFO] [stderr] warning: `prolly-store-pglite` (manifest) generated 1 warning
[INFO] [stderr]    Compiling prolly-store-pglite v0.5.1 (/opt/rustwide/workdir)
[INFO] [stdout] error[E0433]: cannot find module or crate `prolly_store_test` in this scope
[INFO] [stdout]   --> tests/pglite_store.rs:11:5
[INFO] [stdout]    |
[INFO] [stdout] 11 |     prolly_store_test::assert_store_contract(&store);
[INFO] [stdout]    |     ^^^^^^^^^^^^^^^^^ use of unresolved module or unlinked crate `prolly_store_test`
[INFO] [stdout]    |
[INFO] [stdout] help: there is a crate or module with a similar name
[INFO] [stdout]    |
[INFO] [stdout] 11 -     prolly_store_test::assert_store_contract(&store);
[INFO] [stdout] 11 +     prolly_store_pglite::assert_store_contract(&store);
[INFO] [stdout]    |
[INFO] [stdout] 
[INFO] [stdout] 
[INFO] [stdout] error[E0433]: cannot find module or crate `prolly_store_test` in this scope
[INFO] [stdout]   --> tests/pglite_store.rs:21:5
[INFO] [stdout]    |
[INFO] [stdout] 21 |     prolly_store_test::assert_manifest_store_contract(&store);
[INFO] [stdout]    |     ^^^^^^^^^^^^^^^^^ use of unresolved module or unlinked crate `prolly_store_test`
[INFO] [stdout]    |
[INFO] [stdout] help: there is a crate or module with a similar name
[INFO] [stdout]    |
[INFO] [stdout] 21 -     prolly_store_test::assert_manifest_store_contract(&store);
[INFO] [stdout] 21 +     prolly_store_pglite::assert_manifest_store_contract(&store);
[INFO] [stdout]    |
[INFO] [stdout] 
[INFO] [stdout] 
[INFO] [stdout] error[E0433]: cannot find module or crate `prolly_store_test` in this scope
[INFO] [stdout]   --> tests/pglite_store.rs:31:5
[INFO] [stdout]    |
[INFO] [stdout] 31 |     prolly_store_test::assert_node_store_scan_contract(store);
[INFO] [stdout]    |     ^^^^^^^^^^^^^^^^^ use of unresolved module or unlinked crate `prolly_store_test`
[INFO] [stdout]    |
[INFO] [stdout] help: there is a crate or module with a similar name
[INFO] [stdout]    |
[INFO] [stdout] 31 -     prolly_store_test::assert_node_store_scan_contract(store);
[INFO] [stdout] 31 +     prolly_store_pglite::assert_node_store_scan_contract(store);
[INFO] [stdout]    |
[INFO] [stdout] 
[INFO] [stdout] 
[INFO] [stdout] error[E0433]: cannot find module or crate `prolly_store_test` in this scope
[INFO] [stdout]   --> tests/pglite_store.rs:40:5
[INFO] [stdout]    |
[INFO] [stdout] 40 |     prolly_store_test::assert_indexed_store(PgliteStore::open_in_memory().unwrap());
[INFO] [stdout]    |     ^^^^^^^^^^^^^^^^^ use of unresolved module or unlinked crate `prolly_store_test`
[INFO] [stdout]    |
[INFO] [stdout] help: there is a crate or module with a similar name
[INFO] [stdout]    |
[INFO] [stdout] 40 -     prolly_store_test::assert_indexed_store(PgliteStore::open_in_memory().unwrap());
[INFO] [stdout] 40 +     prolly_store_pglite::assert_indexed_store(PgliteStore::open_in_memory().unwrap());
[INFO] [stdout]    |
[INFO] [stdout] 
[INFO] [stdout] 
[INFO] [stdout] For more information about this error, try `rustc --explain E0433`.
[INFO] [stdout] 
[INFO] [stderr] error: could not compile `prolly-store-pglite` (test "pglite_store") due to 4 previous errors
[INFO] [stderr] warning: build failed, waiting for other jobs to finish...
[INFO] running `Command { std: "docker" "inspect" "4e1a46396216677607f627a82bc56985a0ae53289ef54b0839a14fd4668b27b8", kill_on_drop: false }`
[INFO] running `Command { std: "docker" "rm" "-f" "4e1a46396216677607f627a82bc56985a0ae53289ef54b0839a14fd4668b27b8", kill_on_drop: false }`
[INFO] [stdout] 4e1a46396216677607f627a82bc56985a0ae53289ef54b0839a14fd4668b27b8
