[INFO] fetching crate phonon-fmod 0.2.0...
[INFO] testing phonon-fmod-0.2.0 against 1.99.0-beta.8 for beta-1.100-2
[INFO] extracting crate phonon-fmod 0.2.0 into /workspace/builds/worker-5-tc1/source
[INFO] started tweaking crates.io crate phonon-fmod 0.2.0
[INFO] removed 0 missing examples
[INFO] finished tweaking crates.io crate phonon-fmod 0.2.0
[INFO] tweaked toml for crates.io crate phonon-fmod 0.2.0 written to /workspace/builds/worker-5-tc1/source/Cargo.toml
[INFO] validating manifest of crates.io crate phonon-fmod 0.2.0 on toolchain 1.99.0-beta.8
[INFO] running `Command { std: CARGO_HOME="/workspace/cargo-home" RUSTUP_HOME="/workspace/rustup-home" "/workspace/cargo-home/bin/cargo" "+1.99.0-beta.8" "metadata" "--manifest-path" "Cargo.toml" "--no-deps", kill_on_drop: false }`
[INFO] crate crates.io crate phonon-fmod 0.2.0 already has a lockfile, it will not be regenerated
[INFO] running `Command { std: CARGO_HOME="/workspace/cargo-home" RUSTUP_HOME="/workspace/rustup-home" "/workspace/cargo-home/bin/cargo" "+1.99.0-beta.8" "fetch" "--manifest-path" "Cargo.toml", kill_on_drop: false }`
[INFO] [stderr]     Updating crates.io index
[INFO] [stderr]  Downloading crates ...
[INFO] [stderr]   Downloaded quote v1.0.37
[INFO] [stderr]   Downloaded unicode-ident v1.0.12
[INFO] [stderr]   Downloaded strum v0.26.3
[INFO] [stderr]   Downloaded strum_macros v0.26.4
[INFO] [stderr]   Downloaded biquad v0.4.2
[INFO] [stderr]   Downloaded derive_deref v1.1.1
[INFO] [stderr]   Downloaded nalgebra-macros v0.2.2
[INFO] [stderr]   Downloaded cfg-if v1.0.0
[INFO] [stderr]   Downloaded approx v0.5.1
[INFO] [stderr]   Downloaded wasi v0.11.0+wasi-snapshot-preview1
[INFO] [stderr]   Downloaded autocfg v1.3.0
[INFO] [stderr]   Downloaded ahash v0.8.11
[INFO] [stderr]   Downloaded arrayvec v0.7.6
[INFO] [stderr]   Downloaded bitflags v2.6.0
[INFO] [stderr]   Downloaded proc-macro2 v1.0.86
[INFO] [stderr]   Downloaded rustversion v1.0.17
[INFO] [stderr]   Downloaded slab v0.4.9
[INFO] [stderr]   Downloaded either v1.13.0
[INFO] [stderr]   Downloaded getrandom v0.2.15
[INFO] [stderr]   Downloaded smallvec v1.13.2
[INFO] [stderr]   Downloaded ppv-lite86 v0.2.20
[INFO] [stderr]   Downloaded safe_arch v0.7.2
[INFO] [stderr]   Downloaded typenum v1.17.0
[INFO] [stderr]   Downloaded allocator-api2 v0.2.18
[INFO] [stderr]   Downloaded simba v0.8.1
[INFO] [stderr]   Downloaded downcast-rs v1.2.1
[INFO] [stderr]   Downloaded phonon v0.2.0
[INFO] [stderr]   Downloaded ultraviolet v0.9.2
[INFO] [stderr]   Downloaded bytemuck v1.18.0
[INFO] [stderr]   Downloaded libm v0.2.8
[INFO] [stderr]   Downloaded wide v0.7.28
[INFO] [stderr]   Downloaded once_cell v1.19.0
[INFO] [stderr]   Downloaded libfmod v2.222.4
[INFO] [stderr]   Downloaded syn v2.0.77
[INFO] [stderr]   Downloaded libm v0.1.4
[INFO] [stderr]   Downloaded parry3d v0.13.8
[INFO] [stderr]   Downloaded ndarray v0.15.6
[INFO] [stderr]   Downloaded nalgebra v0.32.6
[INFO] [stderr]   Downloaded glam v0.27.0
[INFO] [stderr]   Downloaded robust v1.1.0
[INFO] [stderr]   Downloaded spade v2.12.0
[INFO] [stderr]   Downloaded libc v0.2.158
[INFO] running `Command { std: "docker" "create" "-v" "/var/lib/crater-agent-workspace/builds/worker-5-tc1/source:/opt/rustwide/workdir:ro,Z" "-v" "/var/lib/crater-agent-workspace/builds/worker-5-tc1/target:/opt/rustwide/target:rw,Z" "-v" "/var/lib/crater-agent-workspace/cargo-home:/opt/rustwide/cargo-home:ro,Z" "-v" "/var/lib/crater-agent-workspace/rustup-home:/opt/rustwide/rustup-home:ro,Z" "-m" "1610612736" "--network" "none" "ghcr.io/rust-lang/crates-build-env/linux@sha256:3111399a4047eeb3a02b7a90e478d715f38a8c6669b5c4b49d30a17385265909" "sleep" "infinity", kill_on_drop: false }`
[INFO] [stdout] 106b054a9332985598634bafa8329ba32ae3079579df97d140417bf7c00c577f
[INFO] running `Command { std: "docker" "start" "106b054a9332985598634bafa8329ba32ae3079579df97d140417bf7c00c577f", kill_on_drop: false }`
[INFO] running `Command { std: "docker" "inspect" "106b054a9332985598634bafa8329ba32ae3079579df97d140417bf7c00c577f", kill_on_drop: false }`
[INFO] running `Command { std: "docker" "exec" "-e" "SOURCE_DIR=/opt/rustwide/workdir" "-e" "CARGO_HOME=/opt/rustwide/cargo-home" "-e" "RUSTUP_HOME=/opt/rustwide/rustup-home" "-e" "CARGO_TARGET_DIR=/opt/rustwide/target" "-w" "/opt/rustwide/workdir" "--user" "0:0" "106b054a9332985598634bafa8329ba32ae3079579df97d140417bf7c00c577f" "/opt/rustwide/cargo-home/bin/cargo" "+1.99.0-beta.8" "metadata" "--no-deps" "--format-version=1", kill_on_drop: false }`
[INFO] running `Command { std: "docker" "inspect" "106b054a9332985598634bafa8329ba32ae3079579df97d140417bf7c00c577f", kill_on_drop: false }`
[INFO] running `Command { std: "docker" "exec" "-e" "SOURCE_DIR=/opt/rustwide/workdir" "-e" "CARGO_HOME=/opt/rustwide/cargo-home" "-e" "RUSTUP_HOME=/opt/rustwide/rustup-home" "-e" "CARGO_TARGET_DIR=/opt/rustwide/target" "-e" "CARGO_INCREMENTAL=0" "-e" "RUST_BACKTRACE=full" "-e" "RUSTFLAGS=--cap-lints=warn" "-e" "RUSTDOCFLAGS=--cap-lints=warn" "-w" "/opt/rustwide/workdir" "--user" "0:0" "106b054a9332985598634bafa8329ba32ae3079579df97d140417bf7c00c577f" "/opt/rustwide/cargo-home/bin/cargo" "+1.99.0-beta.8" "build" "--frozen" "--message-format=json", kill_on_drop: false }`
[INFO] [stderr]    Compiling proc-macro2 v1.0.86
[INFO] [stderr]    Compiling unicode-ident v1.0.12
[INFO] [stderr]    Compiling autocfg v1.3.0
[INFO] [stderr]    Compiling libm v0.2.8
[INFO] [stderr]    Compiling cfg-if v1.0.0
[INFO] [stderr]    Compiling byteorder v1.5.0
[INFO] [stderr]    Compiling bytemuck v1.18.0
[INFO] [stderr]    Compiling libc v0.2.158
[INFO] [stderr]    Compiling version_check v0.9.5
[INFO] [stderr]    Compiling paste v1.0.15
[INFO] [stderr]    Compiling typenum v1.17.0
[INFO] [stderr]    Compiling safe_arch v0.7.2
[INFO] [stderr]    Compiling once_cell v1.19.0
[INFO] [stderr]    Compiling rawpointer v0.2.1
[INFO] [stderr]    Compiling num-traits v0.2.19
[INFO] [stderr]    Compiling matrixmultiply v0.3.9
[INFO] [stderr]    Compiling ahash v0.8.11
[INFO] [stderr]    Compiling getrandom v0.2.15
[INFO] [stderr]    Compiling slab v0.4.9
[INFO] [stderr]    Compiling allocator-api2 v0.2.18
[INFO] [stderr]    Compiling libm v0.1.4
[INFO] [stderr]    Compiling syn v1.0.109
[INFO] [stderr]    Compiling rustversion v1.0.17
[INFO] [stderr]    Compiling quote v1.0.37
[INFO] [stderr]    Compiling wide v0.7.28
[INFO] [stderr]    Compiling rand_core v0.6.4
[INFO] [stderr]    Compiling bitflags v1.3.2
[INFO] [stderr]    Compiling robust v1.1.0
[INFO] [stderr]    Compiling syn v2.0.77
[INFO] [stderr]    Compiling smallvec v1.13.2
[INFO] [stderr]    Compiling glam v0.27.0
[INFO] [stderr]    Compiling num-complex v0.4.6
[INFO] [stderr]    Compiling num-integer v0.1.46
[INFO] [stderr]    Compiling approx v0.5.1
[INFO] [stderr]    Compiling num-rational v0.4.2
[INFO] [stderr]    Compiling libfmod v2.222.4
[INFO] [stderr]    Compiling rustc-hash v1.1.0
[INFO] [stderr]    Compiling either v1.13.0
[INFO] [stderr]    Compiling downcast-rs v1.2.1
[INFO] [stderr]    Compiling arrayvec v0.7.6
[INFO] [stderr]    Compiling ndarray v0.15.6
[INFO] [stderr]    Compiling biquad v0.4.2
[INFO] [stderr]    Compiling bitflags v2.6.0
[INFO] [stderr]    Compiling simba v0.8.1
[INFO] [stderr]    Compiling ultraviolet v0.9.2
[INFO] [stderr]    Compiling derive_deref v1.1.1
[INFO] [stderr]    Compiling zerocopy-derive v0.7.35
[INFO] [stderr]    Compiling nalgebra-macros v0.2.2
[INFO] [stderr]    Compiling num-derive v0.4.2
[INFO] [stderr]    Compiling strum_macros v0.26.4
[INFO] [stderr]    Compiling zerocopy v0.7.35
[INFO] [stderr]    Compiling strum v0.26.3
[INFO] [stderr]    Compiling ppv-lite86 v0.2.20
[INFO] [stderr]    Compiling hashbrown v0.14.5
[INFO] [stderr]    Compiling rand_chacha v0.3.1
[INFO] [stderr]    Compiling rand v0.8.5
[INFO] [stderr]    Compiling spade v2.12.0
[INFO] [stderr]    Compiling nalgebra v0.32.6
[INFO] [stderr]    Compiling parry3d v0.13.8
[INFO] [stderr]    Compiling phonon v0.2.0
[INFO] [stderr]    Compiling phonon-fmod v0.2.0 (/opt/rustwide/workdir)
[INFO] [stdout] error: linking with `cc` failed: exit status: 1
[INFO] [stdout]   |
[INFO] [stdout]   = note:  "cc" "-Wl,--version-script=/opt/rustwide/target/debug/deps/rustcwIYeE5/list" "-Wl,--no-undefined-version" "-m64" "/opt/rustwide/target/debug/deps/rustcwIYeE5/symbols.o" "<2 object files omitted>" "-Wl,--as-needed" "-Wl,-Bstatic" "/opt/rustwide/target/debug/deps/{libstrum-14cda2183cd6ce8c,libphonon-713725b83d0651be,libparry3d-7f41210465d5aec3,librustc_hash-d7c4a66f98a2548f,libspade-91fae5c39b0495fa,librobust-d4e536664b25d58a,libhashbrown-66fbbf8e2ae90ebe,libahash-a1bd709595ed5777,libonce_cell-b90d547f1eeedfb0,liballocator_api2-52e8e0a954c73b48,libsmallvec-5dc15f12cdebef01,libdowncast_rs-3ac428ec67289a3c,libarrayvec-9d0aa62fa88910b3,libnalgebra-1e5c26178e798d20,libnum_rational-a88c85470f5207ce,libtypenum-44a2840d4152a259,libsimba-b21a899d476a6a23,libeither-c79786ce8c15a53c,libapprox-1d7553420757dd8d,librand-23b0b271013cbec4,librand_chacha-6cacf968530ae46c,libppv_lite86-2b5f4b52cf8f48d8,libzerocopy-be890f8b9088bfd5,libbyteorder-9f6ac6743e38a88c,librand_core-523d2d9883d985f9,libgetrandom-a69470e75f0d619e,liblibc-26d86a1626322b02,libcfg_if-3e7fc4e38d4a72b5,libndarray-eefc6afc7583a260,libmatrixmultiply-a380de515fc33d1a,libnum_complex-8e8cb59ac7731998,libnum_integer-37c00b0704907061,libnum_traits-42774fddedcf92b2,librawpointer-10d892ea69c462d6,libbitflags-09131a3e0891448f,libglam-8f4746a03c155b2b,libbiquad-c7cdb5159fe8c054,liblibm-272e294ced2a4246,libultraviolet-871ba1e3fed09bba,libwide-81f6a92b00330169,libsafe_arch-3d91d96c25c4c274,libbytemuck-6de94123fcdedb18,liblibfmod-af1347bcfef60823,libbitflags-dde12b0d7d495b50}.rlib" "<sysroot>/lib/rustlib/x86_64-unknown-linux-gnu/lib/{libstd-*,libpanic_unwind-*,libobject-*,libmemchr-*,libaddr2line-*,libgimli-*,libcfg_if-*,librustc_demangle-*,libstd_detect-*,libhashbrown-*,librustc_std_workspace_alloc-*,libminiz_oxide-*,libadler2-*,libunwind-*,liblibc-*,librustc_std_workspace_core-*,liballoc-*,libcore-*,libcompiler_builtins-*}.rlib" "-Wl,-Bdynamic" "-lc" "-lm" "-lrt" "-lpthread" "-lfmod" "-lfmodstudio" "-lgcc_s" "-lutil" "-lrt" "-lpthread" "-lm" "-ldl" "-lc" "-L" "/opt/rustwide/target/debug/deps/rustcwIYeE5/raw-dylibs" "-B<sysroot>/lib/rustlib/x86_64-unknown-linux-gnu/bin/gcc-ld" "-fuse-ld=lld" "-Wl,--eh-frame-hdr" "-Wl,-z,noexecstack" "-L" "<sysroot>/lib/rustlib/x86_64-unknown-linux-gnu/lib" "-o" "/opt/rustwide/target/debug/deps/libphonon_fmod.so" "-Wl,--gc-sections" "-shared" "-Wl,-z,relro,-z,now" "-nodefaultlibs"
[INFO] [stdout]   = note: some arguments are omitted. use `--verbose` to show all linker arguments
[INFO] [stdout]   = note: rust-lld: error: unable to find library -lfmod
[INFO] [stdout]           rust-lld: error: unable to find library -lfmodstudio
[INFO] [stdout]           collect2: error: ld returned 1 exit status
[INFO] [stdout]           
[INFO] [stdout] 
[INFO] [stdout] 
[INFO] [stderr] error: could not compile `phonon-fmod` (lib) due to 1 previous error
[INFO] running `Command { std: "docker" "inspect" "106b054a9332985598634bafa8329ba32ae3079579df97d140417bf7c00c577f", kill_on_drop: false }`
[INFO] running `Command { std: "docker" "rm" "-f" "106b054a9332985598634bafa8329ba32ae3079579df97d140417bf7c00c577f", kill_on_drop: false }`
[INFO] [stdout] 106b054a9332985598634bafa8329ba32ae3079579df97d140417bf7c00c577f
