[INFO] fetching crate do-memory-storage-redb 0.1.34...
[INFO] testing do-memory-storage-redb-0.1.34 against 1.99.0-beta.8 for beta-1.100-2
[INFO] extracting crate do-memory-storage-redb 0.1.34 into /workspace/builds/worker-7-tc1/source
[INFO] started tweaking crates.io crate do-memory-storage-redb 0.1.34
[INFO] removed 0 missing tests
[INFO] finished tweaking crates.io crate do-memory-storage-redb 0.1.34
[INFO] tweaked toml for crates.io crate do-memory-storage-redb 0.1.34 written to /workspace/builds/worker-7-tc1/source/Cargo.toml
[INFO] validating manifest of crates.io crate do-memory-storage-redb 0.1.34 on toolchain 1.99.0-beta.8
[INFO] running `Command { std: CARGO_HOME="/workspace/cargo-home" RUSTUP_HOME="/workspace/rustup-home" "/workspace/cargo-home/bin/cargo" "+1.99.0-beta.8" "metadata" "--manifest-path" "Cargo.toml" "--no-deps", kill_on_drop: false }`
[INFO] crate crates.io crate do-memory-storage-redb 0.1.34 already has a lockfile, it will not be regenerated
[INFO] running `Command { std: CARGO_HOME="/workspace/cargo-home" RUSTUP_HOME="/workspace/rustup-home" "/workspace/cargo-home/bin/cargo" "+1.99.0-beta.8" "fetch" "--manifest-path" "Cargo.toml", kill_on_drop: false }`
[INFO] [stderr]     Updating crates.io index
[INFO] [stderr]  Downloading crates ...
[INFO] [stderr]   Downloaded wasm-bindgen-macro-support v0.2.121
[INFO] [stderr]   Downloaded wasm-bindgen-macro v0.2.121
[INFO] [stderr]   Downloaded special v0.11.4
[INFO] [stderr]   Downloaded nalgebra-macros v0.3.0
[INFO] [stderr]   Downloaded wasm-bindgen-shared v0.2.121
[INFO] [stderr]   Downloaded thread-tree v0.3.3
[INFO] [stderr]   Downloaded wasm-bindgen v0.2.121
[INFO] [stderr]   Downloaded lru v0.18.0
[INFO] [stderr]   Downloaded doc-comment v0.3.4
[INFO] [stderr]   Downloaded peroxide-ad v0.3.0
[INFO] [stderr]   Downloaded special v0.10.3
[INFO] [stderr]   Downloaded is-terminal v0.4.17
[INFO] [stderr]   Downloaded nalgebra-macros v0.2.2
[INFO] [stderr]   Downloaded approx v0.4.0
[INFO] [stderr]   Downloaded order-stat v0.1.3
[INFO] [stderr]   Downloaded distrs v0.2.3
[INFO] [stderr]   Downloaded augurs-core v0.10.2
[INFO] [stderr]   Downloaded lru v0.9.0
[INFO] [stderr]   Downloaded slog-term v2.9.2
[INFO] [stderr]   Downloaded slog-async v2.8.0
[INFO] [stderr]   Downloaded augurs-changepoint v0.10.2
[INFO] [stderr]   Downloaded puruspe v0.2.5
[INFO] [stderr]   Downloaded slog-json v2.6.1
[INFO] [stderr]   Downloaded chacha20 v0.10.0
[INFO] [stderr]   Downloaded lz4_flex v0.13.1
[INFO] [stderr]   Downloaded lambert_w v1.2.34
[INFO] [stderr]   Downloaded lru v0.16.4
[INFO] [stderr]   Downloaded argmin-math v0.3.0
[INFO] [stderr]   Downloaded term v1.2.1
[INFO] [stderr]   Downloaded simba v0.9.1
[INFO] [stderr]   Downloaded simba v0.8.1
[INFO] [stderr]   Downloaded slog v2.8.2
[INFO] [stderr]   Downloaded derive_more v0.99.20
[INFO] [stderr]   Downloaded rand_distr v0.5.1
[INFO] [stderr]   Downloaded argmin-math v0.5.1
[INFO] [stderr]   Downloaded js-sys v0.3.98
[INFO] [stderr]   Downloaded glam v0.14.0
[INFO] [stderr]   Downloaded argmin v0.11.0
[INFO] [stderr]   Downloaded argmin v0.8.1
[INFO] [stderr]   Downloaded glam v0.16.0
[INFO] [stderr]   Downloaded glam v0.18.0
[INFO] [stderr]   Downloaded glam v0.17.3
[INFO] [stderr]   Downloaded glam v0.15.2
[INFO] [stderr]   Downloaded glam v0.19.0
[INFO] [stderr]   Downloaded peroxide v0.32.1
[INFO] [stderr]   Downloaded glam v0.20.5
[INFO] [stderr]   Downloaded rv v0.16.5
[INFO] [stderr]   Downloaded redb v4.1.0
[INFO] [stderr]   Downloaded rv v0.19.2
[INFO] [stderr]   Downloaded glam v0.22.0
[INFO] [stderr]   Downloaded glam v0.23.0
[INFO] [stderr]   Downloaded glam v0.21.3
[INFO] [stderr]   Downloaded ndarray v0.15.6
[INFO] [stderr]   Downloaded glam v0.25.0
[INFO] [stderr]   Downloaded glam v0.27.0
[INFO] [stderr]   Downloaded nalgebra v0.32.6
[INFO] [stderr]   Downloaded nalgebra v0.34.2
[INFO] [stderr]   Downloaded glam v0.28.0
[INFO] [stderr]   Downloaded glam v0.29.3
[INFO] [stderr]   Downloaded do-memory-core v0.1.34
[INFO] [stderr]   Downloaded glam v0.31.1
[INFO] [stderr]   Downloaded glam v0.30.10
[INFO] [stderr]   Downloaded glam v0.32.1
[INFO] [stderr]   Downloaded changepoint v0.15.0
[INFO] [stderr]   Downloaded changepoint v0.14.2
[INFO] running `Command { std: "docker" "create" "-v" "/var/lib/crater-agent-workspace/builds/worker-7-tc1/source:/opt/rustwide/workdir:ro,Z" "-v" "/var/lib/crater-agent-workspace/builds/worker-7-tc1/target:/opt/rustwide/target:rw,Z" "-v" "/var/lib/crater-agent-workspace/cargo-home:/opt/rustwide/cargo-home:ro,Z" "-v" "/var/lib/crater-agent-workspace/rustup-home:/opt/rustwide/rustup-home:ro,Z" "-m" "1610612736" "--network" "none" "ghcr.io/rust-lang/crates-build-env/linux@sha256:3111399a4047eeb3a02b7a90e478d715f38a8c6669b5c4b49d30a17385265909" "sleep" "infinity", kill_on_drop: false }`
[INFO] [stdout] 1e4db92fbe35340370e613651c1c895c460a20c2bba78e9efd36949433d55a97
[INFO] running `Command { std: "docker" "start" "1e4db92fbe35340370e613651c1c895c460a20c2bba78e9efd36949433d55a97", kill_on_drop: false }`
[INFO] running `Command { std: "docker" "inspect" "1e4db92fbe35340370e613651c1c895c460a20c2bba78e9efd36949433d55a97", kill_on_drop: false }`
[INFO] running `Command { std: "docker" "exec" "-e" "SOURCE_DIR=/opt/rustwide/workdir" "-e" "CARGO_HOME=/opt/rustwide/cargo-home" "-e" "RUSTUP_HOME=/opt/rustwide/rustup-home" "-e" "CARGO_TARGET_DIR=/opt/rustwide/target" "-w" "/opt/rustwide/workdir" "--user" "0:0" "1e4db92fbe35340370e613651c1c895c460a20c2bba78e9efd36949433d55a97" "/opt/rustwide/cargo-home/bin/cargo" "+1.99.0-beta.8" "metadata" "--no-deps" "--format-version=1", kill_on_drop: false }`
[INFO] running `Command { std: "docker" "inspect" "1e4db92fbe35340370e613651c1c895c460a20c2bba78e9efd36949433d55a97", kill_on_drop: false }`
[INFO] running `Command { std: "docker" "exec" "-e" "SOURCE_DIR=/opt/rustwide/workdir" "-e" "CARGO_HOME=/opt/rustwide/cargo-home" "-e" "RUSTUP_HOME=/opt/rustwide/rustup-home" "-e" "CARGO_TARGET_DIR=/opt/rustwide/target" "-e" "CARGO_INCREMENTAL=0" "-e" "RUST_BACKTRACE=full" "-e" "RUSTFLAGS=--cap-lints=warn" "-e" "RUSTDOCFLAGS=--cap-lints=warn" "-w" "/opt/rustwide/workdir" "--user" "0:0" "1e4db92fbe35340370e613651c1c895c460a20c2bba78e9efd36949433d55a97" "/opt/rustwide/cargo-home/bin/cargo" "+1.99.0-beta.8" "build" "--frozen" "--message-format=json", kill_on_drop: false }`
[INFO] [stderr]    Compiling syn v2.0.117
[INFO] [stderr]    Compiling serde_core v1.0.228
[INFO] [stderr]    Compiling libm v0.2.16
[INFO] [stderr]    Compiling rawpointer v0.2.1
[INFO] [stderr]    Compiling bytemuck v1.25.0
[INFO] [stderr]    Compiling num-traits v0.2.19
[INFO] [stderr]    Compiling matrixmultiply v0.3.10
[INFO] [stderr]    Compiling typenum v1.20.0
[INFO] [stderr]    Compiling crossbeam-epoch v0.9.20
[INFO] [stderr]    Compiling crossbeam-channel v0.5.15
[INFO] [stderr]    Compiling num_cpus v1.17.0
[INFO] [stderr]    Compiling getrandom v0.2.17
[INFO] [stderr]    Compiling slog v2.8.2
[INFO] [stderr]    Compiling serde_json v1.0.150
[INFO] [stderr]    Compiling time-macros v0.2.27
[INFO] [stderr]    Compiling ahash v0.8.12
[INFO] [stderr]    Compiling doc-comment v0.3.4
[INFO] [stderr]    Compiling syn v1.0.109
[INFO] [stderr]    Compiling rand_chacha v0.9.0
[INFO] [stderr]    Compiling slog-async v2.8.0
[INFO] [stderr]    Compiling safe_arch v0.7.4
[INFO] [stderr]    Compiling is-terminal v0.4.17
[INFO] [stderr]    Compiling peroxide v0.32.1
[INFO] [stderr]    Compiling term v1.2.1
[INFO] [stderr]    Compiling take_mut v0.2.2
[INFO] [stderr]    Compiling instant v0.1.13
[INFO] [stderr]    Compiling aho-corasick v1.1.4
[INFO] [stderr]    Compiling order-stat v0.1.3
[INFO] [stderr]    Compiling futures-core v0.3.32
[INFO] [stderr]    Compiling crossbeam-deque v0.8.6
[INFO] [stderr]    Compiling rand v0.9.4
[INFO] [stderr]    Compiling hashbrown v0.13.2
[INFO] [stderr]    Compiling rand_core v0.10.1
[INFO] [stderr]    Compiling rayon-core v1.13.0
[INFO] [stderr]    Compiling puruspe v0.2.5
[INFO] [stderr]    Compiling thread-tree v0.3.3
[INFO] [stderr]    Compiling wide v0.7.33
[INFO] [stderr]    Compiling getrandom v0.4.2
[INFO] [stderr]    Compiling regex-syntax v0.8.11
[INFO] [stderr]    Compiling unicode-segmentation v1.13.2
[INFO] [stderr]    Compiling time v0.3.47
[INFO] [stderr]    Compiling rayon v1.12.0
[INFO] [stderr]    Compiling futures-channel v0.3.32
[INFO] [stderr]    Compiling convert_case v0.10.0
[INFO] [stderr]    Compiling itertools v0.14.0
[INFO] [stderr]    Compiling rand_xoshiro v0.7.0
[INFO] [stderr]    Compiling lru v0.9.0
[INFO] [stderr]    Compiling web-time v1.1.0
[INFO] [stderr]    Compiling convert_case v0.4.0
[INFO] [stderr]    Compiling futures-io v0.3.32
[INFO] [stderr]    Compiling lru v0.16.4
[INFO] [stderr]    Compiling parking_lot_core v0.9.12
[INFO] [stderr]    Compiling option-ext v0.2.0
[INFO] [stderr]    Compiling cpufeatures v0.3.0
[INFO] [stderr]    Compiling special v0.10.3
[INFO] [stderr]    Compiling chacha20 v0.10.0
[INFO] [stderr]    Compiling dirs-sys v0.5.0
[INFO] [stderr]    Compiling parking_lot v0.12.5
[INFO] [stderr]    Compiling hashbrown v0.17.1
[INFO] [stderr]    Compiling socket2 v0.6.3
[INFO] [stderr]    Compiling mio v1.2.0
[INFO] [stderr]    Compiling distrs v0.2.3
[INFO] [stderr]    Compiling redb v4.1.0
[INFO] [stderr]    Compiling rand v0.10.2
[INFO] [stderr]    Compiling dirs v6.0.0
[INFO] [stderr]    Compiling lz4_flex v0.13.1
[INFO] [stderr]    Compiling lru v0.18.0
[INFO] [stderr]    Compiling num-integer v0.1.46
[INFO] [stderr]    Compiling approx v0.5.1
[INFO] [stderr]    Compiling approx v0.4.0
[INFO] [stderr]    Compiling rand_distr v0.5.1
[INFO] [stderr]    Compiling augurs-core v0.10.2
[INFO] [stderr]    Compiling uuid v1.23.4
[INFO] [stderr]    Compiling num-bigint v0.4.6
[INFO] [stderr]    Compiling num-iter v0.1.45
[INFO] [stderr]    Compiling peroxide-ad v0.3.0
[INFO] [stderr]    Compiling regex-automata v0.4.14
[INFO] [stderr]    Compiling num-rational v0.4.2
[INFO] [stderr]    Compiling serde_derive v1.0.228
[INFO] [stderr]    Compiling thiserror-impl v2.0.18
[INFO] [stderr]    Compiling nalgebra-macros v0.2.2
[INFO] [stderr]    Compiling thiserror-impl v1.0.69
[INFO] [stderr]    Compiling nalgebra-macros v0.3.0
[INFO] [stderr]    Compiling tracing-attributes v0.1.31
[INFO] [stderr]    Compiling futures-macro v0.3.32
[INFO] [stderr]    Compiling derive_more-impl v2.1.1
[INFO] [stderr]    Compiling derive_more v0.99.20
[INFO] [stderr]    Compiling tokio-macros v2.7.0
[INFO] [stderr]    Compiling async-trait v0.1.89
[INFO] [stderr]    Compiling tokio v1.52.3
[INFO] [stderr]    Compiling thiserror v1.0.69
[INFO] [stderr]    Compiling tracing v0.1.44
[INFO] [stderr]    Compiling futures-util v0.3.32
[INFO] [stderr]    Compiling thiserror v2.0.18
[INFO] [stderr]    Compiling cobs v0.3.0
[INFO] [stderr]    Compiling matchers v0.2.0
[INFO] [stderr]    Compiling regex v1.12.4
[INFO] [stderr]    Compiling serde v1.0.228
[INFO] [stderr]    Compiling num-complex v0.4.6
[INFO] [stderr]    Compiling rand_core v0.6.4
[INFO] [stderr]    Compiling erased-serde v0.3.31
[INFO] [stderr]    Compiling chrono v0.4.45
[INFO] [stderr]    Compiling bincode v1.3.3
[INFO] [stderr]    Compiling tracing-serde v0.2.0
[INFO] [stderr]    Compiling postcard v1.1.3
[INFO] [stderr]    Compiling tracing-subscriber v0.3.23
[INFO] [stderr]    Compiling rand_chacha v0.3.1
[INFO] [stderr]    Compiling rand_xoshiro v0.6.0
[INFO] [stderr]    Compiling rand v0.8.6
[INFO] [stderr]    Compiling simba v0.8.1
[INFO] [stderr]    Compiling num v0.4.3
[INFO] [stderr]    Compiling simba v0.9.1
[INFO] [stderr]    Compiling lambert_w v1.2.34
[INFO] [stderr]    Compiling ndarray v0.15.6
[INFO] [stderr]    Compiling ndarray v0.16.1
[INFO] [stderr]    Compiling special v0.11.4
[INFO] [stderr]    Compiling slog-json v2.6.1
[INFO] [stderr]    Compiling slog-term v2.9.2
[INFO] [stderr]    Compiling derive_more v2.1.1
[INFO] [stderr]    Compiling rand_distr v0.4.3
[INFO] [stderr]    Compiling futures-executor v0.3.32
[INFO] [stderr]    Compiling futures v0.3.32
[INFO] [stderr]    Compiling nalgebra v0.32.6
[INFO] [stderr]    Compiling nalgebra v0.34.2
[INFO] [stderr]    Compiling argmin-math v0.3.0
[INFO] [stderr]    Compiling argmin-math v0.5.1
[INFO] [stderr]    Compiling argmin v0.11.0
[INFO] [stderr]    Compiling argmin v0.8.1
[INFO] [stderr]    Compiling rv v0.19.2
[INFO] [stderr]    Compiling rv v0.16.5
[INFO] [stderr]    Compiling changepoint v0.15.0
[INFO] [stderr]    Compiling changepoint v0.14.2
[INFO] [stderr]    Compiling augurs-changepoint v0.10.2
[INFO] [stderr]    Compiling do-memory-core v0.1.34
[INFO] [stderr]    Compiling do-memory-storage-redb v0.1.34 (/opt/rustwide/workdir)
[INFO] [stderr]     Finished `dev` profile [unoptimized + debuginfo] target(s) in 1m 46s
[INFO] running `Command { std: "docker" "inspect" "1e4db92fbe35340370e613651c1c895c460a20c2bba78e9efd36949433d55a97", kill_on_drop: false }`
[INFO] running `Command { std: "docker" "exec" "-e" "SOURCE_DIR=/opt/rustwide/workdir" "-e" "CARGO_HOME=/opt/rustwide/cargo-home" "-e" "RUSTUP_HOME=/opt/rustwide/rustup-home" "-e" "CARGO_TARGET_DIR=/opt/rustwide/target" "-e" "CARGO_INCREMENTAL=0" "-e" "RUST_BACKTRACE=full" "-e" "RUSTFLAGS=--cap-lints=warn" "-e" "RUSTDOCFLAGS=--cap-lints=warn" "-w" "/opt/rustwide/workdir" "--user" "0:0" "1e4db92fbe35340370e613651c1c895c460a20c2bba78e9efd36949433d55a97" "/opt/rustwide/cargo-home/bin/cargo" "+1.99.0-beta.8" "test" "--frozen" "--no-run" "--message-format=json", kill_on_drop: false }`
[INFO] [stderr]    Compiling rustix v1.1.4
[INFO] [stderr]    Compiling bitflags v2.11.1
[INFO] [stderr]    Compiling tokio v1.52.3
[INFO] [stderr]    Compiling wait-timeout v0.2.1
[INFO] [stderr]    Compiling bit-vec v0.8.0
[INFO] [stderr]    Compiling quick-error v1.2.3
[INFO] [stderr]    Compiling rand_xorshift v0.4.0
[INFO] [stderr]    Compiling unarray v0.1.4
[INFO] [stderr]    Compiling bit-set v0.8.0
[INFO] [stderr]    Compiling tempfile v3.27.0
[INFO] [stderr]    Compiling rusty-fork v0.3.1
[INFO] [stderr]    Compiling proptest v1.11.0
[INFO] [stderr]    Compiling do-memory-core v0.1.34
[INFO] [stderr]    Compiling do-memory-storage-redb v0.1.34 (/opt/rustwide/workdir)
[INFO] [stderr] error: could not compile `do-memory-storage-redb` (lib test)
[INFO] [stderr] 
[INFO] [stderr] Caused by:
[INFO] [stderr]   process didn't exit successfully: `/opt/rustwide/rustup-home/toolchains/1.99.0-beta.8-x86_64-unknown-linux-gnu/bin/rustc --crate-name do_memory_storage_redb --edition=2024 src/lib.rs --error-format=json --json=diagnostic-rendered-ansi,artifacts,future-incompat --emit=dep-info,link -C embed-bitcode=no -C debuginfo=2 --warn=rust_2024_compatibility '--warn=clippy::pedantic' '--allow=clippy::nursery' '--deny=clippy::all' '--warn=clippy::unwrap_used' --warn=unsafe_code '--allow=clippy::type_complexity' '--warn=clippy::too_many_arguments' '--warn=clippy::panic' --warn=missing_docs '--warn=clippy::large_types_passed_by_value' '--warn=clippy::inefficient_to_string' '--warn=clippy::expect_used' '--warn=clippy::cognitive_complexity' '--warn=clippy::box_collection' '--deny=clippy::await_holding_refcell_ref' '--deny=clippy::await_holding_lock' --test --check-cfg 'cfg(docsrs,test)' --check-cfg 'cfg(feature, values())' -C metadata=b39fa163777158aa -C extra-filename=-86ed6f317a19299f --out-dir /opt/rustwide/target/debug/deps -L dependency=/opt/rustwide/target/debug/deps --extern anyhow=/opt/rustwide/target/debug/deps/libanyhow-c9b06d8caf422803.rlib --extern async_trait=/opt/rustwide/target/debug/deps/libasync_trait-0a2a898a255f8f5c.so --extern chrono=/opt/rustwide/target/debug/deps/libchrono-6771880ecbaaefe5.rlib --extern do_memory_core=/opt/rustwide/target/debug/deps/libdo_memory_core-0655cc9a0c1c9fcd.rlib --extern lz4_flex=/opt/rustwide/target/debug/deps/liblz4_flex-da67d8024d44b57b.rlib --extern parking_lot=/opt/rustwide/target/debug/deps/libparking_lot-31b370593312b428.rlib --extern postcard=/opt/rustwide/target/debug/deps/libpostcard-218bb715c118ca09.rlib --extern proptest=/opt/rustwide/target/debug/deps/libproptest-18616f4b8a48dcbf.rlib --extern redb=/opt/rustwide/target/debug/deps/libredb-0c34cb7286b99d95.rlib --extern serde=/opt/rustwide/target/debug/deps/libserde-acf7d9d6c2fc2227.rlib --extern serde_json=/opt/rustwide/target/debug/deps/libserde_json-6d43e6824eb9700a.rlib --extern tempfile=/opt/rustwide/target/debug/deps/libtempfile-f1b85b78ab97a68a.rlib --extern tokio=/opt/rustwide/target/debug/deps/libtokio-5e1721b2326579d4.rlib --extern tracing=/opt/rustwide/target/debug/deps/libtracing-2824006d216e81da.rlib --extern uuid=/opt/rustwide/target/debug/deps/libuuid-8d394f119ceb3c26.rlib --cap-lints=warn` (signal: 9, SIGKILL: kill)
[INFO] [stderr] warning: build failed, waiting for other jobs to finish...
[INFO] [stdout] error: linking with `cc` failed: exit status: 1
[INFO] [stdout]   |
[INFO] [stdout]   = note:  "cc" "-m64" "/opt/rustwide/target/debug/deps/rustczKUnKn/symbols.o" "<10 object files omitted>" "-Wl,--as-needed" "-Wl,-Bstatic" "<sysroot>/lib/rustlib/x86_64-unknown-linux-gnu/lib/{libtest-*,libgetopts-*,librustc_std_workspace_std-*}.rlib" "/opt/rustwide/target/debug/deps/{libtempfile-f1b85b78ab97a68a,libfastrand-8c711c36072d5b5b,librustix-66eac2e94111ec6f,libbitflags-db7b9c0337a7ee76,liblinux_raw_sys-0b6cde911e9a3109,libdo_memory_storage_redb-f2378877aaa9bf03,liblz4_flex-da67d8024d44b57b,libpostcard-218bb715c118ca09,libcobs-b506017c1610594a,libredb-0c34cb7286b99d95,libdo_memory_core-0655cc9a0c1c9fcd,librand-c14f5459d97c7177,libchacha20-a3a076498fcc249b,libcpufeatures-6c1f78f4142e3013,libdirs-e01888f456cea9df,libdirs_sys-d0ee1dc98e79db51,liboption_ext-61303ef911796993,libchangepoint-ae3cc3c5114c4f98,librv-84fbde996e669867,libargmin-c2ac41a9251d8211,librand_xoshiro-1f47f93d10636cc7,libargmin_math-385dc4165f0b5f7f,libweb_time-e902e3c80b588a6f,liblru-0737556c9484edfa,libhashbrown-63a892cc2d36a2f0,librand_distr-8e8b6234bc6383b1,libspecial-9c1303f83608bc10,liblambert_w-f3079b01cfd69422,libnalgebra-f6077a1100c0c7de,libsimba-e991318984bd9d14,librand-2ac3027652de4077,librand_chacha-d1da16184ebf3983,librand_core-b115fb9b5d781658,libgetrandom-a73f2f085e83d825,libthiserror-e042dbf84a564921,libregex-4646137b1336ce5c,libregex_automata-6770cde309fc464b,libaho_corasick-fa94425a423a79cf,libregex_syntax-801391c65a42f645,libstrsim-4d1ed08a123238dc,liblru-ae193350c9c87f2b,libhashbrown-8b077e4232f7df3f,libequivalent-6a754676e6af62ae,libfoldhash-3b780c428974a407,liballocator_api2-8d9c1e895dea53bd,libaugurs_changepoint-ecbef21b4210a405,libitertools-ab9447b3f188acc5,libeither-e5ea87bd27ac73a9,libchangepoint-b5071ed2cb5d81bb,librv-d633497fce9ba2f6,libperoxide-6772dfab072c4a4f,libpuruspe-f6bd7a00b07e38d6,liborder_stat-7b4856d5abe74bff,libargmin-5a0f210a2c5e810a,libbincode-b5f35be264f68703,librand_xoshiro-b82ea52ef66df140,libargmin_math-25dd58cda08ae7c1,libslog_term-5c2f3b49383dfedd,libterm-b0fcbbe42229878d,libis_terminal-e74225050c0dfe59,libslog_json-c447fbcafe1f7edc,libtime-e6bc02c9ee1b2345,libtime_core-031b6ab885a7634b,libnum_conv-4e1233169d5eeba7,libderanged-d0114085ae3b02c5,libpowerfmt-f6019a2766e431f7,libslog_async-6331cccd69639eaf,libthread_local-b4f6fe44d641c0b1,libtake_mut-6ada79e6a668d85e,libslog-08539085f23af44e,liberased_serde-99dedaab3a30e0ac,libinstant-9f07d109bbe9f90d,libthiserror-f9a39b82b82584ec,liblru-31f805451fc4885b,libhashbrown-fd2634cc23226ba3,libahash-cce18512800b7375,libnum-1bccbe92b709a272,libnum_iter-3f1bb01decdfb6df,librand_distr-a807ffb646d59551,libspecial-078fba65bc821fee,liblibm-24398d5f7d3c709c,libnalgebra-cd35108c7aa9968a,libmatrixmultiply-198a8d9387559aef,libnum_cpus-d061d0eef02b5c5b,libthread_tree-3eca8c2a70751961,libcrossbeam_channel-c975edaf87631b25,libcrossbeam_utils-f696a08ab1e94e7a,librawpointer-10d892ea69c462d6,libnum_rational-c1ee3bcbcf08f20a,libnum_bigint-c9c088309f86031b,libnum_integer-dcae6c15256b2175,libtypenum-ec75592541d0a339,libsimba-514a9b1ea1e722df,libwide-2eaac731cf097406,libsafe_arch-3211880b841392c6,libbytemuck-6bf6ebae036d989e,libnum_complex-15145b63384e31f0,libapprox-f2c5bd43ab59763c,libdoc_comment-ecfb40a098439c0f,librand-f6c473de416be218,librand_chacha-9f735efea2d39d0c,libppv_lite86-7f5ba35fc3b17562,libzerocopy-ad92ccf16844b543,librand_core-410ef79930e5ab14,libgetrandom-f25a51f78d9871ba,libserde_json-6d43e6824eb9700a,libmemchr-5cfa70d22cb32987,libitoa-5de11b3b23bfe572,libzmij-ef63f1da73704b4c,libtokio-5e1721b2326579d4,libsignal_hook_registry-97fb91977beb15cc,liberrno-40a43d7c8a9b8122,libsocket2-2367bcf2eb96355a,libbytes-2ed9460101f17bbf,libmio-3f5f6fa89ecad527,libparking_lot-31b370593312b428,libparking_lot_core-3e2cd53e5c1276e9,libsmallvec-c4b0763233bab5f9,liblock_api-16d46fed645f7bff,libscopeguard-7ec2214574194454,libanyhow-c9b06d8caf422803,libuuid-8d394f119ceb3c26,libgetrandom-e6b3974be7983fd3,liblibc-612664c2206eec43,librand_core-8437d288e8d1265c,libcfg_if-83060ec5685761ae,libtracing-2824006d216e81da,libpin_project_lite-0a15d51c77964692,libtracing_core-d26029c784af5925,libonce_cell-b5bdc597ed9676b3,libchrono-6771880ecbaaefe5,libiana_time_zone-bcd81aefedc374a6,libnum_traits-5f5f7eaedd5abb87,libserde-acf7d9d6c2fc2227,libserde_core-49c5f0449f9ff544}.rlib" "<sysroot>/lib/rustlib/x86_64-unknown-linux-gnu/lib/{libstd-*,libpanic_unwind-*,libobject-*,libmemchr-*,libaddr2line-*,libgimli-*,libcfg_if-*,librustc_demangle-*,libstd_detect-*,libhashbrown-*,librustc_std_workspace_alloc-*,libminiz_oxide-*,libadler2-*,libunwind-*,liblibc-*,librustc_std_workspace_core-*,liballoc-*,libcore-*,libcompiler_builtins-*}.rlib" "-Wl,-Bdynamic" "-lgcc_s" "-lutil" "-lrt" "-lpthread" "-lm" "-ldl" "-lc" "-L" "/opt/rustwide/target/debug/deps/rustczKUnKn/raw-dylibs" "-B<sysroot>/lib/rustlib/x86_64-unknown-linux-gnu/bin/gcc-ld" "-fuse-ld=lld" "-Wl,--eh-frame-hdr" "-Wl,-z,noexecstack" "-L" "<sysroot>/lib/rustlib/x86_64-unknown-linux-gnu/lib" "-o" "/opt/rustwide/target/debug/deps/runtime_wiring_adaptive_cache-8268d6930a609557" "-Wl,--gc-sections" "-pie" "-Wl,-z,relro,-z,now" "-nodefaultlibs"
[INFO] [stdout]   = note: some arguments are omitted. use `--verbose` to show all linker arguments
[INFO] [stdout]   = note: collect2: fatal error: ld terminated with signal 9 [Killed]
[INFO] [stdout]           compilation terminated.
[INFO] [stdout]           
[INFO] [stdout] 
[INFO] [stdout] 
[INFO] [stderr] error: could not compile `do-memory-storage-redb` (test "runtime_wiring_adaptive_cache") due to 1 previous error
[INFO] [stdout] error: linking with `cc` failed: exit status: 1
[INFO] [stdout]   |
[INFO] [stdout]   = note:  "cc" "-m64" "/opt/rustwide/target/debug/deps/rustcDhhFUd/symbols.o" "<10 object files omitted>" "-Wl,--as-needed" "-Wl,-Bstatic" "<sysroot>/lib/rustlib/x86_64-unknown-linux-gnu/lib/{libtest-*,libgetopts-*,librustc_std_workspace_std-*}.rlib" "/opt/rustwide/target/debug/deps/{libtempfile-f1b85b78ab97a68a,libfastrand-8c711c36072d5b5b,librustix-66eac2e94111ec6f,libbitflags-db7b9c0337a7ee76,liblinux_raw_sys-0b6cde911e9a3109,libdo_memory_storage_redb-f2378877aaa9bf03,liblz4_flex-da67d8024d44b57b,libpostcard-218bb715c118ca09,libcobs-b506017c1610594a,libredb-0c34cb7286b99d95,libdo_memory_core-0655cc9a0c1c9fcd,librand-c14f5459d97c7177,libchacha20-a3a076498fcc249b,libcpufeatures-6c1f78f4142e3013,libdirs-e01888f456cea9df,libdirs_sys-d0ee1dc98e79db51,liboption_ext-61303ef911796993,libchangepoint-ae3cc3c5114c4f98,librv-84fbde996e669867,libargmin-c2ac41a9251d8211,librand_xoshiro-1f47f93d10636cc7,libargmin_math-385dc4165f0b5f7f,libweb_time-e902e3c80b588a6f,liblru-0737556c9484edfa,libhashbrown-63a892cc2d36a2f0,librand_distr-8e8b6234bc6383b1,libspecial-9c1303f83608bc10,liblambert_w-f3079b01cfd69422,libnalgebra-f6077a1100c0c7de,libsimba-e991318984bd9d14,librand-2ac3027652de4077,librand_chacha-d1da16184ebf3983,librand_core-b115fb9b5d781658,libgetrandom-a73f2f085e83d825,libthiserror-e042dbf84a564921,libregex-4646137b1336ce5c,libregex_automata-6770cde309fc464b,libaho_corasick-fa94425a423a79cf,libregex_syntax-801391c65a42f645,libstrsim-4d1ed08a123238dc,liblru-ae193350c9c87f2b,libhashbrown-8b077e4232f7df3f,libequivalent-6a754676e6af62ae,libfoldhash-3b780c428974a407,liballocator_api2-8d9c1e895dea53bd,libaugurs_changepoint-ecbef21b4210a405,libitertools-ab9447b3f188acc5,libeither-e5ea87bd27ac73a9,libchangepoint-b5071ed2cb5d81bb,librv-d633497fce9ba2f6,libperoxide-6772dfab072c4a4f,libpuruspe-f6bd7a00b07e38d6,liborder_stat-7b4856d5abe74bff,libargmin-5a0f210a2c5e810a,libbincode-b5f35be264f68703,librand_xoshiro-b82ea52ef66df140,libargmin_math-25dd58cda08ae7c1,libslog_term-5c2f3b49383dfedd,libterm-b0fcbbe42229878d,libis_terminal-e74225050c0dfe59,libslog_json-c447fbcafe1f7edc,libtime-e6bc02c9ee1b2345,libtime_core-031b6ab885a7634b,libnum_conv-4e1233169d5eeba7,libderanged-d0114085ae3b02c5,libpowerfmt-f6019a2766e431f7,libslog_async-6331cccd69639eaf,libthread_local-b4f6fe44d641c0b1,libtake_mut-6ada79e6a668d85e,libslog-08539085f23af44e,liberased_serde-99dedaab3a30e0ac,libinstant-9f07d109bbe9f90d,libthiserror-f9a39b82b82584ec,liblru-31f805451fc4885b,libhashbrown-fd2634cc23226ba3,libahash-cce18512800b7375,libnum-1bccbe92b709a272,libnum_iter-3f1bb01decdfb6df,librand_distr-a807ffb646d59551,libspecial-078fba65bc821fee,liblibm-24398d5f7d3c709c,libnalgebra-cd35108c7aa9968a,libmatrixmultiply-198a8d9387559aef,libnum_cpus-d061d0eef02b5c5b,libthread_tree-3eca8c2a70751961,libcrossbeam_channel-c975edaf87631b25,libcrossbeam_utils-f696a08ab1e94e7a,librawpointer-10d892ea69c462d6,libnum_rational-c1ee3bcbcf08f20a,libnum_bigint-c9c088309f86031b,libnum_integer-dcae6c15256b2175,libtypenum-ec75592541d0a339,libsimba-514a9b1ea1e722df,libwide-2eaac731cf097406,libsafe_arch-3211880b841392c6,libbytemuck-6bf6ebae036d989e,libnum_complex-15145b63384e31f0,libapprox-f2c5bd43ab59763c,libdoc_comment-ecfb40a098439c0f,librand-f6c473de416be218,librand_chacha-9f735efea2d39d0c,libppv_lite86-7f5ba35fc3b17562,libzerocopy-ad92ccf16844b543,librand_core-410ef79930e5ab14,libgetrandom-f25a51f78d9871ba,libserde_json-6d43e6824eb9700a,libmemchr-5cfa70d22cb32987,libitoa-5de11b3b23bfe572,libzmij-ef63f1da73704b4c,libtokio-5e1721b2326579d4,libsignal_hook_registry-97fb91977beb15cc,liberrno-40a43d7c8a9b8122,libsocket2-2367bcf2eb96355a,libbytes-2ed9460101f17bbf,libmio-3f5f6fa89ecad527,libparking_lot-31b370593312b428,libparking_lot_core-3e2cd53e5c1276e9,libsmallvec-c4b0763233bab5f9,liblock_api-16d46fed645f7bff,libscopeguard-7ec2214574194454,libanyhow-c9b06d8caf422803,libuuid-8d394f119ceb3c26,libgetrandom-e6b3974be7983fd3,liblibc-612664c2206eec43,librand_core-8437d288e8d1265c,libcfg_if-83060ec5685761ae,libtracing-2824006d216e81da,libpin_project_lite-0a15d51c77964692,libtracing_core-d26029c784af5925,libonce_cell-b5bdc597ed9676b3,libchrono-6771880ecbaaefe5,libiana_time_zone-bcd81aefedc374a6,libnum_traits-5f5f7eaedd5abb87,libserde-acf7d9d6c2fc2227,libserde_core-49c5f0449f9ff544}.rlib" "<sysroot>/lib/rustlib/x86_64-unknown-linux-gnu/lib/{libstd-*,libpanic_unwind-*,libobject-*,libmemchr-*,libaddr2line-*,libgimli-*,libcfg_if-*,librustc_demangle-*,libstd_detect-*,libhashbrown-*,librustc_std_workspace_alloc-*,libminiz_oxide-*,libadler2-*,libunwind-*,liblibc-*,librustc_std_workspace_core-*,liballoc-*,libcore-*,libcompiler_builtins-*}.rlib" "-Wl,-Bdynamic" "-lgcc_s" "-lutil" "-lrt" "-lpthread" "-lm" "-ldl" "-lc" "-L" "/opt/rustwide/target/debug/deps/rustcDhhFUd/raw-dylibs" "-B<sysroot>/lib/rustlib/x86_64-unknown-linux-gnu/bin/gcc-ld" "-fuse-ld=lld" "-Wl,--eh-frame-hdr" "-Wl,-z,noexecstack" "-L" "<sysroot>/lib/rustlib/x86_64-unknown-linux-gnu/lib" "-o" "/opt/rustwide/target/debug/deps/persistence_coverage_tests-53b6bbd556b4094b" "-Wl,--gc-sections" "-pie" "-Wl,-z,relro,-z,now" "-nodefaultlibs"
[INFO] [stdout]   = note: some arguments are omitted. use `--verbose` to show all linker arguments
[INFO] [stdout]   = note: collect2: fatal error: ld terminated with signal 9 [Killed]
[INFO] [stdout]           compilation terminated.
[INFO] [stdout]           
[INFO] [stdout] 
[INFO] [stdout] 
[INFO] [stderr] error: could not compile `do-memory-storage-redb` (test "persistence_coverage_tests") due to 1 previous error
[INFO] [stdout] error: linking with `cc` failed: exit status: 1
[INFO] [stdout]   |
[INFO] [stdout]   = note:  "cc" "-m64" "/opt/rustwide/target/debug/deps/rustcr6WBcV/symbols.o" "<10 object files omitted>" "-Wl,--as-needed" "-Wl,-Bstatic" "<sysroot>/lib/rustlib/x86_64-unknown-linux-gnu/lib/{libtest-*,libgetopts-*,librustc_std_workspace_std-*}.rlib" "/opt/rustwide/target/debug/deps/{libtempfile-f1b85b78ab97a68a,libfastrand-8c711c36072d5b5b,librustix-66eac2e94111ec6f,libbitflags-db7b9c0337a7ee76,liblinux_raw_sys-0b6cde911e9a3109,libdo_memory_storage_redb-f2378877aaa9bf03,liblz4_flex-da67d8024d44b57b,libpostcard-218bb715c118ca09,libcobs-b506017c1610594a,libredb-0c34cb7286b99d95,libdo_memory_core-0655cc9a0c1c9fcd,librand-c14f5459d97c7177,libchacha20-a3a076498fcc249b,libcpufeatures-6c1f78f4142e3013,libdirs-e01888f456cea9df,libdirs_sys-d0ee1dc98e79db51,liboption_ext-61303ef911796993,libchangepoint-ae3cc3c5114c4f98,librv-84fbde996e669867,libargmin-c2ac41a9251d8211,librand_xoshiro-1f47f93d10636cc7,libargmin_math-385dc4165f0b5f7f,libweb_time-e902e3c80b588a6f,liblru-0737556c9484edfa,libhashbrown-63a892cc2d36a2f0,librand_distr-8e8b6234bc6383b1,libspecial-9c1303f83608bc10,liblambert_w-f3079b01cfd69422,libnalgebra-f6077a1100c0c7de,libsimba-e991318984bd9d14,librand-2ac3027652de4077,librand_chacha-d1da16184ebf3983,librand_core-b115fb9b5d781658,libgetrandom-a73f2f085e83d825,libthiserror-e042dbf84a564921,libregex-4646137b1336ce5c,libregex_automata-6770cde309fc464b,libaho_corasick-fa94425a423a79cf,libregex_syntax-801391c65a42f645,libstrsim-4d1ed08a123238dc,liblru-ae193350c9c87f2b,libhashbrown-8b077e4232f7df3f,libequivalent-6a754676e6af62ae,libfoldhash-3b780c428974a407,liballocator_api2-8d9c1e895dea53bd,libaugurs_changepoint-ecbef21b4210a405,libitertools-ab9447b3f188acc5,libeither-e5ea87bd27ac73a9,libchangepoint-b5071ed2cb5d81bb,librv-d633497fce9ba2f6,libperoxide-6772dfab072c4a4f,libpuruspe-f6bd7a00b07e38d6,liborder_stat-7b4856d5abe74bff,libargmin-5a0f210a2c5e810a,libbincode-b5f35be264f68703,librand_xoshiro-b82ea52ef66df140,libargmin_math-25dd58cda08ae7c1,libslog_term-5c2f3b49383dfedd,libterm-b0fcbbe42229878d,libis_terminal-e74225050c0dfe59,libslog_json-c447fbcafe1f7edc,libtime-e6bc02c9ee1b2345,libtime_core-031b6ab885a7634b,libnum_conv-4e1233169d5eeba7,libderanged-d0114085ae3b02c5,libpowerfmt-f6019a2766e431f7,libslog_async-6331cccd69639eaf,libthread_local-b4f6fe44d641c0b1,libtake_mut-6ada79e6a668d85e,libslog-08539085f23af44e,liberased_serde-99dedaab3a30e0ac,libinstant-9f07d109bbe9f90d,libthiserror-f9a39b82b82584ec,liblru-31f805451fc4885b,libhashbrown-fd2634cc23226ba3,libahash-cce18512800b7375,libnum-1bccbe92b709a272,libnum_iter-3f1bb01decdfb6df,librand_distr-a807ffb646d59551,libspecial-078fba65bc821fee,liblibm-24398d5f7d3c709c,libnalgebra-cd35108c7aa9968a,libmatrixmultiply-198a8d9387559aef,libnum_cpus-d061d0eef02b5c5b,libthread_tree-3eca8c2a70751961,libcrossbeam_channel-c975edaf87631b25,libcrossbeam_utils-f696a08ab1e94e7a,librawpointer-10d892ea69c462d6,libnum_rational-c1ee3bcbcf08f20a,libnum_bigint-c9c088309f86031b,libnum_integer-dcae6c15256b2175,libtypenum-ec75592541d0a339,libsimba-514a9b1ea1e722df,libwide-2eaac731cf097406,libsafe_arch-3211880b841392c6,libbytemuck-6bf6ebae036d989e,libnum_complex-15145b63384e31f0,libapprox-f2c5bd43ab59763c,libdoc_comment-ecfb40a098439c0f,librand-f6c473de416be218,librand_chacha-9f735efea2d39d0c,libppv_lite86-7f5ba35fc3b17562,libzerocopy-ad92ccf16844b543,librand_core-410ef79930e5ab14,libgetrandom-f25a51f78d9871ba,libserde_json-6d43e6824eb9700a,libmemchr-5cfa70d22cb32987,libitoa-5de11b3b23bfe572,libzmij-ef63f1da73704b4c,libtokio-5e1721b2326579d4,libsignal_hook_registry-97fb91977beb15cc,liberrno-40a43d7c8a9b8122,libsocket2-2367bcf2eb96355a,libbytes-2ed9460101f17bbf,libmio-3f5f6fa89ecad527,libparking_lot-31b370593312b428,libparking_lot_core-3e2cd53e5c1276e9,libsmallvec-c4b0763233bab5f9,liblock_api-16d46fed645f7bff,libscopeguard-7ec2214574194454,libanyhow-c9b06d8caf422803,libuuid-8d394f119ceb3c26,libgetrandom-e6b3974be7983fd3,liblibc-612664c2206eec43,librand_core-8437d288e8d1265c,libcfg_if-83060ec5685761ae,libtracing-2824006d216e81da,libpin_project_lite-0a15d51c77964692,libtracing_core-d26029c784af5925,libonce_cell-b5bdc597ed9676b3,libchrono-6771880ecbaaefe5,libiana_time_zone-bcd81aefedc374a6,libnum_traits-5f5f7eaedd5abb87,libserde-acf7d9d6c2fc2227,libserde_core-49c5f0449f9ff544}.rlib" "<sysroot>/lib/rustlib/x86_64-unknown-linux-gnu/lib/{libstd-*,libpanic_unwind-*,libobject-*,libmemchr-*,libaddr2line-*,libgimli-*,libcfg_if-*,librustc_demangle-*,libstd_detect-*,libhashbrown-*,librustc_std_workspace_alloc-*,libminiz_oxide-*,libadler2-*,libunwind-*,liblibc-*,librustc_std_workspace_core-*,liballoc-*,libcore-*,libcompiler_builtins-*}.rlib" "-Wl,-Bdynamic" "-lgcc_s" "-lutil" "-lrt" "-lpthread" "-lm" "-ldl" "-lc" "-L" "/opt/rustwide/target/debug/deps/rustcr6WBcV/raw-dylibs" "-B<sysroot>/lib/rustlib/x86_64-unknown-linux-gnu/bin/gcc-ld" "-fuse-ld=lld" "-Wl,--eh-frame-hdr" "-Wl,-z,noexecstack" "-L" "<sysroot>/lib/rustlib/x86_64-unknown-linux-gnu/lib" "-o" "/opt/rustwide/target/debug/deps/postcard_security_test-3e785bdc284a6acb" "-Wl,--gc-sections" "-pie" "-Wl,-z,relro,-z,now" "-nodefaultlibs"
[INFO] [stdout]   = note: some arguments are omitted. use `--verbose` to show all linker arguments
[INFO] [stdout]   = note: collect2: fatal error: ld terminated with signal 9 [Killed]
[INFO] [stdout]           compilation terminated.
[INFO] [stdout]           
[INFO] [stdout] 
[INFO] [stdout] 
[INFO] [stderr] error: could not compile `do-memory-storage-redb` (test "postcard_security_test") due to 1 previous error
[INFO] [stdout] error: linking with `cc` failed: exit status: 1
[INFO] [stdout]   |
[INFO] [stdout]   = note:  "cc" "-m64" "/opt/rustwide/target/debug/deps/rustcazRb7E/symbols.o" "<10 object files omitted>" "-Wl,--as-needed" "-Wl,-Bstatic" "<sysroot>/lib/rustlib/x86_64-unknown-linux-gnu/lib/{libtest-*,libgetopts-*,librustc_std_workspace_std-*}.rlib" "/opt/rustwide/target/debug/deps/{libtempfile-f1b85b78ab97a68a,libfastrand-8c711c36072d5b5b,librustix-66eac2e94111ec6f,libbitflags-db7b9c0337a7ee76,liblinux_raw_sys-0b6cde911e9a3109,libdo_memory_storage_redb-f2378877aaa9bf03,liblz4_flex-da67d8024d44b57b,libpostcard-218bb715c118ca09,libcobs-b506017c1610594a,libredb-0c34cb7286b99d95,libdo_memory_core-0655cc9a0c1c9fcd,librand-c14f5459d97c7177,libchacha20-a3a076498fcc249b,libcpufeatures-6c1f78f4142e3013,libdirs-e01888f456cea9df,libdirs_sys-d0ee1dc98e79db51,liboption_ext-61303ef911796993,libchangepoint-ae3cc3c5114c4f98,librv-84fbde996e669867,libargmin-c2ac41a9251d8211,librand_xoshiro-1f47f93d10636cc7,libargmin_math-385dc4165f0b5f7f,libweb_time-e902e3c80b588a6f,liblru-0737556c9484edfa,libhashbrown-63a892cc2d36a2f0,librand_distr-8e8b6234bc6383b1,libspecial-9c1303f83608bc10,liblambert_w-f3079b01cfd69422,libnalgebra-f6077a1100c0c7de,libsimba-e991318984bd9d14,librand-2ac3027652de4077,librand_chacha-d1da16184ebf3983,librand_core-b115fb9b5d781658,libgetrandom-a73f2f085e83d825,libthiserror-e042dbf84a564921,libregex-4646137b1336ce5c,libregex_automata-6770cde309fc464b,libaho_corasick-fa94425a423a79cf,libregex_syntax-801391c65a42f645,libstrsim-4d1ed08a123238dc,liblru-ae193350c9c87f2b,libhashbrown-8b077e4232f7df3f,libequivalent-6a754676e6af62ae,libfoldhash-3b780c428974a407,liballocator_api2-8d9c1e895dea53bd,libaugurs_changepoint-ecbef21b4210a405,libitertools-ab9447b3f188acc5,libeither-e5ea87bd27ac73a9,libchangepoint-b5071ed2cb5d81bb,librv-d633497fce9ba2f6,libperoxide-6772dfab072c4a4f,libpuruspe-f6bd7a00b07e38d6,liborder_stat-7b4856d5abe74bff,libargmin-5a0f210a2c5e810a,libbincode-b5f35be264f68703,librand_xoshiro-b82ea52ef66df140,libargmin_math-25dd58cda08ae7c1,libslog_term-5c2f3b49383dfedd,libterm-b0fcbbe42229878d,libis_terminal-e74225050c0dfe59,libslog_json-c447fbcafe1f7edc,libtime-e6bc02c9ee1b2345,libtime_core-031b6ab885a7634b,libnum_conv-4e1233169d5eeba7,libderanged-d0114085ae3b02c5,libpowerfmt-f6019a2766e431f7,libslog_async-6331cccd69639eaf,libthread_local-b4f6fe44d641c0b1,libtake_mut-6ada79e6a668d85e,libslog-08539085f23af44e,liberased_serde-99dedaab3a30e0ac,libinstant-9f07d109bbe9f90d,libthiserror-f9a39b82b82584ec,liblru-31f805451fc4885b,libhashbrown-fd2634cc23226ba3,libahash-cce18512800b7375,libnum-1bccbe92b709a272,libnum_iter-3f1bb01decdfb6df,librand_distr-a807ffb646d59551,libspecial-078fba65bc821fee,liblibm-24398d5f7d3c709c,libnalgebra-cd35108c7aa9968a,libmatrixmultiply-198a8d9387559aef,libnum_cpus-d061d0eef02b5c5b,libthread_tree-3eca8c2a70751961,libcrossbeam_channel-c975edaf87631b25,libcrossbeam_utils-f696a08ab1e94e7a,librawpointer-10d892ea69c462d6,libnum_rational-c1ee3bcbcf08f20a,libnum_bigint-c9c088309f86031b,libnum_integer-dcae6c15256b2175,libtypenum-ec75592541d0a339,libsimba-514a9b1ea1e722df,libwide-2eaac731cf097406,libsafe_arch-3211880b841392c6,libbytemuck-6bf6ebae036d989e,libnum_complex-15145b63384e31f0,libapprox-f2c5bd43ab59763c,libdoc_comment-ecfb40a098439c0f,librand-f6c473de416be218,librand_chacha-9f735efea2d39d0c,libppv_lite86-7f5ba35fc3b17562,libzerocopy-ad92ccf16844b543,librand_core-410ef79930e5ab14,libgetrandom-f25a51f78d9871ba,libserde_json-6d43e6824eb9700a,libmemchr-5cfa70d22cb32987,libitoa-5de11b3b23bfe572,libzmij-ef63f1da73704b4c,libtokio-5e1721b2326579d4,libsignal_hook_registry-97fb91977beb15cc,liberrno-40a43d7c8a9b8122,libsocket2-2367bcf2eb96355a,libbytes-2ed9460101f17bbf,libmio-3f5f6fa89ecad527,libparking_lot-31b370593312b428,libparking_lot_core-3e2cd53e5c1276e9,libsmallvec-c4b0763233bab5f9,liblock_api-16d46fed645f7bff,libscopeguard-7ec2214574194454,libanyhow-c9b06d8caf422803,libuuid-8d394f119ceb3c26,libgetrandom-e6b3974be7983fd3,liblibc-612664c2206eec43,librand_core-8437d288e8d1265c,libcfg_if-83060ec5685761ae,libtracing-2824006d216e81da,libpin_project_lite-0a15d51c77964692,libtracing_core-d26029c784af5925,libonce_cell-b5bdc597ed9676b3,libchrono-6771880ecbaaefe5,libiana_time_zone-bcd81aefedc374a6,libnum_traits-5f5f7eaedd5abb87,libserde-acf7d9d6c2fc2227,libserde_core-49c5f0449f9ff544}.rlib" "<sysroot>/lib/rustlib/x86_64-unknown-linux-gnu/lib/{libstd-*,libpanic_unwind-*,libobject-*,libmemchr-*,libaddr2line-*,libgimli-*,libcfg_if-*,librustc_demangle-*,libstd_detect-*,libhashbrown-*,librustc_std_workspace_alloc-*,libminiz_oxide-*,libadler2-*,libunwind-*,liblibc-*,librustc_std_workspace_core-*,liballoc-*,libcore-*,libcompiler_builtins-*}.rlib" "-Wl,-Bdynamic" "-lgcc_s" "-lutil" "-lrt" "-lpthread" "-lm" "-ldl" "-lc" "-L" "/opt/rustwide/target/debug/deps/rustcazRb7E/raw-dylibs" "-B<sysroot>/lib/rustlib/x86_64-unknown-linux-gnu/bin/gcc-ld" "-fuse-ld=lld" "-Wl,--eh-frame-hdr" "-Wl,-z,noexecstack" "-L" "<sysroot>/lib/rustlib/x86_64-unknown-linux-gnu/lib" "-o" "/opt/rustwide/target/debug/deps/episodes_double_write-951b250d83c2b426" "-Wl,--gc-sections" "-pie" "-Wl,-z,relro,-z,now" "-nodefaultlibs"
[INFO] [stdout]   = note: some arguments are omitted. use `--verbose` to show all linker arguments
[INFO] [stdout]   = note: collect2: fatal error: ld terminated with signal 9 [Killed]
[INFO] [stdout]           compilation terminated.
[INFO] [stdout]           
[INFO] [stdout] 
[INFO] [stdout] 
[INFO] [stderr] error: could not compile `do-memory-storage-redb` (test "episodes_double_write") due to 1 previous error
[ERROR] error running command: no output for 300 seconds
[INFO] running `Command { std: "docker" "inspect" "1e4db92fbe35340370e613651c1c895c460a20c2bba78e9efd36949433d55a97", kill_on_drop: false }`
[INFO] running `Command { std: "docker" "rm" "-f" "1e4db92fbe35340370e613651c1c895c460a20c2bba78e9efd36949433d55a97", kill_on_drop: false }`
[INFO] [stdout] 1e4db92fbe35340370e613651c1c895c460a20c2bba78e9efd36949433d55a97
