[INFO] fetching crate basis-core 0.1.0...
[INFO] testing basis-core-0.1.0 against 1.99.0-beta.8 for beta-1.100-2
[INFO] extracting crate basis-core 0.1.0 into /workspace/builds/worker-3-tc1/source
[INFO] started tweaking crates.io crate basis-core 0.1.0
[INFO] removed 0 missing examples
[INFO] removed 0 missing tests
[INFO] finished tweaking crates.io crate basis-core 0.1.0
[INFO] tweaked toml for crates.io crate basis-core 0.1.0 written to /workspace/builds/worker-3-tc1/source/Cargo.toml
[INFO] validating manifest of crates.io crate basis-core 0.1.0 on toolchain 1.99.0-beta.8
[INFO] running `Command { std: CARGO_HOME="/workspace/cargo-home" RUSTUP_HOME="/workspace/rustup-home" "/workspace/cargo-home/bin/cargo" "+1.99.0-beta.8" "metadata" "--manifest-path" "Cargo.toml" "--no-deps", kill_on_drop: false }`
[INFO] crate crates.io crate basis-core 0.1.0 already has a lockfile, it will not be regenerated
[INFO] running `Command { std: CARGO_HOME="/workspace/cargo-home" RUSTUP_HOME="/workspace/rustup-home" "/workspace/cargo-home/bin/cargo" "+1.99.0-beta.8" "fetch" "--manifest-path" "Cargo.toml", kill_on_drop: false }`
[INFO] [stderr]     Updating crates.io index
[INFO] [stderr]     Blocking waiting for file lock on package cache
[INFO] [stderr]  Downloading crates ...
[INFO] [stderr]   Downloaded unsafe-libyaml v0.2.11
[INFO] [stderr]   Downloaded futures-io v0.3.33
[INFO] [stderr]   Downloaded futures-sink v0.3.33
[INFO] [stderr]   Downloaded serde_yaml_ng v0.10.0
[INFO] [stderr]   Downloaded lru-slab v0.1.2
[INFO] [stderr]   Downloaded utf-8 v0.7.6
[INFO] [stderr]   Downloaded dirs-sys v0.5.0
[INFO] [stderr]   Downloaded option-ext v0.2.0
[INFO] [stderr]   Downloaded glob-match v0.2.1
[INFO] [stderr]   Downloaded strum v0.27.2
[INFO] [stderr]   Downloaded wasm-bindgen-futures v0.4.77
[INFO] [stderr]   Downloaded libredox v0.1.19
[INFO] [stderr]   Downloaded quinn-udp v0.5.15
[INFO] [stderr]   Downloaded http-body-util v0.1.4
[INFO] [stderr]   Downloaded tokio-tungstenite v0.28.0
[INFO] [stderr]   Downloaded directories v6.0.0
[INFO] [stderr]   Downloaded strum_macros v0.27.2
[INFO] [stderr]   Downloaded data-encoding v2.11.1
[INFO] [stderr]   Downloaded redox_users v0.5.2
[INFO] [stderr]   Downloaded rsqlite-vfs v0.1.1
[INFO] [stderr]   Downloaded hashlink v0.11.1
[INFO] [stderr]   Downloaded wasm-streams v0.4.2
[INFO] [stderr]   Downloaded chacha20 v0.10.1
[INFO] [stderr]   Downloaded futures-channel v0.3.33
[INFO] [stderr]   Downloaded similar v2.7.0
[INFO] [stderr]   Downloaded tinyvec v1.12.0
[INFO] [stderr]   Downloaded tungstenite v0.28.0
[INFO] [stderr]   Downloaded quinn v0.11.11
[INFO] [stderr]   Downloaded mentra-provider v0.5.0
[INFO] [stderr]   Downloaded rand v0.10.2
[INFO] [stderr]   Downloaded reqwest v0.12.28
[INFO] [stderr]   Downloaded webpki-roots v1.0.9
[INFO] [stderr]   Downloaded quinn-proto v0.11.16
[INFO] [stderr]   Downloaded mentra v0.18.1
[INFO] [stderr]   Downloaded web-sys v0.3.104
[INFO] [stderr]   Downloaded sqlite-wasm-rs v0.5.5
[INFO] running `Command { std: "docker" "create" "-v" "/var/lib/crater-agent-workspace/builds/worker-3-tc1/source:/opt/rustwide/workdir:ro,Z" "-v" "/var/lib/crater-agent-workspace/builds/worker-3-tc1/target:/opt/rustwide/target:rw,Z" "-v" "/var/lib/crater-agent-workspace/cargo-home:/opt/rustwide/cargo-home:ro,Z" "-v" "/var/lib/crater-agent-workspace/rustup-home:/opt/rustwide/rustup-home:ro,Z" "-m" "1610612736" "--network" "none" "ghcr.io/rust-lang/crates-build-env/linux@sha256:3111399a4047eeb3a02b7a90e478d715f38a8c6669b5c4b49d30a17385265909" "sleep" "infinity", kill_on_drop: false }`
[INFO] [stdout] e31752806066b1fa1c7de1cf4ff9acd96d1d344c89e03d0bea0c5074844f53fa
[INFO] running `Command { std: "docker" "start" "e31752806066b1fa1c7de1cf4ff9acd96d1d344c89e03d0bea0c5074844f53fa", kill_on_drop: false }`
[INFO] running `Command { std: "docker" "inspect" "e31752806066b1fa1c7de1cf4ff9acd96d1d344c89e03d0bea0c5074844f53fa", kill_on_drop: false }`
[INFO] running `Command { std: "docker" "exec" "-e" "SOURCE_DIR=/opt/rustwide/workdir" "-e" "CARGO_HOME=/opt/rustwide/cargo-home" "-e" "RUSTUP_HOME=/opt/rustwide/rustup-home" "-e" "CARGO_TARGET_DIR=/opt/rustwide/target" "-w" "/opt/rustwide/workdir" "--user" "0:0" "e31752806066b1fa1c7de1cf4ff9acd96d1d344c89e03d0bea0c5074844f53fa" "/opt/rustwide/cargo-home/bin/cargo" "+1.99.0-beta.8" "metadata" "--no-deps" "--format-version=1", kill_on_drop: false }`
[INFO] running `Command { std: "docker" "inspect" "e31752806066b1fa1c7de1cf4ff9acd96d1d344c89e03d0bea0c5074844f53fa", kill_on_drop: false }`
[INFO] running `Command { std: "docker" "exec" "-e" "SOURCE_DIR=/opt/rustwide/workdir" "-e" "CARGO_HOME=/opt/rustwide/cargo-home" "-e" "RUSTUP_HOME=/opt/rustwide/rustup-home" "-e" "CARGO_TARGET_DIR=/opt/rustwide/target" "-e" "CARGO_INCREMENTAL=0" "-e" "RUST_BACKTRACE=full" "-e" "RUSTFLAGS=--cap-lints=warn" "-e" "RUSTDOCFLAGS=--cap-lints=warn" "-w" "/opt/rustwide/workdir" "--user" "0:0" "e31752806066b1fa1c7de1cf4ff9acd96d1d344c89e03d0bea0c5074844f53fa" "/opt/rustwide/cargo-home/bin/cargo" "+1.99.0-beta.8" "build" "--frozen" "--message-format=json", kill_on_drop: false }`
[INFO] [stderr]    Compiling libc v0.2.189
[INFO] [stderr]    Compiling syn v3.0.3
[INFO] [stderr]    Compiling syn v2.0.119
[INFO] [stderr]    Compiling find-msvc-tools v0.1.10
[INFO] [stderr]    Compiling futures-core v0.3.33
[INFO] [stderr]    Compiling pkg-config v0.3.33
[INFO] [stderr]    Compiling serde_core v1.0.229
[INFO] [stderr]    Compiling zeroize v1.9.0
[INFO] [stderr]    Compiling slab v0.4.12
[INFO] [stderr]    Compiling futures-task v0.3.33
[INFO] [stderr]    Compiling rustls v0.23.43
[INFO] [stderr]    Compiling try-lock v0.2.5
[INFO] [stderr]    Compiling tracing v0.1.44
[INFO] [stderr]    Compiling serde_json v1.0.151
[INFO] [stderr]    Compiling vcpkg v0.2.15
[INFO] [stderr]    Compiling ipnet v2.12.1
[INFO] [stderr]    Compiling want v0.3.1
[INFO] [stderr]    Compiling futures-sink v0.3.33
[INFO] [stderr]    Compiling foldhash v0.2.0
[INFO] [stderr]    Compiling aho-corasick v1.1.5
[INFO] [stderr]    Compiling option-ext v0.2.0
[INFO] [stderr]    Compiling futures-channel v0.3.33
[INFO] [stderr]    Compiling sync_wrapper v1.0.2
[INFO] [stderr]    Compiling http-body-util v0.1.4
[INFO] [stderr]    Compiling time-core v0.1.9
[INFO] [stderr]    Compiling tinyvec v1.12.0
[INFO] [stderr]    Compiling rustls-pki-types v1.15.1
[INFO] [stderr]    Compiling hashbrown v0.16.1
[INFO] [stderr]    Compiling fallible-streaming-iterator v0.1.9
[INFO] [stderr]    Compiling fallible-iterator v0.3.0
[INFO] [stderr]    Compiling unsafe-libyaml v0.2.11
[INFO] [stderr]    Compiling similar v2.7.0
[INFO] [stderr]    Compiling glob-match v0.2.1
[INFO] [stderr]    Compiling unicode-normalization v0.1.25
[INFO] [stderr]    Compiling webpki-roots v1.0.9
[INFO] [stderr]    Compiling jobserver v0.1.35
[INFO] [stderr]    Compiling errno v0.3.14
[INFO] [stderr]    Compiling parking_lot_core v0.9.12
[INFO] [stderr]    Compiling mio v1.2.2
[INFO] [stderr]    Compiling socket2 v0.6.5
[INFO] [stderr]    Compiling getrandom v0.2.17
[INFO] [stderr]    Compiling parking_lot v0.12.5
[INFO] [stderr]    Compiling getrandom v0.3.4
[INFO] [stderr]    Compiling hashlink v0.11.1
[INFO] [stderr]    Compiling regex-automata v0.4.18
[INFO] [stderr]    Compiling signal-hook-registry v1.4.8
[INFO] [stderr]    Compiling rand_core v0.9.5
[INFO] [stderr]    Compiling dirs-sys v0.5.0
[INFO] [stderr]    Compiling cc v1.4.2
[INFO] [stderr]    Compiling rand_chacha v0.9.0
[INFO] [stderr]    Compiling directories v6.0.0
[INFO] [stderr]    Compiling rand v0.9.5
[INFO] [stderr]    Compiling displaydoc v0.2.7
[INFO] [stderr]    Compiling tokio-macros v2.7.2
[INFO] [stderr]    Compiling serde_derive v1.0.229
[INFO] [stderr]    Compiling thiserror-impl v2.0.20
[INFO] [stderr]    Compiling async-trait v0.1.92
[INFO] [stderr]    Compiling tokio v1.53.1
[INFO] [stderr]    Compiling ring v0.17.14
[INFO] [stderr]    Compiling zstd-sys v2.0.16+zstd.1.5.7
[INFO] [stderr]    Compiling libsqlite3-sys v0.37.0
[INFO] [stderr]    Compiling thiserror v2.0.20
[INFO] [stderr]    Compiling regex v1.13.1
[INFO] [stderr]    Compiling synstructure v0.13.2
[INFO] [stderr]    Compiling deranged v0.5.8
[INFO] [stderr]    Compiling zerofrom-derive v0.1.7
[INFO] [stderr]    Compiling yoke-derive v0.8.2
[INFO] [stderr]    Compiling zerovec-derive v0.11.3
[INFO] [stderr]    Compiling futures-macro v0.3.33
[INFO] [stderr]    Compiling strum_macros v0.27.2
[INFO] [stderr]    Compiling zerofrom v0.1.8
[INFO] [stderr]    Compiling serde v1.0.229
[INFO] [stderr]    Compiling futures-util v0.3.33
[INFO] [stderr]    Compiling rustls-webpki v0.103.13
[INFO] [stderr]    Compiling yoke v0.8.3
[INFO] [stderr]    Compiling time v0.3.55
[INFO] [stderr]    Compiling zerovec v0.11.6
[INFO] [stderr]    Compiling zerotrie v0.2.4
[INFO] [stderr]    Compiling serde_urlencoded v0.7.1
[INFO] [stderr]    Compiling serde_yaml_ng v0.10.0
[INFO] [stderr]    Compiling tinystr v0.8.3
[INFO] [stderr]    Compiling potential_utf v0.1.5
[INFO] [stderr]    Compiling icu_locale_core v2.1.1
[INFO] [stderr]    Compiling icu_collections v2.1.1
[INFO] [stderr]    Compiling strum v0.27.2
[INFO] [stderr]    Compiling hyper v1.11.0
[INFO] [stderr]    Compiling tower v0.5.3
[INFO] [stderr]    Compiling tokio-util v0.7.19
[INFO] [stderr]    Compiling icu_provider v2.1.1
[INFO] [stderr]    Compiling zstd-safe v7.2.4
[INFO] [stderr]    Compiling icu_properties v2.1.2
[INFO] [stderr]    Compiling icu_normalizer v2.1.1
[INFO] [stderr]    Compiling zstd v0.13.3
[INFO] [stderr]    Compiling hyper-util v0.1.20
[INFO] [stderr]    Compiling idna_adapter v1.2.1
[INFO] [stderr]    Compiling idna v1.1.0
[INFO] [stderr]    Compiling url v2.5.8
[INFO] [stderr]    Compiling tokio-rustls v0.26.4
[INFO] [stderr]    Compiling tower-http v0.6.11
[INFO] [stderr]    Compiling hyper-rustls v0.27.9
[INFO] [stderr]    Compiling reqwest v0.12.28
[INFO] [stderr]    Compiling rusqlite v0.39.0
[INFO] [stderr]    Compiling mentra-provider v0.5.0
[INFO] [stderr]    Compiling mentra v0.18.1
[INFO] [stderr]    Compiling basis-core v0.1.0 (/opt/rustwide/workdir)
[INFO] [stdout] warning: use of deprecated method `std::sync::atomic::Atomic::<u64>::fetch_update`: renamed to `try_update` for consistency
[INFO] [stdout]    --> src/budget.rs:259:14
[INFO] [stdout]     |
[INFO] [stdout] 259 |             .fetch_update(Ordering::SeqCst, Ordering::SeqCst, |spent| {
[INFO] [stdout]     |              ^^^^^^^^^^^^
[INFO] [stdout]     |
[INFO] [stdout]     = note: `#[warn(deprecated)]` on by default
[INFO] [stdout] help: replace the use of the deprecated method
[INFO] [stdout]     |
[INFO] [stdout] 259 -             .fetch_update(Ordering::SeqCst, Ordering::SeqCst, |spent| {
[INFO] [stdout] 259 +             .try_update(Ordering::SeqCst, Ordering::SeqCst, |spent| {
[INFO] [stdout]     |
[INFO] [stdout] 
[INFO] [stdout] 
[INFO] [stderr]     Finished `dev` profile [unoptimized + debuginfo] target(s) in 1m 20s
[INFO] running `Command { std: "docker" "inspect" "e31752806066b1fa1c7de1cf4ff9acd96d1d344c89e03d0bea0c5074844f53fa", kill_on_drop: false }`
[INFO] running `Command { std: "docker" "exec" "-e" "SOURCE_DIR=/opt/rustwide/workdir" "-e" "CARGO_HOME=/opt/rustwide/cargo-home" "-e" "RUSTUP_HOME=/opt/rustwide/rustup-home" "-e" "CARGO_TARGET_DIR=/opt/rustwide/target" "-e" "CARGO_INCREMENTAL=0" "-e" "RUST_BACKTRACE=full" "-e" "RUSTFLAGS=--cap-lints=warn" "-e" "RUSTDOCFLAGS=--cap-lints=warn" "-w" "/opt/rustwide/workdir" "--user" "0:0" "e31752806066b1fa1c7de1cf4ff9acd96d1d344c89e03d0bea0c5074844f53fa" "/opt/rustwide/cargo-home/bin/cargo" "+1.99.0-beta.8" "test" "--frozen" "--no-run" "--message-format=json", kill_on_drop: false }`
[INFO] [stderr]    Compiling bitflags v2.13.1
[INFO] [stderr]    Compiling rustix v1.1.4
[INFO] [stderr]    Compiling getrandom v0.4.3
[INFO] [stderr]    Compiling linux-raw-sys v0.12.1
[INFO] [stderr]    Compiling fastrand v2.5.0
[INFO] [stderr]    Compiling tower-http v0.6.11
[INFO] [stderr]    Compiling rusqlite v0.39.0
[INFO] [stderr]    Compiling reqwest v0.12.28
[INFO] [stderr]    Compiling mentra-provider v0.5.0
[INFO] [stderr]    Compiling tempfile v3.27.0
[INFO] [stderr]    Compiling mentra v0.18.1
[INFO] [stderr]    Compiling basis-core v0.1.0 (/opt/rustwide/workdir)
[INFO] [stdout] warning: use of deprecated method `std::sync::atomic::Atomic::<u64>::fetch_update`: renamed to `try_update` for consistency
[INFO] [stdout]    --> src/budget.rs:259:14
[INFO] [stdout]     |
[INFO] [stdout] 259 |             .fetch_update(Ordering::SeqCst, Ordering::SeqCst, |spent| {
[INFO] [stdout]     |              ^^^^^^^^^^^^
[INFO] [stdout]     |
[INFO] [stdout]     = note: `#[warn(deprecated)]` on by default
[INFO] [stdout] help: replace the use of the deprecated method
[INFO] [stdout]     |
[INFO] [stdout] 259 -             .fetch_update(Ordering::SeqCst, Ordering::SeqCst, |spent| {
[INFO] [stdout] 259 +             .try_update(Ordering::SeqCst, Ordering::SeqCst, |spent| {
[INFO] [stdout]     |
[INFO] [stdout] 
[INFO] [stdout] 
[INFO] [stdout] warning: use of deprecated method `std::sync::atomic::Atomic::<u64>::fetch_update`: renamed to `try_update` for consistency
[INFO] [stdout]    --> src/budget.rs:259:14
[INFO] [stdout]     |
[INFO] [stdout] 259 |             .fetch_update(Ordering::SeqCst, Ordering::SeqCst, |spent| {
[INFO] [stdout]     |              ^^^^^^^^^^^^
[INFO] [stdout]     |
[INFO] [stdout]     = note: `#[warn(deprecated)]` on by default
[INFO] [stdout] help: replace the use of the deprecated method
[INFO] [stdout]     |
[INFO] [stdout] 259 -             .fetch_update(Ordering::SeqCst, Ordering::SeqCst, |spent| {
[INFO] [stdout] 259 +             .try_update(Ordering::SeqCst, Ordering::SeqCst, |spent| {
[INFO] [stdout]     |
[INFO] [stdout] 
[INFO] [stdout] 
[INFO] [stderr] error: could not compile `basis-core` (lib test); 1 warning emitted
[INFO] [stderr] 
[INFO] [stderr] Caused by:
[INFO] [stderr]   process didn't exit successfully: `/opt/rustwide/rustup-home/toolchains/1.99.0-beta.8-x86_64-unknown-linux-gnu/bin/rustc --crate-name basis_core --edition=2024 src/lib.rs --error-format=json --json=diagnostic-rendered-ansi,artifacts,future-incompat --emit=dep-info,link -C embed-bitcode=no -C debuginfo=2 --test --cfg 'feature="default"' --cfg 'feature="mcp"' --check-cfg 'cfg(docsrs,test)' --check-cfg 'cfg(feature, values("default", "mcp", "responses-websocket"))' -C metadata=4ab246f95ad82af8 -C extra-filename=-06132507c33f12b0 --out-dir /opt/rustwide/target/debug/deps -L dependency=/opt/rustwide/target/debug/deps --extern async_trait=/opt/rustwide/target/debug/deps/libasync_trait-67851697c7ca3474.so --extern mentra=/opt/rustwide/target/debug/deps/libmentra-f60de268fc60b26a.rlib --extern serde=/opt/rustwide/target/debug/deps/libserde-819d8a7e8e472cc4.rlib --extern serde_json=/opt/rustwide/target/debug/deps/libserde_json-87d8c8a8831201be.rlib --extern serde_yaml_ng=/opt/rustwide/target/debug/deps/libserde_yaml_ng-78264e081406c5ae.rlib --extern tempfile=/opt/rustwide/target/debug/deps/libtempfile-1de48071c4d261c5.rlib --extern thiserror=/opt/rustwide/target/debug/deps/libthiserror-94e3f512216dcb43.rlib --extern tokio=/opt/rustwide/target/debug/deps/libtokio-58a08ff67f4a8f33.rlib --cap-lints=warn -L native=/opt/rustwide/target/debug/build/ring-e2677d286a274ae9/out -L native=/opt/rustwide/target/debug/build/zstd-sys-c54e5ed4e864d53c/out -L native=/opt/rustwide/target/debug/build/libsqlite3-sys-67fc993686ba75d6/out` (signal: 9, SIGKILL: kill)
[INFO] [stderr] warning: build failed, waiting for other jobs to finish...
[INFO] [stdout] error: linking with `cc` failed: exit status: 1
[INFO] [stdout]   |
[INFO] [stdout]   = note:  "cc" "-m64" "/opt/rustwide/target/debug/deps/rustcMB8ELO/symbols.o" "<2 object files omitted>" "-Wl,--as-needed" "-Wl,-Bstatic" "/opt/rustwide/target/debug/deps/{libtempfile-1de48071c4d261c5,libgetrandom-6feb49a1110d2dab,libfastrand-bab015aa83fcde07,librustix-04badb96c53eccb6,liblinux_raw_sys-0b6cde911e9a3109}.rlib" "<sysroot>/lib/rustlib/x86_64-unknown-linux-gnu/lib/{libtest-*,libgetopts-*,librustc_std_workspace_std-*}.rlib" "/opt/rustwide/target/debug/deps/{libbasis_core-4c050619a1f949e9,libmentra-f60de268fc60b26a,libglob_match-574f049e8f1deb63,libserde_yaml_ng-78264e081406c5ae,libindexmap-b92bb9c25241b995,libequivalent-6a754676e6af62ae,libhashbrown-d7214d631586fd51,libunsafe_libyaml-d3127b66fe569cc5,libunicode_normalization-ae67bf89e3e87c15,libtinyvec-f7349416fdabe816,libtinyvec_macros-7b77ea21c73594ca,libsimilar-c8e2b8065ba88702,librand-ade1a52ad1ae556b,librand_chacha-c24112bd6fe45863,libppv_lite86-4e464ecf9b1fefb4,libzerocopy-9545210de90d295f,librand_core-c83eaed7defe7a9e,libgetrandom-1e62ef079fef2f0f,librusqlite-bf93b4459a067ff4,libhashlink-49a5fda4ecaa76d6,libhashbrown-ab9aa4d840cb50c0,libfoldhash-3b780c428974a407,liblibsqlite3_sys-53ec2ac3b369ac0c,libfallible_streaming_iterator-4b12442690f53239,libfallible_iterator-6e888fb96d72e3e0,libregex-e2a1df9fe4d77424,libregex_automata-44045568805783a7,libaho_corasick-57dfe431622534cc,libregex_syntax-801391c65a42f645,libmentra_provider-fbdf34a9f0770515,libzstd-f14c686631f015b4,libzstd_safe-3f14989be909bb42,libzstd_sys-bf95a4aa1f401352,libreqwest-79f1db5af38971f1,libserde_urlencoded-b8856a30bda7c7dc,libryu-1f4f40e4352371e5,libhyper_rustls-7c0e763171c1ba2f,libwebpki_roots-8b4b3b3e18f86a51,libtokio_rustls-695f6af7f974b2f1,librustls-080e9c8b23d1c8bb,libsubtle-2ae6a7038b9a0630,libwebpki-4b3cb61e23f80308,libring-4f04f32c844eb710,libgetrandom-6b309e86c3fd7e8c,libuntrusted-b2f816886faf2178,librustls_pki_types-f9d0b31df971a573,libzeroize-37b2a6e0a2742c6a,libtower_http-825a21e30d9f5e64,libbitflags-7039d3929d603d58,libtower-96f7eaeb6abe4c93,libtower_layer-d908dd771b239ecd,libhyper_util-392f6a4d513e101d,libipnet-108d82b4266c7a41,libtower_service-3fb88d28c2218805,libtracing-8891879938231fdd,libtracing_core-89b602bc4a7d7f8a,libonce_cell-b5bdc597ed9676b3,libhyper-4dfc28861af668ed,libwant-7a6260b9c50f1479,libtry_lock-8fa2f6971035be84,libhttparse-8c9b827b8f345444,libatomic_waker-06950c8c08d2b8fa,libfutures_channel-caea6f937b178a73,libtokio_util-db3d12b3d6fbfe3a,libfutures_sink-bca0e9c9e1a2dfaf,libhttp_body_util-93d862c799a17e93,libhttp_body-b57535e6079c1f42,liblog-64a74e931fbdff63,libsync_wrapper-f9fa5a53a8caac3a,libthiserror-94e3f512216dcb43,liburl-3674b27b86c56d39,libidna-1636b62ebc9c6960,libutf8_iter-51566bbad89f3a68,libidna_adapter-5445009cc06a8005,libicu_properties-c8c501a584b57dcd,libicu_properties_data-b217809bf575558a,libicu_normalizer-194c21f4806df71f,libicu_normalizer_data-ab8997d7cbbb3306,libicu_collections-cc4de163b51a95a7,libpotential_utf-8c7c3668d37b3491,libicu_provider-8aa1388279ec72a8,libicu_locale_core-0c05e856d64a70ab,libtinystr-2502c6f6188947b4,liblitemap-dc288f07f8f61193,libwriteable-48b3e52227924bb5,libzerovec-45a7b214a36126f7,libzerotrie-f03f0e8179b0d05b,libyoke-72fb5a1641b3cd20,libstable_deref_trait-63cbf3f3d3f94e56,libzerofrom-8572d48a38069bee,libform_urlencoded-58b0f0edb59b40d2,libpercent_encoding-fa055ecaa1e57cfa,libstrum-84b4cbb32715c723,libhttp-0cd9be9a4e5a2536,libtokio-58a08ff67f4a8f33,libsignal_hook_registry-f069228503febc45,liberrno-8e3700cb740322be,libsocket2-380ed4e5002278b4,libbytes-5f66263ae3d5daa8,libmio-40dc0d1736264cdd,libparking_lot-401c491a5129b2e1,libparking_lot_core-d8db1ce5bdfd3bc8,libcfg_if-83060ec5685761ae,libsmallvec-3e75e18e66140be0,liblock_api-16d46fed645f7bff,libscopeguard-7ec2214574194454,libfutures_util-d11f32907b6595d8,libslab-ed301aba3460fb05,libpin_project_lite-0a15d51c77964692,libfutures_task-783f30fe1a457e0c,libfutures_core-20e6adbe024376bc,libtime-aa2b6eec6b9fa48d,libpowerfmt-f6019a2766e431f7,libnum_conv-8bd7073c84ef42cd,libderanged-d9f7cf657e3e5f31,libtime_core-87cddcae4f761596,libserde-819d8a7e8e472cc4,libbase64-32787b0325ea6df8,libserde_json-87d8c8a8831201be,libmemchr-efcaf924912fba01,libitoa-5de11b3b23bfe572,libzmij-2ca2f302097868c6,libserde_core-1024909fd700b20f,libdirectories-e3a8206e23bcba01,libdirs_sys-9b5b26daf8732554,liblibc-32464e1b8391e223,liboption_ext-61303ef911796993}.rlib" "<sysroot>/lib/rustlib/x86_64-unknown-linux-gnu/lib/{libstd-*,libpanic_unwind-*,libobject-*,libmemchr-*,libaddr2line-*,libgimli-*,libcfg_if-*,librustc_demangle-*,libstd_detect-*,libhashbrown-*,librustc_std_workspace_alloc-*,libminiz_oxide-*,libadler2-*,libunwind-*,liblibc-*,librustc_std_workspace_core-*,liballoc-*,libcore-*,libcompiler_builtins-*}.rlib" "-Wl,-Bdynamic" "-lgcc_s" "-lutil" "-lrt" "-lpthread" "-lm" "-ldl" "-lc" "-L" "/opt/rustwide/target/debug/deps/rustcMB8ELO/raw-dylibs" "-B<sysroot>/lib/rustlib/x86_64-unknown-linux-gnu/bin/gcc-ld" "-fuse-ld=lld" "-Wl,--eh-frame-hdr" "-Wl,-z,noexecstack" "-L" "/opt/rustwide/target/debug/build/ring-e2677d286a274ae9/out" "-L" "/opt/rustwide/target/debug/build/zstd-sys-c54e5ed4e864d53c/out" "-L" "/opt/rustwide/target/debug/build/libsqlite3-sys-67fc993686ba75d6/out" "-L" "<sysroot>/lib/rustlib/x86_64-unknown-linux-gnu/lib" "-o" "/opt/rustwide/target/debug/deps/fingerprint-b3f0ed9fe375c67e" "-Wl,--gc-sections" "-pie" "-Wl,-z,relro,-z,now" "-nodefaultlibs"
[INFO] [stdout]   = note: some arguments are omitted. use `--verbose` to show all linker arguments
[INFO] [stdout]   = note: collect2: fatal error: ld terminated with signal 9 [Killed]
[INFO] [stdout]           compilation terminated.
[INFO] [stdout]           
[INFO] [stdout] 
[INFO] [stdout] 
[INFO] [stderr] error: could not compile `basis-core` (test "fingerprint") due to 1 previous error
[INFO] [stdout] error: linking with `cc` failed: exit status: 1
[INFO] [stdout]   |
[INFO] [stdout]   = note:  "cc" "-m64" "/opt/rustwide/target/debug/deps/rustcNUjKSL/symbols.o" "<2 object files omitted>" "-Wl,--as-needed" "-Wl,-Bstatic" "/opt/rustwide/target/debug/deps/{libtempfile-1de48071c4d261c5,libgetrandom-6feb49a1110d2dab,libfastrand-bab015aa83fcde07,librustix-04badb96c53eccb6,liblinux_raw_sys-0b6cde911e9a3109}.rlib" "<sysroot>/lib/rustlib/x86_64-unknown-linux-gnu/lib/{libtest-*,libgetopts-*,librustc_std_workspace_std-*}.rlib" "/opt/rustwide/target/debug/deps/{libbasis_core-4c050619a1f949e9,libmentra-f60de268fc60b26a,libglob_match-574f049e8f1deb63,libserde_yaml_ng-78264e081406c5ae,libindexmap-b92bb9c25241b995,libequivalent-6a754676e6af62ae,libhashbrown-d7214d631586fd51,libunsafe_libyaml-d3127b66fe569cc5,libunicode_normalization-ae67bf89e3e87c15,libtinyvec-f7349416fdabe816,libtinyvec_macros-7b77ea21c73594ca,libsimilar-c8e2b8065ba88702,librand-ade1a52ad1ae556b,librand_chacha-c24112bd6fe45863,libppv_lite86-4e464ecf9b1fefb4,libzerocopy-9545210de90d295f,librand_core-c83eaed7defe7a9e,libgetrandom-1e62ef079fef2f0f,librusqlite-bf93b4459a067ff4,libhashlink-49a5fda4ecaa76d6,libhashbrown-ab9aa4d840cb50c0,libfoldhash-3b780c428974a407,liblibsqlite3_sys-53ec2ac3b369ac0c,libfallible_streaming_iterator-4b12442690f53239,libfallible_iterator-6e888fb96d72e3e0,libregex-e2a1df9fe4d77424,libregex_automata-44045568805783a7,libaho_corasick-57dfe431622534cc,libregex_syntax-801391c65a42f645,libmentra_provider-fbdf34a9f0770515,libzstd-f14c686631f015b4,libzstd_safe-3f14989be909bb42,libzstd_sys-bf95a4aa1f401352,libreqwest-79f1db5af38971f1,libserde_urlencoded-b8856a30bda7c7dc,libryu-1f4f40e4352371e5,libhyper_rustls-7c0e763171c1ba2f,libwebpki_roots-8b4b3b3e18f86a51,libtokio_rustls-695f6af7f974b2f1,librustls-080e9c8b23d1c8bb,libsubtle-2ae6a7038b9a0630,libwebpki-4b3cb61e23f80308,libring-4f04f32c844eb710,libgetrandom-6b309e86c3fd7e8c,libuntrusted-b2f816886faf2178,librustls_pki_types-f9d0b31df971a573,libzeroize-37b2a6e0a2742c6a,libtower_http-825a21e30d9f5e64,libbitflags-7039d3929d603d58,libtower-96f7eaeb6abe4c93,libtower_layer-d908dd771b239ecd,libhyper_util-392f6a4d513e101d,libipnet-108d82b4266c7a41,libtower_service-3fb88d28c2218805,libtracing-8891879938231fdd,libtracing_core-89b602bc4a7d7f8a,libonce_cell-b5bdc597ed9676b3,libhyper-4dfc28861af668ed,libwant-7a6260b9c50f1479,libtry_lock-8fa2f6971035be84,libhttparse-8c9b827b8f345444,libatomic_waker-06950c8c08d2b8fa,libfutures_channel-caea6f937b178a73,libtokio_util-db3d12b3d6fbfe3a,libfutures_sink-bca0e9c9e1a2dfaf,libhttp_body_util-93d862c799a17e93,libhttp_body-b57535e6079c1f42,liblog-64a74e931fbdff63,libsync_wrapper-f9fa5a53a8caac3a,libthiserror-94e3f512216dcb43,liburl-3674b27b86c56d39,libidna-1636b62ebc9c6960,libutf8_iter-51566bbad89f3a68,libidna_adapter-5445009cc06a8005,libicu_properties-c8c501a584b57dcd,libicu_properties_data-b217809bf575558a,libicu_normalizer-194c21f4806df71f,libicu_normalizer_data-ab8997d7cbbb3306,libicu_collections-cc4de163b51a95a7,libpotential_utf-8c7c3668d37b3491,libicu_provider-8aa1388279ec72a8,libicu_locale_core-0c05e856d64a70ab,libtinystr-2502c6f6188947b4,liblitemap-dc288f07f8f61193,libwriteable-48b3e52227924bb5,libzerovec-45a7b214a36126f7,libzerotrie-f03f0e8179b0d05b,libyoke-72fb5a1641b3cd20,libstable_deref_trait-63cbf3f3d3f94e56,libzerofrom-8572d48a38069bee,libform_urlencoded-58b0f0edb59b40d2,libpercent_encoding-fa055ecaa1e57cfa,libstrum-84b4cbb32715c723,libhttp-0cd9be9a4e5a2536,libtokio-58a08ff67f4a8f33,libsignal_hook_registry-f069228503febc45,liberrno-8e3700cb740322be,libsocket2-380ed4e5002278b4,libbytes-5f66263ae3d5daa8,libmio-40dc0d1736264cdd,libparking_lot-401c491a5129b2e1,libparking_lot_core-d8db1ce5bdfd3bc8,libcfg_if-83060ec5685761ae,libsmallvec-3e75e18e66140be0,liblock_api-16d46fed645f7bff,libscopeguard-7ec2214574194454,libfutures_util-d11f32907b6595d8,libslab-ed301aba3460fb05,libpin_project_lite-0a15d51c77964692,libfutures_task-783f30fe1a457e0c,libfutures_core-20e6adbe024376bc,libtime-aa2b6eec6b9fa48d,libpowerfmt-f6019a2766e431f7,libnum_conv-8bd7073c84ef42cd,libderanged-d9f7cf657e3e5f31,libtime_core-87cddcae4f761596,libserde-819d8a7e8e472cc4,libbase64-32787b0325ea6df8,libserde_json-87d8c8a8831201be,libmemchr-efcaf924912fba01,libitoa-5de11b3b23bfe572,libzmij-2ca2f302097868c6,libserde_core-1024909fd700b20f,libdirectories-e3a8206e23bcba01,libdirs_sys-9b5b26daf8732554,liblibc-32464e1b8391e223,liboption_ext-61303ef911796993}.rlib" "<sysroot>/lib/rustlib/x86_64-unknown-linux-gnu/lib/{libstd-*,libpanic_unwind-*,libobject-*,libmemchr-*,libaddr2line-*,libgimli-*,libcfg_if-*,librustc_demangle-*,libstd_detect-*,libhashbrown-*,librustc_std_workspace_alloc-*,libminiz_oxide-*,libadler2-*,libunwind-*,liblibc-*,librustc_std_workspace_core-*,liballoc-*,libcore-*,libcompiler_builtins-*}.rlib" "-Wl,-Bdynamic" "-lgcc_s" "-lutil" "-lrt" "-lpthread" "-lm" "-ldl" "-lc" "-L" "/opt/rustwide/target/debug/deps/rustcNUjKSL/raw-dylibs" "-B<sysroot>/lib/rustlib/x86_64-unknown-linux-gnu/bin/gcc-ld" "-fuse-ld=lld" "-Wl,--eh-frame-hdr" "-Wl,-z,noexecstack" "-L" "/opt/rustwide/target/debug/build/ring-e2677d286a274ae9/out" "-L" "/opt/rustwide/target/debug/build/zstd-sys-c54e5ed4e864d53c/out" "-L" "/opt/rustwide/target/debug/build/libsqlite3-sys-67fc993686ba75d6/out" "-L" "<sysroot>/lib/rustlib/x86_64-unknown-linux-gnu/lib" "-o" "/opt/rustwide/target/debug/deps/templates-2fd36bf8be8a5e9d" "-Wl,--gc-sections" "-pie" "-Wl,-z,relro,-z,now" "-nodefaultlibs"
[INFO] [stdout]   = note: some arguments are omitted. use `--verbose` to show all linker arguments
[INFO] [stdout]   = note: collect2: fatal error: ld terminated with signal 9 [Killed]
[INFO] [stdout]           compilation terminated.
[INFO] [stdout]           
[INFO] [stdout] 
[INFO] [stdout] 
[INFO] [stderr] error: could not compile `basis-core` (test "templates") due to 1 previous error
[INFO] [stderr] error: could not compile `basis-core` (test "output")
[INFO] [stderr] 
[INFO] [stderr] Caused by:
[INFO] [stderr]   process didn't exit successfully: `/opt/rustwide/rustup-home/toolchains/1.99.0-beta.8-x86_64-unknown-linux-gnu/bin/rustc --crate-name output --edition=2024 tests/output.rs --error-format=json --json=diagnostic-rendered-ansi,artifacts,future-incompat --emit=dep-info,link -C embed-bitcode=no -C debuginfo=2 --test --cfg 'feature="default"' --cfg 'feature="mcp"' --check-cfg 'cfg(docsrs,test)' --check-cfg 'cfg(feature, values("default", "mcp", "responses-websocket"))' -C metadata=fe66717450c1e87b -C extra-filename=-7f7232d92dffb263 --out-dir /opt/rustwide/target/debug/deps -L dependency=/opt/rustwide/target/debug/deps --extern async_trait=/opt/rustwide/target/debug/deps/libasync_trait-67851697c7ca3474.so --extern basis_core=/opt/rustwide/target/debug/deps/libbasis_core-4c050619a1f949e9.rlib --extern mentra=/opt/rustwide/target/debug/deps/libmentra-f60de268fc60b26a.rlib --extern serde=/opt/rustwide/target/debug/deps/libserde-819d8a7e8e472cc4.rlib --extern serde_json=/opt/rustwide/target/debug/deps/libserde_json-87d8c8a8831201be.rlib --extern serde_yaml_ng=/opt/rustwide/target/debug/deps/libserde_yaml_ng-78264e081406c5ae.rlib --extern tempfile=/opt/rustwide/target/debug/deps/libtempfile-1de48071c4d261c5.rlib --extern thiserror=/opt/rustwide/target/debug/deps/libthiserror-94e3f512216dcb43.rlib --extern tokio=/opt/rustwide/target/debug/deps/libtokio-58a08ff67f4a8f33.rlib --cap-lints=warn -L native=/opt/rustwide/target/debug/build/ring-e2677d286a274ae9/out -L native=/opt/rustwide/target/debug/build/zstd-sys-c54e5ed4e864d53c/out -L native=/opt/rustwide/target/debug/build/libsqlite3-sys-67fc993686ba75d6/out` (signal: 9, SIGKILL: kill)
[INFO] [stderr] error: could not compile `basis-core` (example "review_workflow")
[INFO] [stderr] 
[INFO] [stderr] Caused by:
[INFO] [stderr]   process didn't exit successfully: `/opt/rustwide/rustup-home/toolchains/1.99.0-beta.8-x86_64-unknown-linux-gnu/bin/rustc --crate-name review_workflow --edition=2024 examples/review_workflow.rs --error-format=json --json=diagnostic-rendered-ansi,artifacts,future-incompat --crate-type bin --emit=dep-info,link -C embed-bitcode=no -C debuginfo=2 --cfg 'feature="default"' --cfg 'feature="mcp"' --check-cfg 'cfg(docsrs,test)' --check-cfg 'cfg(feature, values("default", "mcp", "responses-websocket"))' -C metadata=02e53a796f3616d0 -C extra-filename=-2bf33e7d9a157480 --out-dir /opt/rustwide/target/debug/examples -L dependency=/opt/rustwide/target/debug/deps --extern async_trait=/opt/rustwide/target/debug/deps/libasync_trait-67851697c7ca3474.so --extern basis_core=/opt/rustwide/target/debug/deps/libbasis_core-4c050619a1f949e9.rlib --extern mentra=/opt/rustwide/target/debug/deps/libmentra-f60de268fc60b26a.rlib --extern serde=/opt/rustwide/target/debug/deps/libserde-819d8a7e8e472cc4.rlib --extern serde_json=/opt/rustwide/target/debug/deps/libserde_json-87d8c8a8831201be.rlib --extern serde_yaml_ng=/opt/rustwide/target/debug/deps/libserde_yaml_ng-78264e081406c5ae.rlib --extern tempfile=/opt/rustwide/target/debug/deps/libtempfile-1de48071c4d261c5.rlib --extern thiserror=/opt/rustwide/target/debug/deps/libthiserror-94e3f512216dcb43.rlib --extern tokio=/opt/rustwide/target/debug/deps/libtokio-58a08ff67f4a8f33.rlib --cap-lints=warn -L native=/opt/rustwide/target/debug/build/ring-e2677d286a274ae9/out -L native=/opt/rustwide/target/debug/build/zstd-sys-c54e5ed4e864d53c/out -L native=/opt/rustwide/target/debug/build/libsqlite3-sys-67fc993686ba75d6/out` (signal: 9, SIGKILL: kill)
[INFO] [stderr] error: could not compile `basis-core` (test "spawn")
[INFO] [stderr] 
[INFO] [stderr] Caused by:
[INFO] [stderr]   process didn't exit successfully: `/opt/rustwide/rustup-home/toolchains/1.99.0-beta.8-x86_64-unknown-linux-gnu/bin/rustc --crate-name spawn --edition=2024 tests/spawn.rs --error-format=json --json=diagnostic-rendered-ansi,artifacts,future-incompat --emit=dep-info,link -C embed-bitcode=no -C debuginfo=2 --test --cfg 'feature="default"' --cfg 'feature="mcp"' --check-cfg 'cfg(docsrs,test)' --check-cfg 'cfg(feature, values("default", "mcp", "responses-websocket"))' -C metadata=dfac190c96c8dfa4 -C extra-filename=-493e33e434b68b80 --out-dir /opt/rustwide/target/debug/deps -L dependency=/opt/rustwide/target/debug/deps --extern async_trait=/opt/rustwide/target/debug/deps/libasync_trait-67851697c7ca3474.so --extern basis_core=/opt/rustwide/target/debug/deps/libbasis_core-4c050619a1f949e9.rlib --extern mentra=/opt/rustwide/target/debug/deps/libmentra-f60de268fc60b26a.rlib --extern serde=/opt/rustwide/target/debug/deps/libserde-819d8a7e8e472cc4.rlib --extern serde_json=/opt/rustwide/target/debug/deps/libserde_json-87d8c8a8831201be.rlib --extern serde_yaml_ng=/opt/rustwide/target/debug/deps/libserde_yaml_ng-78264e081406c5ae.rlib --extern tempfile=/opt/rustwide/target/debug/deps/libtempfile-1de48071c4d261c5.rlib --extern thiserror=/opt/rustwide/target/debug/deps/libthiserror-94e3f512216dcb43.rlib --extern tokio=/opt/rustwide/target/debug/deps/libtokio-58a08ff67f4a8f33.rlib --cap-lints=warn -L native=/opt/rustwide/target/debug/build/ring-e2677d286a274ae9/out -L native=/opt/rustwide/target/debug/build/zstd-sys-c54e5ed4e864d53c/out -L native=/opt/rustwide/target/debug/build/libsqlite3-sys-67fc993686ba75d6/out` (signal: 9, SIGKILL: kill)
[INFO] [stderr] error: could not compile `basis-core` (test "approval")
[INFO] [stderr] 
[INFO] [stderr] Caused by:
[INFO] [stderr]   process didn't exit successfully: `/opt/rustwide/rustup-home/toolchains/1.99.0-beta.8-x86_64-unknown-linux-gnu/bin/rustc --crate-name approval --edition=2024 tests/approval.rs --error-format=json --json=diagnostic-rendered-ansi,artifacts,future-incompat --emit=dep-info,link -C embed-bitcode=no -C debuginfo=2 --test --cfg 'feature="default"' --cfg 'feature="mcp"' --check-cfg 'cfg(docsrs,test)' --check-cfg 'cfg(feature, values("default", "mcp", "responses-websocket"))' -C metadata=616cfee983a9ac53 -C extra-filename=-4a625a2cb63a8b76 --out-dir /opt/rustwide/target/debug/deps -L dependency=/opt/rustwide/target/debug/deps --extern async_trait=/opt/rustwide/target/debug/deps/libasync_trait-67851697c7ca3474.so --extern basis_core=/opt/rustwide/target/debug/deps/libbasis_core-4c050619a1f949e9.rlib --extern mentra=/opt/rustwide/target/debug/deps/libmentra-f60de268fc60b26a.rlib --extern serde=/opt/rustwide/target/debug/deps/libserde-819d8a7e8e472cc4.rlib --extern serde_json=/opt/rustwide/target/debug/deps/libserde_json-87d8c8a8831201be.rlib --extern serde_yaml_ng=/opt/rustwide/target/debug/deps/libserde_yaml_ng-78264e081406c5ae.rlib --extern tempfile=/opt/rustwide/target/debug/deps/libtempfile-1de48071c4d261c5.rlib --extern thiserror=/opt/rustwide/target/debug/deps/libthiserror-94e3f512216dcb43.rlib --extern tokio=/opt/rustwide/target/debug/deps/libtokio-58a08ff67f4a8f33.rlib --cap-lints=warn -L native=/opt/rustwide/target/debug/build/ring-e2677d286a274ae9/out -L native=/opt/rustwide/target/debug/build/zstd-sys-c54e5ed4e864d53c/out -L native=/opt/rustwide/target/debug/build/libsqlite3-sys-67fc993686ba75d6/out` (signal: 9, SIGKILL: kill)
[INFO] [stdout] error: linking with `cc` failed: exit status: 1
[INFO] [stdout]   |
[INFO] [stdout]   = note:  "cc" "-m64" "/opt/rustwide/target/debug/deps/rustcFtVeVE/symbols.o" "<6 object files omitted>" "-Wl,--as-needed" "-Wl,-Bstatic" "/opt/rustwide/target/debug/deps/{libtempfile-1de48071c4d261c5,libgetrandom-6feb49a1110d2dab,libfastrand-bab015aa83fcde07,librustix-04badb96c53eccb6,liblinux_raw_sys-0b6cde911e9a3109}.rlib" "<sysroot>/lib/rustlib/x86_64-unknown-linux-gnu/lib/{libtest-*,libgetopts-*,librustc_std_workspace_std-*}.rlib" "/opt/rustwide/target/debug/deps/{libbasis_core-4c050619a1f949e9,libmentra-f60de268fc60b26a,libglob_match-574f049e8f1deb63,libserde_yaml_ng-78264e081406c5ae,libindexmap-b92bb9c25241b995,libequivalent-6a754676e6af62ae,libhashbrown-d7214d631586fd51,libunsafe_libyaml-d3127b66fe569cc5,libunicode_normalization-ae67bf89e3e87c15,libtinyvec-f7349416fdabe816,libtinyvec_macros-7b77ea21c73594ca,libsimilar-c8e2b8065ba88702,librand-ade1a52ad1ae556b,librand_chacha-c24112bd6fe45863,libppv_lite86-4e464ecf9b1fefb4,libzerocopy-9545210de90d295f,librand_core-c83eaed7defe7a9e,libgetrandom-1e62ef079fef2f0f,librusqlite-bf93b4459a067ff4,libhashlink-49a5fda4ecaa76d6,libhashbrown-ab9aa4d840cb50c0,libfoldhash-3b780c428974a407,liblibsqlite3_sys-53ec2ac3b369ac0c,libfallible_streaming_iterator-4b12442690f53239,libfallible_iterator-6e888fb96d72e3e0,libregex-e2a1df9fe4d77424,libregex_automata-44045568805783a7,libaho_corasick-57dfe431622534cc,libregex_syntax-801391c65a42f645,libmentra_provider-fbdf34a9f0770515,libzstd-f14c686631f015b4,libzstd_safe-3f14989be909bb42,libzstd_sys-bf95a4aa1f401352,libreqwest-79f1db5af38971f1,libserde_urlencoded-b8856a30bda7c7dc,libryu-1f4f40e4352371e5,libhyper_rustls-7c0e763171c1ba2f,libwebpki_roots-8b4b3b3e18f86a51,libtokio_rustls-695f6af7f974b2f1,librustls-080e9c8b23d1c8bb,libsubtle-2ae6a7038b9a0630,libwebpki-4b3cb61e23f80308,libring-4f04f32c844eb710,libgetrandom-6b309e86c3fd7e8c,libuntrusted-b2f816886faf2178,librustls_pki_types-f9d0b31df971a573,libzeroize-37b2a6e0a2742c6a,libtower_http-825a21e30d9f5e64,libbitflags-7039d3929d603d58,libtower-96f7eaeb6abe4c93,libtower_layer-d908dd771b239ecd,libhyper_util-392f6a4d513e101d,libipnet-108d82b4266c7a41,libtower_service-3fb88d28c2218805,libtracing-8891879938231fdd,libtracing_core-89b602bc4a7d7f8a,libonce_cell-b5bdc597ed9676b3,libhyper-4dfc28861af668ed,libwant-7a6260b9c50f1479,libtry_lock-8fa2f6971035be84,libhttparse-8c9b827b8f345444,libatomic_waker-06950c8c08d2b8fa,libfutures_channel-caea6f937b178a73,libtokio_util-db3d12b3d6fbfe3a,libfutures_sink-bca0e9c9e1a2dfaf,libhttp_body_util-93d862c799a17e93,libhttp_body-b57535e6079c1f42,liblog-64a74e931fbdff63,libsync_wrapper-f9fa5a53a8caac3a,libthiserror-94e3f512216dcb43,liburl-3674b27b86c56d39,libidna-1636b62ebc9c6960,libutf8_iter-51566bbad89f3a68,libidna_adapter-5445009cc06a8005,libicu_properties-c8c501a584b57dcd,libicu_properties_data-b217809bf575558a,libicu_normalizer-194c21f4806df71f,libicu_normalizer_data-ab8997d7cbbb3306,libicu_collections-cc4de163b51a95a7,libpotential_utf-8c7c3668d37b3491,libicu_provider-8aa1388279ec72a8,libicu_locale_core-0c05e856d64a70ab,libtinystr-2502c6f6188947b4,liblitemap-dc288f07f8f61193,libwriteable-48b3e52227924bb5,libzerovec-45a7b214a36126f7,libzerotrie-f03f0e8179b0d05b,libyoke-72fb5a1641b3cd20,libstable_deref_trait-63cbf3f3d3f94e56,libzerofrom-8572d48a38069bee,libform_urlencoded-58b0f0edb59b40d2,libpercent_encoding-fa055ecaa1e57cfa,libstrum-84b4cbb32715c723,libhttp-0cd9be9a4e5a2536,libtokio-58a08ff67f4a8f33,libsignal_hook_registry-f069228503febc45,liberrno-8e3700cb740322be,libsocket2-380ed4e5002278b4,libbytes-5f66263ae3d5daa8,libmio-40dc0d1736264cdd,libparking_lot-401c491a5129b2e1,libparking_lot_core-d8db1ce5bdfd3bc8,libcfg_if-83060ec5685761ae,libsmallvec-3e75e18e66140be0,liblock_api-16d46fed645f7bff,libscopeguard-7ec2214574194454,libfutures_util-d11f32907b6595d8,libslab-ed301aba3460fb05,libpin_project_lite-0a15d51c77964692,libfutures_task-783f30fe1a457e0c,libfutures_core-20e6adbe024376bc,libtime-aa2b6eec6b9fa48d,libpowerfmt-f6019a2766e431f7,libnum_conv-8bd7073c84ef42cd,libderanged-d9f7cf657e3e5f31,libtime_core-87cddcae4f761596,libserde-819d8a7e8e472cc4,libbase64-32787b0325ea6df8,libserde_json-87d8c8a8831201be,libmemchr-efcaf924912fba01,libitoa-5de11b3b23bfe572,libzmij-2ca2f302097868c6,libserde_core-1024909fd700b20f,libdirectories-e3a8206e23bcba01,libdirs_sys-9b5b26daf8732554,liblibc-32464e1b8391e223,liboption_ext-61303ef911796993}.rlib" "<sysroot>/lib/rustlib/x86_64-unknown-linux-gnu/lib/{libstd-*,libpanic_unwind-*,libobject-*,libmemchr-*,libaddr2line-*,libgimli-*,libcfg_if-*,librustc_demangle-*,libstd_detect-*,libhashbrown-*,librustc_std_workspace_alloc-*,libminiz_oxide-*,libadler2-*,libunwind-*,liblibc-*,librustc_std_workspace_core-*,liballoc-*,libcore-*,libcompiler_builtins-*}.rlib" "-Wl,-Bdynamic" "-lgcc_s" "-lutil" "-lrt" "-lpthread" "-lm" "-ldl" "-lc" "-L" "/opt/rustwide/target/debug/deps/rustcFtVeVE/raw-dylibs" "-B<sysroot>/lib/rustlib/x86_64-unknown-linux-gnu/bin/gcc-ld" "-fuse-ld=lld" "-Wl,--eh-frame-hdr" "-Wl,-z,noexecstack" "-L" "/opt/rustwide/target/debug/build/ring-e2677d286a274ae9/out" "-L" "/opt/rustwide/target/debug/build/zstd-sys-c54e5ed4e864d53c/out" "-L" "/opt/rustwide/target/debug/build/libsqlite3-sys-67fc993686ba75d6/out" "-L" "<sysroot>/lib/rustlib/x86_64-unknown-linux-gnu/lib" "-o" "/opt/rustwide/target/debug/deps/conversation-af182c5fbaeebbcf" "-Wl,--gc-sections" "-pie" "-Wl,-z,relro,-z,now" "-nodefaultlibs"
[INFO] [stdout]   = note: some arguments are omitted. use `--verbose` to show all linker arguments
[INFO] [stdout]   = note: collect2: fatal error: ld terminated with signal 9 [Killed]
[INFO] [stdout]           compilation terminated.
[INFO] [stdout]           
[INFO] [stdout] 
[INFO] [stdout] 
[INFO] [stdout] error: linking with `cc` failed: exit status: 1
[INFO] [stdout]   |
[INFO] [stdout]   = note:  "cc" "-m64" "/opt/rustwide/target/debug/deps/rustcGj3nFm/symbols.o" "<9 object files omitted>" "-Wl,--as-needed" "-Wl,-Bstatic" "/opt/rustwide/target/debug/deps/{libtempfile-1de48071c4d261c5,libgetrandom-6feb49a1110d2dab,libfastrand-bab015aa83fcde07,librustix-04badb96c53eccb6,liblinux_raw_sys-0b6cde911e9a3109}.rlib" "<sysroot>/lib/rustlib/x86_64-unknown-linux-gnu/lib/{libtest-*,libgetopts-*,librustc_std_workspace_std-*}.rlib" "/opt/rustwide/target/debug/deps/{libbasis_core-4c050619a1f949e9,libmentra-f60de268fc60b26a,libglob_match-574f049e8f1deb63,libserde_yaml_ng-78264e081406c5ae,libindexmap-b92bb9c25241b995,libequivalent-6a754676e6af62ae,libhashbrown-d7214d631586fd51,libunsafe_libyaml-d3127b66fe569cc5,libunicode_normalization-ae67bf89e3e87c15,libtinyvec-f7349416fdabe816,libtinyvec_macros-7b77ea21c73594ca,libsimilar-c8e2b8065ba88702,librand-ade1a52ad1ae556b,librand_chacha-c24112bd6fe45863,libppv_lite86-4e464ecf9b1fefb4,libzerocopy-9545210de90d295f,librand_core-c83eaed7defe7a9e,libgetrandom-1e62ef079fef2f0f,librusqlite-bf93b4459a067ff4,libhashlink-49a5fda4ecaa76d6,libhashbrown-ab9aa4d840cb50c0,libfoldhash-3b780c428974a407,liblibsqlite3_sys-53ec2ac3b369ac0c,libfallible_streaming_iterator-4b12442690f53239,libfallible_iterator-6e888fb96d72e3e0,libregex-e2a1df9fe4d77424,libregex_automata-44045568805783a7,libaho_corasick-57dfe431622534cc,libregex_syntax-801391c65a42f645,libmentra_provider-fbdf34a9f0770515,libzstd-f14c686631f015b4,libzstd_safe-3f14989be909bb42,libzstd_sys-bf95a4aa1f401352,libreqwest-79f1db5af38971f1,libserde_urlencoded-b8856a30bda7c7dc,libryu-1f4f40e4352371e5,libhyper_rustls-7c0e763171c1ba2f,libwebpki_roots-8b4b3b3e18f86a51,libtokio_rustls-695f6af7f974b2f1,librustls-080e9c8b23d1c8bb,libsubtle-2ae6a7038b9a0630,libwebpki-4b3cb61e23f80308,libring-4f04f32c844eb710,libgetrandom-6b309e86c3fd7e8c,libuntrusted-b2f816886faf2178,librustls_pki_types-f9d0b31df971a573,libzeroize-37b2a6e0a2742c6a,libtower_http-825a21e30d9f5e64,libbitflags-7039d3929d603d58,libtower-96f7eaeb6abe4c93,libtower_layer-d908dd771b239ecd,libhyper_util-392f6a4d513e101d,libipnet-108d82b4266c7a41,libtower_service-3fb88d28c2218805,libtracing-8891879938231fdd,libtracing_core-89b602bc4a7d7f8a,libonce_cell-b5bdc597ed9676b3,libhyper-4dfc28861af668ed,libwant-7a6260b9c50f1479,libtry_lock-8fa2f6971035be84,libhttparse-8c9b827b8f345444,libatomic_waker-06950c8c08d2b8fa,libfutures_channel-caea6f937b178a73,libtokio_util-db3d12b3d6fbfe3a,libfutures_sink-bca0e9c9e1a2dfaf,libhttp_body_util-93d862c799a17e93,libhttp_body-b57535e6079c1f42,liblog-64a74e931fbdff63,libsync_wrapper-f9fa5a53a8caac3a,libthiserror-94e3f512216dcb43,liburl-3674b27b86c56d39,libidna-1636b62ebc9c6960,libutf8_iter-51566bbad89f3a68,libidna_adapter-5445009cc06a8005,libicu_properties-c8c501a584b57dcd,libicu_properties_data-b217809bf575558a,libicu_normalizer-194c21f4806df71f,libicu_normalizer_data-ab8997d7cbbb3306,libicu_collections-cc4de163b51a95a7,libpotential_utf-8c7c3668d37b3491,libicu_provider-8aa1388279ec72a8,libicu_locale_core-0c05e856d64a70ab,libtinystr-2502c6f6188947b4,liblitemap-dc288f07f8f61193,libwriteable-48b3e52227924bb5,libzerovec-45a7b214a36126f7,libzerotrie-f03f0e8179b0d05b,libyoke-72fb5a1641b3cd20,libstable_deref_trait-63cbf3f3d3f94e56,libzerofrom-8572d48a38069bee,libform_urlencoded-58b0f0edb59b40d2,libpercent_encoding-fa055ecaa1e57cfa,libstrum-84b4cbb32715c723,libhttp-0cd9be9a4e5a2536,libtokio-58a08ff67f4a8f33,libsignal_hook_registry-f069228503febc45,liberrno-8e3700cb740322be,libsocket2-380ed4e5002278b4,libbytes-5f66263ae3d5daa8,libmio-40dc0d1736264cdd,libparking_lot-401c491a5129b2e1,libparking_lot_core-d8db1ce5bdfd3bc8,libcfg_if-83060ec5685761ae,libsmallvec-3e75e18e66140be0,liblock_api-16d46fed645f7bff,libscopeguard-7ec2214574194454,libfutures_util-d11f32907b6595d8,libslab-ed301aba3460fb05,libpin_project_lite-0a15d51c77964692,libfutures_task-783f30fe1a457e0c,libfutures_core-20e6adbe024376bc,libtime-aa2b6eec6b9fa48d,libpowerfmt-f6019a2766e431f7,libnum_conv-8bd7073c84ef42cd,libderanged-d9f7cf657e3e5f31,libtime_core-87cddcae4f761596,libserde-819d8a7e8e472cc4,libbase64-32787b0325ea6df8,libserde_json-87d8c8a8831201be,libmemchr-efcaf924912fba01,libitoa-5de11b3b23bfe572,libzmij-2ca2f302097868c6,libserde_core-1024909fd700b20f,libdirectories-e3a8206e23bcba01,libdirs_sys-9b5b26daf8732554,liblibc-32464e1b8391e223,liboption_ext-61303ef911796993}.rlib" "<sysroot>/lib/rustlib/x86_64-unknown-linux-gnu/lib/{libstd-*,libpanic_unwind-*,libobject-*,libmemchr-*,libaddr2line-*,libgimli-*,libcfg_if-*,librustc_demangle-*,libstd_detect-*,libhashbrown-*,librustc_std_workspace_alloc-*,libminiz_oxide-*,libadler2-*,libunwind-*,liblibc-*,librustc_std_workspace_core-*,liballoc-*,libcore-*,libcompiler_builtins-*}.rlib" "-Wl,-Bdynamic" "-lgcc_s" "-lutil" "-lrt" "-lpthread" "-lm" "-ldl" "-lc" "-L" "/opt/rustwide/target/debug/deps/rustcGj3nFm/raw-dylibs" "-B<sysroot>/lib/rustlib/x86_64-unknown-linux-gnu/bin/gcc-ld" "-fuse-ld=lld" "-Wl,--eh-frame-hdr" "-Wl,-z,noexecstack" "-L" "/opt/rustwide/target/debug/build/ring-e2677d286a274ae9/out" "-L" "/opt/rustwide/target/debug/build/zstd-sys-c54e5ed4e864d53c/out" "-L" "/opt/rustwide/target/debug/build/libsqlite3-sys-67fc993686ba75d6/out" "-L" "<sysroot>/lib/rustlib/x86_64-unknown-linux-gnu/lib" "-o" "/opt/rustwide/target/debug/deps/branch-daa6657d10ac00c8" "-Wl,--gc-sections" "-pie" "-Wl,-z,relro,-z,now" "-nodefaultlibs"
[INFO] [stdout]   = note: some arguments are omitted. use `--verbose` to show all linker arguments
[INFO] [stdout]   = note: collect2: fatal error: ld terminated with signal 9 [Killed]
[INFO] [stdout]           compilation terminated.
[INFO] [stdout]           
[INFO] [stdout] 
[INFO] [stdout] 
[INFO] [stderr] error: could not compile `basis-core` (test "conversation") due to 1 previous error
[INFO] [stderr] error: could not compile `basis-core` (test "branch") due to 1 previous error
[INFO] [stdout] error: linking with `cc` failed: exit status: 1
[INFO] [stdout]   |
[INFO] [stdout]   = note:  "cc" "-m64" "/opt/rustwide/target/debug/deps/rustcfBJrwk/symbols.o" "<8 object files omitted>" "-Wl,--as-needed" "-Wl,-Bstatic" "/opt/rustwide/target/debug/deps/{libtempfile-1de48071c4d261c5,libgetrandom-6feb49a1110d2dab,libfastrand-bab015aa83fcde07,librustix-04badb96c53eccb6,liblinux_raw_sys-0b6cde911e9a3109}.rlib" "<sysroot>/lib/rustlib/x86_64-unknown-linux-gnu/lib/{libtest-*,libgetopts-*,librustc_std_workspace_std-*}.rlib" "/opt/rustwide/target/debug/deps/{libbasis_core-4c050619a1f949e9,libmentra-f60de268fc60b26a,libglob_match-574f049e8f1deb63,libserde_yaml_ng-78264e081406c5ae,libindexmap-b92bb9c25241b995,libequivalent-6a754676e6af62ae,libhashbrown-d7214d631586fd51,libunsafe_libyaml-d3127b66fe569cc5,libunicode_normalization-ae67bf89e3e87c15,libtinyvec-f7349416fdabe816,libtinyvec_macros-7b77ea21c73594ca,libsimilar-c8e2b8065ba88702,librand-ade1a52ad1ae556b,librand_chacha-c24112bd6fe45863,libppv_lite86-4e464ecf9b1fefb4,libzerocopy-9545210de90d295f,librand_core-c83eaed7defe7a9e,libgetrandom-1e62ef079fef2f0f,librusqlite-bf93b4459a067ff4,libhashlink-49a5fda4ecaa76d6,libhashbrown-ab9aa4d840cb50c0,libfoldhash-3b780c428974a407,liblibsqlite3_sys-53ec2ac3b369ac0c,libfallible_streaming_iterator-4b12442690f53239,libfallible_iterator-6e888fb96d72e3e0,libregex-e2a1df9fe4d77424,libregex_automata-44045568805783a7,libaho_corasick-57dfe431622534cc,libregex_syntax-801391c65a42f645,libmentra_provider-fbdf34a9f0770515,libzstd-f14c686631f015b4,libzstd_safe-3f14989be909bb42,libzstd_sys-bf95a4aa1f401352,libreqwest-79f1db5af38971f1,libserde_urlencoded-b8856a30bda7c7dc,libryu-1f4f40e4352371e5,libhyper_rustls-7c0e763171c1ba2f,libwebpki_roots-8b4b3b3e18f86a51,libtokio_rustls-695f6af7f974b2f1,librustls-080e9c8b23d1c8bb,libsubtle-2ae6a7038b9a0630,libwebpki-4b3cb61e23f80308,libring-4f04f32c844eb710,libgetrandom-6b309e86c3fd7e8c,libuntrusted-b2f816886faf2178,librustls_pki_types-f9d0b31df971a573,libzeroize-37b2a6e0a2742c6a,libtower_http-825a21e30d9f5e64,libbitflags-7039d3929d603d58,libtower-96f7eaeb6abe4c93,libtower_layer-d908dd771b239ecd,libhyper_util-392f6a4d513e101d,libipnet-108d82b4266c7a41,libtower_service-3fb88d28c2218805,libtracing-8891879938231fdd,libtracing_core-89b602bc4a7d7f8a,libonce_cell-b5bdc597ed9676b3,libhyper-4dfc28861af668ed,libwant-7a6260b9c50f1479,libtry_lock-8fa2f6971035be84,libhttparse-8c9b827b8f345444,libatomic_waker-06950c8c08d2b8fa,libfutures_channel-caea6f937b178a73,libtokio_util-db3d12b3d6fbfe3a,libfutures_sink-bca0e9c9e1a2dfaf,libhttp_body_util-93d862c799a17e93,libhttp_body-b57535e6079c1f42,liblog-64a74e931fbdff63,libsync_wrapper-f9fa5a53a8caac3a,libthiserror-94e3f512216dcb43,liburl-3674b27b86c56d39,libidna-1636b62ebc9c6960,libutf8_iter-51566bbad89f3a68,libidna_adapter-5445009cc06a8005,libicu_properties-c8c501a584b57dcd,libicu_properties_data-b217809bf575558a,libicu_normalizer-194c21f4806df71f,libicu_normalizer_data-ab8997d7cbbb3306,libicu_collections-cc4de163b51a95a7,libpotential_utf-8c7c3668d37b3491,libicu_provider-8aa1388279ec72a8,libicu_locale_core-0c05e856d64a70ab,libtinystr-2502c6f6188947b4,liblitemap-dc288f07f8f61193,libwriteable-48b3e52227924bb5,libzerovec-45a7b214a36126f7,libzerotrie-f03f0e8179b0d05b,libyoke-72fb5a1641b3cd20,libstable_deref_trait-63cbf3f3d3f94e56,libzerofrom-8572d48a38069bee,libform_urlencoded-58b0f0edb59b40d2,libpercent_encoding-fa055ecaa1e57cfa,libstrum-84b4cbb32715c723,libhttp-0cd9be9a4e5a2536,libtokio-58a08ff67f4a8f33,libsignal_hook_registry-f069228503febc45,liberrno-8e3700cb740322be,libsocket2-380ed4e5002278b4,libbytes-5f66263ae3d5daa8,libmio-40dc0d1736264cdd,libparking_lot-401c491a5129b2e1,libparking_lot_core-d8db1ce5bdfd3bc8,libcfg_if-83060ec5685761ae,libsmallvec-3e75e18e66140be0,liblock_api-16d46fed645f7bff,libscopeguard-7ec2214574194454,libfutures_util-d11f32907b6595d8,libslab-ed301aba3460fb05,libpin_project_lite-0a15d51c77964692,libfutures_task-783f30fe1a457e0c,libfutures_core-20e6adbe024376bc,libtime-aa2b6eec6b9fa48d,libpowerfmt-f6019a2766e431f7,libnum_conv-8bd7073c84ef42cd,libderanged-d9f7cf657e3e5f31,libtime_core-87cddcae4f761596,libserde-819d8a7e8e472cc4,libbase64-32787b0325ea6df8,libserde_json-87d8c8a8831201be,libmemchr-efcaf924912fba01,libitoa-5de11b3b23bfe572,libzmij-2ca2f302097868c6,libserde_core-1024909fd700b20f,libdirectories-e3a8206e23bcba01,libdirs_sys-9b5b26daf8732554,liblibc-32464e1b8391e223,liboption_ext-61303ef911796993}.rlib" "<sysroot>/lib/rustlib/x86_64-unknown-linux-gnu/lib/{libstd-*,libpanic_unwind-*,libobject-*,libmemchr-*,libaddr2line-*,libgimli-*,libcfg_if-*,librustc_demangle-*,libstd_detect-*,libhashbrown-*,librustc_std_workspace_alloc-*,libminiz_oxide-*,libadler2-*,libunwind-*,liblibc-*,librustc_std_workspace_core-*,liballoc-*,libcore-*,libcompiler_builtins-*}.rlib" "-Wl,-Bdynamic" "-lgcc_s" "-lutil" "-lrt" "-lpthread" "-lm" "-ldl" "-lc" "-L" "/opt/rustwide/target/debug/deps/rustcfBJrwk/raw-dylibs" "-B<sysroot>/lib/rustlib/x86_64-unknown-linux-gnu/bin/gcc-ld" "-fuse-ld=lld" "-Wl,--eh-frame-hdr" "-Wl,-z,noexecstack" "-L" "/opt/rustwide/target/debug/build/ring-e2677d286a274ae9/out" "-L" "/opt/rustwide/target/debug/build/zstd-sys-c54e5ed4e864d53c/out" "-L" "/opt/rustwide/target/debug/build/libsqlite3-sys-67fc993686ba75d6/out" "-L" "<sysroot>/lib/rustlib/x86_64-unknown-linux-gnu/lib" "-o" "/opt/rustwide/target/debug/deps/workspace-65e325b7b9dc5af0" "-Wl,--gc-sections" "-pie" "-Wl,-z,relro,-z,now" "-nodefaultlibs"
[INFO] [stdout]   = note: some arguments are omitted. use `--verbose` to show all linker arguments
[INFO] [stdout]   = note: collect2: fatal error: ld terminated with signal 9 [Killed]
[INFO] [stdout]           compilation terminated.
[INFO] [stdout]           
[INFO] [stdout] 
[INFO] [stdout] 
[INFO] [stderr] error: could not compile `basis-core` (test "workspace") due to 1 previous error
[INFO] [stdout] error: linking with `cc` failed: exit status: 1
[INFO] [stdout]   |
[INFO] [stdout]   = note:  "cc" "-m64" "/opt/rustwide/target/debug/deps/rustcofII8r/symbols.o" "<4 object files omitted>" "-Wl,--as-needed" "-Wl,-Bstatic" "/opt/rustwide/target/debug/deps/{libtempfile-1de48071c4d261c5,libgetrandom-6feb49a1110d2dab,libfastrand-bab015aa83fcde07,librustix-04badb96c53eccb6,liblinux_raw_sys-0b6cde911e9a3109}.rlib" "<sysroot>/lib/rustlib/x86_64-unknown-linux-gnu/lib/{libtest-*,libgetopts-*,librustc_std_workspace_std-*}.rlib" "/opt/rustwide/target/debug/deps/{libbasis_core-4c050619a1f949e9,libmentra-f60de268fc60b26a,libglob_match-574f049e8f1deb63,libserde_yaml_ng-78264e081406c5ae,libindexmap-b92bb9c25241b995,libequivalent-6a754676e6af62ae,libhashbrown-d7214d631586fd51,libunsafe_libyaml-d3127b66fe569cc5,libunicode_normalization-ae67bf89e3e87c15,libtinyvec-f7349416fdabe816,libtinyvec_macros-7b77ea21c73594ca,libsimilar-c8e2b8065ba88702,librand-ade1a52ad1ae556b,librand_chacha-c24112bd6fe45863,libppv_lite86-4e464ecf9b1fefb4,libzerocopy-9545210de90d295f,librand_core-c83eaed7defe7a9e,libgetrandom-1e62ef079fef2f0f,librusqlite-bf93b4459a067ff4,libhashlink-49a5fda4ecaa76d6,libhashbrown-ab9aa4d840cb50c0,libfoldhash-3b780c428974a407,liblibsqlite3_sys-53ec2ac3b369ac0c,libfallible_streaming_iterator-4b12442690f53239,libfallible_iterator-6e888fb96d72e3e0,libregex-e2a1df9fe4d77424,libregex_automata-44045568805783a7,libaho_corasick-57dfe431622534cc,libregex_syntax-801391c65a42f645,libmentra_provider-fbdf34a9f0770515,libzstd-f14c686631f015b4,libzstd_safe-3f14989be909bb42,libzstd_sys-bf95a4aa1f401352,libreqwest-79f1db5af38971f1,libserde_urlencoded-b8856a30bda7c7dc,libryu-1f4f40e4352371e5,libhyper_rustls-7c0e763171c1ba2f,libwebpki_roots-8b4b3b3e18f86a51,libtokio_rustls-695f6af7f974b2f1,librustls-080e9c8b23d1c8bb,libsubtle-2ae6a7038b9a0630,libwebpki-4b3cb61e23f80308,libring-4f04f32c844eb710,libgetrandom-6b309e86c3fd7e8c,libuntrusted-b2f816886faf2178,librustls_pki_types-f9d0b31df971a573,libzeroize-37b2a6e0a2742c6a,libtower_http-825a21e30d9f5e64,libbitflags-7039d3929d603d58,libtower-96f7eaeb6abe4c93,libtower_layer-d908dd771b239ecd,libhyper_util-392f6a4d513e101d,libipnet-108d82b4266c7a41,libtower_service-3fb88d28c2218805,libtracing-8891879938231fdd,libtracing_core-89b602bc4a7d7f8a,libonce_cell-b5bdc597ed9676b3,libhyper-4dfc28861af668ed,libwant-7a6260b9c50f1479,libtry_lock-8fa2f6971035be84,libhttparse-8c9b827b8f345444,libatomic_waker-06950c8c08d2b8fa,libfutures_channel-caea6f937b178a73,libtokio_util-db3d12b3d6fbfe3a,libfutures_sink-bca0e9c9e1a2dfaf,libhttp_body_util-93d862c799a17e93,libhttp_body-b57535e6079c1f42,liblog-64a74e931fbdff63,libsync_wrapper-f9fa5a53a8caac3a,libthiserror-94e3f512216dcb43,liburl-3674b27b86c56d39,libidna-1636b62ebc9c6960,libutf8_iter-51566bbad89f3a68,libidna_adapter-5445009cc06a8005,libicu_properties-c8c501a584b57dcd,libicu_properties_data-b217809bf575558a,libicu_normalizer-194c21f4806df71f,libicu_normalizer_data-ab8997d7cbbb3306,libicu_collections-cc4de163b51a95a7,libpotential_utf-8c7c3668d37b3491,libicu_provider-8aa1388279ec72a8,libicu_locale_core-0c05e856d64a70ab,libtinystr-2502c6f6188947b4,liblitemap-dc288f07f8f61193,libwriteable-48b3e52227924bb5,libzerovec-45a7b214a36126f7,libzerotrie-f03f0e8179b0d05b,libyoke-72fb5a1641b3cd20,libstable_deref_trait-63cbf3f3d3f94e56,libzerofrom-8572d48a38069bee,libform_urlencoded-58b0f0edb59b40d2,libpercent_encoding-fa055ecaa1e57cfa,libstrum-84b4cbb32715c723,libhttp-0cd9be9a4e5a2536,libtokio-58a08ff67f4a8f33,libsignal_hook_registry-f069228503febc45,liberrno-8e3700cb740322be,libsocket2-380ed4e5002278b4,libbytes-5f66263ae3d5daa8,libmio-40dc0d1736264cdd,libparking_lot-401c491a5129b2e1,libparking_lot_core-d8db1ce5bdfd3bc8,libcfg_if-83060ec5685761ae,libsmallvec-3e75e18e66140be0,liblock_api-16d46fed645f7bff,libscopeguard-7ec2214574194454,libfutures_util-d11f32907b6595d8,libslab-ed301aba3460fb05,libpin_project_lite-0a15d51c77964692,libfutures_task-783f30fe1a457e0c,libfutures_core-20e6adbe024376bc,libtime-aa2b6eec6b9fa48d,libpowerfmt-f6019a2766e431f7,libnum_conv-8bd7073c84ef42cd,libderanged-d9f7cf657e3e5f31,libtime_core-87cddcae4f761596,libserde-819d8a7e8e472cc4,libbase64-32787b0325ea6df8,libserde_json-87d8c8a8831201be,libmemchr-efcaf924912fba01,libitoa-5de11b3b23bfe572,libzmij-2ca2f302097868c6,libserde_core-1024909fd700b20f,libdirectories-e3a8206e23bcba01,libdirs_sys-9b5b26daf8732554,liblibc-32464e1b8391e223,liboption_ext-61303ef911796993}.rlib" "<sysroot>/lib/rustlib/x86_64-unknown-linux-gnu/lib/{libstd-*,libpanic_unwind-*,libobject-*,libmemchr-*,libaddr2line-*,libgimli-*,libcfg_if-*,librustc_demangle-*,libstd_detect-*,libhashbrown-*,librustc_std_workspace_alloc-*,libminiz_oxide-*,libadler2-*,libunwind-*,liblibc-*,librustc_std_workspace_core-*,liballoc-*,libcore-*,libcompiler_builtins-*}.rlib" "-Wl,-Bdynamic" "-lgcc_s" "-lutil" "-lrt" "-lpthread" "-lm" "-ldl" "-lc" "-L" "/opt/rustwide/target/debug/deps/rustcofII8r/raw-dylibs" "-B<sysroot>/lib/rustlib/x86_64-unknown-linux-gnu/bin/gcc-ld" "-fuse-ld=lld" "-Wl,--eh-frame-hdr" "-Wl,-z,noexecstack" "-L" "/opt/rustwide/target/debug/build/ring-e2677d286a274ae9/out" "-L" "/opt/rustwide/target/debug/build/zstd-sys-c54e5ed4e864d53c/out" "-L" "/opt/rustwide/target/debug/build/libsqlite3-sys-67fc993686ba75d6/out" "-L" "<sysroot>/lib/rustlib/x86_64-unknown-linux-gnu/lib" "-o" "/opt/rustwide/target/debug/deps/interception-45af7347a55c14ab" "-Wl,--gc-sections" "-pie" "-Wl,-z,relro,-z,now" "-nodefaultlibs"
[INFO] [stdout]   = note: some arguments are omitted. use `--verbose` to show all linker arguments
[INFO] [stdout]   = note: collect2: fatal error: ld terminated with signal 9 [Killed]
[INFO] [stdout]           compilation terminated.
[INFO] [stdout]           
[INFO] [stdout] 
[INFO] [stdout] 
[INFO] [stderr] error: could not compile `basis-core` (test "interception") due to 1 previous error
[INFO] [stdout] error: linking with `cc` failed: exit status: 1
[INFO] [stdout]   |
[INFO] [stdout]   = note:  "cc" "-m64" "/opt/rustwide/target/debug/deps/rustcYX6VlY/symbols.o" "<10 object files omitted>" "-Wl,--as-needed" "-Wl,-Bstatic" "/opt/rustwide/target/debug/deps/{libtempfile-1de48071c4d261c5,libgetrandom-6feb49a1110d2dab,libfastrand-bab015aa83fcde07,librustix-04badb96c53eccb6,liblinux_raw_sys-0b6cde911e9a3109}.rlib" "<sysroot>/lib/rustlib/x86_64-unknown-linux-gnu/lib/{libtest-*,libgetopts-*,librustc_std_workspace_std-*}.rlib" "/opt/rustwide/target/debug/deps/{libbasis_core-4c050619a1f949e9,libmentra-f60de268fc60b26a,libglob_match-574f049e8f1deb63,libserde_yaml_ng-78264e081406c5ae,libindexmap-b92bb9c25241b995,libequivalent-6a754676e6af62ae,libhashbrown-d7214d631586fd51,libunsafe_libyaml-d3127b66fe569cc5,libunicode_normalization-ae67bf89e3e87c15,libtinyvec-f7349416fdabe816,libtinyvec_macros-7b77ea21c73594ca,libsimilar-c8e2b8065ba88702,librand-ade1a52ad1ae556b,librand_chacha-c24112bd6fe45863,libppv_lite86-4e464ecf9b1fefb4,libzerocopy-9545210de90d295f,librand_core-c83eaed7defe7a9e,libgetrandom-1e62ef079fef2f0f,librusqlite-bf93b4459a067ff4,libhashlink-49a5fda4ecaa76d6,libhashbrown-ab9aa4d840cb50c0,libfoldhash-3b780c428974a407,liblibsqlite3_sys-53ec2ac3b369ac0c,libfallible_streaming_iterator-4b12442690f53239,libfallible_iterator-6e888fb96d72e3e0,libregex-e2a1df9fe4d77424,libregex_automata-44045568805783a7,libaho_corasick-57dfe431622534cc,libregex_syntax-801391c65a42f645,libmentra_provider-fbdf34a9f0770515,libzstd-f14c686631f015b4,libzstd_safe-3f14989be909bb42,libzstd_sys-bf95a4aa1f401352,libreqwest-79f1db5af38971f1,libserde_urlencoded-b8856a30bda7c7dc,libryu-1f4f40e4352371e5,libhyper_rustls-7c0e763171c1ba2f,libwebpki_roots-8b4b3b3e18f86a51,libtokio_rustls-695f6af7f974b2f1,librustls-080e9c8b23d1c8bb,libsubtle-2ae6a7038b9a0630,libwebpki-4b3cb61e23f80308,libring-4f04f32c844eb710,libgetrandom-6b309e86c3fd7e8c,libuntrusted-b2f816886faf2178,librustls_pki_types-f9d0b31df971a573,libzeroize-37b2a6e0a2742c6a,libtower_http-825a21e30d9f5e64,libbitflags-7039d3929d603d58,libtower-96f7eaeb6abe4c93,libtower_layer-d908dd771b239ecd,libhyper_util-392f6a4d513e101d,libipnet-108d82b4266c7a41,libtower_service-3fb88d28c2218805,libtracing-8891879938231fdd,libtracing_core-89b602bc4a7d7f8a,libonce_cell-b5bdc597ed9676b3,libhyper-4dfc28861af668ed,libwant-7a6260b9c50f1479,libtry_lock-8fa2f6971035be84,libhttparse-8c9b827b8f345444,libatomic_waker-06950c8c08d2b8fa,libfutures_channel-caea6f937b178a73,libtokio_util-db3d12b3d6fbfe3a,libfutures_sink-bca0e9c9e1a2dfaf,libhttp_body_util-93d862c799a17e93,libhttp_body-b57535e6079c1f42,liblog-64a74e931fbdff63,libsync_wrapper-f9fa5a53a8caac3a,libthiserror-94e3f512216dcb43,liburl-3674b27b86c56d39,libidna-1636b62ebc9c6960,libutf8_iter-51566bbad89f3a68,libidna_adapter-5445009cc06a8005,libicu_properties-c8c501a584b57dcd,libicu_properties_data-b217809bf575558a,libicu_normalizer-194c21f4806df71f,libicu_normalizer_data-ab8997d7cbbb3306,libicu_collections-cc4de163b51a95a7,libpotential_utf-8c7c3668d37b3491,libicu_provider-8aa1388279ec72a8,libicu_locale_core-0c05e856d64a70ab,libtinystr-2502c6f6188947b4,liblitemap-dc288f07f8f61193,libwriteable-48b3e52227924bb5,libzerovec-45a7b214a36126f7,libzerotrie-f03f0e8179b0d05b,libyoke-72fb5a1641b3cd20,libstable_deref_trait-63cbf3f3d3f94e56,libzerofrom-8572d48a38069bee,libform_urlencoded-58b0f0edb59b40d2,libpercent_encoding-fa055ecaa1e57cfa,libstrum-84b4cbb32715c723,libhttp-0cd9be9a4e5a2536,libtokio-58a08ff67f4a8f33,libsignal_hook_registry-f069228503febc45,liberrno-8e3700cb740322be,libsocket2-380ed4e5002278b4,libbytes-5f66263ae3d5daa8,libmio-40dc0d1736264cdd,libparking_lot-401c491a5129b2e1,libparking_lot_core-d8db1ce5bdfd3bc8,libcfg_if-83060ec5685761ae,libsmallvec-3e75e18e66140be0,liblock_api-16d46fed645f7bff,libscopeguard-7ec2214574194454,libfutures_util-d11f32907b6595d8,libslab-ed301aba3460fb05,libpin_project_lite-0a15d51c77964692,libfutures_task-783f30fe1a457e0c,libfutures_core-20e6adbe024376bc,libtime-aa2b6eec6b9fa48d,libpowerfmt-f6019a2766e431f7,libnum_conv-8bd7073c84ef42cd,libderanged-d9f7cf657e3e5f31,libtime_core-87cddcae4f761596,libserde-819d8a7e8e472cc4,libbase64-32787b0325ea6df8,libserde_json-87d8c8a8831201be,libmemchr-efcaf924912fba01,libitoa-5de11b3b23bfe572,libzmij-2ca2f302097868c6,libserde_core-1024909fd700b20f,libdirectories-e3a8206e23bcba01,libdirs_sys-9b5b26daf8732554,liblibc-32464e1b8391e223,liboption_ext-61303ef911796993}.rlib" "<sysroot>/lib/rustlib/x86_64-unknown-linux-gnu/lib/{libstd-*,libpanic_unwind-*,libobject-*,libmemchr-*,libaddr2line-*,libgimli-*,libcfg_if-*,librustc_demangle-*,libstd_detect-*,libhashbrown-*,librustc_std_workspace_alloc-*,libminiz_oxide-*,libadler2-*,libunwind-*,liblibc-*,librustc_std_workspace_core-*,liballoc-*,libcore-*,libcompiler_builtins-*}.rlib" "-Wl,-Bdynamic" "-lgcc_s" "-lutil" "-lrt" "-lpthread" "-lm" "-ldl" "-lc" "-L" "/opt/rustwide/target/debug/deps/rustcYX6VlY/raw-dylibs" "-B<sysroot>/lib/rustlib/x86_64-unknown-linux-gnu/bin/gcc-ld" "-fuse-ld=lld" "-Wl,--eh-frame-hdr" "-Wl,-z,noexecstack" "-L" "/opt/rustwide/target/debug/build/ring-e2677d286a274ae9/out" "-L" "/opt/rustwide/target/debug/build/zstd-sys-c54e5ed4e864d53c/out" "-L" "/opt/rustwide/target/debug/build/libsqlite3-sys-67fc993686ba75d6/out" "-L" "<sysroot>/lib/rustlib/x86_64-unknown-linux-gnu/lib" "-o" "/opt/rustwide/target/debug/deps/lifecycle_run-b7e00f4947c1a9aa" "-Wl,--gc-sections" "-pie" "-Wl,-z,relro,-z,now" "-nodefaultlibs"
[INFO] [stdout]   = note: some arguments are omitted. use `--verbose` to show all linker arguments
[INFO] [stdout]   = note: collect2: fatal error: ld terminated with signal 9 [Killed]
[INFO] [stdout]           compilation terminated.
[INFO] [stdout]           
[INFO] [stdout] 
[INFO] [stdout] 
[INFO] [stderr] error: could not compile `basis-core` (test "lifecycle_run") due to 1 previous error
[INFO] running `Command { std: "docker" "inspect" "e31752806066b1fa1c7de1cf4ff9acd96d1d344c89e03d0bea0c5074844f53fa", kill_on_drop: false }`
[INFO] running `Command { std: "docker" "rm" "-f" "e31752806066b1fa1c7de1cf4ff9acd96d1d344c89e03d0bea0c5074844f53fa", kill_on_drop: false }`
[INFO] [stdout] e31752806066b1fa1c7de1cf4ff9acd96d1d344c89e03d0bea0c5074844f53fa
